W20260709 14:48:21.834239  7649 leader_election.cc:343] T cc4471e73316480c8fb8da5db83ca6c9 P 80cb231d4bfa4851b756f218a2e79e58 [CANDIDATE]: Term 1 pre-election: Tablet error from VoteRequest() call to peer b105d027f66842479caa5e5cfc2b139a (127.6.67.2:43675): Illegal state: must be running to vote when last-logged opid is not known
I20260709 14:48:21.836405  7785 leader_election.cc:290] T db1b9480a9df4f129c2e15d765954435 P baf973ec890e48c39d4bf2249d371624 [CANDIDATE]: Term 1 pre-election: Requested pre-vote from peers b105d027f66842479caa5e5cfc2b139a (127.6.67.2:43675), 80cb231d4bfa4851b756f218a2e79e58 (127.6.67.3:39259)
W20260709 14:48:21.840543  7648 leader_election.cc:343] T cc4471e73316480c8fb8da5db83ca6c9 P 80cb231d4bfa4851b756f218a2e79e58 [CANDIDATE]: Term 1 pre-election: Tablet error from VoteRequest() call to peer baf973ec890e48c39d4bf2249d371624 (127.6.67.1:34449): Illegal state: must be running to vote when last-logged opid is not known
I20260709 14:48:21.841051  7648 leader_election.cc:304] T cc4471e73316480c8fb8da5db83ca6c9 P 80cb231d4bfa4851b756f218a2e79e58 [CANDIDATE]: Term 1 pre-election: Election decided. Result: candidate lost. Election summary: received 3 responses out of 3 voters: 1 yes votes; 2 no votes. yes voters: 80cb231d4bfa4851b756f218a2e79e58; no voters: b105d027f66842479caa5e5cfc2b139a, baf973ec890e48c39d4bf2249d371624
I20260709 14:48:21.845961  7779 raft_consensus.cc:2749] T cc4471e73316480c8fb8da5db83ca6c9 P 80cb231d4bfa4851b756f218a2e79e58 [term 0 FOLLOWER]: Leader pre-election lost for term 1. Reason: could not achieve majority
I20260709 14:48:21.846047  7968 consensus_queue.cc:1048] T 213cb4db46d44002af1a3e1b232f3196 P baf973ec890e48c39d4bf2249d371624 [LEADER]: Connected to new peer: Peer: permanent_uuid: "80cb231d4bfa4851b756f218a2e79e58" member_type: VOTER last_known_addr { host: "127.6.67.3" port: 39259 }, Status: LMP_MISMATCH, Last received: 0.0, Next index: 1, Last known committed idx: 0, Time since last communication: 0.001s
I20260709 14:48:21.848268  7724 tablet_bootstrap.cc:492] T 0c3dd8047baa4cfda6675e39c444e050 P b105d027f66842479caa5e5cfc2b139a: No bootstrap required, opened a new log
I20260709 14:48:21.848361  7681 tablet_service.cc:1917] Received RequestConsensusVote() RPC: tablet_id: "db1b9480a9df4f129c2e15d765954435" candidate_uuid: "baf973ec890e48c39d4bf2249d371624" candidate_term: 1 candidate_status { last_received { term: 0 index: 0 } } ignore_live_leader: false dest_uuid: "80cb231d4bfa4851b756f218a2e79e58" is_pre_election: true
I20260709 14:48:21.848902  7724 ts_tablet_manager.cc:1403] T 0c3dd8047baa4cfda6675e39c444e050 P b105d027f66842479caa5e5cfc2b139a: Time spent bootstrapping tablet: real 0.066s	user 0.014s	sys 0.012s
I20260709 14:48:21.849300  7681 raft_consensus.cc:2468] T db1b9480a9df4f129c2e15d765954435 P 80cb231d4bfa4851b756f218a2e79e58 [term 0 FOLLOWER]: Leader pre-election vote request: Granting yes vote for candidate baf973ec890e48c39d4bf2249d371624 in term 0.
I20260709 14:48:21.852005  7724 raft_consensus.cc:359] T 0c3dd8047baa4cfda6675e39c444e050 P b105d027f66842479caa5e5cfc2b139a [term 0 FOLLOWER]: Replica starting. Triggering 0 pending ops. Active config: opid_index: -1 OBSOLETE_local: false peers { permanent_uuid: "baf973ec890e48c39d4bf2249d371624" member_type: VOTER last_known_addr { host: "127.6.67.1" port: 34449 } } peers { permanent_uuid: "b105d027f66842479caa5e5cfc2b139a" member_type: VOTER last_known_addr { host: "127.6.67.2" port: 43675 } } peers { permanent_uuid: "80cb231d4bfa4851b756f218a2e79e58" member_type: VOTER last_known_addr { host: "127.6.67.3" port: 39259 } }
I20260709 14:48:21.852697  7724 raft_consensus.cc:385] T 0c3dd8047baa4cfda6675e39c444e050 P b105d027f66842479caa5e5cfc2b139a [term 0 FOLLOWER]: Consensus starting up: Expiring failure detector timer to make a prompt election more likely
I20260709 14:48:21.852978  7724 raft_consensus.cc:740] T 0c3dd8047baa4cfda6675e39c444e050 P b105d027f66842479caa5e5cfc2b139a [term 0 FOLLOWER]: Becoming Follower/Learner. State: Replica: b105d027f66842479caa5e5cfc2b139a, State: Initialized, Role: FOLLOWER
I20260709 14:48:21.853789  7499 leader_election.cc:304] T db1b9480a9df4f129c2e15d765954435 P baf973ec890e48c39d4bf2249d371624 [CANDIDATE]: Term 1 pre-election: Election decided. Result: candidate won. Election summary: received 2 responses out of 3 voters: 2 yes votes; 0 no votes. yes voters: 80cb231d4bfa4851b756f218a2e79e58, baf973ec890e48c39d4bf2249d371624; no voters: 
I20260709 14:48:21.853708  7724 consensus_queue.cc:260] T 0c3dd8047baa4cfda6675e39c444e050 P b105d027f66842479caa5e5cfc2b139a [NON_LEADER]: Queue going to NON_LEADER mode. State: All replicated index: 0, Majority replicated index: 0, Committed index: 0, Last appended: 0.0, Last appended by leader: 0, Current term: 0, Majority size: -1, State: 0, Mode: NON_LEADER, active raft config: opid_index: -1 OBSOLETE_local: false peers { permanent_uuid: "baf973ec890e48c39d4bf2249d371624" member_type: VOTER last_known_addr { host: "127.6.67.1" port: 34449 } } peers { permanent_uuid: "b105d027f66842479caa5e5cfc2b139a" member_type: VOTER last_known_addr { host: "127.6.67.2" port: 43675 } } peers { permanent_uuid: "80cb231d4bfa4851b756f218a2e79e58" member_type: VOTER last_known_addr { host: "127.6.67.3" port: 39259 } }
I20260709 14:48:21.854785  7755 raft_consensus.cc:2804] T db1b9480a9df4f129c2e15d765954435 P baf973ec890e48c39d4bf2249d371624 [term 0 FOLLOWER]: Leader pre-election won for term 1
I20260709 14:48:21.855175  7755 raft_consensus.cc:493] T db1b9480a9df4f129c2e15d765954435 P baf973ec890e48c39d4bf2249d371624 [term 0 FOLLOWER]: Starting leader election (no leader contacted us within the election timeout)
I20260709 14:48:21.855545  7755 raft_consensus.cc:3060] T db1b9480a9df4f129c2e15d765954435 P baf973ec890e48c39d4bf2249d371624 [term 0 FOLLOWER]: Advancing to term 1
I20260709 14:48:21.856119  7724 ts_tablet_manager.cc:1434] T 0c3dd8047baa4cfda6675e39c444e050 P b105d027f66842479caa5e5cfc2b139a: Time spent starting tablet: real 0.007s	user 0.003s	sys 0.004s
I20260709 14:48:21.857100  7724 tablet_bootstrap.cc:492] T dd17fe74fb334d868102a8f67fb39974 P b105d027f66842479caa5e5cfc2b139a: Bootstrap starting.
I20260709 14:48:21.860718  7609 tablet_service.cc:1917] Received RequestConsensusVote() RPC: tablet_id: "db1b9480a9df4f129c2e15d765954435" candidate_uuid: "baf973ec890e48c39d4bf2249d371624" candidate_term: 1 candidate_status { last_received { term: 0 index: 0 } } ignore_live_leader: false dest_uuid: "b105d027f66842479caa5e5cfc2b139a" is_pre_election: true
W20260709 14:48:21.862304  7500 leader_election.cc:343] T db1b9480a9df4f129c2e15d765954435 P baf973ec890e48c39d4bf2249d371624 [CANDIDATE]: Term 1 pre-election: Tablet error from VoteRequest() call to peer b105d027f66842479caa5e5cfc2b139a (127.6.67.2:43675): Illegal state: must be running to vote when last-logged opid is not known
I20260709 14:48:21.865022  7724 tablet_bootstrap.cc:654] T dd17fe74fb334d868102a8f67fb39974 P b105d027f66842479caa5e5cfc2b139a: Neither blocks nor log segments found. Creating new log.
I20260709 14:48:21.869292  7755 raft_consensus.cc:515] T db1b9480a9df4f129c2e15d765954435 P baf973ec890e48c39d4bf2249d371624 [term 1 FOLLOWER]: Starting leader election with config: opid_index: -1 OBSOLETE_local: false peers { permanent_uuid: "baf973ec890e48c39d4bf2249d371624" member_type: VOTER last_known_addr { host: "127.6.67.1" port: 34449 } } peers { permanent_uuid: "b105d027f66842479caa5e5cfc2b139a" member_type: VOTER last_known_addr { host: "127.6.67.2" port: 43675 } } peers { permanent_uuid: "80cb231d4bfa4851b756f218a2e79e58" member_type: VOTER last_known_addr { host: "127.6.67.3" port: 39259 } }
I20260709 14:48:21.886889  7608 tablet_service.cc:1917] Received RequestConsensusVote() RPC: tablet_id: "db1b9480a9df4f129c2e15d765954435" candidate_uuid: "baf973ec890e48c39d4bf2249d371624" candidate_term: 1 candidate_status { last_received { term: 0 index: 0 } } ignore_live_leader: false dest_uuid: "b105d027f66842479caa5e5cfc2b139a"
W20260709 14:48:21.888434  7500 leader_election.cc:343] T db1b9480a9df4f129c2e15d765954435 P baf973ec890e48c39d4bf2249d371624 [CANDIDATE]: Term 1 election: Tablet error from VoteRequest() call to peer b105d027f66842479caa5e5cfc2b139a (127.6.67.2:43675): Illegal state: must be running to vote when last-logged opid is not known
I20260709 14:48:21.895536  7680 tablet_service.cc:1917] Received RequestConsensusVote() RPC: tablet_id: "db1b9480a9df4f129c2e15d765954435" candidate_uuid: "baf973ec890e48c39d4bf2249d371624" candidate_term: 1 candidate_status { last_received { term: 0 index: 0 } } ignore_live_leader: false dest_uuid: "80cb231d4bfa4851b756f218a2e79e58"
I20260709 14:48:21.896170  7680 raft_consensus.cc:3060] T db1b9480a9df4f129c2e15d765954435 P 80cb231d4bfa4851b756f218a2e79e58 [term 0 FOLLOWER]: Advancing to term 1
I20260709 14:48:21.905066  7680 raft_consensus.cc:2468] T db1b9480a9df4f129c2e15d765954435 P 80cb231d4bfa4851b756f218a2e79e58 [term 1 FOLLOWER]: Leader election vote request: Granting yes vote for candidate baf973ec890e48c39d4bf2249d371624 in term 1.
I20260709 14:48:21.906443  7499 leader_election.cc:304] T db1b9480a9df4f129c2e15d765954435 P baf973ec890e48c39d4bf2249d371624 [CANDIDATE]: Term 1 election: Election decided. Result: candidate won. Election summary: received 3 responses out of 3 voters: 2 yes votes; 1 no votes. yes voters: 80cb231d4bfa4851b756f218a2e79e58, baf973ec890e48c39d4bf2249d371624; no voters: b105d027f66842479caa5e5cfc2b139a
I20260709 14:48:21.907546  7977 raft_consensus.cc:2804] T db1b9480a9df4f129c2e15d765954435 P baf973ec890e48c39d4bf2249d371624 [term 1 FOLLOWER]: Leader election won for term 1
I20260709 14:48:21.908114  7977 raft_consensus.cc:697] T db1b9480a9df4f129c2e15d765954435 P baf973ec890e48c39d4bf2249d371624 [term 1 LEADER]: Becoming Leader. State: Replica: baf973ec890e48c39d4bf2249d371624, State: Running, Role: LEADER
I20260709 14:48:21.909214  7977 consensus_queue.cc:237] T db1b9480a9df4f129c2e15d765954435 P baf973ec890e48c39d4bf2249d371624 [LEADER]: Queue going to LEADER mode. State: All replicated index: 0, Majority replicated index: 0, Committed index: 0, Last appended: 0.0, Last appended by leader: 0, Current term: 1, Majority size: 2, State: 0, Mode: LEADER, active raft config: opid_index: -1 OBSOLETE_local: false peers { permanent_uuid: "baf973ec890e48c39d4bf2249d371624" member_type: VOTER last_known_addr { host: "127.6.67.1" port: 34449 } } peers { permanent_uuid: "b105d027f66842479caa5e5cfc2b139a" member_type: VOTER last_known_addr { host: "127.6.67.2" port: 43675 } } peers { permanent_uuid: "80cb231d4bfa4851b756f218a2e79e58" member_type: VOTER last_known_addr { host: "127.6.67.3" port: 39259 } }
I20260709 14:48:21.890302  7432 catalog_manager.cc:5697] T dd17fe74fb334d868102a8f67fb39974 P 80cb231d4bfa4851b756f218a2e79e58 reported cstate change: term changed from 0 to 1, leader changed from <none> to 80cb231d4bfa4851b756f218a2e79e58 (127.6.67.3). New cstate: current_term: 1 leader_uuid: "80cb231d4bfa4851b756f218a2e79e58" committed_config { opid_index: -1 OBSOLETE_local: false peers { permanent_uuid: "baf973ec890e48c39d4bf2249d371624" member_type: VOTER last_known_addr { host: "127.6.67.1" port: 34449 } health_report { overall_health: UNKNOWN } } peers { permanent_uuid: "b105d027f66842479caa5e5cfc2b139a" member_type: VOTER last_known_addr { host: "127.6.67.2" port: 43675 } health_report { overall_health: UNKNOWN } } peers { permanent_uuid: "80cb231d4bfa4851b756f218a2e79e58" member_type: VOTER last_known_addr { host: "127.6.67.3" port: 39259 } health_report { overall_health: HEALTHY } } }
I20260709 14:48:21.921522  7979 raft_consensus.cc:2749] T 73489d04a8ee4de5ac2af38a832df2a7 P b105d027f66842479caa5e5cfc2b139a [term 1 FOLLOWER]: Leader pre-election lost for term 1. Reason: could not achieve majority
I20260709 14:48:21.914070  7755 leader_election.cc:290] T db1b9480a9df4f129c2e15d765954435 P baf973ec890e48c39d4bf2249d371624 [CANDIDATE]: Term 1 election: Requested vote from peers b105d027f66842479caa5e5cfc2b139a (127.6.67.2:43675), 80cb231d4bfa4851b756f218a2e79e58 (127.6.67.3:39259)
W20260709 14:48:21.930454  8038 log.cc:927] Time spent T 5ae73f9299a641ffae7f618a108d2d86 P 80cb231d4bfa4851b756f218a2e79e58: Append to log took a long time: real 0.110s	user 0.001s	sys 0.000s
I20260709 14:48:21.937098  7839 raft_consensus.cc:493] T e25efccb232a4a448bf6bdea5e8fde6e P b105d027f66842479caa5e5cfc2b139a [term 0 FOLLOWER]: Starting pre-election (no leader contacted us within the election timeout)
I20260709 14:48:21.942797  7724 tablet_bootstrap.cc:492] T dd17fe74fb334d868102a8f67fb39974 P b105d027f66842479caa5e5cfc2b139a: No bootstrap required, opened a new log
I20260709 14:48:21.943360  7724 ts_tablet_manager.cc:1403] T dd17fe74fb334d868102a8f67fb39974 P b105d027f66842479caa5e5cfc2b139a: Time spent bootstrapping tablet: real 0.086s	user 0.028s	sys 0.015s
I20260709 14:48:21.945686  7725 tablet_bootstrap.cc:492] T 01aa67ff0c2440d49fa49cdc58b13a55 P baf973ec890e48c39d4bf2249d371624: No bootstrap required, opened a new log
I20260709 14:48:21.940469  7839 raft_consensus.cc:515] T e25efccb232a4a448bf6bdea5e8fde6e P b105d027f66842479caa5e5cfc2b139a [term 0 FOLLOWER]: Starting pre-election with config: opid_index: -1 OBSOLETE_local: false peers { permanent_uuid: "baf973ec890e48c39d4bf2249d371624" member_type: VOTER last_known_addr { host: "127.6.67.1" port: 34449 } } peers { permanent_uuid: "b105d027f66842479caa5e5cfc2b139a" member_type: VOTER last_known_addr { host: "127.6.67.2" port: 43675 } } peers { permanent_uuid: "80cb231d4bfa4851b756f218a2e79e58" member_type: VOTER last_known_addr { host: "127.6.67.3" port: 39259 } }
I20260709 14:48:21.946586  7725 ts_tablet_manager.cc:1403] T 01aa67ff0c2440d49fa49cdc58b13a55 P baf973ec890e48c39d4bf2249d371624: Time spent bootstrapping tablet: real 0.147s	user 0.033s	sys 0.040s
I20260709 14:48:21.957453  7839 leader_election.cc:290] T e25efccb232a4a448bf6bdea5e8fde6e P b105d027f66842479caa5e5cfc2b139a [CANDIDATE]: Term 1 pre-election: Requested pre-vote from peers baf973ec890e48c39d4bf2249d371624 (127.6.67.1:34449), 80cb231d4bfa4851b756f218a2e79e58 (127.6.67.3:39259)
I20260709 14:48:21.958074  7606 raft_consensus.cc:3060] T 0c3dd8047baa4cfda6675e39c444e050 P b105d027f66842479caa5e5cfc2b139a [term 0 FOLLOWER]: Advancing to term 1
W20260709 14:48:21.958444  7500 consensus_peers.cc:597] T 88fc035ced7549f8afb8bc3ebf4cc2c0 P baf973ec890e48c39d4bf2249d371624 -> Peer b105d027f66842479caa5e5cfc2b139a (127.6.67.2:43675): Couldn't send request to peer b105d027f66842479caa5e5cfc2b139a. Error code: TABLET_NOT_RUNNING (12). Status: Illegal state: Tablet not RUNNING: INITIALIZED. This is attempt 1: this message will repeat every 5th retry.
I20260709 14:48:21.960160  7684 tablet_service.cc:1917] Received RequestConsensusVote() RPC: tablet_id: "e25efccb232a4a448bf6bdea5e8fde6e" candidate_uuid: "b105d027f66842479caa5e5cfc2b139a" candidate_term: 1 candidate_status { last_received { term: 0 index: 0 } } ignore_live_leader: false dest_uuid: "80cb231d4bfa4851b756f218a2e79e58" is_pre_election: true
I20260709 14:48:21.960407  7723 tablet_bootstrap.cc:492] T 32b74b9818fc466ebbf6ea26995ed2c5 P 80cb231d4bfa4851b756f218a2e79e58: No bootstrap required, opened a new log
I20260709 14:48:21.961004  7723 ts_tablet_manager.cc:1403] T 32b74b9818fc466ebbf6ea26995ed2c5 P 80cb231d4bfa4851b756f218a2e79e58: Time spent bootstrapping tablet: real 0.203s	user 0.037s	sys 0.051s
I20260709 14:48:21.964670  7533 tablet_service.cc:1917] Received RequestConsensusVote() RPC: tablet_id: "e25efccb232a4a448bf6bdea5e8fde6e" candidate_uuid: "b105d027f66842479caa5e5cfc2b139a" candidate_term: 1 candidate_status { last_received { term: 0 index: 0 } } ignore_live_leader: false dest_uuid: "baf973ec890e48c39d4bf2249d371624" is_pre_election: true
I20260709 14:48:21.971312  7533 raft_consensus.cc:2393] T e25efccb232a4a448bf6bdea5e8fde6e P baf973ec890e48c39d4bf2249d371624 [term 1 FOLLOWER]: Leader pre-election vote request: Denying vote to candidate b105d027f66842479caa5e5cfc2b139a in current term 1: Already voted for candidate 80cb231d4bfa4851b756f218a2e79e58 in this term.
I20260709 14:48:21.972573  7574 leader_election.cc:304] T e25efccb232a4a448bf6bdea5e8fde6e P b105d027f66842479caa5e5cfc2b139a [CANDIDATE]: Term 1 pre-election: Election decided. Result: candidate lost. Election summary: received 3 responses out of 3 voters: 1 yes votes; 2 no votes. yes voters: b105d027f66842479caa5e5cfc2b139a; no voters: 80cb231d4bfa4851b756f218a2e79e58, baf973ec890e48c39d4bf2249d371624
I20260709 14:48:21.973954  7839 raft_consensus.cc:3060] T e25efccb232a4a448bf6bdea5e8fde6e P b105d027f66842479caa5e5cfc2b139a [term 0 FOLLOWER]: Advancing to term 1
I20260709 14:48:21.977370  7724 raft_consensus.cc:359] T dd17fe74fb334d868102a8f67fb39974 P b105d027f66842479caa5e5cfc2b139a [term 0 FOLLOWER]: Replica starting. Triggering 0 pending ops. Active config: opid_index: -1 OBSOLETE_local: false peers { permanent_uuid: "baf973ec890e48c39d4bf2249d371624" member_type: VOTER last_known_addr { host: "127.6.67.1" port: 34449 } } peers { permanent_uuid: "b105d027f66842479caa5e5cfc2b139a" member_type: VOTER last_known_addr { host: "127.6.67.2" port: 43675 } } peers { permanent_uuid: "80cb231d4bfa4851b756f218a2e79e58" member_type: VOTER last_known_addr { host: "127.6.67.3" port: 39259 } }
I20260709 14:48:21.978170  7724 raft_consensus.cc:385] T dd17fe74fb334d868102a8f67fb39974 P b105d027f66842479caa5e5cfc2b139a [term 0 FOLLOWER]: Consensus starting up: Expiring failure detector timer to make a prompt election more likely
I20260709 14:48:21.978473  7724 raft_consensus.cc:740] T dd17fe74fb334d868102a8f67fb39974 P b105d027f66842479caa5e5cfc2b139a [term 0 FOLLOWER]: Becoming Follower/Learner. State: Replica: b105d027f66842479caa5e5cfc2b139a, State: Initialized, Role: FOLLOWER
I20260709 14:48:21.979148  7724 consensus_queue.cc:260] T dd17fe74fb334d868102a8f67fb39974 P b105d027f66842479caa5e5cfc2b139a [NON_LEADER]: Queue going to NON_LEADER mode. State: All replicated index: 0, Majority replicated index: 0, Committed index: 0, Last appended: 0.0, Last appended by leader: 0, Current term: 0, Majority size: -1, State: 0, Mode: NON_LEADER, active raft config: opid_index: -1 OBSOLETE_local: false peers { permanent_uuid: "baf973ec890e48c39d4bf2249d371624" member_type: VOTER last_known_addr { host: "127.6.67.1" port: 34449 } } peers { permanent_uuid: "b105d027f66842479caa5e5cfc2b139a" member_type: VOTER last_known_addr { host: "127.6.67.2" port: 43675 } } peers { permanent_uuid: "80cb231d4bfa4851b756f218a2e79e58" member_type: VOTER last_known_addr { host: "127.6.67.3" port: 39259 } }
I20260709 14:48:21.981439  7724 ts_tablet_manager.cc:1434] T dd17fe74fb334d868102a8f67fb39974 P b105d027f66842479caa5e5cfc2b139a: Time spent starting tablet: real 0.038s	user 0.005s	sys 0.000s
I20260709 14:48:21.981268  7949 consensus_queue.cc:1048] T e25efccb232a4a448bf6bdea5e8fde6e P 80cb231d4bfa4851b756f218a2e79e58 [LEADER]: Connected to new peer: Peer: permanent_uuid: "baf973ec890e48c39d4bf2249d371624" member_type: VOTER last_known_addr { host: "127.6.67.1" port: 34449 }, Status: LMP_MISMATCH, Last received: 0.0, Next index: 1, Last known committed idx: 0, Time since last communication: 0.001s
I20260709 14:48:21.982760  7724 tablet_bootstrap.cc:492] T d9d8d83b81574657ba3ed38c541a7a64 P b105d027f66842479caa5e5cfc2b139a: Bootstrap starting.
I20260709 14:48:21.982820  7725 raft_consensus.cc:359] T 01aa67ff0c2440d49fa49cdc58b13a55 P baf973ec890e48c39d4bf2249d371624 [term 0 FOLLOWER]: Replica starting. Triggering 0 pending ops. Active config: opid_index: -1 OBSOLETE_local: false peers { permanent_uuid: "baf973ec890e48c39d4bf2249d371624" member_type: VOTER last_known_addr { host: "127.6.67.1" port: 34449 } } peers { permanent_uuid: "b105d027f66842479caa5e5cfc2b139a" member_type: VOTER last_known_addr { host: "127.6.67.2" port: 43675 } } peers { permanent_uuid: "80cb231d4bfa4851b756f218a2e79e58" member_type: VOTER last_known_addr { host: "127.6.67.3" port: 39259 } }
I20260709 14:48:21.983528  7725 raft_consensus.cc:385] T 01aa67ff0c2440d49fa49cdc58b13a55 P baf973ec890e48c39d4bf2249d371624 [term 0 FOLLOWER]: Consensus starting up: Expiring failure detector timer to make a prompt election more likely
I20260709 14:48:21.983783  7725 raft_consensus.cc:740] T 01aa67ff0c2440d49fa49cdc58b13a55 P baf973ec890e48c39d4bf2249d371624 [term 0 FOLLOWER]: Becoming Follower/Learner. State: Replica: baf973ec890e48c39d4bf2249d371624, State: Initialized, Role: FOLLOWER
I20260709 14:48:21.984481  7725 consensus_queue.cc:260] T 01aa67ff0c2440d49fa49cdc58b13a55 P baf973ec890e48c39d4bf2249d371624 [NON_LEADER]: Queue going to NON_LEADER mode. State: All replicated index: 0, Majority replicated index: 0, Committed index: 0, Last appended: 0.0, Last appended by leader: 0, Current term: 0, Majority size: -1, State: 0, Mode: NON_LEADER, active raft config: opid_index: -1 OBSOLETE_local: false peers { permanent_uuid: "baf973ec890e48c39d4bf2249d371624" member_type: VOTER last_known_addr { host: "127.6.67.1" port: 34449 } } peers { permanent_uuid: "b105d027f66842479caa5e5cfc2b139a" member_type: VOTER last_known_addr { host: "127.6.67.2" port: 43675 } } peers { permanent_uuid: "80cb231d4bfa4851b756f218a2e79e58" member_type: VOTER last_known_addr { host: "127.6.67.3" port: 39259 } }
I20260709 14:48:21.986603  7725 ts_tablet_manager.cc:1434] T 01aa67ff0c2440d49fa49cdc58b13a55 P baf973ec890e48c39d4bf2249d371624: Time spent starting tablet: real 0.038s	user 0.002s	sys 0.004s
I20260709 14:48:21.987867  7723 raft_consensus.cc:359] T 32b74b9818fc466ebbf6ea26995ed2c5 P 80cb231d4bfa4851b756f218a2e79e58 [term 0 FOLLOWER]: Replica starting. Triggering 0 pending ops. Active config: opid_index: -1 OBSOLETE_local: false peers { permanent_uuid: "baf973ec890e48c39d4bf2249d371624" member_type: VOTER last_known_addr { host: "127.6.67.1" port: 34449 } } peers { permanent_uuid: "b105d027f66842479caa5e5cfc2b139a" member_type: VOTER last_known_addr { host: "127.6.67.2" port: 43675 } } peers { permanent_uuid: "80cb231d4bfa4851b756f218a2e79e58" member_type: VOTER last_known_addr { host: "127.6.67.3" port: 39259 } }
I20260709 14:48:21.989419  7724 tablet_bootstrap.cc:654] T d9d8d83b81574657ba3ed38c541a7a64 P b105d027f66842479caa5e5cfc2b139a: Neither blocks nor log segments found. Creating new log.
I20260709 14:48:21.987602  7725 tablet_bootstrap.cc:492] T cc4471e73316480c8fb8da5db83ca6c9 P baf973ec890e48c39d4bf2249d371624: Bootstrap starting.
I20260709 14:48:21.992674  7723 raft_consensus.cc:385] T 32b74b9818fc466ebbf6ea26995ed2c5 P 80cb231d4bfa4851b756f218a2e79e58 [term 0 FOLLOWER]: Consensus starting up: Expiring failure detector timer to make a prompt election more likely
I20260709 14:48:21.993048  7723 raft_consensus.cc:740] T 32b74b9818fc466ebbf6ea26995ed2c5 P 80cb231d4bfa4851b756f218a2e79e58 [term 0 FOLLOWER]: Becoming Follower/Learner. State: Replica: 80cb231d4bfa4851b756f218a2e79e58, State: Initialized, Role: FOLLOWER
I20260709 14:48:21.993919  7723 consensus_queue.cc:260] T 32b74b9818fc466ebbf6ea26995ed2c5 P 80cb231d4bfa4851b756f218a2e79e58 [NON_LEADER]: Queue going to NON_LEADER mode. State: All replicated index: 0, Majority replicated index: 0, Committed index: 0, Last appended: 0.0, Last appended by leader: 0, Current term: 0, Majority size: -1, State: 0, Mode: NON_LEADER, active raft config: opid_index: -1 OBSOLETE_local: false peers { permanent_uuid: "baf973ec890e48c39d4bf2249d371624" member_type: VOTER last_known_addr { host: "127.6.67.1" port: 34449 } } peers { permanent_uuid: "b105d027f66842479caa5e5cfc2b139a" member_type: VOTER last_known_addr { host: "127.6.67.2" port: 43675 } } peers { permanent_uuid: "80cb231d4bfa4851b756f218a2e79e58" member_type: VOTER last_known_addr { host: "127.6.67.3" port: 39259 } }
I20260709 14:48:21.995972  7723 ts_tablet_manager.cc:1434] T 32b74b9818fc466ebbf6ea26995ed2c5 P 80cb231d4bfa4851b756f218a2e79e58: Time spent starting tablet: real 0.035s	user 0.005s	sys 0.001s
I20260709 14:48:21.998963  7725 tablet_bootstrap.cc:654] T cc4471e73316480c8fb8da5db83ca6c9 P baf973ec890e48c39d4bf2249d371624: Neither blocks nor log segments found. Creating new log.
I20260709 14:48:22.000187  7723 tablet_bootstrap.cc:492] T 4aca54f01d3f4568b1061652f7f11c53 P 80cb231d4bfa4851b756f218a2e79e58: Bootstrap starting.
I20260709 14:48:22.008675  7723 tablet_bootstrap.cc:654] T 4aca54f01d3f4568b1061652f7f11c53 P 80cb231d4bfa4851b756f218a2e79e58: Neither blocks nor log segments found. Creating new log.
I20260709 14:48:21.998526  7839 raft_consensus.cc:2749] T e25efccb232a4a448bf6bdea5e8fde6e P b105d027f66842479caa5e5cfc2b139a [term 1 FOLLOWER]: Leader pre-election lost for term 1. Reason: could not achieve majority
I20260709 14:48:22.013890  7902 raft_consensus.cc:493] T d9d8d83b81574657ba3ed38c541a7a64 P baf973ec890e48c39d4bf2249d371624 [term 0 FOLLOWER]: Starting pre-election (no leader contacted us within the election timeout)
I20260709 14:48:22.014413  7902 raft_consensus.cc:515] T d9d8d83b81574657ba3ed38c541a7a64 P baf973ec890e48c39d4bf2249d371624 [term 0 FOLLOWER]: Starting pre-election with config: opid_index: -1 OBSOLETE_local: false peers { permanent_uuid: "baf973ec890e48c39d4bf2249d371624" member_type: VOTER last_known_addr { host: "127.6.67.1" port: 34449 } } peers { permanent_uuid: "b105d027f66842479caa5e5cfc2b139a" member_type: VOTER last_known_addr { host: "127.6.67.2" port: 43675 } } peers { permanent_uuid: "80cb231d4bfa4851b756f218a2e79e58" member_type: VOTER last_known_addr { host: "127.6.67.3" port: 39259 } }
I20260709 14:48:22.016599  7902 leader_election.cc:290] T d9d8d83b81574657ba3ed38c541a7a64 P baf973ec890e48c39d4bf2249d371624 [CANDIDATE]: Term 1 pre-election: Requested pre-vote from peers b105d027f66842479caa5e5cfc2b139a (127.6.67.2:43675), 80cb231d4bfa4851b756f218a2e79e58 (127.6.67.3:39259)
I20260709 14:48:22.018141  7723 tablet_bootstrap.cc:492] T 4aca54f01d3f4568b1061652f7f11c53 P 80cb231d4bfa4851b756f218a2e79e58: No bootstrap required, opened a new log
I20260709 14:48:22.018898  7723 ts_tablet_manager.cc:1403] T 4aca54f01d3f4568b1061652f7f11c53 P 80cb231d4bfa4851b756f218a2e79e58: Time spent bootstrapping tablet: real 0.019s	user 0.005s	sys 0.011s
I20260709 14:48:22.018075  7684 tablet_service.cc:1917] Received RequestConsensusVote() RPC: tablet_id: "d9d8d83b81574657ba3ed38c541a7a64" candidate_uuid: "baf973ec890e48c39d4bf2249d371624" candidate_term: 1 candidate_status { last_received { term: 0 index: 0 } } ignore_live_leader: false dest_uuid: "80cb231d4bfa4851b756f218a2e79e58" is_pre_election: true
I20260709 14:48:22.020537  7684 raft_consensus.cc:2468] T d9d8d83b81574657ba3ed38c541a7a64 P 80cb231d4bfa4851b756f218a2e79e58 [term 0 FOLLOWER]: Leader pre-election vote request: Granting yes vote for candidate baf973ec890e48c39d4bf2249d371624 in term 0.
I20260709 14:48:22.021603  7499 leader_election.cc:304] T d9d8d83b81574657ba3ed38c541a7a64 P baf973ec890e48c39d4bf2249d371624 [CANDIDATE]: Term 1 pre-election: Election decided. Result: candidate won. Election summary: received 2 responses out of 3 voters: 2 yes votes; 0 no votes. yes voters: 80cb231d4bfa4851b756f218a2e79e58, baf973ec890e48c39d4bf2249d371624; no voters: 
I20260709 14:48:22.022464  7968 raft_consensus.cc:2804] T d9d8d83b81574657ba3ed38c541a7a64 P baf973ec890e48c39d4bf2249d371624 [term 0 FOLLOWER]: Leader pre-election won for term 1
I20260709 14:48:22.022854  7968 raft_consensus.cc:493] T d9d8d83b81574657ba3ed38c541a7a64 P baf973ec890e48c39d4bf2249d371624 [term 0 FOLLOWER]: Starting leader election (no leader contacted us within the election timeout)
I20260709 14:48:22.023237  7968 raft_consensus.cc:3060] T d9d8d83b81574657ba3ed38c541a7a64 P baf973ec890e48c39d4bf2249d371624 [term 0 FOLLOWER]: Advancing to term 1
I20260709 14:48:22.022562  7723 raft_consensus.cc:359] T 4aca54f01d3f4568b1061652f7f11c53 P 80cb231d4bfa4851b756f218a2e79e58 [term 0 FOLLOWER]: Replica starting. Triggering 0 pending ops. Active config: opid_index: -1 OBSOLETE_local: false peers { permanent_uuid: "baf973ec890e48c39d4bf2249d371624" member_type: VOTER last_known_addr { host: "127.6.67.1" port: 34449 } } peers { permanent_uuid: "b105d027f66842479caa5e5cfc2b139a" member_type: VOTER last_known_addr { host: "127.6.67.2" port: 43675 } } peers { permanent_uuid: "80cb231d4bfa4851b756f218a2e79e58" member_type: VOTER last_known_addr { host: "127.6.67.3" port: 39259 } }
I20260709 14:48:22.023821  7723 raft_consensus.cc:385] T 4aca54f01d3f4568b1061652f7f11c53 P 80cb231d4bfa4851b756f218a2e79e58 [term 0 FOLLOWER]: Consensus starting up: Expiring failure detector timer to make a prompt election more likely
I20260709 14:48:22.024238  7723 raft_consensus.cc:740] T 4aca54f01d3f4568b1061652f7f11c53 P 80cb231d4bfa4851b756f218a2e79e58 [term 0 FOLLOWER]: Becoming Follower/Learner. State: Replica: 80cb231d4bfa4851b756f218a2e79e58, State: Initialized, Role: FOLLOWER
I20260709 14:48:22.025314  7723 consensus_queue.cc:260] T 4aca54f01d3f4568b1061652f7f11c53 P 80cb231d4bfa4851b756f218a2e79e58 [NON_LEADER]: Queue going to NON_LEADER mode. State: All replicated index: 0, Majority replicated index: 0, Committed index: 0, Last appended: 0.0, Last appended by leader: 0, Current term: 0, Majority size: -1, State: 0, Mode: NON_LEADER, active raft config: opid_index: -1 OBSOLETE_local: false peers { permanent_uuid: "baf973ec890e48c39d4bf2249d371624" member_type: VOTER last_known_addr { host: "127.6.67.1" port: 34449 } } peers { permanent_uuid: "b105d027f66842479caa5e5cfc2b139a" member_type: VOTER last_known_addr { host: "127.6.67.2" port: 43675 } } peers { permanent_uuid: "80cb231d4bfa4851b756f218a2e79e58" member_type: VOTER last_known_addr { host: "127.6.67.3" port: 39259 } }
I20260709 14:48:22.027153  7607 tablet_service.cc:1917] Received RequestConsensusVote() RPC: tablet_id: "d9d8d83b81574657ba3ed38c541a7a64" candidate_uuid: "baf973ec890e48c39d4bf2249d371624" candidate_term: 1 candidate_status { last_received { term: 0 index: 0 } } ignore_live_leader: false dest_uuid: "b105d027f66842479caa5e5cfc2b139a" is_pre_election: true
I20260709 14:48:22.028402  7723 ts_tablet_manager.cc:1434] T 4aca54f01d3f4568b1061652f7f11c53 P 80cb231d4bfa4851b756f218a2e79e58: Time spent starting tablet: real 0.009s	user 0.008s	sys 0.000s
I20260709 14:48:22.029474  7430 catalog_manager.cc:5697] T db1b9480a9df4f129c2e15d765954435 P baf973ec890e48c39d4bf2249d371624 reported cstate change: term changed from 0 to 1, leader changed from <none> to baf973ec890e48c39d4bf2249d371624 (127.6.67.1). New cstate: current_term: 1 leader_uuid: "baf973ec890e48c39d4bf2249d371624" committed_config { opid_index: -1 OBSOLETE_local: false peers { permanent_uuid: "baf973ec890e48c39d4bf2249d371624" member_type: VOTER last_known_addr { host: "127.6.67.1" port: 34449 } health_report { overall_health: HEALTHY } } peers { permanent_uuid: "b105d027f66842479caa5e5cfc2b139a" member_type: VOTER last_known_addr { host: "127.6.67.2" port: 43675 } health_report { overall_health: UNKNOWN } } peers { permanent_uuid: "80cb231d4bfa4851b756f218a2e79e58" member_type: VOTER last_known_addr { host: "127.6.67.3" port: 39259 } health_report { overall_health: UNKNOWN } } }
I20260709 14:48:22.032224  7723 tablet_bootstrap.cc:492] T 01aa67ff0c2440d49fa49cdc58b13a55 P 80cb231d4bfa4851b756f218a2e79e58: Bootstrap starting.
I20260709 14:48:22.036206  7949 consensus_queue.cc:1048] T 73489d04a8ee4de5ac2af38a832df2a7 P 80cb231d4bfa4851b756f218a2e79e58 [LEADER]: Connected to new peer: Peer: permanent_uuid: "b105d027f66842479caa5e5cfc2b139a" member_type: VOTER last_known_addr { host: "127.6.67.2" port: 43675 }, Status: LMP_MISMATCH, Last received: 0.0, Next index: 1, Last known committed idx: 0, Time since last communication: 0.000s
W20260709 14:48:22.038453  7500 leader_election.cc:343] T d9d8d83b81574657ba3ed38c541a7a64 P baf973ec890e48c39d4bf2249d371624 [CANDIDATE]: Term 1 pre-election: Tablet error from VoteRequest() call to peer b105d027f66842479caa5e5cfc2b139a (127.6.67.2:43675): Illegal state: must be running to vote when last-logged opid is not known
I20260709 14:48:22.039353  7949 consensus_queue.cc:1048] T e25efccb232a4a448bf6bdea5e8fde6e P 80cb231d4bfa4851b756f218a2e79e58 [LEADER]: Connected to new peer: Peer: permanent_uuid: "b105d027f66842479caa5e5cfc2b139a" member_type: VOTER last_known_addr { host: "127.6.67.2" port: 43675 }, Status: LMP_MISMATCH, Last received: 0.0, Next index: 1, Last known committed idx: 0, Time since last communication: 0.001s
I20260709 14:48:22.041934  7723 tablet_bootstrap.cc:654] T 01aa67ff0c2440d49fa49cdc58b13a55 P 80cb231d4bfa4851b756f218a2e79e58: Neither blocks nor log segments found. Creating new log.
I20260709 14:48:22.043213  7902 consensus_queue.cc:1048] T 88fc035ced7549f8afb8bc3ebf4cc2c0 P baf973ec890e48c39d4bf2249d371624 [LEADER]: Connected to new peer: Peer: permanent_uuid: "80cb231d4bfa4851b756f218a2e79e58" member_type: VOTER last_known_addr { host: "127.6.67.3" port: 39259 }, Status: LMP_MISMATCH, Last received: 0.0, Next index: 1, Last known committed idx: 0, Time since last communication: 0.000s
I20260709 14:48:22.043566  7949 raft_consensus.cc:493] T 32b74b9818fc466ebbf6ea26995ed2c5 P 80cb231d4bfa4851b756f218a2e79e58 [term 0 FOLLOWER]: Starting pre-election (no leader contacted us within the election timeout)
I20260709 14:48:22.043999  7949 raft_consensus.cc:515] T 32b74b9818fc466ebbf6ea26995ed2c5 P 80cb231d4bfa4851b756f218a2e79e58 [term 0 FOLLOWER]: Starting pre-election with config: opid_index: -1 OBSOLETE_local: false peers { permanent_uuid: "baf973ec890e48c39d4bf2249d371624" member_type: VOTER last_known_addr { host: "127.6.67.1" port: 34449 } } peers { permanent_uuid: "b105d027f66842479caa5e5cfc2b139a" member_type: VOTER last_known_addr { host: "127.6.67.2" port: 43675 } } peers { permanent_uuid: "80cb231d4bfa4851b756f218a2e79e58" member_type: VOTER last_known_addr { host: "127.6.67.3" port: 39259 } }
I20260709 14:48:22.046729  7949 leader_election.cc:290] T 32b74b9818fc466ebbf6ea26995ed2c5 P 80cb231d4bfa4851b756f218a2e79e58 [CANDIDATE]: Term 1 pre-election: Requested pre-vote from peers baf973ec890e48c39d4bf2249d371624 (127.6.67.1:34449), b105d027f66842479caa5e5cfc2b139a (127.6.67.2:43675)
I20260709 14:48:22.056023  7725 tablet_bootstrap.cc:492] T cc4471e73316480c8fb8da5db83ca6c9 P baf973ec890e48c39d4bf2249d371624: No bootstrap required, opened a new log
I20260709 14:48:22.056531  7725 ts_tablet_manager.cc:1403] T cc4471e73316480c8fb8da5db83ca6c9 P baf973ec890e48c39d4bf2249d371624: Time spent bootstrapping tablet: real 0.069s	user 0.012s	sys 0.008s
I20260709 14:48:22.059911  7535 tablet_service.cc:1917] Received RequestConsensusVote() RPC: tablet_id: "32b74b9818fc466ebbf6ea26995ed2c5" candidate_uuid: "80cb231d4bfa4851b756f218a2e79e58" candidate_term: 1 candidate_status { last_received { term: 0 index: 0 } } ignore_live_leader: false dest_uuid: "baf973ec890e48c39d4bf2249d371624" is_pre_election: true
W20260709 14:48:22.061395  7648 leader_election.cc:343] T 32b74b9818fc466ebbf6ea26995ed2c5 P 80cb231d4bfa4851b756f218a2e79e58 [CANDIDATE]: Term 1 pre-election: Tablet error from VoteRequest() call to peer baf973ec890e48c39d4bf2249d371624 (127.6.67.1:34449): Illegal state: must be running to vote when last-logged opid is not known
I20260709 14:48:22.062201  7723 tablet_bootstrap.cc:492] T 01aa67ff0c2440d49fa49cdc58b13a55 P 80cb231d4bfa4851b756f218a2e79e58: No bootstrap required, opened a new log
I20260709 14:48:22.063174  7723 ts_tablet_manager.cc:1403] T 01aa67ff0c2440d49fa49cdc58b13a55 P 80cb231d4bfa4851b756f218a2e79e58: Time spent bootstrapping tablet: real 0.034s	user 0.010s	sys 0.012s
I20260709 14:48:22.067584  7723 raft_consensus.cc:359] T 01aa67ff0c2440d49fa49cdc58b13a55 P 80cb231d4bfa4851b756f218a2e79e58 [term 0 FOLLOWER]: Replica starting. Triggering 0 pending ops. Active config: opid_index: -1 OBSOLETE_local: false peers { permanent_uuid: "baf973ec890e48c39d4bf2249d371624" member_type: VOTER last_known_addr { host: "127.6.67.1" port: 34449 } } peers { permanent_uuid: "b105d027f66842479caa5e5cfc2b139a" member_type: VOTER last_known_addr { host: "127.6.67.2" port: 43675 } } peers { permanent_uuid: "80cb231d4bfa4851b756f218a2e79e58" member_type: VOTER last_known_addr { host: "127.6.67.3" port: 39259 } }
I20260709 14:48:22.068686  7723 raft_consensus.cc:385] T 01aa67ff0c2440d49fa49cdc58b13a55 P 80cb231d4bfa4851b756f218a2e79e58 [term 0 FOLLOWER]: Consensus starting up: Expiring failure detector timer to make a prompt election more likely
I20260709 14:48:22.069120  7723 raft_consensus.cc:740] T 01aa67ff0c2440d49fa49cdc58b13a55 P 80cb231d4bfa4851b756f218a2e79e58 [term 0 FOLLOWER]: Becoming Follower/Learner. State: Replica: 80cb231d4bfa4851b756f218a2e79e58, State: Initialized, Role: FOLLOWER
I20260709 14:48:22.070145  7723 consensus_queue.cc:260] T 01aa67ff0c2440d49fa49cdc58b13a55 P 80cb231d4bfa4851b756f218a2e79e58 [NON_LEADER]: Queue going to NON_LEADER mode. State: All replicated index: 0, Majority replicated index: 0, Committed index: 0, Last appended: 0.0, Last appended by leader: 0, Current term: 0, Majority size: -1, State: 0, Mode: NON_LEADER, active raft config: opid_index: -1 OBSOLETE_local: false peers { permanent_uuid: "baf973ec890e48c39d4bf2249d371624" member_type: VOTER last_known_addr { host: "127.6.67.1" port: 34449 } } peers { permanent_uuid: "b105d027f66842479caa5e5cfc2b139a" member_type: VOTER last_known_addr { host: "127.6.67.2" port: 43675 } } peers { permanent_uuid: "80cb231d4bfa4851b756f218a2e79e58" member_type: VOTER last_known_addr { host: "127.6.67.3" port: 39259 } }
I20260709 14:48:22.074697  7610 tablet_service.cc:1917] Received RequestConsensusVote() RPC: tablet_id: "32b74b9818fc466ebbf6ea26995ed2c5" candidate_uuid: "80cb231d4bfa4851b756f218a2e79e58" candidate_term: 1 candidate_status { last_received { term: 0 index: 0 } } ignore_live_leader: false dest_uuid: "b105d027f66842479caa5e5cfc2b139a" is_pre_election: true
I20260709 14:48:22.076382  7723 ts_tablet_manager.cc:1434] T 01aa67ff0c2440d49fa49cdc58b13a55 P 80cb231d4bfa4851b756f218a2e79e58: Time spent starting tablet: real 0.013s	user 0.005s	sys 0.003s
I20260709 14:48:22.077950  7723 tablet_bootstrap.cc:492] T 21cda6c8f6fc4349b3b76fd198ec820e P 80cb231d4bfa4851b756f218a2e79e58: Bootstrap starting.
I20260709 14:48:22.087879  7723 tablet_bootstrap.cc:654] T 21cda6c8f6fc4349b3b76fd198ec820e P 80cb231d4bfa4851b756f218a2e79e58: Neither blocks nor log segments found. Creating new log.
I20260709 14:48:22.034178  7968 raft_consensus.cc:515] T d9d8d83b81574657ba3ed38c541a7a64 P baf973ec890e48c39d4bf2249d371624 [term 1 FOLLOWER]: Starting leader election with config: opid_index: -1 OBSOLETE_local: false peers { permanent_uuid: "baf973ec890e48c39d4bf2249d371624" member_type: VOTER last_known_addr { host: "127.6.67.1" port: 34449 } } peers { permanent_uuid: "b105d027f66842479caa5e5cfc2b139a" member_type: VOTER last_known_addr { host: "127.6.67.2" port: 43675 } } peers { permanent_uuid: "80cb231d4bfa4851b756f218a2e79e58" member_type: VOTER last_known_addr { host: "127.6.67.3" port: 39259 } }
W20260709 14:48:22.090121  7649 leader_election.cc:343] T 32b74b9818fc466ebbf6ea26995ed2c5 P 80cb231d4bfa4851b756f218a2e79e58 [CANDIDATE]: Term 1 pre-election: Tablet error from VoteRequest() call to peer b105d027f66842479caa5e5cfc2b139a (127.6.67.2:43675): Illegal state: must be running to vote when last-logged opid is not known
I20260709 14:48:22.090588  7649 leader_election.cc:304] T 32b74b9818fc466ebbf6ea26995ed2c5 P 80cb231d4bfa4851b756f218a2e79e58 [CANDIDATE]: Term 1 pre-election: Election decided. Result: candidate lost. Election summary: received 3 responses out of 3 voters: 1 yes votes; 2 no votes. yes voters: 80cb231d4bfa4851b756f218a2e79e58; no voters: b105d027f66842479caa5e5cfc2b139a, baf973ec890e48c39d4bf2249d371624
I20260709 14:48:22.092233  7608 tablet_service.cc:1917] Received RequestConsensusVote() RPC: tablet_id: "d9d8d83b81574657ba3ed38c541a7a64" candidate_uuid: "baf973ec890e48c39d4bf2249d371624" candidate_term: 1 candidate_status { last_received { term: 0 index: 0 } } ignore_live_leader: false dest_uuid: "b105d027f66842479caa5e5cfc2b139a"
I20260709 14:48:22.093684  7779 raft_consensus.cc:2749] T 32b74b9818fc466ebbf6ea26995ed2c5 P 80cb231d4bfa4851b756f218a2e79e58 [term 0 FOLLOWER]: Leader pre-election lost for term 1. Reason: could not achieve majority
I20260709 14:48:22.094228  7902 raft_consensus.cc:493] T 01aa67ff0c2440d49fa49cdc58b13a55 P baf973ec890e48c39d4bf2249d371624 [term 0 FOLLOWER]: Starting pre-election (no leader contacted us within the election timeout)
I20260709 14:48:22.094676  7902 raft_consensus.cc:515] T 01aa67ff0c2440d49fa49cdc58b13a55 P baf973ec890e48c39d4bf2249d371624 [term 0 FOLLOWER]: Starting pre-election with config: opid_index: -1 OBSOLETE_local: false peers { permanent_uuid: "baf973ec890e48c39d4bf2249d371624" member_type: VOTER last_known_addr { host: "127.6.67.1" port: 34449 } } peers { permanent_uuid: "b105d027f66842479caa5e5cfc2b139a" member_type: VOTER last_known_addr { host: "127.6.67.2" port: 43675 } } peers { permanent_uuid: "80cb231d4bfa4851b756f218a2e79e58" member_type: VOTER last_known_addr { host: "127.6.67.3" port: 39259 } }
I20260709 14:48:22.095082  7779 consensus_queue.cc:1048] T 73489d04a8ee4de5ac2af38a832df2a7 P 80cb231d4bfa4851b756f218a2e79e58 [LEADER]: Connected to new peer: Peer: permanent_uuid: "baf973ec890e48c39d4bf2249d371624" member_type: VOTER last_known_addr { host: "127.6.67.1" port: 34449 }, Status: LMP_MISMATCH, Last received: 0.0, Next index: 1, Last known committed idx: 0, Time since last communication: 0.000s
W20260709 14:48:22.093717  7500 leader_election.cc:343] T d9d8d83b81574657ba3ed38c541a7a64 P baf973ec890e48c39d4bf2249d371624 [CANDIDATE]: Term 1 election: Tablet error from VoteRequest() call to peer b105d027f66842479caa5e5cfc2b139a (127.6.67.2:43675): Illegal state: must be running to vote when last-logged opid is not known
I20260709 14:48:22.096659  7902 leader_election.cc:290] T 01aa67ff0c2440d49fa49cdc58b13a55 P baf973ec890e48c39d4bf2249d371624 [CANDIDATE]: Term 1 pre-election: Requested pre-vote from peers b105d027f66842479caa5e5cfc2b139a (127.6.67.2:43675), 80cb231d4bfa4851b756f218a2e79e58 (127.6.67.3:39259)
I20260709 14:48:22.097630  7608 tablet_service.cc:1917] Received RequestConsensusVote() RPC: tablet_id: "01aa67ff0c2440d49fa49cdc58b13a55" candidate_uuid: "baf973ec890e48c39d4bf2249d371624" candidate_term: 1 candidate_status { last_received { term: 0 index: 0 } } ignore_live_leader: false dest_uuid: "b105d027f66842479caa5e5cfc2b139a" is_pre_election: true
W20260709 14:48:22.099093  7500 leader_election.cc:343] T 01aa67ff0c2440d49fa49cdc58b13a55 P baf973ec890e48c39d4bf2249d371624 [CANDIDATE]: Term 1 pre-election: Tablet error from VoteRequest() call to peer b105d027f66842479caa5e5cfc2b139a (127.6.67.2:43675): Illegal state: must be running to vote when last-logged opid is not known
I20260709 14:48:22.100095  7723 tablet_bootstrap.cc:492] T 21cda6c8f6fc4349b3b76fd198ec820e P 80cb231d4bfa4851b756f218a2e79e58: No bootstrap required, opened a new log
I20260709 14:48:22.100657  7723 ts_tablet_manager.cc:1403] T 21cda6c8f6fc4349b3b76fd198ec820e P 80cb231d4bfa4851b756f218a2e79e58: Time spent bootstrapping tablet: real 0.023s	user 0.016s	sys 0.004s
I20260709 14:48:22.100533  7725 raft_consensus.cc:359] T cc4471e73316480c8fb8da5db83ca6c9 P baf973ec890e48c39d4bf2249d371624 [term 0 FOLLOWER]: Replica starting. Triggering 0 pending ops. Active config: opid_index: -1 OBSOLETE_local: false peers { permanent_uuid: "baf973ec890e48c39d4bf2249d371624" member_type: VOTER last_known_addr { host: "127.6.67.1" port: 34449 } } peers { permanent_uuid: "b105d027f66842479caa5e5cfc2b139a" member_type: VOTER last_known_addr { host: "127.6.67.2" port: 43675 } } peers { permanent_uuid: "80cb231d4bfa4851b756f218a2e79e58" member_type: VOTER last_known_addr { host: "127.6.67.3" port: 39259 } }
I20260709 14:48:22.101353  7968 leader_election.cc:290] T d9d8d83b81574657ba3ed38c541a7a64 P baf973ec890e48c39d4bf2249d371624 [CANDIDATE]: Term 1 election: Requested vote from peers b105d027f66842479caa5e5cfc2b139a (127.6.67.2:43675), 80cb231d4bfa4851b756f218a2e79e58 (127.6.67.3:39259)
I20260709 14:48:22.102279  7681 tablet_service.cc:1917] Received RequestConsensusVote() RPC: tablet_id: "01aa67ff0c2440d49fa49cdc58b13a55" candidate_uuid: "baf973ec890e48c39d4bf2249d371624" candidate_term: 1 candidate_status { last_received { term: 0 index: 0 } } ignore_live_leader: false dest_uuid: "80cb231d4bfa4851b756f218a2e79e58" is_pre_election: true
I20260709 14:48:22.102921  7681 raft_consensus.cc:2468] T 01aa67ff0c2440d49fa49cdc58b13a55 P 80cb231d4bfa4851b756f218a2e79e58 [term 0 FOLLOWER]: Leader pre-election vote request: Granting yes vote for candidate baf973ec890e48c39d4bf2249d371624 in term 0.
I20260709 14:48:22.105854  7680 tablet_service.cc:1917] Received RequestConsensusVote() RPC: tablet_id: "d9d8d83b81574657ba3ed38c541a7a64" candidate_uuid: "baf973ec890e48c39d4bf2249d371624" candidate_term: 1 candidate_status { last_received { term: 0 index: 0 } } ignore_live_leader: false dest_uuid: "80cb231d4bfa4851b756f218a2e79e58"
I20260709 14:48:22.106443  7680 raft_consensus.cc:3060] T d9d8d83b81574657ba3ed38c541a7a64 P 80cb231d4bfa4851b756f218a2e79e58 [term 0 FOLLOWER]: Advancing to term 1
I20260709 14:48:22.106666  7499 leader_election.cc:304] T 01aa67ff0c2440d49fa49cdc58b13a55 P baf973ec890e48c39d4bf2249d371624 [CANDIDATE]: Term 1 pre-election: Election decided. Result: candidate won. Election summary: received 3 responses out of 3 voters: 2 yes votes; 1 no votes. yes voters: 80cb231d4bfa4851b756f218a2e79e58, baf973ec890e48c39d4bf2249d371624; no voters: b105d027f66842479caa5e5cfc2b139a
I20260709 14:48:22.107590  7755 raft_consensus.cc:2804] T 01aa67ff0c2440d49fa49cdc58b13a55 P baf973ec890e48c39d4bf2249d371624 [term 0 FOLLOWER]: Leader pre-election won for term 1
I20260709 14:48:22.107959  7755 raft_consensus.cc:493] T 01aa67ff0c2440d49fa49cdc58b13a55 P baf973ec890e48c39d4bf2249d371624 [term 0 FOLLOWER]: Starting leader election (no leader contacted us within the election timeout)
I20260709 14:48:22.108304  7755 raft_consensus.cc:3060] T 01aa67ff0c2440d49fa49cdc58b13a55 P baf973ec890e48c39d4bf2249d371624 [term 0 FOLLOWER]: Advancing to term 1
I20260709 14:48:22.113409  7680 raft_consensus.cc:2468] T d9d8d83b81574657ba3ed38c541a7a64 P 80cb231d4bfa4851b756f218a2e79e58 [term 1 FOLLOWER]: Leader election vote request: Granting yes vote for candidate baf973ec890e48c39d4bf2249d371624 in term 1.
I20260709 14:48:22.119139  7723 raft_consensus.cc:359] T 21cda6c8f6fc4349b3b76fd198ec820e P 80cb231d4bfa4851b756f218a2e79e58 [term 0 FOLLOWER]: Replica starting. Triggering 0 pending ops. Active config: opid_index: -1 OBSOLETE_local: false peers { permanent_uuid: "baf973ec890e48c39d4bf2249d371624" member_type: VOTER last_known_addr { host: "127.6.67.1" port: 34449 } } peers { permanent_uuid: "b105d027f66842479caa5e5cfc2b139a" member_type: VOTER last_known_addr { host: "127.6.67.2" port: 43675 } } peers { permanent_uuid: "80cb231d4bfa4851b756f218a2e79e58" member_type: VOTER last_known_addr { host: "127.6.67.3" port: 39259 } }
I20260709 14:48:22.120997  7723 raft_consensus.cc:385] T 21cda6c8f6fc4349b3b76fd198ec820e P 80cb231d4bfa4851b756f218a2e79e58 [term 0 FOLLOWER]: Consensus starting up: Expiring failure detector timer to make a prompt election more likely
I20260709 14:48:22.122076  7723 raft_consensus.cc:740] T 21cda6c8f6fc4349b3b76fd198ec820e P 80cb231d4bfa4851b756f218a2e79e58 [term 0 FOLLOWER]: Becoming Follower/Learner. State: Replica: 80cb231d4bfa4851b756f218a2e79e58, State: Initialized, Role: FOLLOWER
I20260709 14:48:22.114935  7755 raft_consensus.cc:515] T 01aa67ff0c2440d49fa49cdc58b13a55 P baf973ec890e48c39d4bf2249d371624 [term 1 FOLLOWER]: Starting leader election with config: opid_index: -1 OBSOLETE_local: false peers { permanent_uuid: "baf973ec890e48c39d4bf2249d371624" member_type: VOTER last_known_addr { host: "127.6.67.1" port: 34449 } } peers { permanent_uuid: "b105d027f66842479caa5e5cfc2b139a" member_type: VOTER last_known_addr { host: "127.6.67.2" port: 43675 } } peers { permanent_uuid: "80cb231d4bfa4851b756f218a2e79e58" member_type: VOTER last_known_addr { host: "127.6.67.3" port: 39259 } }
I20260709 14:48:22.123752  7499 leader_election.cc:304] T d9d8d83b81574657ba3ed38c541a7a64 P baf973ec890e48c39d4bf2249d371624 [CANDIDATE]: Term 1 election: Election decided. Result: candidate won. Election summary: received 3 responses out of 3 voters: 2 yes votes; 1 no votes. yes voters: 80cb231d4bfa4851b756f218a2e79e58, baf973ec890e48c39d4bf2249d371624; no voters: b105d027f66842479caa5e5cfc2b139a
I20260709 14:48:22.101362  7725 raft_consensus.cc:385] T cc4471e73316480c8fb8da5db83ca6c9 P baf973ec890e48c39d4bf2249d371624 [term 0 FOLLOWER]: Consensus starting up: Expiring failure detector timer to make a prompt election more likely
I20260709 14:48:22.125053  7725 raft_consensus.cc:740] T cc4471e73316480c8fb8da5db83ca6c9 P baf973ec890e48c39d4bf2249d371624 [term 0 FOLLOWER]: Becoming Follower/Learner. State: Replica: baf973ec890e48c39d4bf2249d371624, State: Initialized, Role: FOLLOWER
I20260709 14:48:22.125576  7610 tablet_service.cc:1917] Received RequestConsensusVote() RPC: tablet_id: "01aa67ff0c2440d49fa49cdc58b13a55" candidate_uuid: "baf973ec890e48c39d4bf2249d371624" candidate_term: 1 candidate_status { last_received { term: 0 index: 0 } } ignore_live_leader: false dest_uuid: "b105d027f66842479caa5e5cfc2b139a"
