I20260709 14:48:13.225636  7516 raft_consensus.cc:3060] T 97db1c002fb3406b8ab40e0fc5c365d2 P 536fecbd281e4666b96e47d0b95b8776 [term 0 FOLLOWER]: Advancing to term 1
I20260709 14:48:13.225965  7497 ts_tablet_manager.cc:1434] T c84597721e344ec9ab1d98b969986e75 P 536fecbd281e4666b96e47d0b95b8776: Time spent starting tablet: real 0.007s	user 0.006s	sys 0.000s
W20260709 14:48:13.224436  7347 leader_election.cc:343] T 97db1c002fb3406b8ab40e0fc5c365d2 P 536fecbd281e4666b96e47d0b95b8776 [CANDIDATE]: Term 1 pre-election: Tablet error from VoteRequest() call to peer 5d27b1feea5b4e8bb5c0470990571fbb (127.6.10.193:40855): Illegal state: must be running to vote when last-logged opid is not known
I20260709 14:48:13.226858  7495 ts_tablet_manager.cc:1434] T 9f26a8da270c498791bff1515cc01251 P 5d27b1feea5b4e8bb5c0470990571fbb: Time spent starting tablet: real 0.007s	user 0.006s	sys 0.000s
I20260709 14:48:13.226886  7497 tablet_bootstrap.cc:492] T 992c5914c78d433a85dc50cf608a12e6 P 536fecbd281e4666b96e47d0b95b8776: Bootstrap starting.
I20260709 14:48:13.227615  7501 raft_consensus.cc:493] T 9f26a8da270c498791bff1515cc01251 P 536fecbd281e4666b96e47d0b95b8776 [term 0 FOLLOWER]: Starting pre-election (no leader contacted us within the election timeout)
I20260709 14:48:13.228040  7501 raft_consensus.cc:515] T 9f26a8da270c498791bff1515cc01251 P 536fecbd281e4666b96e47d0b95b8776 [term 0 FOLLOWER]: Starting pre-election with config: opid_index: -1 OBSOLETE_local: false peers { permanent_uuid: "5d27b1feea5b4e8bb5c0470990571fbb" member_type: VOTER last_known_addr { host: "127.6.10.193" port: 40855 } } peers { permanent_uuid: "536fecbd281e4666b96e47d0b95b8776" member_type: VOTER last_known_addr { host: "127.6.10.194" port: 33945 } } peers { permanent_uuid: "9b09c445afc44dba87888af4bb6182a3" member_type: VOTER last_known_addr { host: "127.6.10.195" port: 36155 } }
I20260709 14:48:13.228440  7495 tablet_bootstrap.cc:492] T 97db1c002fb3406b8ab40e0fc5c365d2 P 5d27b1feea5b4e8bb5c0470990571fbb: Bootstrap starting.
I20260709 14:48:13.233428  7516 raft_consensus.cc:515] T 97db1c002fb3406b8ab40e0fc5c365d2 P 536fecbd281e4666b96e47d0b95b8776 [term 1 FOLLOWER]: Starting leader election with config: opid_index: -1 OBSOLETE_local: false peers { permanent_uuid: "5d27b1feea5b4e8bb5c0470990571fbb" member_type: VOTER last_known_addr { host: "127.6.10.193" port: 40855 } } peers { permanent_uuid: "536fecbd281e4666b96e47d0b95b8776" member_type: VOTER last_known_addr { host: "127.6.10.194" port: 33945 } } peers { permanent_uuid: "9b09c445afc44dba87888af4bb6182a3" member_type: VOTER last_known_addr { host: "127.6.10.195" port: 36155 } }
I20260709 14:48:13.235277  7516 leader_election.cc:290] T 97db1c002fb3406b8ab40e0fc5c365d2 P 536fecbd281e4666b96e47d0b95b8776 [CANDIDATE]: Term 1 election: Requested vote from peers 5d27b1feea5b4e8bb5c0470990571fbb (127.6.10.193:40855), 9b09c445afc44dba87888af4bb6182a3 (127.6.10.195:36155)
I20260709 14:48:13.228945  7498 tablet_bootstrap.cc:654] T 25425c31c7124e35818a96565902952b P 9b09c445afc44dba87888af4bb6182a3: Neither blocks nor log segments found. Creating new log.
I20260709 14:48:13.238131  7497 tablet_bootstrap.cc:654] T 992c5914c78d433a85dc50cf608a12e6 P 536fecbd281e4666b96e47d0b95b8776: Neither blocks nor log segments found. Creating new log.
I20260709 14:48:13.238032  7452 tablet_service.cc:1917] Received RequestConsensusVote() RPC: tablet_id: "9f26a8da270c498791bff1515cc01251" candidate_uuid: "536fecbd281e4666b96e47d0b95b8776" candidate_term: 1 candidate_status { last_received { term: 0 index: 0 } } ignore_live_leader: false dest_uuid: "9b09c445afc44dba87888af4bb6182a3" is_pre_election: true
I20260709 14:48:13.238651  7452 raft_consensus.cc:2468] T 9f26a8da270c498791bff1515cc01251 P 9b09c445afc44dba87888af4bb6182a3 [term 0 FOLLOWER]: Leader pre-election vote request: Granting yes vote for candidate 536fecbd281e4666b96e47d0b95b8776 in term 0.
I20260709 14:48:13.230010  7501 leader_election.cc:290] T 9f26a8da270c498791bff1515cc01251 P 536fecbd281e4666b96e47d0b95b8776 [CANDIDATE]: Term 1 pre-election: Requested pre-vote from peers 5d27b1feea5b4e8bb5c0470990571fbb (127.6.10.193:40855), 9b09c445afc44dba87888af4bb6182a3 (127.6.10.195:36155)
I20260709 14:48:13.231220  7305 tablet_service.cc:1917] Received RequestConsensusVote() RPC: tablet_id: "9f26a8da270c498791bff1515cc01251" candidate_uuid: "536fecbd281e4666b96e47d0b95b8776" candidate_term: 1 candidate_status { last_received { term: 0 index: 0 } } ignore_live_leader: false dest_uuid: "5d27b1feea5b4e8bb5c0470990571fbb" is_pre_election: true
I20260709 14:48:13.240150  7305 raft_consensus.cc:2468] T 9f26a8da270c498791bff1515cc01251 P 5d27b1feea5b4e8bb5c0470990571fbb [term 0 FOLLOWER]: Leader pre-election vote request: Granting yes vote for candidate 536fecbd281e4666b96e47d0b95b8776 in term 0.
I20260709 14:48:13.242138  7495 tablet_bootstrap.cc:654] T 97db1c002fb3406b8ab40e0fc5c365d2 P 5d27b1feea5b4e8bb5c0470990571fbb: Neither blocks nor log segments found. Creating new log.
I20260709 14:48:13.244791  7347 leader_election.cc:304] T 9f26a8da270c498791bff1515cc01251 P 536fecbd281e4666b96e47d0b95b8776 [CANDIDATE]: Term 1 pre-election: Election decided. Result: candidate won. Election summary: received 2 responses out of 3 voters: 2 yes votes; 0 no votes. yes voters: 536fecbd281e4666b96e47d0b95b8776, 5d27b1feea5b4e8bb5c0470990571fbb; no voters: 
I20260709 14:48:13.245301  7305 tablet_service.cc:1917] Received RequestConsensusVote() RPC: tablet_id: "97db1c002fb3406b8ab40e0fc5c365d2" candidate_uuid: "536fecbd281e4666b96e47d0b95b8776" candidate_term: 1 candidate_status { last_received { term: 0 index: 0 } } ignore_live_leader: false dest_uuid: "5d27b1feea5b4e8bb5c0470990571fbb"
I20260709 14:48:13.245837  7501 raft_consensus.cc:2804] T 9f26a8da270c498791bff1515cc01251 P 536fecbd281e4666b96e47d0b95b8776 [term 0 FOLLOWER]: Leader pre-election won for term 1
I20260709 14:48:13.246137  7498 tablet_bootstrap.cc:492] T 25425c31c7124e35818a96565902952b P 9b09c445afc44dba87888af4bb6182a3: No bootstrap required, opened a new log
I20260709 14:48:13.246356  7497 tablet_bootstrap.cc:492] T 992c5914c78d433a85dc50cf608a12e6 P 536fecbd281e4666b96e47d0b95b8776: No bootstrap required, opened a new log
I20260709 14:48:13.246235  7501 raft_consensus.cc:493] T 9f26a8da270c498791bff1515cc01251 P 536fecbd281e4666b96e47d0b95b8776 [term 0 FOLLOWER]: Starting leader election (no leader contacted us within the election timeout)
I20260709 14:48:13.246554  7498 ts_tablet_manager.cc:1403] T 25425c31c7124e35818a96565902952b P 9b09c445afc44dba87888af4bb6182a3: Time spent bootstrapping tablet: real 0.023s	user 0.009s	sys 0.004s
I20260709 14:48:13.246829  7497 ts_tablet_manager.cc:1403] T 992c5914c78d433a85dc50cf608a12e6 P 536fecbd281e4666b96e47d0b95b8776: Time spent bootstrapping tablet: real 0.020s	user 0.008s	sys 0.001s
I20260709 14:48:13.246866  7501 raft_consensus.cc:3060] T 9f26a8da270c498791bff1515cc01251 P 536fecbd281e4666b96e47d0b95b8776 [term 0 FOLLOWER]: Advancing to term 1
I20260709 14:48:13.246574  7452 tablet_service.cc:1917] Received RequestConsensusVote() RPC: tablet_id: "97db1c002fb3406b8ab40e0fc5c365d2" candidate_uuid: "536fecbd281e4666b96e47d0b95b8776" candidate_term: 1 candidate_status { last_received { term: 0 index: 0 } } ignore_live_leader: false dest_uuid: "9b09c445afc44dba87888af4bb6182a3"
I20260709 14:48:13.247992  7452 raft_consensus.cc:3060] T 97db1c002fb3406b8ab40e0fc5c365d2 P 9b09c445afc44dba87888af4bb6182a3 [term 0 FOLLOWER]: Advancing to term 1
I20260709 14:48:13.249039  7498 raft_consensus.cc:359] T 25425c31c7124e35818a96565902952b P 9b09c445afc44dba87888af4bb6182a3 [term 0 FOLLOWER]: Replica starting. Triggering 0 pending ops. Active config: opid_index: -1 OBSOLETE_local: false peers { permanent_uuid: "5d27b1feea5b4e8bb5c0470990571fbb" member_type: VOTER last_known_addr { host: "127.6.10.193" port: 40855 } } peers { permanent_uuid: "536fecbd281e4666b96e47d0b95b8776" member_type: VOTER last_known_addr { host: "127.6.10.194" port: 33945 } } peers { permanent_uuid: "9b09c445afc44dba87888af4bb6182a3" member_type: VOTER last_known_addr { host: "127.6.10.195" port: 36155 } }
I20260709 14:48:13.249323  7497 raft_consensus.cc:359] T 992c5914c78d433a85dc50cf608a12e6 P 536fecbd281e4666b96e47d0b95b8776 [term 0 FOLLOWER]: Replica starting. Triggering 0 pending ops. Active config: opid_index: -1 OBSOLETE_local: false peers { permanent_uuid: "5d27b1feea5b4e8bb5c0470990571fbb" member_type: VOTER last_known_addr { host: "127.6.10.193" port: 40855 } } peers { permanent_uuid: "536fecbd281e4666b96e47d0b95b8776" member_type: VOTER last_known_addr { host: "127.6.10.194" port: 33945 } } peers { permanent_uuid: "9b09c445afc44dba87888af4bb6182a3" member_type: VOTER last_known_addr { host: "127.6.10.195" port: 36155 } }
I20260709 14:48:13.249660  7498 raft_consensus.cc:385] T 25425c31c7124e35818a96565902952b P 9b09c445afc44dba87888af4bb6182a3 [term 0 FOLLOWER]: Consensus starting up: Expiring failure detector timer to make a prompt election more likely
I20260709 14:48:13.249992  7498 raft_consensus.cc:740] T 25425c31c7124e35818a96565902952b P 9b09c445afc44dba87888af4bb6182a3 [term 0 FOLLOWER]: Becoming Follower/Learner. State: Replica: 9b09c445afc44dba87888af4bb6182a3, State: Initialized, Role: FOLLOWER
W20260709 14:48:13.250326  7347 leader_election.cc:343] T 97db1c002fb3406b8ab40e0fc5c365d2 P 536fecbd281e4666b96e47d0b95b8776 [CANDIDATE]: Term 1 election: Tablet error from VoteRequest() call to peer 5d27b1feea5b4e8bb5c0470990571fbb (127.6.10.193:40855): Illegal state: must be running to vote when last-logged opid is not known
I20260709 14:48:13.250643  7498 consensus_queue.cc:260] T 25425c31c7124e35818a96565902952b P 9b09c445afc44dba87888af4bb6182a3 [NON_LEADER]: Queue going to NON_LEADER mode. State: All replicated index: 0, Majority replicated index: 0, Committed index: 0, Last appended: 0.0, Last appended by leader: 0, Current term: 0, Majority size: -1, State: 0, Mode: NON_LEADER, active raft config: opid_index: -1 OBSOLETE_local: false peers { permanent_uuid: "5d27b1feea5b4e8bb5c0470990571fbb" member_type: VOTER last_known_addr { host: "127.6.10.193" port: 40855 } } peers { permanent_uuid: "536fecbd281e4666b96e47d0b95b8776" member_type: VOTER last_known_addr { host: "127.6.10.194" port: 33945 } } peers { permanent_uuid: "9b09c445afc44dba87888af4bb6182a3" member_type: VOTER last_known_addr { host: "127.6.10.195" port: 36155 } }
I20260709 14:48:13.251217  7497 raft_consensus.cc:385] T 992c5914c78d433a85dc50cf608a12e6 P 536fecbd281e4666b96e47d0b95b8776 [term 0 FOLLOWER]: Consensus starting up: Expiring failure detector timer to make a prompt election more likely
I20260709 14:48:13.251523  7497 raft_consensus.cc:740] T 992c5914c78d433a85dc50cf608a12e6 P 536fecbd281e4666b96e47d0b95b8776 [term 0 FOLLOWER]: Becoming Follower/Learner. State: Replica: 536fecbd281e4666b96e47d0b95b8776, State: Initialized, Role: FOLLOWER
I20260709 14:48:13.252629  7498 ts_tablet_manager.cc:1434] T 25425c31c7124e35818a96565902952b P 9b09c445afc44dba87888af4bb6182a3: Time spent starting tablet: real 0.006s	user 0.005s	sys 0.001s
I20260709 14:48:13.252965  7497 consensus_queue.cc:260] T 992c5914c78d433a85dc50cf608a12e6 P 536fecbd281e4666b96e47d0b95b8776 [NON_LEADER]: Queue going to NON_LEADER mode. State: All replicated index: 0, Majority replicated index: 0, Committed index: 0, Last appended: 0.0, Last appended by leader: 0, Current term: 0, Majority size: -1, State: 0, Mode: NON_LEADER, active raft config: opid_index: -1 OBSOLETE_local: false peers { permanent_uuid: "5d27b1feea5b4e8bb5c0470990571fbb" member_type: VOTER last_known_addr { host: "127.6.10.193" port: 40855 } } peers { permanent_uuid: "536fecbd281e4666b96e47d0b95b8776" member_type: VOTER last_known_addr { host: "127.6.10.194" port: 33945 } } peers { permanent_uuid: "9b09c445afc44dba87888af4bb6182a3" member_type: VOTER last_known_addr { host: "127.6.10.195" port: 36155 } }
I20260709 14:48:13.253722  7498 tablet_bootstrap.cc:492] T b94803f81b5a41b1b657315426578bea P 9b09c445afc44dba87888af4bb6182a3: Bootstrap starting.
I20260709 14:48:13.254747  7497 ts_tablet_manager.cc:1434] T 992c5914c78d433a85dc50cf608a12e6 P 536fecbd281e4666b96e47d0b95b8776: Time spent starting tablet: real 0.008s	user 0.005s	sys 0.001s
I20260709 14:48:13.256243  7452 raft_consensus.cc:2468] T 97db1c002fb3406b8ab40e0fc5c365d2 P 9b09c445afc44dba87888af4bb6182a3 [term 1 FOLLOWER]: Leader election vote request: Granting yes vote for candidate 536fecbd281e4666b96e47d0b95b8776 in term 1.
I20260709 14:48:13.258924  7347 leader_election.cc:304] T 97db1c002fb3406b8ab40e0fc5c365d2 P 536fecbd281e4666b96e47d0b95b8776 [CANDIDATE]: Term 1 election: Election decided. Result: candidate won. Election summary: received 3 responses out of 3 voters: 2 yes votes; 1 no votes. yes voters: 536fecbd281e4666b96e47d0b95b8776, 9b09c445afc44dba87888af4bb6182a3; no voters: 5d27b1feea5b4e8bb5c0470990571fbb
I20260709 14:48:13.259835  7516 raft_consensus.cc:2804] T 97db1c002fb3406b8ab40e0fc5c365d2 P 536fecbd281e4666b96e47d0b95b8776 [term 1 FOLLOWER]: Leader election won for term 1
I20260709 14:48:13.260416  7516 raft_consensus.cc:697] T 97db1c002fb3406b8ab40e0fc5c365d2 P 536fecbd281e4666b96e47d0b95b8776 [term 1 LEADER]: Becoming Leader. State: Replica: 536fecbd281e4666b96e47d0b95b8776, State: Running, Role: LEADER
I20260709 14:48:13.261312  7516 consensus_queue.cc:237] T 97db1c002fb3406b8ab40e0fc5c365d2 P 536fecbd281e4666b96e47d0b95b8776 [LEADER]: Queue going to LEADER mode. State: All replicated index: 0, Majority replicated index: 0, Committed index: 0, Last appended: 0.0, Last appended by leader: 0, Current term: 1, Majority size: 2, State: 0, Mode: LEADER, active raft config: opid_index: -1 OBSOLETE_local: false peers { permanent_uuid: "5d27b1feea5b4e8bb5c0470990571fbb" member_type: VOTER last_known_addr { host: "127.6.10.193" port: 40855 } } peers { permanent_uuid: "536fecbd281e4666b96e47d0b95b8776" member_type: VOTER last_known_addr { host: "127.6.10.194" port: 33945 } } peers { permanent_uuid: "9b09c445afc44dba87888af4bb6182a3" member_type: VOTER last_known_addr { host: "127.6.10.195" port: 36155 } }
I20260709 14:48:13.263319  7498 tablet_bootstrap.cc:654] T b94803f81b5a41b1b657315426578bea P 9b09c445afc44dba87888af4bb6182a3: Neither blocks nor log segments found. Creating new log.
I20260709 14:48:13.268137  7501 raft_consensus.cc:515] T 9f26a8da270c498791bff1515cc01251 P 536fecbd281e4666b96e47d0b95b8776 [term 1 FOLLOWER]: Starting leader election with config: opid_index: -1 OBSOLETE_local: false peers { permanent_uuid: "5d27b1feea5b4e8bb5c0470990571fbb" member_type: VOTER last_known_addr { host: "127.6.10.193" port: 40855 } } peers { permanent_uuid: "536fecbd281e4666b96e47d0b95b8776" member_type: VOTER last_known_addr { host: "127.6.10.194" port: 33945 } } peers { permanent_uuid: "9b09c445afc44dba87888af4bb6182a3" member_type: VOTER last_known_addr { host: "127.6.10.195" port: 36155 } }
I20260709 14:48:13.269352  7534 raft_consensus.cc:493] T 47c4e4d3f8e142dfb1d6820dae55b6c6 P 5d27b1feea5b4e8bb5c0470990571fbb [term 0 FOLLOWER]: Starting pre-election (no leader contacted us within the election timeout)
I20260709 14:48:13.277535  7534 raft_consensus.cc:515] T 47c4e4d3f8e142dfb1d6820dae55b6c6 P 5d27b1feea5b4e8bb5c0470990571fbb [term 0 FOLLOWER]: Starting pre-election with config: opid_index: -1 OBSOLETE_local: false peers { permanent_uuid: "5d27b1feea5b4e8bb5c0470990571fbb" member_type: VOTER last_known_addr { host: "127.6.10.193" port: 40855 } } peers { permanent_uuid: "536fecbd281e4666b96e47d0b95b8776" member_type: VOTER last_known_addr { host: "127.6.10.194" port: 33945 } } peers { permanent_uuid: "9b09c445afc44dba87888af4bb6182a3" member_type: VOTER last_known_addr { host: "127.6.10.195" port: 36155 } }
I20260709 14:48:13.279289  7305 tablet_service.cc:1917] Received RequestConsensusVote() RPC: tablet_id: "9f26a8da270c498791bff1515cc01251" candidate_uuid: "536fecbd281e4666b96e47d0b95b8776" candidate_term: 1 candidate_status { last_received { term: 0 index: 0 } } ignore_live_leader: false dest_uuid: "5d27b1feea5b4e8bb5c0470990571fbb"
I20260709 14:48:13.279449  7534 leader_election.cc:290] T 47c4e4d3f8e142dfb1d6820dae55b6c6 P 5d27b1feea5b4e8bb5c0470990571fbb [CANDIDATE]: Term 1 pre-election: Requested pre-vote from peers 536fecbd281e4666b96e47d0b95b8776 (127.6.10.194:33945), 9b09c445afc44dba87888af4bb6182a3 (127.6.10.195:36155)
I20260709 14:48:13.279820  7305 raft_consensus.cc:3060] T 9f26a8da270c498791bff1515cc01251 P 5d27b1feea5b4e8bb5c0470990571fbb [term 0 FOLLOWER]: Advancing to term 1
I20260709 14:48:13.283699  7495 tablet_bootstrap.cc:492] T 97db1c002fb3406b8ab40e0fc5c365d2 P 5d27b1feea5b4e8bb5c0470990571fbb: No bootstrap required, opened a new log
I20260709 14:48:13.283725  7304 raft_consensus.cc:3060] T 5ba909fa6e904dd296411d924e2c390a P 5d27b1feea5b4e8bb5c0470990571fbb [term 0 FOLLOWER]: Advancing to term 1
I20260709 14:48:13.284266  7495 ts_tablet_manager.cc:1403] T 97db1c002fb3406b8ab40e0fc5c365d2 P 5d27b1feea5b4e8bb5c0470990571fbb: Time spent bootstrapping tablet: real 0.056s	user 0.019s	sys 0.014s
I20260709 14:48:13.286253  7305 raft_consensus.cc:2468] T 9f26a8da270c498791bff1515cc01251 P 5d27b1feea5b4e8bb5c0470990571fbb [term 1 FOLLOWER]: Leader election vote request: Granting yes vote for candidate 536fecbd281e4666b96e47d0b95b8776 in term 1.
I20260709 14:48:13.287580  7495 raft_consensus.cc:359] T 97db1c002fb3406b8ab40e0fc5c365d2 P 5d27b1feea5b4e8bb5c0470990571fbb [term 0 FOLLOWER]: Replica starting. Triggering 0 pending ops. Active config: opid_index: -1 OBSOLETE_local: false peers { permanent_uuid: "5d27b1feea5b4e8bb5c0470990571fbb" member_type: VOTER last_known_addr { host: "127.6.10.193" port: 40855 } } peers { permanent_uuid: "536fecbd281e4666b96e47d0b95b8776" member_type: VOTER last_known_addr { host: "127.6.10.194" port: 33945 } } peers { permanent_uuid: "9b09c445afc44dba87888af4bb6182a3" member_type: VOTER last_known_addr { host: "127.6.10.195" port: 36155 } }
I20260709 14:48:13.288283  7497 tablet_bootstrap.cc:492] T bf1c19566e1c4c32b1f929d31c7d67f8 P 536fecbd281e4666b96e47d0b95b8776: Bootstrap starting.
I20260709 14:48:13.288424  7495 raft_consensus.cc:385] T 97db1c002fb3406b8ab40e0fc5c365d2 P 5d27b1feea5b4e8bb5c0470990571fbb [term 0 FOLLOWER]: Consensus starting up: Expiring failure detector timer to make a prompt election more likely
I20260709 14:48:13.288849  7495 raft_consensus.cc:740] T 97db1c002fb3406b8ab40e0fc5c365d2 P 5d27b1feea5b4e8bb5c0470990571fbb [term 0 FOLLOWER]: Becoming Follower/Learner. State: Replica: 5d27b1feea5b4e8bb5c0470990571fbb, State: Initialized, Role: FOLLOWER
I20260709 14:48:13.290822  7534 raft_consensus.cc:493] T bf1c19566e1c4c32b1f929d31c7d67f8 P 5d27b1feea5b4e8bb5c0470990571fbb [term 0 FOLLOWER]: Starting pre-election (no leader contacted us within the election timeout)
I20260709 14:48:13.290997  7454 tablet_service.cc:1917] Received RequestConsensusVote() RPC: tablet_id: "9f26a8da270c498791bff1515cc01251" candidate_uuid: "536fecbd281e4666b96e47d0b95b8776" candidate_term: 1 candidate_status { last_received { term: 0 index: 0 } } ignore_live_leader: false dest_uuid: "9b09c445afc44dba87888af4bb6182a3"
I20260709 14:48:13.291066  7495 consensus_queue.cc:260] T 97db1c002fb3406b8ab40e0fc5c365d2 P 5d27b1feea5b4e8bb5c0470990571fbb [NON_LEADER]: Queue going to NON_LEADER mode. State: All replicated index: 0, Majority replicated index: 0, Committed index: 0, Last appended: 0.0, Last appended by leader: 0, Current term: 0, Majority size: -1, State: 0, Mode: NON_LEADER, active raft config: opid_index: -1 OBSOLETE_local: false peers { permanent_uuid: "5d27b1feea5b4e8bb5c0470990571fbb" member_type: VOTER last_known_addr { host: "127.6.10.193" port: 40855 } } peers { permanent_uuid: "536fecbd281e4666b96e47d0b95b8776" member_type: VOTER last_known_addr { host: "127.6.10.194" port: 33945 } } peers { permanent_uuid: "9b09c445afc44dba87888af4bb6182a3" member_type: VOTER last_known_addr { host: "127.6.10.195" port: 36155 } }
I20260709 14:48:13.291255  7534 raft_consensus.cc:515] T bf1c19566e1c4c32b1f929d31c7d67f8 P 5d27b1feea5b4e8bb5c0470990571fbb [term 0 FOLLOWER]: Starting pre-election with config: opid_index: -1 OBSOLETE_local: false peers { permanent_uuid: "5d27b1feea5b4e8bb5c0470990571fbb" member_type: VOTER last_known_addr { host: "127.6.10.193" port: 40855 } } peers { permanent_uuid: "536fecbd281e4666b96e47d0b95b8776" member_type: VOTER last_known_addr { host: "127.6.10.194" port: 33945 } } peers { permanent_uuid: "9b09c445afc44dba87888af4bb6182a3" member_type: VOTER last_known_addr { host: "127.6.10.195" port: 36155 } }
I20260709 14:48:13.291709  7454 raft_consensus.cc:3060] T 9f26a8da270c498791bff1515cc01251 P 9b09c445afc44dba87888af4bb6182a3 [term 0 FOLLOWER]: Advancing to term 1
I20260709 14:48:13.293203  7534 leader_election.cc:290] T bf1c19566e1c4c32b1f929d31c7d67f8 P 5d27b1feea5b4e8bb5c0470990571fbb [CANDIDATE]: Term 1 pre-election: Requested pre-vote from peers 536fecbd281e4666b96e47d0b95b8776 (127.6.10.194:33945), 9b09c445afc44dba87888af4bb6182a3 (127.6.10.195:36155)
I20260709 14:48:13.293594  7497 tablet_bootstrap.cc:654] T bf1c19566e1c4c32b1f929d31c7d67f8 P 536fecbd281e4666b96e47d0b95b8776: Neither blocks nor log segments found. Creating new log.
I20260709 14:48:13.296020  7495 ts_tablet_manager.cc:1434] T 97db1c002fb3406b8ab40e0fc5c365d2 P 5d27b1feea5b4e8bb5c0470990571fbb: Time spent starting tablet: real 0.011s	user 0.006s	sys 0.000s
I20260709 14:48:13.296222  7501 leader_election.cc:290] T 9f26a8da270c498791bff1515cc01251 P 536fecbd281e4666b96e47d0b95b8776 [CANDIDATE]: Term 1 election: Requested vote from peers 5d27b1feea5b4e8bb5c0470990571fbb (127.6.10.193:40855), 9b09c445afc44dba87888af4bb6182a3 (127.6.10.195:36155)
I20260709 14:48:13.296878  7495 tablet_bootstrap.cc:492] T 2972b3342a3c4d3d9d1221af5e537fb3 P 5d27b1feea5b4e8bb5c0470990571fbb: Bootstrap starting.
I20260709 14:48:13.296913  7381 tablet_service.cc:1917] Received RequestConsensusVote() RPC: tablet_id: "47c4e4d3f8e142dfb1d6820dae55b6c6" candidate_uuid: "5d27b1feea5b4e8bb5c0470990571fbb" candidate_term: 1 candidate_status { last_received { term: 0 index: 0 } } ignore_live_leader: false dest_uuid: "536fecbd281e4666b96e47d0b95b8776" is_pre_election: true
I20260709 14:48:13.300463  7453 tablet_service.cc:1917] Received RequestConsensusVote() RPC: tablet_id: "bf1c19566e1c4c32b1f929d31c7d67f8" candidate_uuid: "5d27b1feea5b4e8bb5c0470990571fbb" candidate_term: 1 candidate_status { last_received { term: 0 index: 0 } } ignore_live_leader: false dest_uuid: "9b09c445afc44dba87888af4bb6182a3" is_pre_election: true
I20260709 14:48:13.301208  7453 raft_consensus.cc:2468] T bf1c19566e1c4c32b1f929d31c7d67f8 P 9b09c445afc44dba87888af4bb6182a3 [term 0 FOLLOWER]: Leader pre-election vote request: Granting yes vote for candidate 5d27b1feea5b4e8bb5c0470990571fbb in term 0.
I20260709 14:48:13.302482  7495 tablet_bootstrap.cc:654] T 2972b3342a3c4d3d9d1221af5e537fb3 P 5d27b1feea5b4e8bb5c0470990571fbb: Neither blocks nor log segments found. Creating new log.
I20260709 14:48:13.303471  7347 leader_election.cc:304] T 9f26a8da270c498791bff1515cc01251 P 536fecbd281e4666b96e47d0b95b8776 [CANDIDATE]: Term 1 election: Election decided. Result: candidate won. Election summary: received 2 responses out of 3 voters: 2 yes votes; 0 no votes. yes voters: 536fecbd281e4666b96e47d0b95b8776, 5d27b1feea5b4e8bb5c0470990571fbb; no voters: 
I20260709 14:48:13.304785  7501 raft_consensus.cc:2804] T 9f26a8da270c498791bff1515cc01251 P 536fecbd281e4666b96e47d0b95b8776 [term 1 FOLLOWER]: Leader election won for term 1
I20260709 14:48:13.305366  7501 raft_consensus.cc:697] T 9f26a8da270c498791bff1515cc01251 P 536fecbd281e4666b96e47d0b95b8776 [term 1 LEADER]: Becoming Leader. State: Replica: 536fecbd281e4666b96e47d0b95b8776, State: Running, Role: LEADER
I20260709 14:48:13.306345  7501 consensus_queue.cc:237] T 9f26a8da270c498791bff1515cc01251 P 536fecbd281e4666b96e47d0b95b8776 [LEADER]: Queue going to LEADER mode. State: All replicated index: 0, Majority replicated index: 0, Committed index: 0, Last appended: 0.0, Last appended by leader: 0, Current term: 1, Majority size: 2, State: 0, Mode: LEADER, active raft config: opid_index: -1 OBSOLETE_local: false peers { permanent_uuid: "5d27b1feea5b4e8bb5c0470990571fbb" member_type: VOTER last_known_addr { host: "127.6.10.193" port: 40855 } } peers { permanent_uuid: "536fecbd281e4666b96e47d0b95b8776" member_type: VOTER last_known_addr { host: "127.6.10.194" port: 33945 } } peers { permanent_uuid: "9b09c445afc44dba87888af4bb6182a3" member_type: VOTER last_known_addr { host: "127.6.10.195" port: 36155 } }
I20260709 14:48:13.311900  7272 leader_election.cc:304] T bf1c19566e1c4c32b1f929d31c7d67f8 P 5d27b1feea5b4e8bb5c0470990571fbb [CANDIDATE]: Term 1 pre-election: Election decided. Result: candidate won. Election summary: received 2 responses out of 3 voters: 2 yes votes; 0 no votes. yes voters: 5d27b1feea5b4e8bb5c0470990571fbb, 9b09c445afc44dba87888af4bb6182a3; no voters: 
I20260709 14:48:13.311146  7203 catalog_manager.cc:5697] T 97db1c002fb3406b8ab40e0fc5c365d2 P 536fecbd281e4666b96e47d0b95b8776 reported cstate change: term changed from 0 to 1, leader changed from <none> to 536fecbd281e4666b96e47d0b95b8776 (127.6.10.194). New cstate: current_term: 1 leader_uuid: "536fecbd281e4666b96e47d0b95b8776" committed_config { opid_index: -1 OBSOLETE_local: false peers { permanent_uuid: "5d27b1feea5b4e8bb5c0470990571fbb" member_type: VOTER last_known_addr { host: "127.6.10.193" port: 40855 } health_report { overall_health: UNKNOWN } } peers { permanent_uuid: "536fecbd281e4666b96e47d0b95b8776" member_type: VOTER last_known_addr { host: "127.6.10.194" port: 33945 } health_report { overall_health: HEALTHY } } peers { permanent_uuid: "9b09c445afc44dba87888af4bb6182a3" member_type: VOTER last_known_addr { host: "127.6.10.195" port: 36155 } health_report { overall_health: UNKNOWN } } }
I20260709 14:48:13.313074  7381 tablet_service.cc:1917] Received RequestConsensusVote() RPC: tablet_id: "bf1c19566e1c4c32b1f929d31c7d67f8" candidate_uuid: "5d27b1feea5b4e8bb5c0470990571fbb" candidate_term: 1 candidate_status { last_received { term: 0 index: 0 } } ignore_live_leader: false dest_uuid: "536fecbd281e4666b96e47d0b95b8776" is_pre_election: true
W20260709 14:48:13.314786  7270 leader_election.cc:343] T bf1c19566e1c4c32b1f929d31c7d67f8 P 5d27b1feea5b4e8bb5c0470990571fbb [CANDIDATE]: Term 1 pre-election: Tablet error from VoteRequest() call to peer 536fecbd281e4666b96e47d0b95b8776 (127.6.10.194:33945): Illegal state: must be running to vote when last-logged opid is not known
I20260709 14:48:13.294802  7498 tablet_bootstrap.cc:492] T b94803f81b5a41b1b657315426578bea P 9b09c445afc44dba87888af4bb6182a3: No bootstrap required, opened a new log
I20260709 14:48:13.315869  7498 ts_tablet_manager.cc:1403] T b94803f81b5a41b1b657315426578bea P 9b09c445afc44dba87888af4bb6182a3: Time spent bootstrapping tablet: real 0.062s	user 0.022s	sys 0.012s
I20260709 14:48:13.318351  7534 raft_consensus.cc:2804] T bf1c19566e1c4c32b1f929d31c7d67f8 P 5d27b1feea5b4e8bb5c0470990571fbb [term 0 FOLLOWER]: Leader pre-election won for term 1
I20260709 14:48:13.318753  7534 raft_consensus.cc:493] T bf1c19566e1c4c32b1f929d31c7d67f8 P 5d27b1feea5b4e8bb5c0470990571fbb [term 0 FOLLOWER]: Starting leader election (no leader contacted us within the election timeout)
I20260709 14:48:13.319134  7534 raft_consensus.cc:3060] T bf1c19566e1c4c32b1f929d31c7d67f8 P 5d27b1feea5b4e8bb5c0470990571fbb [term 0 FOLLOWER]: Advancing to term 1
I20260709 14:48:13.319036  7498 raft_consensus.cc:359] T b94803f81b5a41b1b657315426578bea P 9b09c445afc44dba87888af4bb6182a3 [term 0 FOLLOWER]: Replica starting. Triggering 0 pending ops. Active config: opid_index: -1 OBSOLETE_local: false peers { permanent_uuid: "5d27b1feea5b4e8bb5c0470990571fbb" member_type: VOTER last_known_addr { host: "127.6.10.193" port: 40855 } } peers { permanent_uuid: "536fecbd281e4666b96e47d0b95b8776" member_type: VOTER last_known_addr { host: "127.6.10.194" port: 33945 } } peers { permanent_uuid: "9b09c445afc44dba87888af4bb6182a3" member_type: VOTER last_known_addr { host: "127.6.10.195" port: 36155 } }
I20260709 14:48:13.320072  7498 raft_consensus.cc:385] T b94803f81b5a41b1b657315426578bea P 9b09c445afc44dba87888af4bb6182a3 [term 0 FOLLOWER]: Consensus starting up: Expiring failure detector timer to make a prompt election more likely
I20260709 14:48:13.320438  7498 raft_consensus.cc:740] T b94803f81b5a41b1b657315426578bea P 9b09c445afc44dba87888af4bb6182a3 [term 0 FOLLOWER]: Becoming Follower/Learner. State: Replica: 9b09c445afc44dba87888af4bb6182a3, State: Initialized, Role: FOLLOWER
I20260709 14:48:13.320834  7452 tablet_service.cc:1917] Received RequestConsensusVote() RPC: tablet_id: "47c4e4d3f8e142dfb1d6820dae55b6c6" candidate_uuid: "5d27b1feea5b4e8bb5c0470990571fbb" candidate_term: 1 candidate_status { last_received { term: 0 index: 0 } } ignore_live_leader: false dest_uuid: "9b09c445afc44dba87888af4bb6182a3" is_pre_election: true
I20260709 14:48:13.321640  7452 raft_consensus.cc:2393] T 47c4e4d3f8e142dfb1d6820dae55b6c6 P 9b09c445afc44dba87888af4bb6182a3 [term 1 FOLLOWER]: Leader pre-election vote request: Denying vote to candidate 5d27b1feea5b4e8bb5c0470990571fbb in current term 1: Already voted for candidate 536fecbd281e4666b96e47d0b95b8776 in this term.
I20260709 14:48:13.323580  7272 leader_election.cc:304] T 47c4e4d3f8e142dfb1d6820dae55b6c6 P 5d27b1feea5b4e8bb5c0470990571fbb [CANDIDATE]: Term 1 pre-election: Election decided. Result: candidate lost. Election summary: received 3 responses out of 3 voters: 1 yes votes; 2 no votes. yes voters: 5d27b1feea5b4e8bb5c0470990571fbb; no voters: 536fecbd281e4666b96e47d0b95b8776, 9b09c445afc44dba87888af4bb6182a3
I20260709 14:48:13.321444  7498 consensus_queue.cc:260] T b94803f81b5a41b1b657315426578bea P 9b09c445afc44dba87888af4bb6182a3 [NON_LEADER]: Queue going to NON_LEADER mode. State: All replicated index: 0, Majority replicated index: 0, Committed index: 0, Last appended: 0.0, Last appended by leader: 0, Current term: 0, Majority size: -1, State: 0, Mode: NON_LEADER, active raft config: opid_index: -1 OBSOLETE_local: false peers { permanent_uuid: "5d27b1feea5b4e8bb5c0470990571fbb" member_type: VOTER last_known_addr { host: "127.6.10.193" port: 40855 } } peers { permanent_uuid: "536fecbd281e4666b96e47d0b95b8776" member_type: VOTER last_known_addr { host: "127.6.10.194" port: 33945 } } peers { permanent_uuid: "9b09c445afc44dba87888af4bb6182a3" member_type: VOTER last_known_addr { host: "127.6.10.195" port: 36155 } }
I20260709 14:48:13.324298  7530 raft_consensus.cc:3060] T 47c4e4d3f8e142dfb1d6820dae55b6c6 P 5d27b1feea5b4e8bb5c0470990571fbb [term 0 FOLLOWER]: Advancing to term 1
I20260709 14:48:13.326417  7498 ts_tablet_manager.cc:1434] T b94803f81b5a41b1b657315426578bea P 9b09c445afc44dba87888af4bb6182a3: Time spent starting tablet: real 0.010s	user 0.007s	sys 0.000s
I20260709 14:48:13.327574  7498 tablet_bootstrap.cc:492] T 992c5914c78d433a85dc50cf608a12e6 P 9b09c445afc44dba87888af4bb6182a3: Bootstrap starting.
I20260709 14:48:13.329468  7516 raft_consensus.cc:493] T c84597721e344ec9ab1d98b969986e75 P 536fecbd281e4666b96e47d0b95b8776 [term 0 FOLLOWER]: Starting pre-election (no leader contacted us within the election timeout)
I20260709 14:48:13.330022  7516 raft_consensus.cc:515] T c84597721e344ec9ab1d98b969986e75 P 536fecbd281e4666b96e47d0b95b8776 [term 0 FOLLOWER]: Starting pre-election with config: opid_index: -1 OBSOLETE_local: false peers { permanent_uuid: "5d27b1feea5b4e8bb5c0470990571fbb" member_type: VOTER last_known_addr { host: "127.6.10.193" port: 40855 } } peers { permanent_uuid: "536fecbd281e4666b96e47d0b95b8776" member_type: VOTER last_known_addr { host: "127.6.10.194" port: 33945 } } peers { permanent_uuid: "9b09c445afc44dba87888af4bb6182a3" member_type: VOTER last_known_addr { host: "127.6.10.195" port: 36155 } }
I20260709 14:48:13.334512  7453 tablet_service.cc:1917] Received RequestConsensusVote() RPC: tablet_id: "c84597721e344ec9ab1d98b969986e75" candidate_uuid: "536fecbd281e4666b96e47d0b95b8776" candidate_term: 1 candidate_status { last_received { term: 0 index: 0 } } ignore_live_leader: false dest_uuid: "9b09c445afc44dba87888af4bb6182a3" is_pre_election: true
I20260709 14:48:13.334906  7498 tablet_bootstrap.cc:654] T 992c5914c78d433a85dc50cf608a12e6 P 9b09c445afc44dba87888af4bb6182a3: Neither blocks nor log segments found. Creating new log.
I20260709 14:48:13.337387  7305 tablet_service.cc:1917] Received RequestConsensusVote() RPC: tablet_id: "c84597721e344ec9ab1d98b969986e75" candidate_uuid: "536fecbd281e4666b96e47d0b95b8776" candidate_term: 1 candidate_status { last_received { term: 0 index: 0 } } ignore_live_leader: false dest_uuid: "5d27b1feea5b4e8bb5c0470990571fbb" is_pre_election: true
I20260709 14:48:13.338320  7305 raft_consensus.cc:2393] T c84597721e344ec9ab1d98b969986e75 P 5d27b1feea5b4e8bb5c0470990571fbb [term 1 FOLLOWER]: Leader pre-election vote request: Denying vote to candidate 536fecbd281e4666b96e47d0b95b8776 in current term 1: Already voted for candidate 9b09c445afc44dba87888af4bb6182a3 in this term.
I20260709 14:48:13.339815  7347 leader_election.cc:304] T c84597721e344ec9ab1d98b969986e75 P 536fecbd281e4666b96e47d0b95b8776 [CANDIDATE]: Term 1 pre-election: Election decided. Result: candidate lost. Election summary: received 3 responses out of 3 voters: 1 yes votes; 2 no votes. yes voters: 536fecbd281e4666b96e47d0b95b8776; no voters: 5d27b1feea5b4e8bb5c0470990571fbb, 9b09c445afc44dba87888af4bb6182a3
I20260709 14:48:13.332392  7516 leader_election.cc:290] T c84597721e344ec9ab1d98b969986e75 P 536fecbd281e4666b96e47d0b95b8776 [CANDIDATE]: Term 1 pre-election: Requested pre-vote from peers 5d27b1feea5b4e8bb5c0470990571fbb (127.6.10.193:40855), 9b09c445afc44dba87888af4bb6182a3 (127.6.10.195:36155)
I20260709 14:48:13.341310  7538 raft_consensus.cc:3060] T c84597721e344ec9ab1d98b969986e75 P 536fecbd281e4666b96e47d0b95b8776 [term 0 FOLLOWER]: Advancing to term 1
I20260709 14:48:13.345441  7554 raft_consensus.cc:493] T 6232450f1a0840139056cf447ba6a762 P 9b09c445afc44dba87888af4bb6182a3 [term 0 FOLLOWER]: Starting pre-election (no leader contacted us within the election timeout)
I20260709 14:48:13.346014  7554 raft_consensus.cc:515] T 6232450f1a0840139056cf447ba6a762 P 9b09c445afc44dba87888af4bb6182a3 [term 0 FOLLOWER]: Starting pre-election with config: opid_index: -1 OBSOLETE_local: false peers { permanent_uuid: "5d27b1feea5b4e8bb5c0470990571fbb" member_type: VOTER last_known_addr { host: "127.6.10.193" port: 40855 } } peers { permanent_uuid: "536fecbd281e4666b96e47d0b95b8776" member_type: VOTER last_known_addr { host: "127.6.10.194" port: 33945 } } peers { permanent_uuid: "9b09c445afc44dba87888af4bb6182a3" member_type: VOTER last_known_addr { host: "127.6.10.195" port: 36155 } }
I20260709 14:48:13.347417  7498 tablet_bootstrap.cc:492] T 992c5914c78d433a85dc50cf608a12e6 P 9b09c445afc44dba87888af4bb6182a3: No bootstrap required, opened a new log
I20260709 14:48:13.347939  7498 ts_tablet_manager.cc:1403] T 992c5914c78d433a85dc50cf608a12e6 P 9b09c445afc44dba87888af4bb6182a3: Time spent bootstrapping tablet: real 0.021s	user 0.016s	sys 0.001s
I20260709 14:48:13.350937  7305 tablet_service.cc:1917] Received RequestConsensusVote() RPC: tablet_id: "6232450f1a0840139056cf447ba6a762" candidate_uuid: "9b09c445afc44dba87888af4bb6182a3" candidate_term: 1 candidate_status { last_received { term: 0 index: 0 } } ignore_live_leader: false dest_uuid: "5d27b1feea5b4e8bb5c0470990571fbb" is_pre_election: true
W20260709 14:48:13.352734  7421 leader_election.cc:343] T 6232450f1a0840139056cf447ba6a762 P 9b09c445afc44dba87888af4bb6182a3 [CANDIDATE]: Term 1 pre-election: Tablet error from VoteRequest() call to peer 5d27b1feea5b4e8bb5c0470990571fbb (127.6.10.193:40855): Illegal state: must be running to vote when last-logged opid is not known
I20260709 14:48:13.353772  7381 tablet_service.cc:1917] Received RequestConsensusVote() RPC: tablet_id: "6232450f1a0840139056cf447ba6a762" candidate_uuid: "9b09c445afc44dba87888af4bb6182a3" candidate_term: 1 candidate_status { last_received { term: 0 index: 0 } } ignore_live_leader: false dest_uuid: "536fecbd281e4666b96e47d0b95b8776" is_pre_election: true
W20260709 14:48:13.355501  7419 leader_election.cc:343] T 6232450f1a0840139056cf447ba6a762 P 9b09c445afc44dba87888af4bb6182a3 [CANDIDATE]: Term 1 pre-election: Tablet error from VoteRequest() call to peer 536fecbd281e4666b96e47d0b95b8776 (127.6.10.194:33945): Illegal state: must be running to vote when last-logged opid is not known
I20260709 14:48:13.356037  7419 leader_election.cc:304] T 6232450f1a0840139056cf447ba6a762 P 9b09c445afc44dba87888af4bb6182a3 [CANDIDATE]: Term 1 pre-election: Election decided. Result: candidate lost. Election summary: received 3 responses out of 3 voters: 1 yes votes; 2 no votes. yes voters: 9b09c445afc44dba87888af4bb6182a3; no voters: 536fecbd281e4666b96e47d0b95b8776, 5d27b1feea5b4e8bb5c0470990571fbb
I20260709 14:48:13.348533  7554 leader_election.cc:290] T 6232450f1a0840139056cf447ba6a762 P 9b09c445afc44dba87888af4bb6182a3 [CANDIDATE]: Term 1 pre-election: Requested pre-vote from peers 5d27b1feea5b4e8bb5c0470990571fbb (127.6.10.193:40855), 536fecbd281e4666b96e47d0b95b8776 (127.6.10.194:33945)
I20260709 14:48:13.361159  7454 raft_consensus.cc:2468] T 9f26a8da270c498791bff1515cc01251 P 9b09c445afc44dba87888af4bb6182a3 [term 1 FOLLOWER]: Leader election vote request: Granting yes vote for candidate 536fecbd281e4666b96e47d0b95b8776 in term 1.
I20260709 14:48:13.365576  7498 raft_consensus.cc:359] T 992c5914c78d433a85dc50cf608a12e6 P 9b09c445afc44dba87888af4bb6182a3 [term 0 FOLLOWER]: Replica starting. Triggering 0 pending ops. Active config: opid_index: -1 OBSOLETE_local: false peers { permanent_uuid: "5d27b1feea5b4e8bb5c0470990571fbb" member_type: VOTER last_known_addr { host: "127.6.10.193" port: 40855 } } peers { permanent_uuid: "536fecbd281e4666b96e47d0b95b8776" member_type: VOTER last_known_addr { host: "127.6.10.194" port: 33945 } } peers { permanent_uuid: "9b09c445afc44dba87888af4bb6182a3" member_type: VOTER last_known_addr { host: "127.6.10.195" port: 36155 } }
I20260709 14:48:13.366446  7498 raft_consensus.cc:385] T 992c5914c78d433a85dc50cf608a12e6 P 9b09c445afc44dba87888af4bb6182a3 [term 0 FOLLOWER]: Consensus starting up: Expiring failure detector timer to make a prompt election more likely
I20260709 14:48:13.366775  7498 raft_consensus.cc:740] T 992c5914c78d433a85dc50cf608a12e6 P 9b09c445afc44dba87888af4bb6182a3 [term 0 FOLLOWER]: Becoming Follower/Learner. State: Replica: 9b09c445afc44dba87888af4bb6182a3, State: Initialized, Role: FOLLOWER
I20260709 14:48:13.367580  7498 consensus_queue.cc:260] T 992c5914c78d433a85dc50cf608a12e6 P 9b09c445afc44dba87888af4bb6182a3 [NON_LEADER]: Queue going to NON_LEADER mode. State: All replicated index: 0, Majority replicated index: 0, Committed index: 0, Last appended: 0.0, Last appended by leader: 0, Current term: 0, Majority size: -1, State: 0, Mode: NON_LEADER, active raft config: opid_index: -1 OBSOLETE_local: false peers { permanent_uuid: "5d27b1feea5b4e8bb5c0470990571fbb" member_type: VOTER last_known_addr { host: "127.6.10.193" port: 40855 } } peers { permanent_uuid: "536fecbd281e4666b96e47d0b95b8776" member_type: VOTER last_known_addr { host: "127.6.10.194" port: 33945 } } peers { permanent_uuid: "9b09c445afc44dba87888af4bb6182a3" member_type: VOTER last_known_addr { host: "127.6.10.195" port: 36155 } }
I20260709 14:48:13.368064  7203 catalog_manager.cc:5697] T 9f26a8da270c498791bff1515cc01251 P 536fecbd281e4666b96e47d0b95b8776 reported cstate change: term changed from 0 to 1, leader changed from <none> to 536fecbd281e4666b96e47d0b95b8776 (127.6.10.194). New cstate: current_term: 1 leader_uuid: "536fecbd281e4666b96e47d0b95b8776" committed_config { opid_index: -1 OBSOLETE_local: false peers { permanent_uuid: "5d27b1feea5b4e8bb5c0470990571fbb" member_type: VOTER last_known_addr { host: "127.6.10.193" port: 40855 } health_report { overall_health: UNKNOWN } } peers { permanent_uuid: "536fecbd281e4666b96e47d0b95b8776" member_type: VOTER last_known_addr { host: "127.6.10.194" port: 33945 } health_report { overall_health: HEALTHY } } peers { permanent_uuid: "9b09c445afc44dba87888af4bb6182a3" member_type: VOTER last_known_addr { host: "127.6.10.195" port: 36155 } health_report { overall_health: UNKNOWN } } }
I20260709 14:48:13.370270  7498 ts_tablet_manager.cc:1434] T 992c5914c78d433a85dc50cf608a12e6 P 9b09c445afc44dba87888af4bb6182a3: Time spent starting tablet: real 0.022s	user 0.008s	sys 0.000s
I20260709 14:48:13.371292  7498 tablet_bootstrap.cc:492] T f253bad4d3f0455dbfa6bd183b3b3a61 P 9b09c445afc44dba87888af4bb6182a3: Bootstrap starting.
I20260709 14:48:13.376231  7512 consensus_queue.cc:1048] T 5ba909fa6e904dd296411d924e2c390a P 9b09c445afc44dba87888af4bb6182a3 [LEADER]: Connected to new peer: Peer: permanent_uuid: "5d27b1feea5b4e8bb5c0470990571fbb" member_type: VOTER last_known_addr { host: "127.6.10.193" port: 40855 }, Status: LMP_MISMATCH, Last received: 0.0, Next index: 1, Last known committed idx: 0, Time since last communication: 0.000s
I20260709 14:48:13.376641  7554 raft_consensus.cc:2749] T 6232450f1a0840139056cf447ba6a762 P 9b09c445afc44dba87888af4bb6182a3 [term 0 FOLLOWER]: Leader pre-election lost for term 1. Reason: could not achieve majority
I20260709 14:48:13.377498  7535 raft_consensus.cc:493] T 5ba909fa6e904dd296411d924e2c390a P 5d27b1feea5b4e8bb5c0470990571fbb [term 1 FOLLOWER]: Starting pre-election (no leader contacted us within the election timeout)
I20260709 14:48:13.377964  7535 raft_consensus.cc:515] T 5ba909fa6e904dd296411d924e2c390a P 5d27b1feea5b4e8bb5c0470990571fbb [term 1 FOLLOWER]: Starting pre-election with config: opid_index: -1 OBSOLETE_local: false peers { permanent_uuid: "5d27b1feea5b4e8bb5c0470990571fbb" member_type: VOTER last_known_addr { host: "127.6.10.193" port: 40855 } } peers { permanent_uuid: "536fecbd281e4666b96e47d0b95b8776" member_type: VOTER last_known_addr { host: "127.6.10.194" port: 33945 } } peers { permanent_uuid: "9b09c445afc44dba87888af4bb6182a3" member_type: VOTER last_known_addr { host: "127.6.10.195" port: 36155 } }
I20260709 14:48:13.378509  7498 tablet_bootstrap.cc:654] T f253bad4d3f0455dbfa6bd183b3b3a61 P 9b09c445afc44dba87888af4bb6182a3: Neither blocks nor log segments found. Creating new log.
I20260709 14:48:13.379953  7535 leader_election.cc:290] T 5ba909fa6e904dd296411d924e2c390a P 5d27b1feea5b4e8bb5c0470990571fbb [CANDIDATE]: Term 2 pre-election: Requested pre-vote from peers 536fecbd281e4666b96e47d0b95b8776 (127.6.10.194:33945), 9b09c445afc44dba87888af4bb6182a3 (127.6.10.195:36155)
I20260709 14:48:13.380594  7497 tablet_bootstrap.cc:492] T bf1c19566e1c4c32b1f929d31c7d67f8 P 536fecbd281e4666b96e47d0b95b8776: No bootstrap required, opened a new log
I20260709 14:48:13.381043  7497 ts_tablet_manager.cc:1403] T bf1c19566e1c4c32b1f929d31c7d67f8 P 536fecbd281e4666b96e47d0b95b8776: Time spent bootstrapping tablet: real 0.093s	user 0.034s	sys 0.033s
I20260709 14:48:13.381987  7381 tablet_service.cc:1917] Received RequestConsensusVote() RPC: tablet_id: "5ba909fa6e904dd296411d924e2c390a" candidate_uuid: "5d27b1feea5b4e8bb5c0470990571fbb" candidate_term: 2 candidate_status { last_received { term: 0 index: 0 } } ignore_live_leader: false dest_uuid: "536fecbd281e4666b96e47d0b95b8776" is_pre_election: true
I20260709 14:48:13.382683  7381 raft_consensus.cc:2468] T 5ba909fa6e904dd296411d924e2c390a P 536fecbd281e4666b96e47d0b95b8776 [term 1 FOLLOWER]: Leader pre-election vote request: Granting yes vote for candidate 5d27b1feea5b4e8bb5c0470990571fbb in term 1.
I20260709 14:48:13.383977  7495 tablet_bootstrap.cc:492] T 2972b3342a3c4d3d9d1221af5e537fb3 P 5d27b1feea5b4e8bb5c0470990571fbb: No bootstrap required, opened a new log
I20260709 14:48:13.384465  7495 ts_tablet_manager.cc:1403] T 2972b3342a3c4d3d9d1221af5e537fb3 P 5d27b1feea5b4e8bb5c0470990571fbb: Time spent bootstrapping tablet: real 0.088s	user 0.043s	sys 0.033s
I20260709 14:48:13.383824  7270 leader_election.cc:304] T 5ba909fa6e904dd296411d924e2c390a P 5d27b1feea5b4e8bb5c0470990571fbb [CANDIDATE]: Term 2 pre-election: Election decided. Result: candidate won. Election summary: received 2 responses out of 3 voters: 2 yes votes; 0 no votes. yes voters: 536fecbd281e4666b96e47d0b95b8776, 5d27b1feea5b4e8bb5c0470990571fbb; no voters: 
I20260709 14:48:13.384589  7452 tablet_service.cc:1917] Received RequestConsensusVote() RPC: tablet_id: "5ba909fa6e904dd296411d924e2c390a" candidate_uuid: "5d27b1feea5b4e8bb5c0470990571fbb" candidate_term: 2 candidate_status { last_received { term: 0 index: 0 } } ignore_live_leader: false dest_uuid: "9b09c445afc44dba87888af4bb6182a3" is_pre_election: true
I20260709 14:48:13.387660  7495 raft_consensus.cc:359] T 2972b3342a3c4d3d9d1221af5e537fb3 P 5d27b1feea5b4e8bb5c0470990571fbb [term 0 FOLLOWER]: Replica starting. Triggering 0 pending ops. Active config: opid_index: -1 OBSOLETE_local: false peers { permanent_uuid: "5d27b1feea5b4e8bb5c0470990571fbb" member_type: VOTER last_known_addr { host: "127.6.10.193" port: 40855 } } peers { permanent_uuid: "536fecbd281e4666b96e47d0b95b8776" member_type: VOTER last_known_addr { host: "127.6.10.194" port: 33945 } } peers { permanent_uuid: "9b09c445afc44dba87888af4bb6182a3" member_type: VOTER last_known_addr { host: "127.6.10.195" port: 36155 } }
I20260709 14:48:13.388505  7495 raft_consensus.cc:385] T 2972b3342a3c4d3d9d1221af5e537fb3 P 5d27b1feea5b4e8bb5c0470990571fbb [term 0 FOLLOWER]: Consensus starting up: Expiring failure detector timer to make a prompt election more likely
I20260709 14:48:13.388859  7495 raft_consensus.cc:740] T 2972b3342a3c4d3d9d1221af5e537fb3 P 5d27b1feea5b4e8bb5c0470990571fbb [term 0 FOLLOWER]: Becoming Follower/Learner. State: Replica: 5d27b1feea5b4e8bb5c0470990571fbb, State: Initialized, Role: FOLLOWER
I20260709 14:48:13.389657  7535 raft_consensus.cc:2804] T 5ba909fa6e904dd296411d924e2c390a P 5d27b1feea5b4e8bb5c0470990571fbb [term 1 FOLLOWER]: Leader pre-election won for term 2
I20260709 14:48:13.389490  7495 consensus_queue.cc:260] T 2972b3342a3c4d3d9d1221af5e537fb3 P 5d27b1feea5b4e8bb5c0470990571fbb [NON_LEADER]: Queue going to NON_LEADER mode. State: All replicated index: 0, Majority replicated index: 0, Committed index: 0, Last appended: 0.0, Last appended by leader: 0, Current term: 0, Majority size: -1, State: 0, Mode: NON_LEADER, active raft config: opid_index: -1 OBSOLETE_local: false peers { permanent_uuid: "5d27b1feea5b4e8bb5c0470990571fbb" member_type: VOTER last_known_addr { host: "127.6.10.193" port: 40855 } } peers { permanent_uuid: "536fecbd281e4666b96e47d0b95b8776" member_type: VOTER last_known_addr { host: "127.6.10.194" port: 33945 } } peers { permanent_uuid: "9b09c445afc44dba87888af4bb6182a3" member_type: VOTER last_known_addr { host: "127.6.10.195" port: 36155 } }
I20260709 14:48:13.390784  7535 raft_consensus.cc:493] T 5ba909fa6e904dd296411d924e2c390a P 5d27b1feea5b4e8bb5c0470990571fbb [term 1 FOLLOWER]: Starting leader election (detected failure of leader 9b09c445afc44dba87888af4bb6182a3)
I20260709 14:48:13.391258  7535 raft_consensus.cc:3060] T 5ba909fa6e904dd296411d924e2c390a P 5d27b1feea5b4e8bb5c0470990571fbb [term 1 FOLLOWER]: Advancing to term 2
I20260709 14:48:13.383980  7497 raft_consensus.cc:359] T bf1c19566e1c4c32b1f929d31c7d67f8 P 536fecbd281e4666b96e47d0b95b8776 [term 0 FOLLOWER]: Replica starting. Triggering 0 pending ops. Active config: opid_index: -1 OBSOLETE_local: false peers { permanent_uuid: "5d27b1feea5b4e8bb5c0470990571fbb" member_type: VOTER last_known_addr { host: "127.6.10.193" port: 40855 } } peers { permanent_uuid: "536fecbd281e4666b96e47d0b95b8776" member_type: VOTER last_known_addr { host: "127.6.10.194" port: 33945 } } peers { permanent_uuid: "9b09c445afc44dba87888af4bb6182a3" member_type: VOTER last_known_addr { host: "127.6.10.195" port: 36155 } }
I20260709 14:48:13.396780  7497 raft_consensus.cc:385] T bf1c19566e1c4c32b1f929d31c7d67f8 P 536fecbd281e4666b96e47d0b95b8776 [term 0 FOLLOWER]: Consensus starting up: Expiring failure detector timer to make a prompt election more likely
I20260709 14:48:13.397137  7497 raft_consensus.cc:740] T bf1c19566e1c4c32b1f929d31c7d67f8 P 536fecbd281e4666b96e47d0b95b8776 [term 0 FOLLOWER]: Becoming Follower/Learner. State: Replica: 536fecbd281e4666b96e47d0b95b8776, State: Initialized, Role: FOLLOWER
I20260709 14:48:13.397912  7497 consensus_queue.cc:260] T bf1c19566e1c4c32b1f929d31c7d67f8 P 536fecbd281e4666b96e47d0b95b8776 [NON_LEADER]: Queue going to NON_LEADER mode. State: All replicated index: 0, Majority replicated index: 0, Committed index: 0, Last appended: 0.0, Last appended by leader: 0, Current term: 0, Majority size: -1, State: 0, Mode: NON_LEADER, active raft config: opid_index: -1 OBSOLETE_local: false peers { permanent_uuid: "5d27b1feea5b4e8bb5c0470990571fbb" member_type: VOTER last_known_addr { host: "127.6.10.193" port: 40855 } } peers { permanent_uuid: "536fecbd281e4666b96e47d0b95b8776" member_type: VOTER last_known_addr { host: "127.6.10.194" port: 33945 } } peers { permanent_uuid: "9b09c445afc44dba87888af4bb6182a3" member_type: VOTER last_known_addr { host: "127.6.10.195" port: 36155 } }
I20260709 14:48:13.400230  7538 raft_consensus.cc:2749] T c84597721e344ec9ab1d98b969986e75 P 536fecbd281e4666b96e47d0b95b8776 [term 1 FOLLOWER]: Leader pre-election lost for term 1. Reason: could not achieve majority
I20260709 14:48:13.400869  7530 raft_consensus.cc:2749] T 47c4e4d3f8e142dfb1d6820dae55b6c6 P 5d27b1feea5b4e8bb5c0470990571fbb [term 1 FOLLOWER]: Leader pre-election lost for term 1. Reason: could not achieve majority
