I20260709 14:48:14.642663  7501 consensus_queue.cc:1048] T 7cfe70918ec647e49316279dc810f2f8 P 536fecbd281e4666b96e47d0b95b8776 [LEADER]: Connected to new peer: Peer: permanent_uuid: "5d27b1feea5b4e8bb5c0470990571fbb" member_type: VOTER last_known_addr { host: "127.6.10.193" port: 40855 }, Status: LMP_MISMATCH, Last received: 0.0, Next index: 1, Last known committed idx: 0, Time since last communication: 0.000s
I20260709 14:48:14.646073  7497 tablet_bootstrap.cc:654] T ac3956f5bf5f434dba85fd1eb86c2adb P 536fecbd281e4666b96e47d0b95b8776: Neither blocks nor log segments found. Creating new log.
I20260709 14:48:14.650810  7498 tablet_bootstrap.cc:654] T ac3956f5bf5f434dba85fd1eb86c2adb P 9b09c445afc44dba87888af4bb6182a3: Neither blocks nor log segments found. Creating new log.
I20260709 14:48:14.655642  7306 raft_consensus.cc:2468] T b3e873b66b904c9488d8befadcdc26aa P 5d27b1feea5b4e8bb5c0470990571fbb [term 1 FOLLOWER]: Leader election vote request: Granting yes vote for candidate 536fecbd281e4666b96e47d0b95b8776 in term 1.
I20260709 14:48:14.655725  7347 leader_election.cc:304] T b3e873b66b904c9488d8befadcdc26aa P 536fecbd281e4666b96e47d0b95b8776 [CANDIDATE]: Term 1 election: Election decided. Result: candidate won. Election summary: received 2 responses out of 3 voters: 2 yes votes; 0 no votes. yes voters: 536fecbd281e4666b96e47d0b95b8776, 9b09c445afc44dba87888af4bb6182a3; no voters: 
I20260709 14:48:14.657486  7501 raft_consensus.cc:2804] T b3e873b66b904c9488d8befadcdc26aa P 536fecbd281e4666b96e47d0b95b8776 [term 1 FOLLOWER]: Leader election won for term 1
I20260709 14:48:14.658183  7501 raft_consensus.cc:697] T b3e873b66b904c9488d8befadcdc26aa P 536fecbd281e4666b96e47d0b95b8776 [term 1 LEADER]: Becoming Leader. State: Replica: 536fecbd281e4666b96e47d0b95b8776, State: Running, Role: LEADER
I20260709 14:48:14.654840  7203 catalog_manager.cc:5697] T b99aabcbc228467e9faedd1b3f0425de P 9b09c445afc44dba87888af4bb6182a3 reported cstate change: term changed from 0 to 1, leader changed from <none> to 9b09c445afc44dba87888af4bb6182a3 (127.6.10.195). New cstate: current_term: 1 leader_uuid: "9b09c445afc44dba87888af4bb6182a3" committed_config { opid_index: -1 OBSOLETE_local: false peers { permanent_uuid: "5d27b1feea5b4e8bb5c0470990571fbb" member_type: VOTER last_known_addr { host: "127.6.10.193" port: 40855 } health_report { overall_health: UNKNOWN } } peers { permanent_uuid: "536fecbd281e4666b96e47d0b95b8776" member_type: VOTER last_known_addr { host: "127.6.10.194" port: 33945 } health_report { overall_health: UNKNOWN } } peers { permanent_uuid: "9b09c445afc44dba87888af4bb6182a3" member_type: VOTER last_known_addr { host: "127.6.10.195" port: 36155 } health_report { overall_health: HEALTHY } } }
I20260709 14:48:14.659318  7501 consensus_queue.cc:237] T b3e873b66b904c9488d8befadcdc26aa P 536fecbd281e4666b96e47d0b95b8776 [LEADER]: Queue going to LEADER mode. State: All replicated index: 0, Majority replicated index: 0, Committed index: 0, Last appended: 0.0, Last appended by leader: 0, Current term: 1, Majority size: 2, State: 0, Mode: LEADER, active raft config: opid_index: -1 OBSOLETE_local: false peers { permanent_uuid: "5d27b1feea5b4e8bb5c0470990571fbb" member_type: VOTER last_known_addr { host: "127.6.10.193" port: 40855 } } peers { permanent_uuid: "536fecbd281e4666b96e47d0b95b8776" member_type: VOTER last_known_addr { host: "127.6.10.194" port: 33945 } } peers { permanent_uuid: "9b09c445afc44dba87888af4bb6182a3" member_type: VOTER last_known_addr { host: "127.6.10.195" port: 36155 } }
I20260709 14:48:14.626521  7554 raft_consensus.cc:515] T a80e43fd1d934e2b86db84b9508fa425 P 9b09c445afc44dba87888af4bb6182a3 [term 1 FOLLOWER]: Starting leader election with config: opid_index: -1 OBSOLETE_local: false peers { permanent_uuid: "5d27b1feea5b4e8bb5c0470990571fbb" member_type: VOTER last_known_addr { host: "127.6.10.193" port: 40855 } } peers { permanent_uuid: "536fecbd281e4666b96e47d0b95b8776" member_type: VOTER last_known_addr { host: "127.6.10.194" port: 33945 } } peers { permanent_uuid: "9b09c445afc44dba87888af4bb6182a3" member_type: VOTER last_known_addr { host: "127.6.10.195" port: 36155 } }
I20260709 14:48:14.668639  7590 raft_consensus.cc:493] T 5ba909fa6e904dd296411d924e2c390a P 9b09c445afc44dba87888af4bb6182a3 [term 2 FOLLOWER]: Starting pre-election (no leader contacted us within the election timeout)
I20260709 14:48:14.674525  7590 raft_consensus.cc:515] T 5ba909fa6e904dd296411d924e2c390a P 9b09c445afc44dba87888af4bb6182a3 [term 2 FOLLOWER]: Starting pre-election with config: opid_index: -1 OBSOLETE_local: false peers { permanent_uuid: "5d27b1feea5b4e8bb5c0470990571fbb" member_type: VOTER last_known_addr { host: "127.6.10.193" port: 40855 } } peers { permanent_uuid: "536fecbd281e4666b96e47d0b95b8776" member_type: VOTER last_known_addr { host: "127.6.10.194" port: 33945 } } peers { permanent_uuid: "9b09c445afc44dba87888af4bb6182a3" member_type: VOTER last_known_addr { host: "127.6.10.195" port: 36155 } }
I20260709 14:48:14.677454  7381 tablet_service.cc:1917] Received RequestConsensusVote() RPC: tablet_id: "a80e43fd1d934e2b86db84b9508fa425" candidate_uuid: "9b09c445afc44dba87888af4bb6182a3" candidate_term: 1 candidate_status { last_received { term: 0 index: 0 } } ignore_live_leader: false dest_uuid: "536fecbd281e4666b96e47d0b95b8776"
I20260709 14:48:14.678155  7381 raft_consensus.cc:3060] T a80e43fd1d934e2b86db84b9508fa425 P 536fecbd281e4666b96e47d0b95b8776 [term 0 FOLLOWER]: Advancing to term 1
I20260709 14:48:14.687191  7495 tablet_bootstrap.cc:492] T 8273e273b1a740b998f24291cccb09e5 P 5d27b1feea5b4e8bb5c0470990571fbb: No bootstrap required, opened a new log
I20260709 14:48:14.687631  7495 ts_tablet_manager.cc:1403] T 8273e273b1a740b998f24291cccb09e5 P 5d27b1feea5b4e8bb5c0470990571fbb: Time spent bootstrapping tablet: real 0.199s	user 0.030s	sys 0.078s
I20260709 14:48:14.689728  7379 tablet_service.cc:1917] Received RequestConsensusVote() RPC: tablet_id: "5ba909fa6e904dd296411d924e2c390a" candidate_uuid: "9b09c445afc44dba87888af4bb6182a3" candidate_term: 3 candidate_status { last_received { term: 1 index: 1 } } ignore_live_leader: false dest_uuid: "536fecbd281e4666b96e47d0b95b8776" is_pre_election: true
I20260709 14:48:14.690168  7495 raft_consensus.cc:359] T 8273e273b1a740b998f24291cccb09e5 P 5d27b1feea5b4e8bb5c0470990571fbb [term 0 FOLLOWER]: Replica starting. Triggering 0 pending ops. Active config: opid_index: -1 OBSOLETE_local: false peers { permanent_uuid: "5d27b1feea5b4e8bb5c0470990571fbb" member_type: VOTER last_known_addr { host: "127.6.10.193" port: 40855 } } peers { permanent_uuid: "536fecbd281e4666b96e47d0b95b8776" member_type: VOTER last_known_addr { host: "127.6.10.194" port: 33945 } } peers { permanent_uuid: "9b09c445afc44dba87888af4bb6182a3" member_type: VOTER last_known_addr { host: "127.6.10.195" port: 36155 } }
I20260709 14:48:14.690776  7495 raft_consensus.cc:385] T 8273e273b1a740b998f24291cccb09e5 P 5d27b1feea5b4e8bb5c0470990571fbb [term 0 FOLLOWER]: Consensus starting up: Expiring failure detector timer to make a prompt election more likely
I20260709 14:48:14.691049  7495 raft_consensus.cc:740] T 8273e273b1a740b998f24291cccb09e5 P 5d27b1feea5b4e8bb5c0470990571fbb [term 0 FOLLOWER]: Becoming Follower/Learner. State: Replica: 5d27b1feea5b4e8bb5c0470990571fbb, State: Initialized, Role: FOLLOWER
I20260709 14:48:14.681077  7590 leader_election.cc:290] T 5ba909fa6e904dd296411d924e2c390a P 9b09c445afc44dba87888af4bb6182a3 [CANDIDATE]: Term 3 pre-election: Requested pre-vote from peers 5d27b1feea5b4e8bb5c0470990571fbb (127.6.10.193:40855), 536fecbd281e4666b96e47d0b95b8776 (127.6.10.194:33945)
I20260709 14:48:14.692461  7203 catalog_manager.cc:5697] T a59e879c42ee4885ab1e912a626e5fb2 P 536fecbd281e4666b96e47d0b95b8776 reported cstate change: term changed from 0 to 1, leader changed from <none> to 536fecbd281e4666b96e47d0b95b8776 (127.6.10.194). New cstate: current_term: 1 leader_uuid: "536fecbd281e4666b96e47d0b95b8776" committed_config { opid_index: -1 OBSOLETE_local: false peers { permanent_uuid: "5d27b1feea5b4e8bb5c0470990571fbb" member_type: VOTER last_known_addr { host: "127.6.10.193" port: 40855 } health_report { overall_health: UNKNOWN } } peers { permanent_uuid: "536fecbd281e4666b96e47d0b95b8776" member_type: VOTER last_known_addr { host: "127.6.10.194" port: 33945 } health_report { overall_health: HEALTHY } } peers { permanent_uuid: "9b09c445afc44dba87888af4bb6182a3" member_type: VOTER last_known_addr { host: "127.6.10.195" port: 36155 } health_report { overall_health: UNKNOWN } } }
I20260709 14:48:14.681634  7554 leader_election.cc:290] T a80e43fd1d934e2b86db84b9508fa425 P 9b09c445afc44dba87888af4bb6182a3 [CANDIDATE]: Term 1 election: Requested vote from peers 5d27b1feea5b4e8bb5c0470990571fbb (127.6.10.193:40855), 536fecbd281e4666b96e47d0b95b8776 (127.6.10.194:33945)
I20260709 14:48:14.697111  7495 consensus_queue.cc:260] T 8273e273b1a740b998f24291cccb09e5 P 5d27b1feea5b4e8bb5c0470990571fbb [NON_LEADER]: Queue going to NON_LEADER mode. State: All replicated index: 0, Majority replicated index: 0, Committed index: 0, Last appended: 0.0, Last appended by leader: 0, Current term: 0, Majority size: -1, State: 0, Mode: NON_LEADER, active raft config: opid_index: -1 OBSOLETE_local: false peers { permanent_uuid: "5d27b1feea5b4e8bb5c0470990571fbb" member_type: VOTER last_known_addr { host: "127.6.10.193" port: 40855 } } peers { permanent_uuid: "536fecbd281e4666b96e47d0b95b8776" member_type: VOTER last_known_addr { host: "127.6.10.194" port: 33945 } } peers { permanent_uuid: "9b09c445afc44dba87888af4bb6182a3" member_type: VOTER last_known_addr { host: "127.6.10.195" port: 36155 } }
I20260709 14:48:14.701575  7495 ts_tablet_manager.cc:1434] T 8273e273b1a740b998f24291cccb09e5 P 5d27b1feea5b4e8bb5c0470990571fbb: Time spent starting tablet: real 0.014s	user 0.007s	sys 0.000s
I20260709 14:48:14.702692  7495 tablet_bootstrap.cc:492] T ac3956f5bf5f434dba85fd1eb86c2adb P 5d27b1feea5b4e8bb5c0470990571fbb: Bootstrap starting.
I20260709 14:48:14.718274  7306 tablet_service.cc:1917] Received RequestConsensusVote() RPC: tablet_id: "5ba909fa6e904dd296411d924e2c390a" candidate_uuid: "9b09c445afc44dba87888af4bb6182a3" candidate_term: 3 candidate_status { last_received { term: 1 index: 1 } } ignore_live_leader: false dest_uuid: "5d27b1feea5b4e8bb5c0470990571fbb" is_pre_election: true
I20260709 14:48:14.712977  7381 raft_consensus.cc:2468] T a80e43fd1d934e2b86db84b9508fa425 P 536fecbd281e4666b96e47d0b95b8776 [term 1 FOLLOWER]: Leader election vote request: Granting yes vote for candidate 9b09c445afc44dba87888af4bb6182a3 in term 1.
I20260709 14:48:14.716706  7304 tablet_service.cc:1917] Received RequestConsensusVote() RPC: tablet_id: "a80e43fd1d934e2b86db84b9508fa425" candidate_uuid: "9b09c445afc44dba87888af4bb6182a3" candidate_term: 1 candidate_status { last_received { term: 0 index: 0 } } ignore_live_leader: false dest_uuid: "5d27b1feea5b4e8bb5c0470990571fbb"
I20260709 14:48:14.726756  7419 leader_election.cc:304] T a80e43fd1d934e2b86db84b9508fa425 P 9b09c445afc44dba87888af4bb6182a3 [CANDIDATE]: Term 1 election: Election decided. Result: candidate won. Election summary: received 2 responses out of 3 voters: 2 yes votes; 0 no votes. yes voters: 536fecbd281e4666b96e47d0b95b8776, 9b09c445afc44dba87888af4bb6182a3; no voters: 
I20260709 14:48:14.727514  7554 raft_consensus.cc:2804] T a80e43fd1d934e2b86db84b9508fa425 P 9b09c445afc44dba87888af4bb6182a3 [term 1 FOLLOWER]: Leader election won for term 1
I20260709 14:48:14.727994  7554 raft_consensus.cc:697] T a80e43fd1d934e2b86db84b9508fa425 P 9b09c445afc44dba87888af4bb6182a3 [term 1 LEADER]: Becoming Leader. State: Replica: 9b09c445afc44dba87888af4bb6182a3, State: Running, Role: LEADER
I20260709 14:48:14.728215  7304 raft_consensus.cc:3060] T a80e43fd1d934e2b86db84b9508fa425 P 5d27b1feea5b4e8bb5c0470990571fbb [term 0 FOLLOWER]: Advancing to term 1
I20260709 14:48:14.728811  7554 consensus_queue.cc:237] T a80e43fd1d934e2b86db84b9508fa425 P 9b09c445afc44dba87888af4bb6182a3 [LEADER]: Queue going to LEADER mode. State: All replicated index: 0, Majority replicated index: 0, Committed index: 0, Last appended: 0.0, Last appended by leader: 0, Current term: 1, Majority size: 2, State: 0, Mode: LEADER, active raft config: opid_index: -1 OBSOLETE_local: false peers { permanent_uuid: "5d27b1feea5b4e8bb5c0470990571fbb" member_type: VOTER last_known_addr { host: "127.6.10.193" port: 40855 } } peers { permanent_uuid: "536fecbd281e4666b96e47d0b95b8776" member_type: VOTER last_known_addr { host: "127.6.10.194" port: 33945 } } peers { permanent_uuid: "9b09c445afc44dba87888af4bb6182a3" member_type: VOTER last_known_addr { host: "127.6.10.195" port: 36155 } }
I20260709 14:48:14.733875  7498 tablet_bootstrap.cc:492] T ac3956f5bf5f434dba85fd1eb86c2adb P 9b09c445afc44dba87888af4bb6182a3: No bootstrap required, opened a new log
I20260709 14:48:14.734431  7498 ts_tablet_manager.cc:1403] T ac3956f5bf5f434dba85fd1eb86c2adb P 9b09c445afc44dba87888af4bb6182a3: Time spent bootstrapping tablet: real 0.110s	user 0.016s	sys 0.007s
W20260709 14:48:14.735179  7668 log.cc:927] Time spent T b99aabcbc228467e9faedd1b3f0425de P 9b09c445afc44dba87888af4bb6182a3: Append to log took a long time: real 0.051s	user 0.000s	sys 0.001s
I20260709 14:48:14.735895  7497 tablet_bootstrap.cc:492] T ac3956f5bf5f434dba85fd1eb86c2adb P 536fecbd281e4666b96e47d0b95b8776: No bootstrap required, opened a new log
I20260709 14:48:14.736279  7497 ts_tablet_manager.cc:1403] T ac3956f5bf5f434dba85fd1eb86c2adb P 536fecbd281e4666b96e47d0b95b8776: Time spent bootstrapping tablet: real 0.110s	user 0.017s	sys 0.008s
I20260709 14:48:14.736443  7421 leader_election.cc:304] T 5ba909fa6e904dd296411d924e2c390a P 9b09c445afc44dba87888af4bb6182a3 [CANDIDATE]: Term 3 pre-election: Election decided. Result: candidate lost. Election summary: received 3 responses out of 3 voters: 1 yes votes; 2 no votes. yes voters: 9b09c445afc44dba87888af4bb6182a3; no voters: 536fecbd281e4666b96e47d0b95b8776, 5d27b1feea5b4e8bb5c0470990571fbb
I20260709 14:48:14.736073  7204 catalog_manager.cc:5697] T b3e873b66b904c9488d8befadcdc26aa P 536fecbd281e4666b96e47d0b95b8776 reported cstate change: term changed from 0 to 1, leader changed from <none> to 536fecbd281e4666b96e47d0b95b8776 (127.6.10.194). New cstate: current_term: 1 leader_uuid: "536fecbd281e4666b96e47d0b95b8776" committed_config { opid_index: -1 OBSOLETE_local: false peers { permanent_uuid: "5d27b1feea5b4e8bb5c0470990571fbb" member_type: VOTER last_known_addr { host: "127.6.10.193" port: 40855 } health_report { overall_health: UNKNOWN } } peers { permanent_uuid: "536fecbd281e4666b96e47d0b95b8776" member_type: VOTER last_known_addr { host: "127.6.10.194" port: 33945 } health_report { overall_health: HEALTHY } } peers { permanent_uuid: "9b09c445afc44dba87888af4bb6182a3" member_type: VOTER last_known_addr { host: "127.6.10.195" port: 36155 } health_report { overall_health: UNKNOWN } } }
I20260709 14:48:14.737810  7590 raft_consensus.cc:2749] T 5ba909fa6e904dd296411d924e2c390a P 9b09c445afc44dba87888af4bb6182a3 [term 2 FOLLOWER]: Leader pre-election lost for term 3. Reason: could not achieve majority
I20260709 14:48:14.738797  7497 raft_consensus.cc:359] T ac3956f5bf5f434dba85fd1eb86c2adb P 536fecbd281e4666b96e47d0b95b8776 [term 0 FOLLOWER]: Replica starting. Triggering 0 pending ops. Active config: opid_index: -1 OBSOLETE_local: false peers { permanent_uuid: "5d27b1feea5b4e8bb5c0470990571fbb" member_type: VOTER last_known_addr { host: "127.6.10.193" port: 40855 } } peers { permanent_uuid: "536fecbd281e4666b96e47d0b95b8776" member_type: VOTER last_known_addr { host: "127.6.10.194" port: 33945 } } peers { permanent_uuid: "9b09c445afc44dba87888af4bb6182a3" member_type: VOTER last_known_addr { host: "127.6.10.195" port: 36155 } }
I20260709 14:48:14.739384  7497 raft_consensus.cc:385] T ac3956f5bf5f434dba85fd1eb86c2adb P 536fecbd281e4666b96e47d0b95b8776 [term 0 FOLLOWER]: Consensus starting up: Expiring failure detector timer to make a prompt election more likely
I20260709 14:48:14.739624  7497 raft_consensus.cc:740] T ac3956f5bf5f434dba85fd1eb86c2adb P 536fecbd281e4666b96e47d0b95b8776 [term 0 FOLLOWER]: Becoming Follower/Learner. State: Replica: 536fecbd281e4666b96e47d0b95b8776, State: Initialized, Role: FOLLOWER
I20260709 14:48:14.740216  7497 consensus_queue.cc:260] T ac3956f5bf5f434dba85fd1eb86c2adb P 536fecbd281e4666b96e47d0b95b8776 [NON_LEADER]: Queue going to NON_LEADER mode. State: All replicated index: 0, Majority replicated index: 0, Committed index: 0, Last appended: 0.0, Last appended by leader: 0, Current term: 0, Majority size: -1, State: 0, Mode: NON_LEADER, active raft config: opid_index: -1 OBSOLETE_local: false peers { permanent_uuid: "5d27b1feea5b4e8bb5c0470990571fbb" member_type: VOTER last_known_addr { host: "127.6.10.193" port: 40855 } } peers { permanent_uuid: "536fecbd281e4666b96e47d0b95b8776" member_type: VOTER last_known_addr { host: "127.6.10.194" port: 33945 } } peers { permanent_uuid: "9b09c445afc44dba87888af4bb6182a3" member_type: VOTER last_known_addr { host: "127.6.10.195" port: 36155 } }
I20260709 14:48:14.740542  7304 raft_consensus.cc:2468] T a80e43fd1d934e2b86db84b9508fa425 P 5d27b1feea5b4e8bb5c0470990571fbb [term 1 FOLLOWER]: Leader election vote request: Granting yes vote for candidate 9b09c445afc44dba87888af4bb6182a3 in term 1.
I20260709 14:48:14.742532  7497 ts_tablet_manager.cc:1434] T ac3956f5bf5f434dba85fd1eb86c2adb P 536fecbd281e4666b96e47d0b95b8776: Time spent starting tablet: real 0.006s	user 0.006s	sys 0.000s
I20260709 14:48:14.743357  7497 tablet_bootstrap.cc:492] T 40e6706e3de24b1a90fe4ae980748446 P 536fecbd281e4666b96e47d0b95b8776: Bootstrap starting.
I20260709 14:48:14.754045  7538 consensus_queue.cc:1048] T 5e8200dc35614713a0e80a0bdfe127b1 P 536fecbd281e4666b96e47d0b95b8776 [LEADER]: Connected to new peer: Peer: permanent_uuid: "5d27b1feea5b4e8bb5c0470990571fbb" member_type: VOTER last_known_addr { host: "127.6.10.193" port: 40855 }, Status: LMP_MISMATCH, Last received: 0.0, Next index: 1, Last known committed idx: 0, Time since last communication: 0.000s
I20260709 14:48:14.754168  7606 consensus_queue.cc:1048] T 6232450f1a0840139056cf447ba6a762 P 536fecbd281e4666b96e47d0b95b8776 [LEADER]: Connected to new peer: Peer: permanent_uuid: "5d27b1feea5b4e8bb5c0470990571fbb" member_type: VOTER last_known_addr { host: "127.6.10.193" port: 40855 }, Status: LMP_MISMATCH, Last received: 0.0, Next index: 1, Last known committed idx: 0, Time since last communication: 0.000s
I20260709 14:48:14.755441  7538 raft_consensus.cc:493] T 4288fd2ff2424005912431c89cfa76de P 536fecbd281e4666b96e47d0b95b8776 [term 0 FOLLOWER]: Starting pre-election (no leader contacted us within the election timeout)
I20260709 14:48:14.755861  7538 raft_consensus.cc:515] T 4288fd2ff2424005912431c89cfa76de P 536fecbd281e4666b96e47d0b95b8776 [term 0 FOLLOWER]: Starting pre-election with config: opid_index: -1 OBSOLETE_local: false peers { permanent_uuid: "5d27b1feea5b4e8bb5c0470990571fbb" member_type: VOTER last_known_addr { host: "127.6.10.193" port: 40855 } } peers { permanent_uuid: "536fecbd281e4666b96e47d0b95b8776" member_type: VOTER last_known_addr { host: "127.6.10.194" port: 33945 } } peers { permanent_uuid: "9b09c445afc44dba87888af4bb6182a3" member_type: VOTER last_known_addr { host: "127.6.10.195" port: 36155 } }
I20260709 14:48:14.757988  7538 leader_election.cc:290] T 4288fd2ff2424005912431c89cfa76de P 536fecbd281e4666b96e47d0b95b8776 [CANDIDATE]: Term 1 pre-election: Requested pre-vote from peers 5d27b1feea5b4e8bb5c0470990571fbb (127.6.10.193:40855), 9b09c445afc44dba87888af4bb6182a3 (127.6.10.195:36155)
I20260709 14:48:14.760646  7498 raft_consensus.cc:359] T ac3956f5bf5f434dba85fd1eb86c2adb P 9b09c445afc44dba87888af4bb6182a3 [term 0 FOLLOWER]: Replica starting. Triggering 0 pending ops. Active config: opid_index: -1 OBSOLETE_local: false peers { permanent_uuid: "5d27b1feea5b4e8bb5c0470990571fbb" member_type: VOTER last_known_addr { host: "127.6.10.193" port: 40855 } } peers { permanent_uuid: "536fecbd281e4666b96e47d0b95b8776" member_type: VOTER last_known_addr { host: "127.6.10.194" port: 33945 } } peers { permanent_uuid: "9b09c445afc44dba87888af4bb6182a3" member_type: VOTER last_known_addr { host: "127.6.10.195" port: 36155 } }
I20260709 14:48:14.761283  7498 raft_consensus.cc:385] T ac3956f5bf5f434dba85fd1eb86c2adb P 9b09c445afc44dba87888af4bb6182a3 [term 0 FOLLOWER]: Consensus starting up: Expiring failure detector timer to make a prompt election more likely
I20260709 14:48:14.762006  7498 raft_consensus.cc:740] T ac3956f5bf5f434dba85fd1eb86c2adb P 9b09c445afc44dba87888af4bb6182a3 [term 0 FOLLOWER]: Becoming Follower/Learner. State: Replica: 9b09c445afc44dba87888af4bb6182a3, State: Initialized, Role: FOLLOWER
I20260709 14:48:14.762595  7498 consensus_queue.cc:260] T ac3956f5bf5f434dba85fd1eb86c2adb P 9b09c445afc44dba87888af4bb6182a3 [NON_LEADER]: Queue going to NON_LEADER mode. State: All replicated index: 0, Majority replicated index: 0, Committed index: 0, Last appended: 0.0, Last appended by leader: 0, Current term: 0, Majority size: -1, State: 0, Mode: NON_LEADER, active raft config: opid_index: -1 OBSOLETE_local: false peers { permanent_uuid: "5d27b1feea5b4e8bb5c0470990571fbb" member_type: VOTER last_known_addr { host: "127.6.10.193" port: 40855 } } peers { permanent_uuid: "536fecbd281e4666b96e47d0b95b8776" member_type: VOTER last_known_addr { host: "127.6.10.194" port: 33945 } } peers { permanent_uuid: "9b09c445afc44dba87888af4bb6182a3" member_type: VOTER last_known_addr { host: "127.6.10.195" port: 36155 } }
I20260709 14:48:14.763994  7204 catalog_manager.cc:5697] T e0e4a6cf86c24ed7954bef489b80e6de P 5d27b1feea5b4e8bb5c0470990571fbb reported cstate change: term changed from 0 to 1, leader changed from <none> to 5d27b1feea5b4e8bb5c0470990571fbb (127.6.10.193). New cstate: current_term: 1 leader_uuid: "5d27b1feea5b4e8bb5c0470990571fbb" committed_config { opid_index: -1 OBSOLETE_local: false peers { permanent_uuid: "5d27b1feea5b4e8bb5c0470990571fbb" member_type: VOTER last_known_addr { host: "127.6.10.193" port: 40855 } health_report { overall_health: HEALTHY } } peers { permanent_uuid: "536fecbd281e4666b96e47d0b95b8776" member_type: VOTER last_known_addr { host: "127.6.10.194" port: 33945 } health_report { overall_health: UNKNOWN } } peers { permanent_uuid: "9b09c445afc44dba87888af4bb6182a3" member_type: VOTER last_known_addr { host: "127.6.10.195" port: 36155 } health_report { overall_health: UNKNOWN } } }
I20260709 14:48:14.768225  7498 ts_tablet_manager.cc:1434] T ac3956f5bf5f434dba85fd1eb86c2adb P 9b09c445afc44dba87888af4bb6182a3: Time spent starting tablet: real 0.033s	user 0.006s	sys 0.001s
I20260709 14:48:14.769018  7498 tablet_bootstrap.cc:492] T e6ebe8dcad56412cbd79adfbc1b1fd56 P 9b09c445afc44dba87888af4bb6182a3: Bootstrap starting.
I20260709 14:48:14.776443  7453 tablet_service.cc:1917] Received RequestConsensusVote() RPC: tablet_id: "4288fd2ff2424005912431c89cfa76de" candidate_uuid: "536fecbd281e4666b96e47d0b95b8776" candidate_term: 1 candidate_status { last_received { term: 0 index: 0 } } ignore_live_leader: false dest_uuid: "9b09c445afc44dba87888af4bb6182a3" is_pre_election: true
I20260709 14:48:14.776376  7306 tablet_service.cc:1917] Received RequestConsensusVote() RPC: tablet_id: "4288fd2ff2424005912431c89cfa76de" candidate_uuid: "536fecbd281e4666b96e47d0b95b8776" candidate_term: 1 candidate_status { last_received { term: 0 index: 0 } } ignore_live_leader: false dest_uuid: "5d27b1feea5b4e8bb5c0470990571fbb" is_pre_election: true
I20260709 14:48:14.780119  7203 catalog_manager.cc:5697] T a80e43fd1d934e2b86db84b9508fa425 P 9b09c445afc44dba87888af4bb6182a3 reported cstate change: term changed from 0 to 1, leader changed from <none> to 9b09c445afc44dba87888af4bb6182a3 (127.6.10.195). New cstate: current_term: 1 leader_uuid: "9b09c445afc44dba87888af4bb6182a3" committed_config { opid_index: -1 OBSOLETE_local: false peers { permanent_uuid: "5d27b1feea5b4e8bb5c0470990571fbb" member_type: VOTER last_known_addr { host: "127.6.10.193" port: 40855 } health_report { overall_health: UNKNOWN } } peers { permanent_uuid: "536fecbd281e4666b96e47d0b95b8776" member_type: VOTER last_known_addr { host: "127.6.10.194" port: 33945 } health_report { overall_health: UNKNOWN } } peers { permanent_uuid: "9b09c445afc44dba87888af4bb6182a3" member_type: VOTER last_known_addr { host: "127.6.10.195" port: 36155 } health_report { overall_health: HEALTHY } } }
I20260709 14:48:14.780874  7495 tablet_bootstrap.cc:654] T ac3956f5bf5f434dba85fd1eb86c2adb P 5d27b1feea5b4e8bb5c0470990571fbb: Neither blocks nor log segments found. Creating new log.
I20260709 14:48:14.790548  7538 raft_consensus.cc:493] T ac3956f5bf5f434dba85fd1eb86c2adb P 536fecbd281e4666b96e47d0b95b8776 [term 0 FOLLOWER]: Starting pre-election (no leader contacted us within the election timeout)
I20260709 14:48:14.791401  7497 tablet_bootstrap.cc:654] T 40e6706e3de24b1a90fe4ae980748446 P 536fecbd281e4666b96e47d0b95b8776: Neither blocks nor log segments found. Creating new log.
I20260709 14:48:14.791122  7538 raft_consensus.cc:515] T ac3956f5bf5f434dba85fd1eb86c2adb P 536fecbd281e4666b96e47d0b95b8776 [term 0 FOLLOWER]: Starting pre-election with config: opid_index: -1 OBSOLETE_local: false peers { permanent_uuid: "5d27b1feea5b4e8bb5c0470990571fbb" member_type: VOTER last_known_addr { host: "127.6.10.193" port: 40855 } } peers { permanent_uuid: "536fecbd281e4666b96e47d0b95b8776" member_type: VOTER last_known_addr { host: "127.6.10.194" port: 33945 } } peers { permanent_uuid: "9b09c445afc44dba87888af4bb6182a3" member_type: VOTER last_known_addr { host: "127.6.10.195" port: 36155 } }
I20260709 14:48:14.795003  7538 leader_election.cc:290] T ac3956f5bf5f434dba85fd1eb86c2adb P 536fecbd281e4666b96e47d0b95b8776 [CANDIDATE]: Term 1 pre-election: Requested pre-vote from peers 5d27b1feea5b4e8bb5c0470990571fbb (127.6.10.193:40855), 9b09c445afc44dba87888af4bb6182a3 (127.6.10.195:36155)
W20260709 14:48:14.797626  7347 leader_election.cc:343] T 4288fd2ff2424005912431c89cfa76de P 536fecbd281e4666b96e47d0b95b8776 [CANDIDATE]: Term 1 pre-election: Tablet error from VoteRequest() call to peer 5d27b1feea5b4e8bb5c0470990571fbb (127.6.10.193:40855): Illegal state: must be running to vote when last-logged opid is not known
I20260709 14:48:14.811329  7306 tablet_service.cc:1917] Received RequestConsensusVote() RPC: tablet_id: "ac3956f5bf5f434dba85fd1eb86c2adb" candidate_uuid: "536fecbd281e4666b96e47d0b95b8776" candidate_term: 1 candidate_status { last_received { term: 0 index: 0 } } ignore_live_leader: false dest_uuid: "5d27b1feea5b4e8bb5c0470990571fbb" is_pre_election: true
I20260709 14:48:14.813535  7453 tablet_service.cc:1917] Received RequestConsensusVote() RPC: tablet_id: "ac3956f5bf5f434dba85fd1eb86c2adb" candidate_uuid: "536fecbd281e4666b96e47d0b95b8776" candidate_term: 1 candidate_status { last_received { term: 0 index: 0 } } ignore_live_leader: false dest_uuid: "9b09c445afc44dba87888af4bb6182a3" is_pre_election: true
I20260709 14:48:14.814174  7453 raft_consensus.cc:2468] T ac3956f5bf5f434dba85fd1eb86c2adb P 9b09c445afc44dba87888af4bb6182a3 [term 0 FOLLOWER]: Leader pre-election vote request: Granting yes vote for candidate 536fecbd281e4666b96e47d0b95b8776 in term 0.
I20260709 14:48:14.818925  7501 consensus_queue.cc:1048] T 5e8200dc35614713a0e80a0bdfe127b1 P 536fecbd281e4666b96e47d0b95b8776 [LEADER]: Connected to new peer: Peer: permanent_uuid: "9b09c445afc44dba87888af4bb6182a3" member_type: VOTER last_known_addr { host: "127.6.10.195" port: 36155 }, Status: LMP_MISMATCH, Last received: 0.0, Next index: 1, Last known committed idx: 0, Time since last communication: 0.001s
I20260709 14:48:14.822825  7501 consensus_queue.cc:1048] T 6232450f1a0840139056cf447ba6a762 P 536fecbd281e4666b96e47d0b95b8776 [LEADER]: Connected to new peer: Peer: permanent_uuid: "9b09c445afc44dba87888af4bb6182a3" member_type: VOTER last_known_addr { host: "127.6.10.195" port: 36155 }, Status: LMP_MISMATCH, Last received: 0.0, Next index: 1, Last known committed idx: 0, Time since last communication: 0.000s
W20260709 14:48:14.823717  7347 leader_election.cc:343] T 4288fd2ff2424005912431c89cfa76de P 536fecbd281e4666b96e47d0b95b8776 [CANDIDATE]: Term 1 pre-election: Tablet error from VoteRequest() call to peer 9b09c445afc44dba87888af4bb6182a3 (127.6.10.195:36155): Illegal state: must be running to vote when last-logged opid is not known
I20260709 14:48:14.824131  7347 leader_election.cc:304] T 4288fd2ff2424005912431c89cfa76de P 536fecbd281e4666b96e47d0b95b8776 [CANDIDATE]: Term 1 pre-election: Election decided. Result: candidate lost. Election summary: received 3 responses out of 3 voters: 1 yes votes; 2 no votes. yes voters: 536fecbd281e4666b96e47d0b95b8776; no voters: 5d27b1feea5b4e8bb5c0470990571fbb, 9b09c445afc44dba87888af4bb6182a3
I20260709 14:48:14.824731  7501 raft_consensus.cc:2749] T 4288fd2ff2424005912431c89cfa76de P 536fecbd281e4666b96e47d0b95b8776 [term 0 FOLLOWER]: Leader pre-election lost for term 1. Reason: could not achieve majority
I20260709 14:48:14.827280  7538 consensus_queue.cc:1048] T 2972b3342a3c4d3d9d1221af5e537fb3 P 536fecbd281e4666b96e47d0b95b8776 [LEADER]: Connected to new peer: Peer: permanent_uuid: "9b09c445afc44dba87888af4bb6182a3" member_type: VOTER last_known_addr { host: "127.6.10.195" port: 36155 }, Status: LMP_MISMATCH, Last received: 0.0, Next index: 1, Last known committed idx: 0, Time since last communication: 0.000s
I20260709 14:48:14.828397  7495 tablet_bootstrap.cc:492] T ac3956f5bf5f434dba85fd1eb86c2adb P 5d27b1feea5b4e8bb5c0470990571fbb: No bootstrap required, opened a new log
I20260709 14:48:14.828833  7495 ts_tablet_manager.cc:1403] T ac3956f5bf5f434dba85fd1eb86c2adb P 5d27b1feea5b4e8bb5c0470990571fbb: Time spent bootstrapping tablet: real 0.126s	user 0.009s	sys 0.011s
I20260709 14:48:14.828419  7347 leader_election.cc:304] T ac3956f5bf5f434dba85fd1eb86c2adb P 536fecbd281e4666b96e47d0b95b8776 [CANDIDATE]: Term 1 pre-election: Election decided. Result: candidate won. Election summary: received 2 responses out of 3 voters: 2 yes votes; 0 no votes. yes voters: 536fecbd281e4666b96e47d0b95b8776, 9b09c445afc44dba87888af4bb6182a3; no voters: 
I20260709 14:48:14.829692  7538 raft_consensus.cc:2804] T ac3956f5bf5f434dba85fd1eb86c2adb P 536fecbd281e4666b96e47d0b95b8776 [term 0 FOLLOWER]: Leader pre-election won for term 1
I20260709 14:48:14.830106  7538 raft_consensus.cc:493] T ac3956f5bf5f434dba85fd1eb86c2adb P 536fecbd281e4666b96e47d0b95b8776 [term 0 FOLLOWER]: Starting leader election (no leader contacted us within the election timeout)
I20260709 14:48:14.830495  7538 raft_consensus.cc:3060] T ac3956f5bf5f434dba85fd1eb86c2adb P 536fecbd281e4666b96e47d0b95b8776 [term 0 FOLLOWER]: Advancing to term 1
I20260709 14:48:14.831167  7495 raft_consensus.cc:359] T ac3956f5bf5f434dba85fd1eb86c2adb P 5d27b1feea5b4e8bb5c0470990571fbb [term 0 FOLLOWER]: Replica starting. Triggering 0 pending ops. Active config: opid_index: -1 OBSOLETE_local: false peers { permanent_uuid: "5d27b1feea5b4e8bb5c0470990571fbb" member_type: VOTER last_known_addr { host: "127.6.10.193" port: 40855 } } peers { permanent_uuid: "536fecbd281e4666b96e47d0b95b8776" member_type: VOTER last_known_addr { host: "127.6.10.194" port: 33945 } } peers { permanent_uuid: "9b09c445afc44dba87888af4bb6182a3" member_type: VOTER last_known_addr { host: "127.6.10.195" port: 36155 } }
I20260709 14:48:14.831800  7495 raft_consensus.cc:385] T ac3956f5bf5f434dba85fd1eb86c2adb P 5d27b1feea5b4e8bb5c0470990571fbb [term 0 FOLLOWER]: Consensus starting up: Expiring failure detector timer to make a prompt election more likely
I20260709 14:48:14.832077  7495 raft_consensus.cc:740] T ac3956f5bf5f434dba85fd1eb86c2adb P 5d27b1feea5b4e8bb5c0470990571fbb [term 0 FOLLOWER]: Becoming Follower/Learner. State: Replica: 5d27b1feea5b4e8bb5c0470990571fbb, State: Initialized, Role: FOLLOWER
I20260709 14:48:14.832723  7495 consensus_queue.cc:260] T ac3956f5bf5f434dba85fd1eb86c2adb P 5d27b1feea5b4e8bb5c0470990571fbb [NON_LEADER]: Queue going to NON_LEADER mode. State: All replicated index: 0, Majority replicated index: 0, Committed index: 0, Last appended: 0.0, Last appended by leader: 0, Current term: 0, Majority size: -1, State: 0, Mode: NON_LEADER, active raft config: opid_index: -1 OBSOLETE_local: false peers { permanent_uuid: "5d27b1feea5b4e8bb5c0470990571fbb" member_type: VOTER last_known_addr { host: "127.6.10.193" port: 40855 } } peers { permanent_uuid: "536fecbd281e4666b96e47d0b95b8776" member_type: VOTER last_known_addr { host: "127.6.10.194" port: 33945 } } peers { permanent_uuid: "9b09c445afc44dba87888af4bb6182a3" member_type: VOTER last_known_addr { host: "127.6.10.195" port: 36155 } }
I20260709 14:48:14.834713  7495 ts_tablet_manager.cc:1434] T ac3956f5bf5f434dba85fd1eb86c2adb P 5d27b1feea5b4e8bb5c0470990571fbb: Time spent starting tablet: real 0.006s	user 0.005s	sys 0.000s
I20260709 14:48:14.835808  7495 tablet_bootstrap.cc:492] T 819f23cbce2a4878af4bbe2007ab640f P 5d27b1feea5b4e8bb5c0470990571fbb: Bootstrap starting.
I20260709 14:48:14.837615  7538 raft_consensus.cc:515] T ac3956f5bf5f434dba85fd1eb86c2adb P 536fecbd281e4666b96e47d0b95b8776 [term 1 FOLLOWER]: Starting leader election with config: opid_index: -1 OBSOLETE_local: false peers { permanent_uuid: "5d27b1feea5b4e8bb5c0470990571fbb" member_type: VOTER last_known_addr { host: "127.6.10.193" port: 40855 } } peers { permanent_uuid: "536fecbd281e4666b96e47d0b95b8776" member_type: VOTER last_known_addr { host: "127.6.10.194" port: 33945 } } peers { permanent_uuid: "9b09c445afc44dba87888af4bb6182a3" member_type: VOTER last_known_addr { host: "127.6.10.195" port: 36155 } }
I20260709 14:48:14.839421  7498 tablet_bootstrap.cc:654] T e6ebe8dcad56412cbd79adfbc1b1fd56 P 9b09c445afc44dba87888af4bb6182a3: Neither blocks nor log segments found. Creating new log.
I20260709 14:48:14.841006  7538 leader_election.cc:290] T ac3956f5bf5f434dba85fd1eb86c2adb P 536fecbd281e4666b96e47d0b95b8776 [CANDIDATE]: Term 1 election: Requested vote from peers 5d27b1feea5b4e8bb5c0470990571fbb (127.6.10.193:40855), 9b09c445afc44dba87888af4bb6182a3 (127.6.10.195:36155)
I20260709 14:48:14.841107  7554 raft_consensus.cc:493] T 8273e273b1a740b998f24291cccb09e5 P 9b09c445afc44dba87888af4bb6182a3 [term 0 FOLLOWER]: Starting pre-election (no leader contacted us within the election timeout)
I20260709 14:48:14.841846  7554 raft_consensus.cc:515] T 8273e273b1a740b998f24291cccb09e5 P 9b09c445afc44dba87888af4bb6182a3 [term 0 FOLLOWER]: Starting pre-election with config: opid_index: -1 OBSOLETE_local: false peers { permanent_uuid: "5d27b1feea5b4e8bb5c0470990571fbb" member_type: VOTER last_known_addr { host: "127.6.10.193" port: 40855 } } peers { permanent_uuid: "536fecbd281e4666b96e47d0b95b8776" member_type: VOTER last_known_addr { host: "127.6.10.194" port: 33945 } } peers { permanent_uuid: "9b09c445afc44dba87888af4bb6182a3" member_type: VOTER last_known_addr { host: "127.6.10.195" port: 36155 } }
I20260709 14:48:14.843804  7554 leader_election.cc:290] T 8273e273b1a740b998f24291cccb09e5 P 9b09c445afc44dba87888af4bb6182a3 [CANDIDATE]: Term 1 pre-election: Requested pre-vote from peers 5d27b1feea5b4e8bb5c0470990571fbb (127.6.10.193:40855), 536fecbd281e4666b96e47d0b95b8776 (127.6.10.194:33945)
I20260709 14:48:14.845130  7665 raft_consensus.cc:493] T ac3956f5bf5f434dba85fd1eb86c2adb P 5d27b1feea5b4e8bb5c0470990571fbb [term 0 FOLLOWER]: Starting pre-election (no leader contacted us within the election timeout)
I20260709 14:48:14.845232  7381 tablet_service.cc:1917] Received RequestConsensusVote() RPC: tablet_id: "8273e273b1a740b998f24291cccb09e5" candidate_uuid: "9b09c445afc44dba87888af4bb6182a3" candidate_term: 1 candidate_status { last_received { term: 0 index: 0 } } ignore_live_leader: false dest_uuid: "536fecbd281e4666b96e47d0b95b8776" is_pre_election: true
I20260709 14:48:14.845681  7495 tablet_bootstrap.cc:654] T 819f23cbce2a4878af4bbe2007ab640f P 5d27b1feea5b4e8bb5c0470990571fbb: Neither blocks nor log segments found. Creating new log.
I20260709 14:48:14.845687  7665 raft_consensus.cc:515] T ac3956f5bf5f434dba85fd1eb86c2adb P 5d27b1feea5b4e8bb5c0470990571fbb [term 0 FOLLOWER]: Starting pre-election with config: opid_index: -1 OBSOLETE_local: false peers { permanent_uuid: "5d27b1feea5b4e8bb5c0470990571fbb" member_type: VOTER last_known_addr { host: "127.6.10.193" port: 40855 } } peers { permanent_uuid: "536fecbd281e4666b96e47d0b95b8776" member_type: VOTER last_known_addr { host: "127.6.10.194" port: 33945 } } peers { permanent_uuid: "9b09c445afc44dba87888af4bb6182a3" member_type: VOTER last_known_addr { host: "127.6.10.195" port: 36155 } }
W20260709 14:48:14.846678  7419 leader_election.cc:343] T 8273e273b1a740b998f24291cccb09e5 P 9b09c445afc44dba87888af4bb6182a3 [CANDIDATE]: Term 1 pre-election: Tablet error from VoteRequest() call to peer 536fecbd281e4666b96e47d0b95b8776 (127.6.10.194:33945): Illegal state: must be running to vote when last-logged opid is not known
I20260709 14:48:14.847990  7665 leader_election.cc:290] T ac3956f5bf5f434dba85fd1eb86c2adb P 5d27b1feea5b4e8bb5c0470990571fbb [CANDIDATE]: Term 1 pre-election: Requested pre-vote from peers 536fecbd281e4666b96e47d0b95b8776 (127.6.10.194:33945), 9b09c445afc44dba87888af4bb6182a3 (127.6.10.195:36155)
I20260709 14:48:14.848155  7304 tablet_service.cc:1917] Received RequestConsensusVote() RPC: tablet_id: "8273e273b1a740b998f24291cccb09e5" candidate_uuid: "9b09c445afc44dba87888af4bb6182a3" candidate_term: 1 candidate_status { last_received { term: 0 index: 0 } } ignore_live_leader: false dest_uuid: "5d27b1feea5b4e8bb5c0470990571fbb" is_pre_election: true
I20260709 14:48:14.848798  7304 raft_consensus.cc:2468] T 8273e273b1a740b998f24291cccb09e5 P 5d27b1feea5b4e8bb5c0470990571fbb [term 0 FOLLOWER]: Leader pre-election vote request: Granting yes vote for candidate 9b09c445afc44dba87888af4bb6182a3 in term 0.
I20260709 14:48:14.850412  7454 tablet_service.cc:1917] Received RequestConsensusVote() RPC: tablet_id: "ac3956f5bf5f434dba85fd1eb86c2adb" candidate_uuid: "5d27b1feea5b4e8bb5c0470990571fbb" candidate_term: 1 candidate_status { last_received { term: 0 index: 0 } } ignore_live_leader: false dest_uuid: "9b09c445afc44dba87888af4bb6182a3" is_pre_election: true
I20260709 14:48:14.850997  7454 raft_consensus.cc:2468] T ac3956f5bf5f434dba85fd1eb86c2adb P 9b09c445afc44dba87888af4bb6182a3 [term 0 FOLLOWER]: Leader pre-election vote request: Granting yes vote for candidate 5d27b1feea5b4e8bb5c0470990571fbb in term 0.
I20260709 14:48:14.850549  7421 leader_election.cc:304] T 8273e273b1a740b998f24291cccb09e5 P 9b09c445afc44dba87888af4bb6182a3 [CANDIDATE]: Term 1 pre-election: Election decided. Result: candidate won. Election summary: received 3 responses out of 3 voters: 2 yes votes; 1 no votes. yes voters: 5d27b1feea5b4e8bb5c0470990571fbb, 9b09c445afc44dba87888af4bb6182a3; no voters: 536fecbd281e4666b96e47d0b95b8776
I20260709 14:48:14.852032  7381 tablet_service.cc:1917] Received RequestConsensusVote() RPC: tablet_id: "ac3956f5bf5f434dba85fd1eb86c2adb" candidate_uuid: "5d27b1feea5b4e8bb5c0470990571fbb" candidate_term: 1 candidate_status { last_received { term: 0 index: 0 } } ignore_live_leader: false dest_uuid: "536fecbd281e4666b96e47d0b95b8776" is_pre_election: true
I20260709 14:48:14.852213  7554 raft_consensus.cc:2804] T 8273e273b1a740b998f24291cccb09e5 P 9b09c445afc44dba87888af4bb6182a3 [term 0 FOLLOWER]: Leader pre-election won for term 1
I20260709 14:48:14.852790  7381 raft_consensus.cc:2393] T ac3956f5bf5f434dba85fd1eb86c2adb P 536fecbd281e4666b96e47d0b95b8776 [term 1 FOLLOWER]: Leader pre-election vote request: Denying vote to candidate 5d27b1feea5b4e8bb5c0470990571fbb in current term 1: Already voted for candidate 536fecbd281e4666b96e47d0b95b8776 in this term.
I20260709 14:48:14.852717  7554 raft_consensus.cc:493] T 8273e273b1a740b998f24291cccb09e5 P 9b09c445afc44dba87888af4bb6182a3 [term 0 FOLLOWER]: Starting leader election (no leader contacted us within the election timeout)
I20260709 14:48:14.853242  7554 raft_consensus.cc:3060] T 8273e273b1a740b998f24291cccb09e5 P 9b09c445afc44dba87888af4bb6182a3 [term 0 FOLLOWER]: Advancing to term 1
I20260709 14:48:14.853910  7272 leader_election.cc:304] T ac3956f5bf5f434dba85fd1eb86c2adb P 5d27b1feea5b4e8bb5c0470990571fbb [CANDIDATE]: Term 1 pre-election: Election decided. Result: candidate won. Election summary: received 2 responses out of 3 voters: 2 yes votes; 0 no votes. yes voters: 5d27b1feea5b4e8bb5c0470990571fbb, 9b09c445afc44dba87888af4bb6182a3; no voters: 
I20260709 14:48:14.855080  7665 raft_consensus.cc:2804] T ac3956f5bf5f434dba85fd1eb86c2adb P 5d27b1feea5b4e8bb5c0470990571fbb [term 0 FOLLOWER]: Leader pre-election won for term 1
I20260709 14:48:14.855427  7665 raft_consensus.cc:493] T ac3956f5bf5f434dba85fd1eb86c2adb P 5d27b1feea5b4e8bb5c0470990571fbb [term 0 FOLLOWER]: Starting leader election (no leader contacted us within the election timeout)
I20260709 14:48:14.855738  7665 raft_consensus.cc:3060] T ac3956f5bf5f434dba85fd1eb86c2adb P 5d27b1feea5b4e8bb5c0470990571fbb [term 0 FOLLOWER]: Advancing to term 1
I20260709 14:48:14.861618  7497 tablet_bootstrap.cc:492] T 40e6706e3de24b1a90fe4ae980748446 P 536fecbd281e4666b96e47d0b95b8776: No bootstrap required, opened a new log
I20260709 14:48:14.862169  7497 ts_tablet_manager.cc:1403] T 40e6706e3de24b1a90fe4ae980748446 P 536fecbd281e4666b96e47d0b95b8776: Time spent bootstrapping tablet: real 0.119s	user 0.010s	sys 0.001s
I20260709 14:48:14.863818  7665 raft_consensus.cc:515] T ac3956f5bf5f434dba85fd1eb86c2adb P 5d27b1feea5b4e8bb5c0470990571fbb [term 1 FOLLOWER]: Starting leader election with config: opid_index: -1 OBSOLETE_local: false peers { permanent_uuid: "5d27b1feea5b4e8bb5c0470990571fbb" member_type: VOTER last_known_addr { host: "127.6.10.193" port: 40855 } } peers { permanent_uuid: "536fecbd281e4666b96e47d0b95b8776" member_type: VOTER last_known_addr { host: "127.6.10.194" port: 33945 } } peers { permanent_uuid: "9b09c445afc44dba87888af4bb6182a3" member_type: VOTER last_known_addr { host: "127.6.10.195" port: 36155 } }
I20260709 14:48:14.866539  7381 tablet_service.cc:1917] Received RequestConsensusVote() RPC: tablet_id: "ac3956f5bf5f434dba85fd1eb86c2adb" candidate_uuid: "5d27b1feea5b4e8bb5c0470990571fbb" candidate_term: 1 candidate_status { last_received { term: 0 index: 0 } } ignore_live_leader: false dest_uuid: "536fecbd281e4666b96e47d0b95b8776"
I20260709 14:48:14.867316  7381 raft_consensus.cc:2393] T ac3956f5bf5f434dba85fd1eb86c2adb P 536fecbd281e4666b96e47d0b95b8776 [term 1 FOLLOWER]: Leader election vote request: Denying vote to candidate 5d27b1feea5b4e8bb5c0470990571fbb in current term 1: Already voted for candidate 536fecbd281e4666b96e47d0b95b8776 in this term.
W20260709 14:48:14.874004  7252 auto_rebalancer.cc:288] Could not retrieve cluster info: Service unavailable: Tablet not running
I20260709 14:48:14.874801  7665 leader_election.cc:290] T ac3956f5bf5f434dba85fd1eb86c2adb P 5d27b1feea5b4e8bb5c0470990571fbb [CANDIDATE]: Term 1 election: Requested vote from peers 536fecbd281e4666b96e47d0b95b8776 (127.6.10.194:33945), 9b09c445afc44dba87888af4bb6182a3 (127.6.10.195:36155)
I20260709 14:48:14.876129  7452 tablet_service.cc:1917] Received RequestConsensusVote() RPC: tablet_id: "ac3956f5bf5f434dba85fd1eb86c2adb" candidate_uuid: "5d27b1feea5b4e8bb5c0470990571fbb" candidate_term: 1 candidate_status { last_received { term: 0 index: 0 } } ignore_live_leader: false dest_uuid: "9b09c445afc44dba87888af4bb6182a3"
I20260709 14:48:14.876950  7498 tablet_bootstrap.cc:492] T e6ebe8dcad56412cbd79adfbc1b1fd56 P 9b09c445afc44dba87888af4bb6182a3: No bootstrap required, opened a new log
I20260709 14:48:14.876775  7452 raft_consensus.cc:3060] T ac3956f5bf5f434dba85fd1eb86c2adb P 9b09c445afc44dba87888af4bb6182a3 [term 0 FOLLOWER]: Advancing to term 1
I20260709 14:48:14.882303  7554 raft_consensus.cc:515] T 8273e273b1a740b998f24291cccb09e5 P 9b09c445afc44dba87888af4bb6182a3 [term 1 FOLLOWER]: Starting leader election with config: opid_index: -1 OBSOLETE_local: false peers { permanent_uuid: "5d27b1feea5b4e8bb5c0470990571fbb" member_type: VOTER last_known_addr { host: "127.6.10.193" port: 40855 } } peers { permanent_uuid: "536fecbd281e4666b96e47d0b95b8776" member_type: VOTER last_known_addr { host: "127.6.10.194" port: 33945 } } peers { permanent_uuid: "9b09c445afc44dba87888af4bb6182a3" member_type: VOTER last_known_addr { host: "127.6.10.195" port: 36155 } }
I20260709 14:48:14.882728  7452 raft_consensus.cc:2468] T ac3956f5bf5f434dba85fd1eb86c2adb P 9b09c445afc44dba87888af4bb6182a3 [term 1 FOLLOWER]: Leader election vote request: Granting yes vote for candidate 5d27b1feea5b4e8bb5c0470990571fbb in term 1.
I20260709 14:48:14.883349  7498 ts_tablet_manager.cc:1403] T e6ebe8dcad56412cbd79adfbc1b1fd56 P 9b09c445afc44dba87888af4bb6182a3: Time spent bootstrapping tablet: real 0.114s	user 0.011s	sys 0.000s
I20260709 14:48:14.888021  7501 consensus_queue.cc:1048] T 2972b3342a3c4d3d9d1221af5e537fb3 P 536fecbd281e4666b96e47d0b95b8776 [LEADER]: Connected to new peer: Peer: permanent_uuid: "5d27b1feea5b4e8bb5c0470990571fbb" member_type: VOTER last_known_addr { host: "127.6.10.193" port: 40855 }, Status: LMP_MISMATCH, Last received: 0.0, Next index: 1, Last known committed idx: 0, Time since last communication: 0.000s
I20260709 14:48:14.888083  7272 leader_election.cc:304] T ac3956f5bf5f434dba85fd1eb86c2adb P 5d27b1feea5b4e8bb5c0470990571fbb [CANDIDATE]: Term 1 election: Election decided. Result: candidate won. Election summary: received 3 responses out of 3 voters: 2 yes votes; 1 no votes. yes voters: 5d27b1feea5b4e8bb5c0470990571fbb, 9b09c445afc44dba87888af4bb6182a3; no voters: 536fecbd281e4666b96e47d0b95b8776
I20260709 14:48:14.888134  7304 tablet_service.cc:1917] Received RequestConsensusVote() RPC: tablet_id: "8273e273b1a740b998f24291cccb09e5" candidate_uuid: "9b09c445afc44dba87888af4bb6182a3" candidate_term: 1 candidate_status { last_received { term: 0 index: 0 } } ignore_live_leader: false dest_uuid: "5d27b1feea5b4e8bb5c0470990571fbb"
I20260709 14:48:14.888911  7554 leader_election.cc:290] T 8273e273b1a740b998f24291cccb09e5 P 9b09c445afc44dba87888af4bb6182a3 [CANDIDATE]: Term 1 election: Requested vote from peers 5d27b1feea5b4e8bb5c0470990571fbb (127.6.10.193:40855), 536fecbd281e4666b96e47d0b95b8776 (127.6.10.194:33945)
I20260709 14:48:14.888999  7304 raft_consensus.cc:3060] T 8273e273b1a740b998f24291cccb09e5 P 5d27b1feea5b4e8bb5c0470990571fbb [term 0 FOLLOWER]: Advancing to term 1
I20260709 14:48:14.888957  7497 raft_consensus.cc:359] T 40e6706e3de24b1a90fe4ae980748446 P 536fecbd281e4666b96e47d0b95b8776 [term 0 FOLLOWER]: Replica starting. Triggering 0 pending ops. Active config: opid_index: -1 OBSOLETE_local: false peers { permanent_uuid: "5d27b1feea5b4e8bb5c0470990571fbb" member_type: VOTER last_known_addr { host: "127.6.10.193" port: 40855 } } peers { permanent_uuid: "536fecbd281e4666b96e47d0b95b8776" member_type: VOTER last_known_addr { host: "127.6.10.194" port: 33945 } } peers { permanent_uuid: "9b09c445afc44dba87888af4bb6182a3" member_type: VOTER last_known_addr { host: "127.6.10.195" port: 36155 } }
I20260709 14:48:14.889801  7497 raft_consensus.cc:385] T 40e6706e3de24b1a90fe4ae980748446 P 536fecbd281e4666b96e47d0b95b8776 [term 0 FOLLOWER]: Consensus starting up: Expiring failure detector timer to make a prompt election more likely
I20260709 14:48:14.890066  7497 raft_consensus.cc:740] T 40e6706e3de24b1a90fe4ae980748446 P 536fecbd281e4666b96e47d0b95b8776 [term 0 FOLLOWER]: Becoming Follower/Learner. State: Replica: 536fecbd281e4666b96e47d0b95b8776, State: Initialized, Role: FOLLOWER
I20260709 14:48:14.892206  7381 tablet_service.cc:1917] Received RequestConsensusVote() RPC: tablet_id: "8273e273b1a740b998f24291cccb09e5" candidate_uuid: "9b09c445afc44dba87888af4bb6182a3" candidate_term: 1 candidate_status { last_received { term: 0 index: 0 } } ignore_live_leader: false dest_uuid: "536fecbd281e4666b96e47d0b95b8776"
W20260709 14:48:14.893456  7419 leader_election.cc:343] T 8273e273b1a740b998f24291cccb09e5 P 9b09c445afc44dba87888af4bb6182a3 [CANDIDATE]: Term 1 election: Tablet error from VoteRequest() call to peer 536fecbd281e4666b96e47d0b95b8776 (127.6.10.194:33945): Illegal state: must be running to vote when last-logged opid is not known
W20260709 14:48:14.892920  7347 leader_election.cc:343] T ac3956f5bf5f434dba85fd1eb86c2adb P 536fecbd281e4666b96e47d0b95b8776 [CANDIDATE]: Term 1 pre-election: Tablet error from VoteRequest() call to peer 5d27b1feea5b4e8bb5c0470990571fbb (127.6.10.193:40855): Illegal state: must be running to vote when last-logged opid is not known
I20260709 14:48:14.894271  7498 raft_consensus.cc:359] T e6ebe8dcad56412cbd79adfbc1b1fd56 P 9b09c445afc44dba87888af4bb6182a3 [term 0 FOLLOWER]: Replica starting. Triggering 0 pending ops. Active config: opid_index: -1 OBSOLETE_local: false peers { permanent_uuid: "5d27b1feea5b4e8bb5c0470990571fbb" member_type: VOTER last_known_addr { host: "127.6.10.193" port: 40855 } } peers { permanent_uuid: "536fecbd281e4666b96e47d0b95b8776" member_type: VOTER last_known_addr { host: "127.6.10.194" port: 33945 } } peers { permanent_uuid: "9b09c445afc44dba87888af4bb6182a3" member_type: VOTER last_known_addr { host: "127.6.10.195" port: 36155 } }
I20260709 14:48:14.894886  7498 raft_consensus.cc:385] T e6ebe8dcad56412cbd79adfbc1b1fd56 P 9b09c445afc44dba87888af4bb6182a3 [term 0 FOLLOWER]: Consensus starting up: Expiring failure detector timer to make a prompt election more likely
I20260709 14:48:14.895128  7498 raft_consensus.cc:740] T e6ebe8dcad56412cbd79adfbc1b1fd56 P 9b09c445afc44dba87888af4bb6182a3 [term 0 FOLLOWER]: Becoming Follower/Learner. State: Replica: 9b09c445afc44dba87888af4bb6182a3, State: Initialized, Role: FOLLOWER
