I20260709 14:48:17.069166  7497 raft_consensus.cc:359] T c1689283d1f94c68b47262877aed33cf P 536fecbd281e4666b96e47d0b95b8776 [term 0 FOLLOWER]: Replica starting. Triggering 0 pending ops. Active config: opid_index: -1 OBSOLETE_local: false peers { permanent_uuid: "5d27b1feea5b4e8bb5c0470990571fbb" member_type: VOTER last_known_addr { host: "127.6.10.193" port: 40855 } } peers { permanent_uuid: "536fecbd281e4666b96e47d0b95b8776" member_type: VOTER last_known_addr { host: "127.6.10.194" port: 33945 } } peers { permanent_uuid: "9b09c445afc44dba87888af4bb6182a3" member_type: VOTER last_known_addr { host: "127.6.10.195" port: 36155 } }
I20260709 14:48:17.069999  7497 raft_consensus.cc:385] T c1689283d1f94c68b47262877aed33cf P 536fecbd281e4666b96e47d0b95b8776 [term 0 FOLLOWER]: Consensus starting up: Expiring failure detector timer to make a prompt election more likely
I20260709 14:48:17.070340  7497 raft_consensus.cc:740] T c1689283d1f94c68b47262877aed33cf P 536fecbd281e4666b96e47d0b95b8776 [term 0 FOLLOWER]: Becoming Follower/Learner. State: Replica: 536fecbd281e4666b96e47d0b95b8776, State: Initialized, Role: FOLLOWER
I20260709 14:48:17.071141  7497 consensus_queue.cc:260] T c1689283d1f94c68b47262877aed33cf P 536fecbd281e4666b96e47d0b95b8776 [NON_LEADER]: Queue going to NON_LEADER mode. State: All replicated index: 0, Majority replicated index: 0, Committed index: 0, Last appended: 0.0, Last appended by leader: 0, Current term: 0, Majority size: -1, State: 0, Mode: NON_LEADER, active raft config: opid_index: -1 OBSOLETE_local: false peers { permanent_uuid: "5d27b1feea5b4e8bb5c0470990571fbb" member_type: VOTER last_known_addr { host: "127.6.10.193" port: 40855 } } peers { permanent_uuid: "536fecbd281e4666b96e47d0b95b8776" member_type: VOTER last_known_addr { host: "127.6.10.194" port: 33945 } } peers { permanent_uuid: "9b09c445afc44dba87888af4bb6182a3" member_type: VOTER last_known_addr { host: "127.6.10.195" port: 36155 } }
I20260709 14:48:17.074019  7497 ts_tablet_manager.cc:1434] T c1689283d1f94c68b47262877aed33cf P 536fecbd281e4666b96e47d0b95b8776: Time spent starting tablet: real 0.007s	user 0.006s	sys 0.001s
I20260709 14:48:17.075116  7497 tablet_bootstrap.cc:492] T cee009c6ea6b4ed8aef6a16d345d9ede P 536fecbd281e4666b96e47d0b95b8776: Bootstrap starting.
I20260709 14:48:17.077098  7451 raft_consensus.cc:3060] T b5ffb96834694083bb5cf3de84107a4f P 9b09c445afc44dba87888af4bb6182a3 [term 0 FOLLOWER]: Advancing to term 1
I20260709 14:48:17.082183  7497 tablet_bootstrap.cc:654] T cee009c6ea6b4ed8aef6a16d345d9ede P 536fecbd281e4666b96e47d0b95b8776: Neither blocks nor log segments found. Creating new log.
I20260709 14:48:17.088238  7455 tablet_service.cc:1917] Received RequestConsensusVote() RPC: tablet_id: "49bdda8c62a64fa395332f28baf99b9d" candidate_uuid: "536fecbd281e4666b96e47d0b95b8776" candidate_term: 1 candidate_status { last_received { term: 0 index: 0 } } ignore_live_leader: false dest_uuid: "9b09c445afc44dba87888af4bb6182a3" is_pre_election: true
I20260709 14:48:17.096578  7450 tablet_service.cc:1917] Received RequestConsensusVote() RPC: tablet_id: "2d5335a72d294efa9d42069f6cccb8a2" candidate_uuid: "536fecbd281e4666b96e47d0b95b8776" candidate_term: 1 candidate_status { last_received { term: 0 index: 0 } } ignore_live_leader: false dest_uuid: "9b09c445afc44dba87888af4bb6182a3"
I20260709 14:48:17.097157  7450 raft_consensus.cc:3060] T 2d5335a72d294efa9d42069f6cccb8a2 P 9b09c445afc44dba87888af4bb6182a3 [term 0 FOLLOWER]: Advancing to term 1
I20260709 14:48:17.099100  7495 tablet_bootstrap.cc:654] T 49bdda8c62a64fa395332f28baf99b9d P 5d27b1feea5b4e8bb5c0470990571fbb: Neither blocks nor log segments found. Creating new log.
I20260709 14:48:17.101333  7381 tablet_service.cc:1917] Received RequestConsensusVote() RPC: tablet_id: "b5ffb96834694083bb5cf3de84107a4f" candidate_uuid: "9b09c445afc44dba87888af4bb6182a3" candidate_term: 1 candidate_status { last_received { term: 0 index: 0 } } ignore_live_leader: false dest_uuid: "536fecbd281e4666b96e47d0b95b8776" is_pre_election: true
I20260709 14:48:17.110509  7495 tablet_bootstrap.cc:492] T 49bdda8c62a64fa395332f28baf99b9d P 5d27b1feea5b4e8bb5c0470990571fbb: No bootstrap required, opened a new log
I20260709 14:48:17.111073  7495 ts_tablet_manager.cc:1403] T 49bdda8c62a64fa395332f28baf99b9d P 5d27b1feea5b4e8bb5c0470990571fbb: Time spent bootstrapping tablet: real 0.323s	user 0.018s	sys 0.003s
I20260709 14:48:17.113958  7495 raft_consensus.cc:359] T 49bdda8c62a64fa395332f28baf99b9d P 5d27b1feea5b4e8bb5c0470990571fbb [term 0 FOLLOWER]: Replica starting. Triggering 0 pending ops. Active config: opid_index: -1 OBSOLETE_local: false peers { permanent_uuid: "5d27b1feea5b4e8bb5c0470990571fbb" member_type: VOTER last_known_addr { host: "127.6.10.193" port: 40855 } } peers { permanent_uuid: "536fecbd281e4666b96e47d0b95b8776" member_type: VOTER last_known_addr { host: "127.6.10.194" port: 33945 } } peers { permanent_uuid: "9b09c445afc44dba87888af4bb6182a3" member_type: VOTER last_known_addr { host: "127.6.10.195" port: 36155 } }
I20260709 14:48:17.114595  7495 raft_consensus.cc:385] T 49bdda8c62a64fa395332f28baf99b9d P 5d27b1feea5b4e8bb5c0470990571fbb [term 0 FOLLOWER]: Consensus starting up: Expiring failure detector timer to make a prompt election more likely
I20260709 14:48:17.114880  7495 raft_consensus.cc:740] T 49bdda8c62a64fa395332f28baf99b9d P 5d27b1feea5b4e8bb5c0470990571fbb [term 0 FOLLOWER]: Becoming Follower/Learner. State: Replica: 5d27b1feea5b4e8bb5c0470990571fbb, State: Initialized, Role: FOLLOWER
I20260709 14:48:17.115438  7495 consensus_queue.cc:260] T 49bdda8c62a64fa395332f28baf99b9d P 5d27b1feea5b4e8bb5c0470990571fbb [NON_LEADER]: Queue going to NON_LEADER mode. State: All replicated index: 0, Majority replicated index: 0, Committed index: 0, Last appended: 0.0, Last appended by leader: 0, Current term: 0, Majority size: -1, State: 0, Mode: NON_LEADER, active raft config: opid_index: -1 OBSOLETE_local: false peers { permanent_uuid: "5d27b1feea5b4e8bb5c0470990571fbb" member_type: VOTER last_known_addr { host: "127.6.10.193" port: 40855 } } peers { permanent_uuid: "536fecbd281e4666b96e47d0b95b8776" member_type: VOTER last_known_addr { host: "127.6.10.194" port: 33945 } } peers { permanent_uuid: "9b09c445afc44dba87888af4bb6182a3" member_type: VOTER last_known_addr { host: "127.6.10.195" port: 36155 } }
I20260709 14:48:17.117662  7379 tablet_service.cc:1917] Received RequestConsensusVote() RPC: tablet_id: "f14137d3ef12481d8b3cd7b9d57fcd04" candidate_uuid: "5d27b1feea5b4e8bb5c0470990571fbb" candidate_term: 1 candidate_status { last_received { term: 0 index: 0 } } ignore_live_leader: false dest_uuid: "536fecbd281e4666b96e47d0b95b8776" is_pre_election: true
I20260709 14:48:17.118239  7379 raft_consensus.cc:2468] T f14137d3ef12481d8b3cd7b9d57fcd04 P 536fecbd281e4666b96e47d0b95b8776 [term 0 FOLLOWER]: Leader pre-election vote request: Granting yes vote for candidate 5d27b1feea5b4e8bb5c0470990571fbb in term 0.
I20260709 14:48:17.119048  7380 tablet_service.cc:1917] Received RequestConsensusVote() RPC: tablet_id: "6d68cf72d3e94fa6b5921f342255385b" candidate_uuid: "5d27b1feea5b4e8bb5c0470990571fbb" candidate_term: 1 candidate_status { last_received { term: 0 index: 0 } } ignore_live_leader: false dest_uuid: "536fecbd281e4666b96e47d0b95b8776" is_pre_election: true
I20260709 14:48:17.119601  7380 raft_consensus.cc:2468] T 6d68cf72d3e94fa6b5921f342255385b P 536fecbd281e4666b96e47d0b95b8776 [term 0 FOLLOWER]: Leader pre-election vote request: Granting yes vote for candidate 5d27b1feea5b4e8bb5c0470990571fbb in term 0.
I20260709 14:48:17.120069  7721 raft_consensus.cc:493] T f14137d3ef12481d8b3cd7b9d57fcd04 P 536fecbd281e4666b96e47d0b95b8776 [term 0 FOLLOWER]: Starting pre-election (no leader contacted us within the election timeout)
I20260709 14:48:17.120463  7495 ts_tablet_manager.cc:1434] T 49bdda8c62a64fa395332f28baf99b9d P 5d27b1feea5b4e8bb5c0470990571fbb: Time spent starting tablet: real 0.009s	user 0.008s	sys 0.000s
I20260709 14:48:17.120477  7721 raft_consensus.cc:515] T f14137d3ef12481d8b3cd7b9d57fcd04 P 536fecbd281e4666b96e47d0b95b8776 [term 0 FOLLOWER]: Starting pre-election with config: opid_index: -1 OBSOLETE_local: false peers { permanent_uuid: "5d27b1feea5b4e8bb5c0470990571fbb" member_type: VOTER last_known_addr { host: "127.6.10.193" port: 40855 } } peers { permanent_uuid: "536fecbd281e4666b96e47d0b95b8776" member_type: VOTER last_known_addr { host: "127.6.10.194" port: 33945 } } peers { permanent_uuid: "9b09c445afc44dba87888af4bb6182a3" member_type: VOTER last_known_addr { host: "127.6.10.195" port: 36155 } }
I20260709 14:48:17.121270  7495 tablet_bootstrap.cc:492] T a73cbcaf91ac4f38bb648969465fd420 P 5d27b1feea5b4e8bb5c0470990571fbb: Bootstrap starting.
I20260709 14:48:17.122891  7721 leader_election.cc:290] T f14137d3ef12481d8b3cd7b9d57fcd04 P 536fecbd281e4666b96e47d0b95b8776 [CANDIDATE]: Term 1 pre-election: Requested pre-vote from peers 5d27b1feea5b4e8bb5c0470990571fbb (127.6.10.193:40855), 9b09c445afc44dba87888af4bb6182a3 (127.6.10.195:36155)
I20260709 14:48:17.123332  7446 tablet_service.cc:1917] Received RequestConsensusVote() RPC: tablet_id: "f14137d3ef12481d8b3cd7b9d57fcd04" candidate_uuid: "5d27b1feea5b4e8bb5c0470990571fbb" candidate_term: 1 candidate_status { last_received { term: 0 index: 0 } } ignore_live_leader: false dest_uuid: "9b09c445afc44dba87888af4bb6182a3"
I20260709 14:48:17.123939  7446 raft_consensus.cc:3060] T f14137d3ef12481d8b3cd7b9d57fcd04 P 9b09c445afc44dba87888af4bb6182a3 [term 0 FOLLOWER]: Advancing to term 1
I20260709 14:48:17.126346  7419 leader_election.cc:304] T b5ffb96834694083bb5cf3de84107a4f P 9b09c445afc44dba87888af4bb6182a3 [CANDIDATE]: Term 1 pre-election: Election decided. Result: candidate lost. Election summary: received 3 responses out of 3 voters: 1 yes votes; 2 no votes. yes voters: 9b09c445afc44dba87888af4bb6182a3; no voters: 536fecbd281e4666b96e47d0b95b8776, 5d27b1feea5b4e8bb5c0470990571fbb
I20260709 14:48:17.132210  7712 consensus_queue.cc:1048] T 10d9a0dfe6354848b7a94447dce6205e P 9b09c445afc44dba87888af4bb6182a3 [LEADER]: Connected to new peer: Peer: permanent_uuid: "536fecbd281e4666b96e47d0b95b8776" member_type: VOTER last_known_addr { host: "127.6.10.194" port: 33945 }, Status: LMP_MISMATCH, Last received: 0.0, Next index: 1, Last known committed idx: 0, Time since last communication: 0.000s
I20260709 14:48:17.133412  7495 tablet_bootstrap.cc:654] T a73cbcaf91ac4f38bb648969465fd420 P 5d27b1feea5b4e8bb5c0470990571fbb: Neither blocks nor log segments found. Creating new log.
I20260709 14:48:17.136662  7302 tablet_service.cc:1917] Received RequestConsensusVote() RPC: tablet_id: "6d68cf72d3e94fa6b5921f342255385b" candidate_uuid: "536fecbd281e4666b96e47d0b95b8776" candidate_term: 1 candidate_status { last_received { term: 0 index: 0 } } ignore_live_leader: false dest_uuid: "5d27b1feea5b4e8bb5c0470990571fbb" is_pre_election: true
I20260709 14:48:17.137348  7302 raft_consensus.cc:2468] T 6d68cf72d3e94fa6b5921f342255385b P 5d27b1feea5b4e8bb5c0470990571fbb [term 0 FOLLOWER]: Leader pre-election vote request: Granting yes vote for candidate 536fecbd281e4666b96e47d0b95b8776 in term 0.
I20260709 14:48:17.139285  7380 tablet_service.cc:1917] Received RequestConsensusVote() RPC: tablet_id: "3a41412289da4d54a168000481d43cae" candidate_uuid: "5d27b1feea5b4e8bb5c0470990571fbb" candidate_term: 1 candidate_status { last_received { term: 0 index: 0 } } ignore_live_leader: false dest_uuid: "536fecbd281e4666b96e47d0b95b8776"
I20260709 14:48:17.139911  7380 raft_consensus.cc:3060] T 3a41412289da4d54a168000481d43cae P 536fecbd281e4666b96e47d0b95b8776 [term 0 FOLLOWER]: Advancing to term 1
W20260709 14:48:17.140030  7347 leader_election.cc:343] T 6d68cf72d3e94fa6b5921f342255385b P 536fecbd281e4666b96e47d0b95b8776 [CANDIDATE]: Term 1 pre-election: Tablet error from VoteRequest() call to peer 9b09c445afc44dba87888af4bb6182a3 (127.6.10.195:36155): Illegal state: must be running to vote when last-logged opid is not known
I20260709 14:48:17.159623  7304 tablet_service.cc:1917] Received RequestConsensusVote() RPC: tablet_id: "5ece8875e8ed407aae78d39f8894ed6f" candidate_uuid: "536fecbd281e4666b96e47d0b95b8776" candidate_term: 1 candidate_status { last_received { term: 0 index: 0 } } ignore_live_leader: false dest_uuid: "5d27b1feea5b4e8bb5c0470990571fbb"
I20260709 14:48:17.160284  7304 raft_consensus.cc:3060] T 5ece8875e8ed407aae78d39f8894ed6f P 5d27b1feea5b4e8bb5c0470990571fbb [term 0 FOLLOWER]: Advancing to term 1
I20260709 14:48:17.164974  7305 tablet_service.cc:1917] Received RequestConsensusVote() RPC: tablet_id: "f9ca961022594d02bcccf4ddb29c6507" candidate_uuid: "536fecbd281e4666b96e47d0b95b8776" candidate_term: 1 candidate_status { last_received { term: 0 index: 0 } } ignore_live_leader: false dest_uuid: "5d27b1feea5b4e8bb5c0470990571fbb" is_pre_election: true
I20260709 14:48:17.165702  7305 raft_consensus.cc:2468] T f9ca961022594d02bcccf4ddb29c6507 P 5d27b1feea5b4e8bb5c0470990571fbb [term 0 FOLLOWER]: Leader pre-election vote request: Granting yes vote for candidate 536fecbd281e4666b96e47d0b95b8776 in term 0.
I20260709 14:48:17.171824  7775 consensus_queue.cc:1048] T 40e6706e3de24b1a90fe4ae980748446 P 536fecbd281e4666b96e47d0b95b8776 [LEADER]: Connected to new peer: Peer: permanent_uuid: "9b09c445afc44dba87888af4bb6182a3" member_type: VOTER last_known_addr { host: "127.6.10.195" port: 36155 }, Status: LMP_MISMATCH, Last received: 0.0, Next index: 1, Last known committed idx: 0, Time since last communication: 0.000s
I20260709 14:48:17.178683  7347 leader_election.cc:304] T 5ece8875e8ed407aae78d39f8894ed6f P 536fecbd281e4666b96e47d0b95b8776 [CANDIDATE]: Term 1 election: Election decided. Result: candidate won. Election summary: received 2 responses out of 3 voters: 2 yes votes; 0 no votes. yes voters: 536fecbd281e4666b96e47d0b95b8776, 9b09c445afc44dba87888af4bb6182a3; no voters: 
I20260709 14:48:17.189035  7302 tablet_service.cc:1917] Received RequestConsensusVote() RPC: tablet_id: "e6ebe8dcad56412cbd79adfbc1b1fd56" candidate_uuid: "536fecbd281e4666b96e47d0b95b8776" candidate_term: 1 candidate_status { last_received { term: 0 index: 0 } } ignore_live_leader: false dest_uuid: "5d27b1feea5b4e8bb5c0470990571fbb" is_pre_election: true
I20260709 14:48:17.189993  7302 raft_consensus.cc:2393] T e6ebe8dcad56412cbd79adfbc1b1fd56 P 5d27b1feea5b4e8bb5c0470990571fbb [term 1 FOLLOWER]: Leader pre-election vote request: Denying vote to candidate 536fecbd281e4666b96e47d0b95b8776 in current term 1: Already voted for candidate 5d27b1feea5b4e8bb5c0470990571fbb in this term.
I20260709 14:48:17.190339  7450 raft_consensus.cc:2468] T 2d5335a72d294efa9d42069f6cccb8a2 P 9b09c445afc44dba87888af4bb6182a3 [term 1 FOLLOWER]: Leader election vote request: Granting yes vote for candidate 536fecbd281e4666b96e47d0b95b8776 in term 1.
I20260709 14:48:17.199618  7301 tablet_service.cc:1917] Received RequestConsensusVote() RPC: tablet_id: "49bdda8c62a64fa395332f28baf99b9d" candidate_uuid: "536fecbd281e4666b96e47d0b95b8776" candidate_term: 1 candidate_status { last_received { term: 0 index: 0 } } ignore_live_leader: false dest_uuid: "5d27b1feea5b4e8bb5c0470990571fbb" is_pre_election: true
I20260709 14:48:17.199806  7783 raft_consensus.cc:2749] T b5ffb96834694083bb5cf3de84107a4f P 9b09c445afc44dba87888af4bb6182a3 [term 1 FOLLOWER]: Leader pre-election lost for term 1. Reason: could not achieve majority
I20260709 14:48:17.200395  7301 raft_consensus.cc:2468] T 49bdda8c62a64fa395332f28baf99b9d P 5d27b1feea5b4e8bb5c0470990571fbb [term 0 FOLLOWER]: Leader pre-election vote request: Granting yes vote for candidate 536fecbd281e4666b96e47d0b95b8776 in term 0.
I20260709 14:48:17.206147  7719 raft_consensus.cc:493] T bdded0966a0f4f3eaa65735570f9dd16 P 536fecbd281e4666b96e47d0b95b8776 [term 0 FOLLOWER]: Starting pre-election (no leader contacted us within the election timeout)
I20260709 14:48:17.206679  7719 raft_consensus.cc:515] T bdded0966a0f4f3eaa65735570f9dd16 P 536fecbd281e4666b96e47d0b95b8776 [term 0 FOLLOWER]: Starting pre-election with config: opid_index: -1 OBSOLETE_local: false peers { permanent_uuid: "5d27b1feea5b4e8bb5c0470990571fbb" member_type: VOTER last_known_addr { host: "127.6.10.193" port: 40855 } } peers { permanent_uuid: "536fecbd281e4666b96e47d0b95b8776" member_type: VOTER last_known_addr { host: "127.6.10.194" port: 33945 } } peers { permanent_uuid: "9b09c445afc44dba87888af4bb6182a3" member_type: VOTER last_known_addr { host: "127.6.10.195" port: 36155 } }
I20260709 14:48:17.209076  7775 raft_consensus.cc:2804] T 5ece8875e8ed407aae78d39f8894ed6f P 536fecbd281e4666b96e47d0b95b8776 [term 1 FOLLOWER]: Leader election won for term 1
I20260709 14:48:17.209697  7775 raft_consensus.cc:697] T 5ece8875e8ed407aae78d39f8894ed6f P 536fecbd281e4666b96e47d0b95b8776 [term 1 LEADER]: Becoming Leader. State: Replica: 536fecbd281e4666b96e47d0b95b8776, State: Running, Role: LEADER
I20260709 14:48:17.210917  7775 consensus_queue.cc:237] T 5ece8875e8ed407aae78d39f8894ed6f P 536fecbd281e4666b96e47d0b95b8776 [LEADER]: Queue going to LEADER mode. State: All replicated index: 0, Majority replicated index: 0, Committed index: 0, Last appended: 0.0, Last appended by leader: 0, Current term: 1, Majority size: 2, State: 0, Mode: LEADER, active raft config: opid_index: -1 OBSOLETE_local: false peers { permanent_uuid: "5d27b1feea5b4e8bb5c0470990571fbb" member_type: VOTER last_known_addr { host: "127.6.10.193" port: 40855 } } peers { permanent_uuid: "536fecbd281e4666b96e47d0b95b8776" member_type: VOTER last_known_addr { host: "127.6.10.194" port: 33945 } } peers { permanent_uuid: "9b09c445afc44dba87888af4bb6182a3" member_type: VOTER last_known_addr { host: "127.6.10.195" port: 36155 } }
I20260709 14:48:17.212961  7306 tablet_service.cc:1917] Received RequestConsensusVote() RPC: tablet_id: "2d5335a72d294efa9d42069f6cccb8a2" candidate_uuid: "536fecbd281e4666b96e47d0b95b8776" candidate_term: 1 candidate_status { last_received { term: 0 index: 0 } } ignore_live_leader: false dest_uuid: "5d27b1feea5b4e8bb5c0470990571fbb"
I20260709 14:48:17.213613  7306 raft_consensus.cc:3060] T 2d5335a72d294efa9d42069f6cccb8a2 P 5d27b1feea5b4e8bb5c0470990571fbb [term 0 FOLLOWER]: Advancing to term 1
I20260709 14:48:17.214783  7719 leader_election.cc:290] T bdded0966a0f4f3eaa65735570f9dd16 P 536fecbd281e4666b96e47d0b95b8776 [CANDIDATE]: Term 1 pre-election: Requested pre-vote from peers 5d27b1feea5b4e8bb5c0470990571fbb (127.6.10.193:40855), 9b09c445afc44dba87888af4bb6182a3 (127.6.10.195:36155)
W20260709 14:48:17.216882  7347 leader_election.cc:343] T f9ca961022594d02bcccf4ddb29c6507 P 536fecbd281e4666b96e47d0b95b8776 [CANDIDATE]: Term 1 pre-election: Tablet error from VoteRequest() call to peer 9b09c445afc44dba87888af4bb6182a3 (127.6.10.195:36155): Illegal state: must be running to vote when last-logged opid is not known
I20260709 14:48:17.222576  7497 tablet_bootstrap.cc:492] T cee009c6ea6b4ed8aef6a16d345d9ede P 536fecbd281e4666b96e47d0b95b8776: No bootstrap required, opened a new log
I20260709 14:48:17.223014  7497 ts_tablet_manager.cc:1403] T cee009c6ea6b4ed8aef6a16d345d9ede P 536fecbd281e4666b96e47d0b95b8776: Time spent bootstrapping tablet: real 0.148s	user 0.015s	sys 0.002s
I20260709 14:48:17.225692  7377 tablet_service.cc:1917] Received RequestConsensusVote() RPC: tablet_id: "f14137d3ef12481d8b3cd7b9d57fcd04" candidate_uuid: "5d27b1feea5b4e8bb5c0470990571fbb" candidate_term: 1 candidate_status { last_received { term: 0 index: 0 } } ignore_live_leader: false dest_uuid: "536fecbd281e4666b96e47d0b95b8776"
I20260709 14:48:17.226413  7377 raft_consensus.cc:3060] T f14137d3ef12481d8b3cd7b9d57fcd04 P 536fecbd281e4666b96e47d0b95b8776 [term 0 FOLLOWER]: Advancing to term 1
I20260709 14:48:17.235352  7377 raft_consensus.cc:2468] T f14137d3ef12481d8b3cd7b9d57fcd04 P 536fecbd281e4666b96e47d0b95b8776 [term 1 FOLLOWER]: Leader election vote request: Granting yes vote for candidate 5d27b1feea5b4e8bb5c0470990571fbb in term 1.
I20260709 14:48:17.242715  7304 raft_consensus.cc:2468] T 5ece8875e8ed407aae78d39f8894ed6f P 5d27b1feea5b4e8bb5c0470990571fbb [term 1 FOLLOWER]: Leader election vote request: Granting yes vote for candidate 536fecbd281e4666b96e47d0b95b8776 in term 1.
I20260709 14:48:17.243002  7719 raft_consensus.cc:493] T 7f65225571c74eb5bef16e1170ac0921 P 536fecbd281e4666b96e47d0b95b8776 [term 0 FOLLOWER]: Starting pre-election (no leader contacted us within the election timeout)
I20260709 14:48:17.243623  7719 raft_consensus.cc:515] T 7f65225571c74eb5bef16e1170ac0921 P 536fecbd281e4666b96e47d0b95b8776 [term 0 FOLLOWER]: Starting pre-election with config: opid_index: -1 OBSOLETE_local: false peers { permanent_uuid: "5d27b1feea5b4e8bb5c0470990571fbb" member_type: VOTER last_known_addr { host: "127.6.10.193" port: 40855 } } peers { permanent_uuid: "536fecbd281e4666b96e47d0b95b8776" member_type: VOTER last_known_addr { host: "127.6.10.194" port: 33945 } } peers { permanent_uuid: "9b09c445afc44dba87888af4bb6182a3" member_type: VOTER last_known_addr { host: "127.6.10.195" port: 36155 } }
I20260709 14:48:17.244079  7497 raft_consensus.cc:359] T cee009c6ea6b4ed8aef6a16d345d9ede P 536fecbd281e4666b96e47d0b95b8776 [term 0 FOLLOWER]: Replica starting. Triggering 0 pending ops. Active config: opid_index: -1 OBSOLETE_local: false peers { permanent_uuid: "5d27b1feea5b4e8bb5c0470990571fbb" member_type: VOTER last_known_addr { host: "127.6.10.193" port: 40855 } } peers { permanent_uuid: "536fecbd281e4666b96e47d0b95b8776" member_type: VOTER last_known_addr { host: "127.6.10.194" port: 33945 } } peers { permanent_uuid: "9b09c445afc44dba87888af4bb6182a3" member_type: VOTER last_known_addr { host: "127.6.10.195" port: 36155 } }
I20260709 14:48:17.244781  7497 raft_consensus.cc:385] T cee009c6ea6b4ed8aef6a16d345d9ede P 536fecbd281e4666b96e47d0b95b8776 [term 0 FOLLOWER]: Consensus starting up: Expiring failure detector timer to make a prompt election more likely
I20260709 14:48:17.245061  7497 raft_consensus.cc:740] T cee009c6ea6b4ed8aef6a16d345d9ede P 536fecbd281e4666b96e47d0b95b8776 [term 0 FOLLOWER]: Becoming Follower/Learner. State: Replica: 536fecbd281e4666b96e47d0b95b8776, State: Initialized, Role: FOLLOWER
I20260709 14:48:17.245707  7497 consensus_queue.cc:260] T cee009c6ea6b4ed8aef6a16d345d9ede P 536fecbd281e4666b96e47d0b95b8776 [NON_LEADER]: Queue going to NON_LEADER mode. State: All replicated index: 0, Majority replicated index: 0, Committed index: 0, Last appended: 0.0, Last appended by leader: 0, Current term: 0, Majority size: -1, State: 0, Mode: NON_LEADER, active raft config: opid_index: -1 OBSOLETE_local: false peers { permanent_uuid: "5d27b1feea5b4e8bb5c0470990571fbb" member_type: VOTER last_known_addr { host: "127.6.10.193" port: 40855 } } peers { permanent_uuid: "536fecbd281e4666b96e47d0b95b8776" member_type: VOTER last_known_addr { host: "127.6.10.194" port: 33945 } } peers { permanent_uuid: "9b09c445afc44dba87888af4bb6182a3" member_type: VOTER last_known_addr { host: "127.6.10.195" port: 36155 } }
I20260709 14:48:17.246340  7719 leader_election.cc:290] T 7f65225571c74eb5bef16e1170ac0921 P 536fecbd281e4666b96e47d0b95b8776 [CANDIDATE]: Term 1 pre-election: Requested pre-vote from peers 5d27b1feea5b4e8bb5c0470990571fbb (127.6.10.193:40855), 9b09c445afc44dba87888af4bb6182a3 (127.6.10.195:36155)
I20260709 14:48:17.243616  7446 raft_consensus.cc:2468] T f14137d3ef12481d8b3cd7b9d57fcd04 P 9b09c445afc44dba87888af4bb6182a3 [term 1 FOLLOWER]: Leader election vote request: Granting yes vote for candidate 5d27b1feea5b4e8bb5c0470990571fbb in term 1.
I20260709 14:48:17.247694  7497 ts_tablet_manager.cc:1434] T cee009c6ea6b4ed8aef6a16d345d9ede P 536fecbd281e4666b96e47d0b95b8776: Time spent starting tablet: real 0.024s	user 0.005s	sys 0.000s
I20260709 14:48:17.248586  7497 tablet_bootstrap.cc:492] T 7676eea6d1204929b8b4bf89ef106186 P 536fecbd281e4666b96e47d0b95b8776: Bootstrap starting.
I20260709 14:48:17.248643  7272 leader_election.cc:304] T f14137d3ef12481d8b3cd7b9d57fcd04 P 5d27b1feea5b4e8bb5c0470990571fbb [CANDIDATE]: Term 1 election: Election decided. Result: candidate won. Election summary: received 2 responses out of 3 voters: 2 yes votes; 0 no votes. yes voters: 5d27b1feea5b4e8bb5c0470990571fbb, 9b09c445afc44dba87888af4bb6182a3; no voters: 
W20260709 14:48:17.248939  7347 leader_election.cc:343] T 49bdda8c62a64fa395332f28baf99b9d P 536fecbd281e4666b96e47d0b95b8776 [CANDIDATE]: Term 1 pre-election: Tablet error from VoteRequest() call to peer 9b09c445afc44dba87888af4bb6182a3 (127.6.10.195:36155): Illegal state: must be running to vote when last-logged opid is not known
I20260709 14:48:17.249568  7662 raft_consensus.cc:2804] T f14137d3ef12481d8b3cd7b9d57fcd04 P 5d27b1feea5b4e8bb5c0470990571fbb [term 1 FOLLOWER]: Leader election won for term 1
I20260709 14:48:17.250077  7662 raft_consensus.cc:697] T f14137d3ef12481d8b3cd7b9d57fcd04 P 5d27b1feea5b4e8bb5c0470990571fbb [term 1 LEADER]: Becoming Leader. State: Replica: 5d27b1feea5b4e8bb5c0470990571fbb, State: Running, Role: LEADER
I20260709 14:48:17.250850  7662 consensus_queue.cc:237] T f14137d3ef12481d8b3cd7b9d57fcd04 P 5d27b1feea5b4e8bb5c0470990571fbb [LEADER]: Queue going to LEADER mode. State: All replicated index: 0, Majority replicated index: 0, Committed index: 0, Last appended: 0.0, Last appended by leader: 0, Current term: 1, Majority size: 2, State: 0, Mode: LEADER, active raft config: opid_index: -1 OBSOLETE_local: false peers { permanent_uuid: "5d27b1feea5b4e8bb5c0470990571fbb" member_type: VOTER last_known_addr { host: "127.6.10.193" port: 40855 } } peers { permanent_uuid: "536fecbd281e4666b96e47d0b95b8776" member_type: VOTER last_known_addr { host: "127.6.10.194" port: 33945 } } peers { permanent_uuid: "9b09c445afc44dba87888af4bb6182a3" member_type: VOTER last_known_addr { host: "127.6.10.195" port: 36155 } }
I20260709 14:48:17.249540  7347 leader_election.cc:304] T 2d5335a72d294efa9d42069f6cccb8a2 P 536fecbd281e4666b96e47d0b95b8776 [CANDIDATE]: Term 1 election: Election decided. Result: candidate won. Election summary: received 2 responses out of 3 voters: 2 yes votes; 0 no votes. yes voters: 536fecbd281e4666b96e47d0b95b8776, 9b09c445afc44dba87888af4bb6182a3; no voters: 
I20260709 14:48:17.255033  7497 tablet_bootstrap.cc:654] T 7676eea6d1204929b8b4bf89ef106186 P 536fecbd281e4666b96e47d0b95b8776: Neither blocks nor log segments found. Creating new log.
I20260709 14:48:17.255893  7721 raft_consensus.cc:2804] T 2d5335a72d294efa9d42069f6cccb8a2 P 536fecbd281e4666b96e47d0b95b8776 [term 1 FOLLOWER]: Leader election won for term 1
I20260709 14:48:17.256228  7775 consensus_queue.cc:1048] T b5ffb96834694083bb5cf3de84107a4f P 536fecbd281e4666b96e47d0b95b8776 [LEADER]: Connected to new peer: Peer: permanent_uuid: "9b09c445afc44dba87888af4bb6182a3" member_type: VOTER last_known_addr { host: "127.6.10.195" port: 36155 }, Status: LMP_MISMATCH, Last received: 0.0, Next index: 1, Last known committed idx: 0, Time since last communication: 0.000s
I20260709 14:48:17.256403  7721 raft_consensus.cc:697] T 2d5335a72d294efa9d42069f6cccb8a2 P 536fecbd281e4666b96e47d0b95b8776 [term 1 LEADER]: Becoming Leader. State: Replica: 536fecbd281e4666b96e47d0b95b8776, State: Running, Role: LEADER
I20260709 14:48:17.259442  7721 consensus_queue.cc:237] T 2d5335a72d294efa9d42069f6cccb8a2 P 536fecbd281e4666b96e47d0b95b8776 [LEADER]: Queue going to LEADER mode. State: All replicated index: 0, Majority replicated index: 0, Committed index: 0, Last appended: 0.0, Last appended by leader: 0, Current term: 1, Majority size: 2, State: 0, Mode: LEADER, active raft config: opid_index: -1 OBSOLETE_local: false peers { permanent_uuid: "5d27b1feea5b4e8bb5c0470990571fbb" member_type: VOTER last_known_addr { host: "127.6.10.193" port: 40855 } } peers { permanent_uuid: "536fecbd281e4666b96e47d0b95b8776" member_type: VOTER last_known_addr { host: "127.6.10.194" port: 33945 } } peers { permanent_uuid: "9b09c445afc44dba87888af4bb6182a3" member_type: VOTER last_known_addr { host: "127.6.10.195" port: 36155 } }
I20260709 14:48:17.263646  7379 tablet_service.cc:1917] Received RequestConsensusVote() RPC: tablet_id: "f9ca961022594d02bcccf4ddb29c6507" candidate_uuid: "5d27b1feea5b4e8bb5c0470990571fbb" candidate_term: 1 candidate_status { last_received { term: 0 index: 0 } } ignore_live_leader: false dest_uuid: "536fecbd281e4666b96e47d0b95b8776" is_pre_election: true
I20260709 14:48:17.264338  7379 raft_consensus.cc:2468] T f9ca961022594d02bcccf4ddb29c6507 P 536fecbd281e4666b96e47d0b95b8776 [term 0 FOLLOWER]: Leader pre-election vote request: Granting yes vote for candidate 5d27b1feea5b4e8bb5c0470990571fbb in term 0.
I20260709 14:48:17.188395  7380 raft_consensus.cc:2468] T 3a41412289da4d54a168000481d43cae P 536fecbd281e4666b96e47d0b95b8776 [term 1 FOLLOWER]: Leader election vote request: Granting yes vote for candidate 5d27b1feea5b4e8bb5c0470990571fbb in term 1.
I20260709 14:48:17.267058  7446 tablet_service.cc:1917] Received RequestConsensusVote() RPC: tablet_id: "f14137d3ef12481d8b3cd7b9d57fcd04" candidate_uuid: "536fecbd281e4666b96e47d0b95b8776" candidate_term: 1 candidate_status { last_received { term: 0 index: 0 } } ignore_live_leader: false dest_uuid: "9b09c445afc44dba87888af4bb6182a3" is_pre_election: true
I20260709 14:48:17.267683  7446 raft_consensus.cc:2393] T f14137d3ef12481d8b3cd7b9d57fcd04 P 9b09c445afc44dba87888af4bb6182a3 [term 1 FOLLOWER]: Leader pre-election vote request: Denying vote to candidate 536fecbd281e4666b96e47d0b95b8776 in current term 1: Already voted for candidate 5d27b1feea5b4e8bb5c0470990571fbb in this term.
I20260709 14:48:17.271813  7783 raft_consensus.cc:493] T f9ca961022594d02bcccf4ddb29c6507 P 9b09c445afc44dba87888af4bb6182a3 [term 0 FOLLOWER]: Starting pre-election (no leader contacted us within the election timeout)
I20260709 14:48:17.272249  7783 raft_consensus.cc:515] T f9ca961022594d02bcccf4ddb29c6507 P 9b09c445afc44dba87888af4bb6182a3 [term 0 FOLLOWER]: Starting pre-election with config: opid_index: -1 OBSOLETE_local: false peers { permanent_uuid: "5d27b1feea5b4e8bb5c0470990571fbb" member_type: VOTER last_known_addr { host: "127.6.10.193" port: 40855 } } peers { permanent_uuid: "536fecbd281e4666b96e47d0b95b8776" member_type: VOTER last_known_addr { host: "127.6.10.194" port: 33945 } } peers { permanent_uuid: "9b09c445afc44dba87888af4bb6182a3" member_type: VOTER last_known_addr { host: "127.6.10.195" port: 36155 } }
I20260709 14:48:17.274884  7783 leader_election.cc:290] T f9ca961022594d02bcccf4ddb29c6507 P 9b09c445afc44dba87888af4bb6182a3 [CANDIDATE]: Term 1 pre-election: Requested pre-vote from peers 5d27b1feea5b4e8bb5c0470990571fbb (127.6.10.193:40855), 536fecbd281e4666b96e47d0b95b8776 (127.6.10.194:33945)
I20260709 14:48:17.275907  7379 tablet_service.cc:1917] Received RequestConsensusVote() RPC: tablet_id: "f9ca961022594d02bcccf4ddb29c6507" candidate_uuid: "9b09c445afc44dba87888af4bb6182a3" candidate_term: 1 candidate_status { last_received { term: 0 index: 0 } } ignore_live_leader: false dest_uuid: "536fecbd281e4666b96e47d0b95b8776" is_pre_election: true
I20260709 14:48:17.276590  7379 raft_consensus.cc:2468] T f9ca961022594d02bcccf4ddb29c6507 P 536fecbd281e4666b96e47d0b95b8776 [term 0 FOLLOWER]: Leader pre-election vote request: Granting yes vote for candidate 9b09c445afc44dba87888af4bb6182a3 in term 0.
I20260709 14:48:17.277963  7419 leader_election.cc:304] T f9ca961022594d02bcccf4ddb29c6507 P 9b09c445afc44dba87888af4bb6182a3 [CANDIDATE]: Term 1 pre-election: Election decided. Result: candidate won. Election summary: received 2 responses out of 3 voters: 2 yes votes; 0 no votes. yes voters: 536fecbd281e4666b96e47d0b95b8776, 9b09c445afc44dba87888af4bb6182a3; no voters: 
I20260709 14:48:17.278941  7703 raft_consensus.cc:2804] T f9ca961022594d02bcccf4ddb29c6507 P 9b09c445afc44dba87888af4bb6182a3 [term 0 FOLLOWER]: Leader pre-election won for term 1
I20260709 14:48:17.279359  7703 raft_consensus.cc:493] T f9ca961022594d02bcccf4ddb29c6507 P 9b09c445afc44dba87888af4bb6182a3 [term 0 FOLLOWER]: Starting leader election (no leader contacted us within the election timeout)
I20260709 14:48:17.279739  7703 raft_consensus.cc:3060] T f9ca961022594d02bcccf4ddb29c6507 P 9b09c445afc44dba87888af4bb6182a3 [term 0 FOLLOWER]: Advancing to term 1
I20260709 14:48:17.288195  7703 raft_consensus.cc:515] T f9ca961022594d02bcccf4ddb29c6507 P 9b09c445afc44dba87888af4bb6182a3 [term 1 FOLLOWER]: Starting leader election with config: opid_index: -1 OBSOLETE_local: false peers { permanent_uuid: "5d27b1feea5b4e8bb5c0470990571fbb" member_type: VOTER last_known_addr { host: "127.6.10.193" port: 40855 } } peers { permanent_uuid: "536fecbd281e4666b96e47d0b95b8776" member_type: VOTER last_known_addr { host: "127.6.10.194" port: 33945 } } peers { permanent_uuid: "9b09c445afc44dba87888af4bb6182a3" member_type: VOTER last_known_addr { host: "127.6.10.195" port: 36155 } }
I20260709 14:48:17.292265  7306 raft_consensus.cc:2468] T 2d5335a72d294efa9d42069f6cccb8a2 P 5d27b1feea5b4e8bb5c0470990571fbb [term 1 FOLLOWER]: Leader election vote request: Granting yes vote for candidate 536fecbd281e4666b96e47d0b95b8776 in term 1.
I20260709 14:48:17.295460  7304 tablet_service.cc:1917] Received RequestConsensusVote() RPC: tablet_id: "f9ca961022594d02bcccf4ddb29c6507" candidate_uuid: "9b09c445afc44dba87888af4bb6182a3" candidate_term: 1 candidate_status { last_received { term: 0 index: 0 } } ignore_live_leader: false dest_uuid: "5d27b1feea5b4e8bb5c0470990571fbb" is_pre_election: true
I20260709 14:48:17.296039  7304 raft_consensus.cc:2468] T f9ca961022594d02bcccf4ddb29c6507 P 5d27b1feea5b4e8bb5c0470990571fbb [term 0 FOLLOWER]: Leader pre-election vote request: Granting yes vote for candidate 9b09c445afc44dba87888af4bb6182a3 in term 0.
I20260709 14:48:17.302145  7721 raft_consensus.cc:493] T a73cbcaf91ac4f38bb648969465fd420 P 536fecbd281e4666b96e47d0b95b8776 [term 0 FOLLOWER]: Starting pre-election (no leader contacted us within the election timeout)
I20260709 14:48:17.302613  7498 tablet_bootstrap.cc:492] T 6d68cf72d3e94fa6b5921f342255385b P 9b09c445afc44dba87888af4bb6182a3: No bootstrap required, opened a new log
I20260709 14:48:17.303081  7498 ts_tablet_manager.cc:1403] T 6d68cf72d3e94fa6b5921f342255385b P 9b09c445afc44dba87888af4bb6182a3: Time spent bootstrapping tablet: real 0.243s	user 0.053s	sys 0.072s
I20260709 14:48:17.302625  7721 raft_consensus.cc:515] T a73cbcaf91ac4f38bb648969465fd420 P 536fecbd281e4666b96e47d0b95b8776 [term 0 FOLLOWER]: Starting pre-election with config: opid_index: -1 OBSOLETE_local: false peers { permanent_uuid: "5d27b1feea5b4e8bb5c0470990571fbb" member_type: VOTER last_known_addr { host: "127.6.10.193" port: 40855 } } peers { permanent_uuid: "536fecbd281e4666b96e47d0b95b8776" member_type: VOTER last_known_addr { host: "127.6.10.194" port: 33945 } } peers { permanent_uuid: "9b09c445afc44dba87888af4bb6182a3" member_type: VOTER last_known_addr { host: "127.6.10.195" port: 36155 } }
I20260709 14:48:17.304821  7721 leader_election.cc:290] T a73cbcaf91ac4f38bb648969465fd420 P 536fecbd281e4666b96e47d0b95b8776 [CANDIDATE]: Term 1 pre-election: Requested pre-vote from peers 5d27b1feea5b4e8bb5c0470990571fbb (127.6.10.193:40855), 9b09c445afc44dba87888af4bb6182a3 (127.6.10.195:36155)
I20260709 14:48:17.305573  7498 raft_consensus.cc:359] T 6d68cf72d3e94fa6b5921f342255385b P 9b09c445afc44dba87888af4bb6182a3 [term 0 FOLLOWER]: Replica starting. Triggering 0 pending ops. Active config: opid_index: -1 OBSOLETE_local: false peers { permanent_uuid: "5d27b1feea5b4e8bb5c0470990571fbb" member_type: VOTER last_known_addr { host: "127.6.10.193" port: 40855 } } peers { permanent_uuid: "536fecbd281e4666b96e47d0b95b8776" member_type: VOTER last_known_addr { host: "127.6.10.194" port: 33945 } } peers { permanent_uuid: "9b09c445afc44dba87888af4bb6182a3" member_type: VOTER last_known_addr { host: "127.6.10.195" port: 36155 } }
I20260709 14:48:17.306218  7498 raft_consensus.cc:385] T 6d68cf72d3e94fa6b5921f342255385b P 9b09c445afc44dba87888af4bb6182a3 [term 0 FOLLOWER]: Consensus starting up: Expiring failure detector timer to make a prompt election more likely
I20260709 14:48:17.306545  7498 raft_consensus.cc:740] T 6d68cf72d3e94fa6b5921f342255385b P 9b09c445afc44dba87888af4bb6182a3 [term 0 FOLLOWER]: Becoming Follower/Learner. State: Replica: 9b09c445afc44dba87888af4bb6182a3, State: Initialized, Role: FOLLOWER
I20260709 14:48:17.307207  7498 consensus_queue.cc:260] T 6d68cf72d3e94fa6b5921f342255385b P 9b09c445afc44dba87888af4bb6182a3 [NON_LEADER]: Queue going to NON_LEADER mode. State: All replicated index: 0, Majority replicated index: 0, Committed index: 0, Last appended: 0.0, Last appended by leader: 0, Current term: 0, Majority size: -1, State: 0, Mode: NON_LEADER, active raft config: opid_index: -1 OBSOLETE_local: false peers { permanent_uuid: "5d27b1feea5b4e8bb5c0470990571fbb" member_type: VOTER last_known_addr { host: "127.6.10.193" port: 40855 } } peers { permanent_uuid: "536fecbd281e4666b96e47d0b95b8776" member_type: VOTER last_known_addr { host: "127.6.10.194" port: 33945 } } peers { permanent_uuid: "9b09c445afc44dba87888af4bb6182a3" member_type: VOTER last_known_addr { host: "127.6.10.195" port: 36155 } }
I20260709 14:48:17.311668  7347 leader_election.cc:304] T 6d68cf72d3e94fa6b5921f342255385b P 536fecbd281e4666b96e47d0b95b8776 [CANDIDATE]: Term 1 pre-election: Election decided. Result: candidate won. Election summary: received 3 responses out of 3 voters: 2 yes votes; 1 no votes. yes voters: 536fecbd281e4666b96e47d0b95b8776, 5d27b1feea5b4e8bb5c0470990571fbb; no voters: 9b09c445afc44dba87888af4bb6182a3
I20260709 14:48:17.312376  7447 tablet_service.cc:1917] Received RequestConsensusVote() RPC: tablet_id: "bdded0966a0f4f3eaa65735570f9dd16" candidate_uuid: "536fecbd281e4666b96e47d0b95b8776" candidate_term: 1 candidate_status { last_received { term: 0 index: 0 } } ignore_live_leader: false dest_uuid: "9b09c445afc44dba87888af4bb6182a3" is_pre_election: true
I20260709 14:48:17.312868  7775 raft_consensus.cc:2804] T 6d68cf72d3e94fa6b5921f342255385b P 536fecbd281e4666b96e47d0b95b8776 [term 0 FOLLOWER]: Leader pre-election won for term 1
I20260709 14:48:17.322595  7775 raft_consensus.cc:493] T 6d68cf72d3e94fa6b5921f342255385b P 536fecbd281e4666b96e47d0b95b8776 [term 0 FOLLOWER]: Starting leader election (no leader contacted us within the election timeout)
I20260709 14:48:17.322907  7451 tablet_service.cc:1917] Received RequestConsensusVote() RPC: tablet_id: "a73cbcaf91ac4f38bb648969465fd420" candidate_uuid: "536fecbd281e4666b96e47d0b95b8776" candidate_term: 1 candidate_status { last_received { term: 0 index: 0 } } ignore_live_leader: false dest_uuid: "9b09c445afc44dba87888af4bb6182a3" is_pre_election: true
I20260709 14:48:17.323025  7775 raft_consensus.cc:3060] T 6d68cf72d3e94fa6b5921f342255385b P 536fecbd281e4666b96e47d0b95b8776 [term 0 FOLLOWER]: Advancing to term 1
I20260709 14:48:17.317497  7452 tablet_service.cc:1917] Received RequestConsensusVote() RPC: tablet_id: "7f65225571c74eb5bef16e1170ac0921" candidate_uuid: "536fecbd281e4666b96e47d0b95b8776" candidate_term: 1 candidate_status { last_received { term: 0 index: 0 } } ignore_live_leader: false dest_uuid: "9b09c445afc44dba87888af4bb6182a3" is_pre_election: true
I20260709 14:48:17.326861  7703 leader_election.cc:290] T f9ca961022594d02bcccf4ddb29c6507 P 9b09c445afc44dba87888af4bb6182a3 [CANDIDATE]: Term 1 election: Requested vote from peers 5d27b1feea5b4e8bb5c0470990571fbb (127.6.10.193:40855), 536fecbd281e4666b96e47d0b95b8776 (127.6.10.194:33945)
I20260709 14:48:17.328498  7498 ts_tablet_manager.cc:1434] T 6d68cf72d3e94fa6b5921f342255385b P 9b09c445afc44dba87888af4bb6182a3: Time spent starting tablet: real 0.025s	user 0.006s	sys 0.000s
I20260709 14:48:17.329325  7498 tablet_bootstrap.cc:492] T 49bdda8c62a64fa395332f28baf99b9d P 9b09c445afc44dba87888af4bb6182a3: Bootstrap starting.
I20260709 14:48:17.333060  7380 tablet_service.cc:1917] Received RequestConsensusVote() RPC: tablet_id: "f9ca961022594d02bcccf4ddb29c6507" candidate_uuid: "9b09c445afc44dba87888af4bb6182a3" candidate_term: 1 candidate_status { last_received { term: 0 index: 0 } } ignore_live_leader: false dest_uuid: "536fecbd281e4666b96e47d0b95b8776"
I20260709 14:48:17.334699  7380 raft_consensus.cc:3060] T f9ca961022594d02bcccf4ddb29c6507 P 536fecbd281e4666b96e47d0b95b8776 [term 0 FOLLOWER]: Advancing to term 1
I20260709 14:48:17.338151  7616 consensus_queue.cc:1048] T 40e6706e3de24b1a90fe4ae980748446 P 536fecbd281e4666b96e47d0b95b8776 [LEADER]: Connected to new peer: Peer: permanent_uuid: "5d27b1feea5b4e8bb5c0470990571fbb" member_type: VOTER last_known_addr { host: "127.6.10.193" port: 40855 }, Status: LMP_MISMATCH, Last received: 0.0, Next index: 1, Last known committed idx: 0, Time since last communication: 0.000s
I20260709 14:48:17.342252  7203 catalog_manager.cc:5697] T 10d9a0dfe6354848b7a94447dce6205e P 5d27b1feea5b4e8bb5c0470990571fbb reported cstate change: term changed from 0 to 1, leader changed from <none> to 9b09c445afc44dba87888af4bb6182a3 (127.6.10.195). New cstate: current_term: 1 leader_uuid: "9b09c445afc44dba87888af4bb6182a3" committed_config { opid_index: -1 OBSOLETE_local: false peers { permanent_uuid: "5d27b1feea5b4e8bb5c0470990571fbb" member_type: VOTER last_known_addr { host: "127.6.10.193" port: 40855 } } peers { permanent_uuid: "536fecbd281e4666b96e47d0b95b8776" member_type: VOTER last_known_addr { host: "127.6.10.194" port: 33945 } } peers { permanent_uuid: "9b09c445afc44dba87888af4bb6182a3" member_type: VOTER last_known_addr { host: "127.6.10.195" port: 36155 } } }
I20260709 14:48:17.343868  7347 leader_election.cc:304] T f9ca961022594d02bcccf4ddb29c6507 P 536fecbd281e4666b96e47d0b95b8776 [CANDIDATE]: Term 1 pre-election: Election decided. Result: candidate won. Election summary: received 3 responses out of 3 voters: 2 yes votes; 1 no votes. yes voters: 536fecbd281e4666b96e47d0b95b8776, 5d27b1feea5b4e8bb5c0470990571fbb; no voters: 9b09c445afc44dba87888af4bb6182a3
I20260709 14:48:17.343959  7203 catalog_manager.cc:5697] T 3a41412289da4d54a168000481d43cae P 5d27b1feea5b4e8bb5c0470990571fbb reported cstate change: term changed from 0 to 1, leader changed from <none> to 5d27b1feea5b4e8bb5c0470990571fbb (127.6.10.193). New cstate: current_term: 1 leader_uuid: "5d27b1feea5b4e8bb5c0470990571fbb" committed_config { opid_index: -1 OBSOLETE_local: false peers { permanent_uuid: "5d27b1feea5b4e8bb5c0470990571fbb" member_type: VOTER last_known_addr { host: "127.6.10.193" port: 40855 } health_report { overall_health: HEALTHY } } peers { permanent_uuid: "536fecbd281e4666b96e47d0b95b8776" member_type: VOTER last_known_addr { host: "127.6.10.194" port: 33945 } health_report { overall_health: UNKNOWN } } peers { permanent_uuid: "9b09c445afc44dba87888af4bb6182a3" member_type: VOTER last_known_addr { host: "127.6.10.195" port: 36155 } health_report { overall_health: UNKNOWN } } }
I20260709 14:48:17.345574  7347 leader_election.cc:304] T e6ebe8dcad56412cbd79adfbc1b1fd56 P 536fecbd281e4666b96e47d0b95b8776 [CANDIDATE]: Term 1 pre-election: Election decided. Result: candidate lost. Election summary: received 3 responses out of 3 voters: 1 yes votes; 2 no votes. yes voters: 536fecbd281e4666b96e47d0b95b8776; no voters: 5d27b1feea5b4e8bb5c0470990571fbb, 9b09c445afc44dba87888af4bb6182a3
I20260709 14:48:17.347687  7304 tablet_service.cc:1917] Received RequestConsensusVote() RPC: tablet_id: "f9ca961022594d02bcccf4ddb29c6507" candidate_uuid: "9b09c445afc44dba87888af4bb6182a3" candidate_term: 1 candidate_status { last_received { term: 0 index: 0 } } ignore_live_leader: false dest_uuid: "5d27b1feea5b4e8bb5c0470990571fbb"
I20260709 14:48:17.348244  7304 raft_consensus.cc:3060] T f9ca961022594d02bcccf4ddb29c6507 P 5d27b1feea5b4e8bb5c0470990571fbb [term 0 FOLLOWER]: Advancing to term 1
I20260709 14:48:17.354478  7498 tablet_bootstrap.cc:654] T 49bdda8c62a64fa395332f28baf99b9d P 9b09c445afc44dba87888af4bb6182a3: Neither blocks nor log segments found. Creating new log.
I20260709 14:48:17.361189  7270 leader_election.cc:304] T 6d68cf72d3e94fa6b5921f342255385b P 5d27b1feea5b4e8bb5c0470990571fbb [CANDIDATE]: Term 1 pre-election: Election decided. Result: candidate won. Election summary: received 3 responses out of 3 voters: 2 yes votes; 1 no votes. yes voters: 536fecbd281e4666b96e47d0b95b8776, 5d27b1feea5b4e8bb5c0470990571fbb; no voters: 9b09c445afc44dba87888af4bb6182a3
I20260709 14:48:17.365564  7347 leader_election.cc:304] T 49bdda8c62a64fa395332f28baf99b9d P 536fecbd281e4666b96e47d0b95b8776 [CANDIDATE]: Term 1 pre-election: Election decided. Result: candidate won. Election summary: received 3 responses out of 3 voters: 2 yes votes; 1 no votes. yes voters: 536fecbd281e4666b96e47d0b95b8776, 5d27b1feea5b4e8bb5c0470990571fbb; no voters: 9b09c445afc44dba87888af4bb6182a3
I20260709 14:48:17.366673  7776 raft_consensus.cc:2804] T 49bdda8c62a64fa395332f28baf99b9d P 536fecbd281e4666b96e47d0b95b8776 [term 0 FOLLOWER]: Leader pre-election won for term 1
I20260709 14:48:17.367136  7776 raft_consensus.cc:493] T 49bdda8c62a64fa395332f28baf99b9d P 536fecbd281e4666b96e47d0b95b8776 [term 0 FOLLOWER]: Starting leader election (no leader contacted us within the election timeout)
I20260709 14:48:17.367529  7776 raft_consensus.cc:3060] T 49bdda8c62a64fa395332f28baf99b9d P 536fecbd281e4666b96e47d0b95b8776 [term 0 FOLLOWER]: Advancing to term 1
I20260709 14:48:17.371026  7497 tablet_bootstrap.cc:492] T 7676eea6d1204929b8b4bf89ef106186 P 536fecbd281e4666b96e47d0b95b8776: No bootstrap required, opened a new log
I20260709 14:48:17.371480  7497 ts_tablet_manager.cc:1403] T 7676eea6d1204929b8b4bf89ef106186 P 536fecbd281e4666b96e47d0b95b8776: Time spent bootstrapping tablet: real 0.123s	user 0.018s	sys 0.016s
I20260709 14:48:17.364311  7721 raft_consensus.cc:3060] T e6ebe8dcad56412cbd79adfbc1b1fd56 P 536fecbd281e4666b96e47d0b95b8776 [term 0 FOLLOWER]: Advancing to term 1
I20260709 14:48:17.369235  7771 raft_consensus.cc:2804] T 6d68cf72d3e94fa6b5921f342255385b P 5d27b1feea5b4e8bb5c0470990571fbb [term 0 FOLLOWER]: Leader pre-election won for term 1
I20260709 14:48:17.380194  7771 raft_consensus.cc:493] T 6d68cf72d3e94fa6b5921f342255385b P 5d27b1feea5b4e8bb5c0470990571fbb [term 0 FOLLOWER]: Starting leader election (no leader contacted us within the election timeout)
I20260709 14:48:17.391645  7270 leader_election.cc:304] T f9ca961022594d02bcccf4ddb29c6507 P 5d27b1feea5b4e8bb5c0470990571fbb [CANDIDATE]: Term 1 pre-election: Election decided. Result: candidate won. Election summary: received 3 responses out of 3 voters: 2 yes votes; 1 no votes. yes voters: 536fecbd281e4666b96e47d0b95b8776, 5d27b1feea5b4e8bb5c0470990571fbb; no voters: 9b09c445afc44dba87888af4bb6182a3
I20260709 14:48:17.385025  7703 raft_consensus.cc:493] T e6ebe8dcad56412cbd79adfbc1b1fd56 P 9b09c445afc44dba87888af4bb6182a3 [term 1 FOLLOWER]: Starting pre-election (no leader contacted us within the election timeout)
I20260709 14:48:17.391835  7771 raft_consensus.cc:3060] T 6d68cf72d3e94fa6b5921f342255385b P 5d27b1feea5b4e8bb5c0470990571fbb [term 0 FOLLOWER]: Advancing to term 1
I20260709 14:48:17.398950  7495 tablet_bootstrap.cc:492] T a73cbcaf91ac4f38bb648969465fd420 P 5d27b1feea5b4e8bb5c0470990571fbb: No bootstrap required, opened a new log
I20260709 14:48:17.399678  7495 ts_tablet_manager.cc:1403] T a73cbcaf91ac4f38bb648969465fd420 P 5d27b1feea5b4e8bb5c0470990571fbb: Time spent bootstrapping tablet: real 0.279s	user 0.052s	sys 0.045s
W20260709 14:48:17.401988  7347 leader_election.cc:343] T bdded0966a0f4f3eaa65735570f9dd16 P 536fecbd281e4666b96e47d0b95b8776 [CANDIDATE]: Term 1 pre-election: Tablet error from VoteRequest() call to peer 9b09c445afc44dba87888af4bb6182a3 (127.6.10.195:36155): Illegal state: must be running to vote when last-logged opid is not known
W20260709 14:48:17.403048  7347 leader_election.cc:343] T a73cbcaf91ac4f38bb648969465fd420 P 536fecbd281e4666b96e47d0b95b8776 [CANDIDATE]: Term 1 pre-election: Tablet error from VoteRequest() call to peer 9b09c445afc44dba87888af4bb6182a3 (127.6.10.195:36155): Illegal state: must be running to vote when last-logged opid is not known
W20260709 14:48:17.403939  7347 leader_election.cc:343] T 7f65225571c74eb5bef16e1170ac0921 P 536fecbd281e4666b96e47d0b95b8776 [CANDIDATE]: Term 1 pre-election: Tablet error from VoteRequest() call to peer 9b09c445afc44dba87888af4bb6182a3 (127.6.10.195:36155): Illegal state: must be running to vote when last-logged opid is not known
I20260709 14:48:17.399796  7380 raft_consensus.cc:2468] T f9ca961022594d02bcccf4ddb29c6507 P 536fecbd281e4666b96e47d0b95b8776 [term 1 FOLLOWER]: Leader election vote request: Granting yes vote for candidate 9b09c445afc44dba87888af4bb6182a3 in term 1.
I20260709 14:48:17.392400  7775 raft_consensus.cc:515] T 6d68cf72d3e94fa6b5921f342255385b P 536fecbd281e4666b96e47d0b95b8776 [term 1 FOLLOWER]: Starting leader election with config: opid_index: -1 OBSOLETE_local: false peers { permanent_uuid: "5d27b1feea5b4e8bb5c0470990571fbb" member_type: VOTER last_known_addr { host: "127.6.10.193" port: 40855 } } peers { permanent_uuid: "536fecbd281e4666b96e47d0b95b8776" member_type: VOTER last_known_addr { host: "127.6.10.194" port: 33945 } } peers { permanent_uuid: "9b09c445afc44dba87888af4bb6182a3" member_type: VOTER last_known_addr { host: "127.6.10.195" port: 36155 } }
I20260709 14:48:17.410861  7534 consensus_queue.cc:1048] T 39591b9a6a9548bab57be74dde3251ed P 5d27b1feea5b4e8bb5c0470990571fbb [LEADER]: Connected to new peer: Peer: permanent_uuid: "536fecbd281e4666b96e47d0b95b8776" member_type: VOTER last_known_addr { host: "127.6.10.194" port: 33945 }, Status: LMP_MISMATCH, Last received: 0.0, Next index: 1, Last known committed idx: 0, Time since last communication: 0.002s
