I20260709 14:44:50.835875  1741 raft_consensus.cc:515] T 38ebddc4e2bb413a990080cc632e3b84 P 3afd7dc23b2a431faef4a754dbd5996b [term 0 FOLLOWER]: Starting pre-election with config: opid_index: -1 OBSOLETE_local: false peers { permanent_uuid: "3afd7dc23b2a431faef4a754dbd5996b" member_type: VOTER last_known_addr { host: "127.0.107.193" port: 33049 } } peers { permanent_uuid: "feccff714d1449d799510eae2bb54000" member_type: VOTER last_known_addr { host: "127.0.107.194" port: 44493 } } peers { permanent_uuid: "748c3989a7174c708ddfc3da8abaa971" member_type: VOTER last_known_addr { host: "127.0.107.195" port: 34619 } }
I20260709 14:44:50.839998  1735 tablet_bootstrap.cc:492] T c351c4222c5c4c7fa4f29b41a0dd140d P 748c3989a7174c708ddfc3da8abaa971: No bootstrap required, opened a new log
I20260709 14:44:50.840315  1619 tablet_service.cc:1917] Received RequestConsensusVote() RPC: tablet_id: "38ebddc4e2bb413a990080cc632e3b84" candidate_uuid: "3afd7dc23b2a431faef4a754dbd5996b" candidate_term: 1 candidate_status { last_received { term: 0 index: 0 } } ignore_live_leader: false dest_uuid: "feccff714d1449d799510eae2bb54000" is_pre_election: true
I20260709 14:44:50.840595  1741 leader_election.cc:290] T 38ebddc4e2bb413a990080cc632e3b84 P 3afd7dc23b2a431faef4a754dbd5996b [CANDIDATE]: Term 1 pre-election: Requested pre-vote from peers feccff714d1449d799510eae2bb54000 (127.0.107.194:44493), 748c3989a7174c708ddfc3da8abaa971 (127.0.107.195:34619)
I20260709 14:44:50.840360  1734 consensus_queue.cc:260] T 54e24606116a48ada0809e689148173d P feccff714d1449d799510eae2bb54000 [NON_LEADER]: Queue going to NON_LEADER mode. State: All replicated index: 0, Majority replicated index: 0, Committed index: 0, Last appended: 0.0, Last appended by leader: 0, Current term: 0, Majority size: -1, State: 0, Mode: NON_LEADER, active raft config: opid_index: -1 OBSOLETE_local: false peers { permanent_uuid: "3afd7dc23b2a431faef4a754dbd5996b" member_type: VOTER last_known_addr { host: "127.0.107.193" port: 33049 } } peers { permanent_uuid: "feccff714d1449d799510eae2bb54000" member_type: VOTER last_known_addr { host: "127.0.107.194" port: 44493 } } peers { permanent_uuid: "748c3989a7174c708ddfc3da8abaa971" member_type: VOTER last_known_addr { host: "127.0.107.195" port: 34619 } }
I20260709 14:44:50.840454  1735 ts_tablet_manager.cc:1403] T c351c4222c5c4c7fa4f29b41a0dd140d P 748c3989a7174c708ddfc3da8abaa971: Time spent bootstrapping tablet: real 0.128s	user 0.036s	sys 0.050s
I20260709 14:44:50.843570  1691 tablet_service.cc:1917] Received RequestConsensusVote() RPC: tablet_id: "38ebddc4e2bb413a990080cc632e3b84" candidate_uuid: "3afd7dc23b2a431faef4a754dbd5996b" candidate_term: 1 candidate_status { last_received { term: 0 index: 0 } } ignore_live_leader: false dest_uuid: "748c3989a7174c708ddfc3da8abaa971" is_pre_election: true
I20260709 14:44:50.846833  1735 raft_consensus.cc:359] T c351c4222c5c4c7fa4f29b41a0dd140d P 748c3989a7174c708ddfc3da8abaa971 [term 0 FOLLOWER]: Replica starting. Triggering 0 pending ops. Active config: opid_index: -1 OBSOLETE_local: false peers { permanent_uuid: "3afd7dc23b2a431faef4a754dbd5996b" member_type: VOTER last_known_addr { host: "127.0.107.193" port: 33049 } } peers { permanent_uuid: "feccff714d1449d799510eae2bb54000" member_type: VOTER last_known_addr { host: "127.0.107.194" port: 44493 } } peers { permanent_uuid: "748c3989a7174c708ddfc3da8abaa971" member_type: VOTER last_known_addr { host: "127.0.107.195" port: 34619 } }
I20260709 14:44:50.847481  1735 raft_consensus.cc:385] T c351c4222c5c4c7fa4f29b41a0dd140d P 748c3989a7174c708ddfc3da8abaa971 [term 0 FOLLOWER]: Consensus starting up: Expiring failure detector timer to make a prompt election more likely
I20260709 14:44:50.847755  1735 raft_consensus.cc:740] T c351c4222c5c4c7fa4f29b41a0dd140d P 748c3989a7174c708ddfc3da8abaa971 [term 0 FOLLOWER]: Becoming Follower/Learner. State: Replica: 748c3989a7174c708ddfc3da8abaa971, State: Initialized, Role: FOLLOWER
I20260709 14:44:50.848263  1853 raft_consensus.cc:493] T 7069b3088a214216b6f2a908fd6da20f P feccff714d1449d799510eae2bb54000 [term 0 FOLLOWER]: Starting pre-election (no leader contacted us within the election timeout)
I20260709 14:44:50.848390  1735 consensus_queue.cc:260] T c351c4222c5c4c7fa4f29b41a0dd140d P 748c3989a7174c708ddfc3da8abaa971 [NON_LEADER]: Queue going to NON_LEADER mode. State: All replicated index: 0, Majority replicated index: 0, Committed index: 0, Last appended: 0.0, Last appended by leader: 0, Current term: 0, Majority size: -1, State: 0, Mode: NON_LEADER, active raft config: opid_index: -1 OBSOLETE_local: false peers { permanent_uuid: "3afd7dc23b2a431faef4a754dbd5996b" member_type: VOTER last_known_addr { host: "127.0.107.193" port: 33049 } } peers { permanent_uuid: "feccff714d1449d799510eae2bb54000" member_type: VOTER last_known_addr { host: "127.0.107.194" port: 44493 } } peers { permanent_uuid: "748c3989a7174c708ddfc3da8abaa971" member_type: VOTER last_known_addr { host: "127.0.107.195" port: 34619 } }
I20260709 14:44:50.848745  1853 raft_consensus.cc:515] T 7069b3088a214216b6f2a908fd6da20f P feccff714d1449d799510eae2bb54000 [term 0 FOLLOWER]: Starting pre-election with config: opid_index: -1 OBSOLETE_local: false peers { permanent_uuid: "3afd7dc23b2a431faef4a754dbd5996b" member_type: VOTER last_known_addr { host: "127.0.107.193" port: 33049 } } peers { permanent_uuid: "feccff714d1449d799510eae2bb54000" member_type: VOTER last_known_addr { host: "127.0.107.194" port: 44493 } } peers { permanent_uuid: "748c3989a7174c708ddfc3da8abaa971" member_type: VOTER last_known_addr { host: "127.0.107.195" port: 34619 } }
I20260709 14:44:50.849045  1899 leader_election.cc:290] T 8a796c6140474e4f8e92d64b2f845a87 P feccff714d1449d799510eae2bb54000 [CANDIDATE]: Term 1 election: Requested vote from peers 3afd7dc23b2a431faef4a754dbd5996b (127.0.107.193:33049), 748c3989a7174c708ddfc3da8abaa971 (127.0.107.195:34619)
I20260709 14:44:50.850492  1735 ts_tablet_manager.cc:1434] T c351c4222c5c4c7fa4f29b41a0dd140d P 748c3989a7174c708ddfc3da8abaa971: Time spent starting tablet: real 0.009s	user 0.005s	sys 0.000s
I20260709 14:44:50.850934  1541 tablet_service.cc:1917] Received RequestConsensusVote() RPC: tablet_id: "8a796c6140474e4f8e92d64b2f845a87" candidate_uuid: "feccff714d1449d799510eae2bb54000" candidate_term: 1 candidate_status { last_received { term: 0 index: 0 } } ignore_live_leader: false dest_uuid: "3afd7dc23b2a431faef4a754dbd5996b"
I20260709 14:44:50.851392  1735 tablet_bootstrap.cc:492] T 9fdeca7ab8aa4cdbb752e53f6718292a P 748c3989a7174c708ddfc3da8abaa971: Bootstrap starting.
I20260709 14:44:50.851478  1541 raft_consensus.cc:3060] T 8a796c6140474e4f8e92d64b2f845a87 P 3afd7dc23b2a431faef4a754dbd5996b [term 0 FOLLOWER]: Advancing to term 1
W20260709 14:44:50.854416  1507 leader_election.cc:343] T 38ebddc4e2bb413a990080cc632e3b84 P 3afd7dc23b2a431faef4a754dbd5996b [CANDIDATE]: Term 1 pre-election: Tablet error from VoteRequest() call to peer feccff714d1449d799510eae2bb54000 (127.0.107.194:44493): Illegal state: must be running to vote when last-logged opid is not known
I20260709 14:44:50.854455  1734 ts_tablet_manager.cc:1434] T 54e24606116a48ada0809e689148173d P feccff714d1449d799510eae2bb54000: Time spent starting tablet: real 0.035s	user 0.005s	sys 0.004s
I20260709 14:44:50.859845  1734 tablet_bootstrap.cc:492] T 38ebddc4e2bb413a990080cc632e3b84 P feccff714d1449d799510eae2bb54000: Bootstrap starting.
I20260709 14:44:50.860502  1853 leader_election.cc:290] T 7069b3088a214216b6f2a908fd6da20f P feccff714d1449d799510eae2bb54000 [CANDIDATE]: Term 1 pre-election: Requested pre-vote from peers 3afd7dc23b2a431faef4a754dbd5996b (127.0.107.193:33049), 748c3989a7174c708ddfc3da8abaa971 (127.0.107.195:34619)
I20260709 14:44:50.861934  1848 raft_consensus.cc:493] T effe24df792244bd8f2996963e017c43 P 748c3989a7174c708ddfc3da8abaa971 [term 0 FOLLOWER]: Starting pre-election (no leader contacted us within the election timeout)
I20260709 14:44:50.862217  1619 tablet_service.cc:1917] Received RequestConsensusVote() RPC: tablet_id: "53514dc19d4e4f2081790c5e0cb27ea5" candidate_uuid: "3afd7dc23b2a431faef4a754dbd5996b" candidate_term: 1 candidate_status { last_received { term: 0 index: 0 } } ignore_live_leader: false dest_uuid: "feccff714d1449d799510eae2bb54000"
W20260709 14:44:50.861321  1510 leader_election.cc:343] T 38ebddc4e2bb413a990080cc632e3b84 P 3afd7dc23b2a431faef4a754dbd5996b [CANDIDATE]: Term 1 pre-election: Tablet error from VoteRequest() call to peer 748c3989a7174c708ddfc3da8abaa971 (127.0.107.195:34619): Illegal state: must be running to vote when last-logged opid is not known
I20260709 14:44:50.868269  1510 leader_election.cc:304] T 38ebddc4e2bb413a990080cc632e3b84 P 3afd7dc23b2a431faef4a754dbd5996b [CANDIDATE]: Term 1 pre-election: Election decided. Result: candidate lost. Election summary: received 3 responses out of 3 voters: 1 yes votes; 2 no votes. yes voters: 3afd7dc23b2a431faef4a754dbd5996b; no voters: 748c3989a7174c708ddfc3da8abaa971, feccff714d1449d799510eae2bb54000
I20260709 14:44:50.868996  1693 tablet_service.cc:1917] Received RequestConsensusVote() RPC: tablet_id: "7069b3088a214216b6f2a908fd6da20f" candidate_uuid: "feccff714d1449d799510eae2bb54000" candidate_term: 1 candidate_status { last_received { term: 0 index: 0 } } ignore_live_leader: false dest_uuid: "748c3989a7174c708ddfc3da8abaa971" is_pre_election: true
I20260709 14:44:50.869479  1890 leader_election.cc:290] T 53514dc19d4e4f2081790c5e0cb27ea5 P 3afd7dc23b2a431faef4a754dbd5996b [CANDIDATE]: Term 1 election: Requested vote from peers feccff714d1449d799510eae2bb54000 (127.0.107.194:44493), 748c3989a7174c708ddfc3da8abaa971 (127.0.107.195:34619)
I20260709 14:44:50.870074  1890 raft_consensus.cc:2749] T 38ebddc4e2bb413a990080cc632e3b84 P 3afd7dc23b2a431faef4a754dbd5996b [term 0 FOLLOWER]: Leader pre-election lost for term 1. Reason: could not achieve majority
I20260709 14:44:50.874470  1691 tablet_service.cc:1917] Received RequestConsensusVote() RPC: tablet_id: "8a796c6140474e4f8e92d64b2f845a87" candidate_uuid: "feccff714d1449d799510eae2bb54000" candidate_term: 1 candidate_status { last_received { term: 0 index: 0 } } ignore_live_leader: false dest_uuid: "748c3989a7174c708ddfc3da8abaa971"
W20260709 14:44:50.873822  1585 leader_election.cc:343] T 7069b3088a214216b6f2a908fd6da20f P feccff714d1449d799510eae2bb54000 [CANDIDATE]: Term 1 pre-election: Tablet error from VoteRequest() call to peer 748c3989a7174c708ddfc3da8abaa971 (127.0.107.195:34619): Illegal state: must be running to vote when last-logged opid is not known
I20260709 14:44:50.876794  1691 raft_consensus.cc:3060] T 8a796c6140474e4f8e92d64b2f845a87 P 748c3989a7174c708ddfc3da8abaa971 [term 0 FOLLOWER]: Advancing to term 1
I20260709 14:44:50.873202  1848 raft_consensus.cc:515] T effe24df792244bd8f2996963e017c43 P 748c3989a7174c708ddfc3da8abaa971 [term 0 FOLLOWER]: Starting pre-election with config: opid_index: -1 OBSOLETE_local: false peers { permanent_uuid: "3afd7dc23b2a431faef4a754dbd5996b" member_type: VOTER last_known_addr { host: "127.0.107.193" port: 33049 } } peers { permanent_uuid: "feccff714d1449d799510eae2bb54000" member_type: VOTER last_known_addr { host: "127.0.107.194" port: 44493 } } peers { permanent_uuid: "748c3989a7174c708ddfc3da8abaa971" member_type: VOTER last_known_addr { host: "127.0.107.195" port: 34619 } }
W20260709 14:44:50.879436  1507 leader_election.cc:343] T 53514dc19d4e4f2081790c5e0cb27ea5 P 3afd7dc23b2a431faef4a754dbd5996b [CANDIDATE]: Term 1 election: Tablet error from VoteRequest() call to peer feccff714d1449d799510eae2bb54000 (127.0.107.194:44493): Illegal state: must be running to vote when last-logged opid is not known
I20260709 14:44:50.878551  1543 tablet_service.cc:1917] Received RequestConsensusVote() RPC: tablet_id: "7069b3088a214216b6f2a908fd6da20f" candidate_uuid: "feccff714d1449d799510eae2bb54000" candidate_term: 1 candidate_status { last_received { term: 0 index: 0 } } ignore_live_leader: false dest_uuid: "3afd7dc23b2a431faef4a754dbd5996b" is_pre_election: true
I20260709 14:44:50.885897  1693 tablet_service.cc:1917] Received RequestConsensusVote() RPC: tablet_id: "53514dc19d4e4f2081790c5e0cb27ea5" candidate_uuid: "3afd7dc23b2a431faef4a754dbd5996b" candidate_term: 1 candidate_status { last_received { term: 0 index: 0 } } ignore_live_leader: false dest_uuid: "748c3989a7174c708ddfc3da8abaa971"
I20260709 14:44:50.886919  1733 tablet_bootstrap.cc:492] T 2b695b2852224240be053ad0dc59d62f P 3afd7dc23b2a431faef4a754dbd5996b: No bootstrap required, opened a new log
I20260709 14:44:50.887300  1733 ts_tablet_manager.cc:1403] T 2b695b2852224240be053ad0dc59d62f P 3afd7dc23b2a431faef4a754dbd5996b: Time spent bootstrapping tablet: real 0.080s	user 0.015s	sys 0.014s
I20260709 14:44:50.887779  1543 tablet_service.cc:1917] Received RequestConsensusVote() RPC: tablet_id: "effe24df792244bd8f2996963e017c43" candidate_uuid: "748c3989a7174c708ddfc3da8abaa971" candidate_term: 1 candidate_status { last_received { term: 0 index: 0 } } ignore_live_leader: false dest_uuid: "3afd7dc23b2a431faef4a754dbd5996b" is_pre_election: true
I20260709 14:44:50.887899  1619 tablet_service.cc:1917] Received RequestConsensusVote() RPC: tablet_id: "effe24df792244bd8f2996963e017c43" candidate_uuid: "748c3989a7174c708ddfc3da8abaa971" candidate_term: 1 candidate_status { last_received { term: 0 index: 0 } } ignore_live_leader: false dest_uuid: "feccff714d1449d799510eae2bb54000" is_pre_election: true
W20260709 14:44:50.890480  1585 leader_election.cc:343] T 7069b3088a214216b6f2a908fd6da20f P feccff714d1449d799510eae2bb54000 [CANDIDATE]: Term 1 pre-election: Tablet error from VoteRequest() call to peer 3afd7dc23b2a431faef4a754dbd5996b (127.0.107.193:33049): Illegal state: must be running to vote when last-logged opid is not known
I20260709 14:44:50.888330  1848 leader_election.cc:290] T effe24df792244bd8f2996963e017c43 P 748c3989a7174c708ddfc3da8abaa971 [CANDIDATE]: Term 1 pre-election: Requested pre-vote from peers 3afd7dc23b2a431faef4a754dbd5996b (127.0.107.193:33049), feccff714d1449d799510eae2bb54000 (127.0.107.194:44493)
I20260709 14:44:50.890918  1585 leader_election.cc:304] T 7069b3088a214216b6f2a908fd6da20f P feccff714d1449d799510eae2bb54000 [CANDIDATE]: Term 1 pre-election: Election decided. Result: candidate lost. Election summary: received 3 responses out of 3 voters: 1 yes votes; 2 no votes. yes voters: feccff714d1449d799510eae2bb54000; no voters: 3afd7dc23b2a431faef4a754dbd5996b, 748c3989a7174c708ddfc3da8abaa971
I20260709 14:44:50.889952  1693 raft_consensus.cc:3060] T 53514dc19d4e4f2081790c5e0cb27ea5 P 748c3989a7174c708ddfc3da8abaa971 [term 0 FOLLOWER]: Advancing to term 1
I20260709 14:44:50.893287  1799 raft_consensus.cc:2749] T 7069b3088a214216b6f2a908fd6da20f P feccff714d1449d799510eae2bb54000 [term 0 FOLLOWER]: Leader pre-election lost for term 1. Reason: could not achieve majority
I20260709 14:44:50.889803  1543 raft_consensus.cc:2468] T effe24df792244bd8f2996963e017c43 P 3afd7dc23b2a431faef4a754dbd5996b [term 0 FOLLOWER]: Leader pre-election vote request: Granting yes vote for candidate 748c3989a7174c708ddfc3da8abaa971 in term 0.
I20260709 14:44:50.895354  1735 tablet_bootstrap.cc:654] T 9fdeca7ab8aa4cdbb752e53f6718292a P 748c3989a7174c708ddfc3da8abaa971: Neither blocks nor log segments found. Creating new log.
W20260709 14:44:50.910467  1656 leader_election.cc:343] T effe24df792244bd8f2996963e017c43 P 748c3989a7174c708ddfc3da8abaa971 [CANDIDATE]: Term 1 pre-election: Tablet error from VoteRequest() call to peer feccff714d1449d799510eae2bb54000 (127.0.107.194:44493): Illegal state: must be running to vote when last-logged opid is not known
I20260709 14:44:50.912262  1733 raft_consensus.cc:359] T 2b695b2852224240be053ad0dc59d62f P 3afd7dc23b2a431faef4a754dbd5996b [term 0 FOLLOWER]: Replica starting. Triggering 0 pending ops. Active config: opid_index: -1 OBSOLETE_local: false peers { permanent_uuid: "3afd7dc23b2a431faef4a754dbd5996b" member_type: VOTER last_known_addr { host: "127.0.107.193" port: 33049 } } peers { permanent_uuid: "feccff714d1449d799510eae2bb54000" member_type: VOTER last_known_addr { host: "127.0.107.194" port: 44493 } } peers { permanent_uuid: "748c3989a7174c708ddfc3da8abaa971" member_type: VOTER last_known_addr { host: "127.0.107.195" port: 34619 } }
I20260709 14:44:50.912966  1733 raft_consensus.cc:385] T 2b695b2852224240be053ad0dc59d62f P 3afd7dc23b2a431faef4a754dbd5996b [term 0 FOLLOWER]: Consensus starting up: Expiring failure detector timer to make a prompt election more likely
I20260709 14:44:50.913234  1733 raft_consensus.cc:740] T 2b695b2852224240be053ad0dc59d62f P 3afd7dc23b2a431faef4a754dbd5996b [term 0 FOLLOWER]: Becoming Follower/Learner. State: Replica: 3afd7dc23b2a431faef4a754dbd5996b, State: Initialized, Role: FOLLOWER
I20260709 14:44:50.913879  1733 consensus_queue.cc:260] T 2b695b2852224240be053ad0dc59d62f P 3afd7dc23b2a431faef4a754dbd5996b [NON_LEADER]: Queue going to NON_LEADER mode. State: All replicated index: 0, Majority replicated index: 0, Committed index: 0, Last appended: 0.0, Last appended by leader: 0, Current term: 0, Majority size: -1, State: 0, Mode: NON_LEADER, active raft config: opid_index: -1 OBSOLETE_local: false peers { permanent_uuid: "3afd7dc23b2a431faef4a754dbd5996b" member_type: VOTER last_known_addr { host: "127.0.107.193" port: 33049 } } peers { permanent_uuid: "feccff714d1449d799510eae2bb54000" member_type: VOTER last_known_addr { host: "127.0.107.194" port: 44493 } } peers { permanent_uuid: "748c3989a7174c708ddfc3da8abaa971" member_type: VOTER last_known_addr { host: "127.0.107.195" port: 34619 } }
I20260709 14:44:50.915839  1733 ts_tablet_manager.cc:1434] T 2b695b2852224240be053ad0dc59d62f P 3afd7dc23b2a431faef4a754dbd5996b: Time spent starting tablet: real 0.027s	user 0.006s	sys 0.005s
I20260709 14:44:50.917114  1733 tablet_bootstrap.cc:492] T afa7696d5a054809ac346dd1ca6ad56d P 3afd7dc23b2a431faef4a754dbd5996b: Bootstrap starting.
I20260709 14:44:50.920135  1734 tablet_bootstrap.cc:654] T 38ebddc4e2bb413a990080cc632e3b84 P feccff714d1449d799510eae2bb54000: Neither blocks nor log segments found. Creating new log.
I20260709 14:44:50.924925  1741 raft_consensus.cc:493] T 13d749efccc046648ffb6bbe29a6ed4a P 3afd7dc23b2a431faef4a754dbd5996b [term 1 FOLLOWER]: Starting pre-election (detected failure of leader feccff714d1449d799510eae2bb54000)
I20260709 14:44:50.925639  1899 consensus_queue.cc:1048] T 84b110d0ed1b4a23b5d45c1d86b611ba P feccff714d1449d799510eae2bb54000 [LEADER]: Connected to new peer: Peer: permanent_uuid: "3afd7dc23b2a431faef4a754dbd5996b" member_type: VOTER last_known_addr { host: "127.0.107.193" port: 33049 }, Status: LMP_MISMATCH, Last received: 0.0, Next index: 1, Last known committed idx: 0, Time since last communication: 0.000s
I20260709 14:44:50.925801  1741 raft_consensus.cc:515] T 13d749efccc046648ffb6bbe29a6ed4a P 3afd7dc23b2a431faef4a754dbd5996b [term 1 FOLLOWER]: Starting pre-election with config: opid_index: -1 OBSOLETE_local: false peers { permanent_uuid: "3afd7dc23b2a431faef4a754dbd5996b" member_type: VOTER last_known_addr { host: "127.0.107.193" port: 33049 } } peers { permanent_uuid: "feccff714d1449d799510eae2bb54000" member_type: VOTER last_known_addr { host: "127.0.107.194" port: 44493 } } peers { permanent_uuid: "748c3989a7174c708ddfc3da8abaa971" member_type: VOTER last_known_addr { host: "127.0.107.195" port: 34619 } }
I20260709 14:44:50.926246  1659 leader_election.cc:304] T effe24df792244bd8f2996963e017c43 P 748c3989a7174c708ddfc3da8abaa971 [CANDIDATE]: Term 1 pre-election: Election decided. Result: candidate won. Election summary: received 3 responses out of 3 voters: 2 yes votes; 1 no votes. yes voters: 3afd7dc23b2a431faef4a754dbd5996b, 748c3989a7174c708ddfc3da8abaa971; no voters: feccff714d1449d799510eae2bb54000
I20260709 14:44:50.930470  1848 raft_consensus.cc:2804] T effe24df792244bd8f2996963e017c43 P 748c3989a7174c708ddfc3da8abaa971 [term 0 FOLLOWER]: Leader pre-election won for term 1
I20260709 14:44:50.930787  1741 leader_election.cc:290] T 13d749efccc046648ffb6bbe29a6ed4a P 3afd7dc23b2a431faef4a754dbd5996b [CANDIDATE]: Term 2 pre-election: Requested pre-vote from peers feccff714d1449d799510eae2bb54000 (127.0.107.194:44493), 748c3989a7174c708ddfc3da8abaa971 (127.0.107.195:34619)
I20260709 14:44:50.930874  1848 raft_consensus.cc:493] T effe24df792244bd8f2996963e017c43 P 748c3989a7174c708ddfc3da8abaa971 [term 0 FOLLOWER]: Starting leader election (no leader contacted us within the election timeout)
I20260709 14:44:50.931339  1848 raft_consensus.cc:3060] T effe24df792244bd8f2996963e017c43 P 748c3989a7174c708ddfc3da8abaa971 [term 0 FOLLOWER]: Advancing to term 1
I20260709 14:44:50.935158  1733 tablet_bootstrap.cc:654] T afa7696d5a054809ac346dd1ca6ad56d P 3afd7dc23b2a431faef4a754dbd5996b: Neither blocks nor log segments found. Creating new log.
I20260709 14:44:50.936265  1692 tablet_service.cc:1917] Received RequestConsensusVote() RPC: tablet_id: "13d749efccc046648ffb6bbe29a6ed4a" candidate_uuid: "3afd7dc23b2a431faef4a754dbd5996b" candidate_term: 2 candidate_status { last_received { term: 1 index: 1 } } ignore_live_leader: false dest_uuid: "748c3989a7174c708ddfc3da8abaa971" is_pre_election: true
I20260709 14:44:50.937243  1619 tablet_service.cc:1917] Received RequestConsensusVote() RPC: tablet_id: "13d749efccc046648ffb6bbe29a6ed4a" candidate_uuid: "3afd7dc23b2a431faef4a754dbd5996b" candidate_term: 2 candidate_status { last_received { term: 1 index: 1 } } ignore_live_leader: false dest_uuid: "feccff714d1449d799510eae2bb54000" is_pre_election: true
I20260709 14:44:50.938284  1619 raft_consensus.cc:2468] T 13d749efccc046648ffb6bbe29a6ed4a P feccff714d1449d799510eae2bb54000 [term 2 FOLLOWER]: Leader pre-election vote request: Granting yes vote for candidate 3afd7dc23b2a431faef4a754dbd5996b in term 2.
I20260709 14:44:50.937469  1692 raft_consensus.cc:2393] T 13d749efccc046648ffb6bbe29a6ed4a P 748c3989a7174c708ddfc3da8abaa971 [term 2 FOLLOWER]: Leader pre-election vote request: Denying vote to candidate 3afd7dc23b2a431faef4a754dbd5996b in current term 2: Already voted for candidate 748c3989a7174c708ddfc3da8abaa971 in this term.
I20260709 14:44:50.941198  1507 leader_election.cc:304] T 13d749efccc046648ffb6bbe29a6ed4a P 3afd7dc23b2a431faef4a754dbd5996b [CANDIDATE]: Term 2 pre-election: Election decided. Result: candidate won. Election summary: received 3 responses out of 3 voters: 2 yes votes; 1 no votes. yes voters: 3afd7dc23b2a431faef4a754dbd5996b, feccff714d1449d799510eae2bb54000; no voters: 748c3989a7174c708ddfc3da8abaa971
I20260709 14:44:50.942289  1741 raft_consensus.cc:2804] T 13d749efccc046648ffb6bbe29a6ed4a P 3afd7dc23b2a431faef4a754dbd5996b [term 1 FOLLOWER]: Leader pre-election won for term 2
I20260709 14:44:50.942678  1741 raft_consensus.cc:493] T 13d749efccc046648ffb6bbe29a6ed4a P 3afd7dc23b2a431faef4a754dbd5996b [term 1 FOLLOWER]: Starting leader election (detected failure of leader feccff714d1449d799510eae2bb54000)
I20260709 14:44:50.943059  1741 raft_consensus.cc:3060] T 13d749efccc046648ffb6bbe29a6ed4a P 3afd7dc23b2a431faef4a754dbd5996b [term 1 FOLLOWER]: Advancing to term 2
I20260709 14:44:50.942374  1848 raft_consensus.cc:515] T effe24df792244bd8f2996963e017c43 P 748c3989a7174c708ddfc3da8abaa971 [term 1 FOLLOWER]: Starting leader election with config: opid_index: -1 OBSOLETE_local: false peers { permanent_uuid: "3afd7dc23b2a431faef4a754dbd5996b" member_type: VOTER last_known_addr { host: "127.0.107.193" port: 33049 } } peers { permanent_uuid: "feccff714d1449d799510eae2bb54000" member_type: VOTER last_known_addr { host: "127.0.107.194" port: 44493 } } peers { permanent_uuid: "748c3989a7174c708ddfc3da8abaa971" member_type: VOTER last_known_addr { host: "127.0.107.195" port: 34619 } }
I20260709 14:44:50.945621  1691 raft_consensus.cc:2468] T 8a796c6140474e4f8e92d64b2f845a87 P 748c3989a7174c708ddfc3da8abaa971 [term 1 FOLLOWER]: Leader election vote request: Granting yes vote for candidate feccff714d1449d799510eae2bb54000 in term 1.
I20260709 14:44:50.949376  1585 leader_election.cc:304] T 8a796c6140474e4f8e92d64b2f845a87 P feccff714d1449d799510eae2bb54000 [CANDIDATE]: Term 1 election: Election decided. Result: candidate won. Election summary: received 2 responses out of 3 voters: 2 yes votes; 0 no votes. yes voters: 748c3989a7174c708ddfc3da8abaa971, feccff714d1449d799510eae2bb54000; no voters: 
I20260709 14:44:50.950237  1799 raft_consensus.cc:2804] T 8a796c6140474e4f8e92d64b2f845a87 P feccff714d1449d799510eae2bb54000 [term 1 FOLLOWER]: Leader election won for term 1
I20260709 14:44:50.950722  1799 raft_consensus.cc:697] T 8a796c6140474e4f8e92d64b2f845a87 P feccff714d1449d799510eae2bb54000 [term 1 LEADER]: Becoming Leader. State: Replica: feccff714d1449d799510eae2bb54000, State: Running, Role: LEADER
I20260709 14:44:50.951027  1544 tablet_service.cc:1917] Received RequestConsensusVote() RPC: tablet_id: "effe24df792244bd8f2996963e017c43" candidate_uuid: "748c3989a7174c708ddfc3da8abaa971" candidate_term: 1 candidate_status { last_received { term: 0 index: 0 } } ignore_live_leader: false dest_uuid: "3afd7dc23b2a431faef4a754dbd5996b"
I20260709 14:44:50.951723  1544 raft_consensus.cc:3060] T effe24df792244bd8f2996963e017c43 P 3afd7dc23b2a431faef4a754dbd5996b [term 0 FOLLOWER]: Advancing to term 1
I20260709 14:44:50.951665  1799 consensus_queue.cc:237] T 8a796c6140474e4f8e92d64b2f845a87 P feccff714d1449d799510eae2bb54000 [LEADER]: Queue going to LEADER mode. State: All replicated index: 0, Majority replicated index: 0, Committed index: 0, Last appended: 0.0, Last appended by leader: 0, Current term: 1, Majority size: 2, State: 0, Mode: LEADER, active raft config: opid_index: -1 OBSOLETE_local: false peers { permanent_uuid: "3afd7dc23b2a431faef4a754dbd5996b" member_type: VOTER last_known_addr { host: "127.0.107.193" port: 33049 } } peers { permanent_uuid: "feccff714d1449d799510eae2bb54000" member_type: VOTER last_known_addr { host: "127.0.107.194" port: 44493 } } peers { permanent_uuid: "748c3989a7174c708ddfc3da8abaa971" member_type: VOTER last_known_addr { host: "127.0.107.195" port: 34619 } }
I20260709 14:44:50.960054  1783 raft_consensus.cc:493] T 54e24606116a48ada0809e689148173d P 748c3989a7174c708ddfc3da8abaa971 [term 0 FOLLOWER]: Starting pre-election (no leader contacted us within the election timeout)
I20260709 14:44:50.960565  1783 raft_consensus.cc:515] T 54e24606116a48ada0809e689148173d P 748c3989a7174c708ddfc3da8abaa971 [term 0 FOLLOWER]: Starting pre-election with config: opid_index: -1 OBSOLETE_local: false peers { permanent_uuid: "3afd7dc23b2a431faef4a754dbd5996b" member_type: VOTER last_known_addr { host: "127.0.107.193" port: 33049 } } peers { permanent_uuid: "feccff714d1449d799510eae2bb54000" member_type: VOTER last_known_addr { host: "127.0.107.194" port: 44493 } } peers { permanent_uuid: "748c3989a7174c708ddfc3da8abaa971" member_type: VOTER last_known_addr { host: "127.0.107.195" port: 34619 } }
I20260709 14:44:50.962708  1783 leader_election.cc:290] T 54e24606116a48ada0809e689148173d P 748c3989a7174c708ddfc3da8abaa971 [CANDIDATE]: Term 1 pre-election: Requested pre-vote from peers 3afd7dc23b2a431faef4a754dbd5996b (127.0.107.193:33049), feccff714d1449d799510eae2bb54000 (127.0.107.194:44493)
I20260709 14:44:50.964666  1733 tablet_bootstrap.cc:492] T afa7696d5a054809ac346dd1ca6ad56d P 3afd7dc23b2a431faef4a754dbd5996b: No bootstrap required, opened a new log
I20260709 14:44:50.965092  1733 ts_tablet_manager.cc:1403] T afa7696d5a054809ac346dd1ca6ad56d P 3afd7dc23b2a431faef4a754dbd5996b: Time spent bootstrapping tablet: real 0.048s	user 0.008s	sys 0.008s
I20260709 14:44:50.966884  1616 tablet_service.cc:1917] Received RequestConsensusVote() RPC: tablet_id: "54e24606116a48ada0809e689148173d" candidate_uuid: "748c3989a7174c708ddfc3da8abaa971" candidate_term: 1 candidate_status { last_received { term: 0 index: 0 } } ignore_live_leader: false dest_uuid: "feccff714d1449d799510eae2bb54000" is_pre_election: true
I20260709 14:44:50.967772  1616 raft_consensus.cc:2468] T 54e24606116a48ada0809e689148173d P feccff714d1449d799510eae2bb54000 [term 0 FOLLOWER]: Leader pre-election vote request: Granting yes vote for candidate 748c3989a7174c708ddfc3da8abaa971 in term 0.
I20260709 14:44:50.967628  1733 raft_consensus.cc:359] T afa7696d5a054809ac346dd1ca6ad56d P 3afd7dc23b2a431faef4a754dbd5996b [term 0 FOLLOWER]: Replica starting. Triggering 0 pending ops. Active config: opid_index: -1 OBSOLETE_local: false peers { permanent_uuid: "3afd7dc23b2a431faef4a754dbd5996b" member_type: VOTER last_known_addr { host: "127.0.107.193" port: 33049 } } peers { permanent_uuid: "feccff714d1449d799510eae2bb54000" member_type: VOTER last_known_addr { host: "127.0.107.194" port: 44493 } } peers { permanent_uuid: "748c3989a7174c708ddfc3da8abaa971" member_type: VOTER last_known_addr { host: "127.0.107.195" port: 34619 } }
I20260709 14:44:50.968555  1542 tablet_service.cc:1917] Received RequestConsensusVote() RPC: tablet_id: "54e24606116a48ada0809e689148173d" candidate_uuid: "748c3989a7174c708ddfc3da8abaa971" candidate_term: 1 candidate_status { last_received { term: 0 index: 0 } } ignore_live_leader: false dest_uuid: "3afd7dc23b2a431faef4a754dbd5996b" is_pre_election: true
I20260709 14:44:50.969141  1542 raft_consensus.cc:2468] T 54e24606116a48ada0809e689148173d P 3afd7dc23b2a431faef4a754dbd5996b [term 0 FOLLOWER]: Leader pre-election vote request: Granting yes vote for candidate 748c3989a7174c708ddfc3da8abaa971 in term 0.
I20260709 14:44:50.970053  1659 leader_election.cc:304] T 54e24606116a48ada0809e689148173d P 748c3989a7174c708ddfc3da8abaa971 [CANDIDATE]: Term 1 pre-election: Election decided. Result: candidate won. Election summary: received 2 responses out of 3 voters: 2 yes votes; 0 no votes. yes voters: 3afd7dc23b2a431faef4a754dbd5996b, 748c3989a7174c708ddfc3da8abaa971; no voters: 
I20260709 14:44:50.970152  1741 raft_consensus.cc:515] T 13d749efccc046648ffb6bbe29a6ed4a P 3afd7dc23b2a431faef4a754dbd5996b [term 2 FOLLOWER]: Starting leader election with config: opid_index: -1 OBSOLETE_local: false peers { permanent_uuid: "3afd7dc23b2a431faef4a754dbd5996b" member_type: VOTER last_known_addr { host: "127.0.107.193" port: 33049 } } peers { permanent_uuid: "feccff714d1449d799510eae2bb54000" member_type: VOTER last_known_addr { host: "127.0.107.194" port: 44493 } } peers { permanent_uuid: "748c3989a7174c708ddfc3da8abaa971" member_type: VOTER last_known_addr { host: "127.0.107.195" port: 34619 } }
I20260709 14:44:50.944476  1693 raft_consensus.cc:2468] T 53514dc19d4e4f2081790c5e0cb27ea5 P 748c3989a7174c708ddfc3da8abaa971 [term 1 FOLLOWER]: Leader election vote request: Granting yes vote for candidate 3afd7dc23b2a431faef4a754dbd5996b in term 1.
I20260709 14:44:50.971657  1510 leader_election.cc:304] T 53514dc19d4e4f2081790c5e0cb27ea5 P 3afd7dc23b2a431faef4a754dbd5996b [CANDIDATE]: Term 1 election: Election decided. Result: candidate won. Election summary: received 3 responses out of 3 voters: 2 yes votes; 1 no votes. yes voters: 3afd7dc23b2a431faef4a754dbd5996b, 748c3989a7174c708ddfc3da8abaa971; no voters: feccff714d1449d799510eae2bb54000
I20260709 14:44:50.972041  1783 raft_consensus.cc:2804] T 54e24606116a48ada0809e689148173d P 748c3989a7174c708ddfc3da8abaa971 [term 0 FOLLOWER]: Leader pre-election won for term 1
I20260709 14:44:50.937608  1541 raft_consensus.cc:2468] T 8a796c6140474e4f8e92d64b2f845a87 P 3afd7dc23b2a431faef4a754dbd5996b [term 1 FOLLOWER]: Leader election vote request: Granting yes vote for candidate feccff714d1449d799510eae2bb54000 in term 1.
I20260709 14:44:50.972937  1825 raft_consensus.cc:2804] T 53514dc19d4e4f2081790c5e0cb27ea5 P 3afd7dc23b2a431faef4a754dbd5996b [term 1 FOLLOWER]: Leader election won for term 1
I20260709 14:44:50.972493  1783 raft_consensus.cc:493] T 54e24606116a48ada0809e689148173d P 748c3989a7174c708ddfc3da8abaa971 [term 0 FOLLOWER]: Starting leader election (no leader contacted us within the election timeout)
I20260709 14:44:50.973436  1825 raft_consensus.cc:697] T 53514dc19d4e4f2081790c5e0cb27ea5 P 3afd7dc23b2a431faef4a754dbd5996b [term 1 LEADER]: Becoming Leader. State: Replica: 3afd7dc23b2a431faef4a754dbd5996b, State: Running, Role: LEADER
I20260709 14:44:50.973904  1783 raft_consensus.cc:3060] T 54e24606116a48ada0809e689148173d P 748c3989a7174c708ddfc3da8abaa971 [term 0 FOLLOWER]: Advancing to term 1
I20260709 14:44:50.973452  1616 tablet_service.cc:1917] Received RequestConsensusVote() RPC: tablet_id: "13d749efccc046648ffb6bbe29a6ed4a" candidate_uuid: "3afd7dc23b2a431faef4a754dbd5996b" candidate_term: 2 candidate_status { last_received { term: 1 index: 1 } } ignore_live_leader: false dest_uuid: "feccff714d1449d799510eae2bb54000"
I20260709 14:44:50.974793  1544 raft_consensus.cc:2468] T effe24df792244bd8f2996963e017c43 P 3afd7dc23b2a431faef4a754dbd5996b [term 1 FOLLOWER]: Leader election vote request: Granting yes vote for candidate 748c3989a7174c708ddfc3da8abaa971 in term 1.
I20260709 14:44:50.974594  1825 consensus_queue.cc:237] T 53514dc19d4e4f2081790c5e0cb27ea5 P 3afd7dc23b2a431faef4a754dbd5996b [LEADER]: Queue going to LEADER mode. State: All replicated index: 0, Majority replicated index: 0, Committed index: 0, Last appended: 0.0, Last appended by leader: 0, Current term: 1, Majority size: 2, State: 0, Mode: LEADER, active raft config: opid_index: -1 OBSOLETE_local: false peers { permanent_uuid: "3afd7dc23b2a431faef4a754dbd5996b" member_type: VOTER last_known_addr { host: "127.0.107.193" port: 33049 } } peers { permanent_uuid: "feccff714d1449d799510eae2bb54000" member_type: VOTER last_known_addr { host: "127.0.107.194" port: 44493 } } peers { permanent_uuid: "748c3989a7174c708ddfc3da8abaa971" member_type: VOTER last_known_addr { host: "127.0.107.195" port: 34619 } }
I20260709 14:44:50.975943  1848 leader_election.cc:290] T effe24df792244bd8f2996963e017c43 P 748c3989a7174c708ddfc3da8abaa971 [CANDIDATE]: Term 1 election: Requested vote from peers 3afd7dc23b2a431faef4a754dbd5996b (127.0.107.193:33049), feccff714d1449d799510eae2bb54000 (127.0.107.194:44493)
I20260709 14:44:50.968708  1733 raft_consensus.cc:385] T afa7696d5a054809ac346dd1ca6ad56d P 3afd7dc23b2a431faef4a754dbd5996b [term 0 FOLLOWER]: Consensus starting up: Expiring failure detector timer to make a prompt election more likely
I20260709 14:44:50.976424  1733 raft_consensus.cc:740] T afa7696d5a054809ac346dd1ca6ad56d P 3afd7dc23b2a431faef4a754dbd5996b [term 0 FOLLOWER]: Becoming Follower/Learner. State: Replica: 3afd7dc23b2a431faef4a754dbd5996b, State: Initialized, Role: FOLLOWER
I20260709 14:44:50.977219  1733 consensus_queue.cc:260] T afa7696d5a054809ac346dd1ca6ad56d P 3afd7dc23b2a431faef4a754dbd5996b [NON_LEADER]: Queue going to NON_LEADER mode. State: All replicated index: 0, Majority replicated index: 0, Committed index: 0, Last appended: 0.0, Last appended by leader: 0, Current term: 0, Majority size: -1, State: 0, Mode: NON_LEADER, active raft config: opid_index: -1 OBSOLETE_local: false peers { permanent_uuid: "3afd7dc23b2a431faef4a754dbd5996b" member_type: VOTER last_known_addr { host: "127.0.107.193" port: 33049 } } peers { permanent_uuid: "feccff714d1449d799510eae2bb54000" member_type: VOTER last_known_addr { host: "127.0.107.194" port: 44493 } } peers { permanent_uuid: "748c3989a7174c708ddfc3da8abaa971" member_type: VOTER last_known_addr { host: "127.0.107.195" port: 34619 } }
I20260709 14:44:50.978112  1619 tablet_service.cc:1917] Received RequestConsensusVote() RPC: tablet_id: "effe24df792244bd8f2996963e017c43" candidate_uuid: "748c3989a7174c708ddfc3da8abaa971" candidate_term: 1 candidate_status { last_received { term: 0 index: 0 } } ignore_live_leader: false dest_uuid: "feccff714d1449d799510eae2bb54000"
W20260709 14:44:50.979468  1656 leader_election.cc:343] T effe24df792244bd8f2996963e017c43 P 748c3989a7174c708ddfc3da8abaa971 [CANDIDATE]: Term 1 election: Tablet error from VoteRequest() call to peer feccff714d1449d799510eae2bb54000 (127.0.107.194:44493): Illegal state: must be running to vote when last-logged opid is not known
I20260709 14:44:50.979705  1848 raft_consensus.cc:493] T 1fde7aad235b4a048d561fb8d76c813f P 748c3989a7174c708ddfc3da8abaa971 [term 0 FOLLOWER]: Starting pre-election (no leader contacted us within the election timeout)
I20260709 14:44:50.980188  1848 raft_consensus.cc:515] T 1fde7aad235b4a048d561fb8d76c813f P 748c3989a7174c708ddfc3da8abaa971 [term 0 FOLLOWER]: Starting pre-election with config: opid_index: -1 OBSOLETE_local: false peers { permanent_uuid: "3afd7dc23b2a431faef4a754dbd5996b" member_type: VOTER last_known_addr { host: "127.0.107.193" port: 33049 } } peers { permanent_uuid: "feccff714d1449d799510eae2bb54000" member_type: VOTER last_known_addr { host: "127.0.107.194" port: 44493 } } peers { permanent_uuid: "748c3989a7174c708ddfc3da8abaa971" member_type: VOTER last_known_addr { host: "127.0.107.195" port: 34619 } }
I20260709 14:44:50.982498  1848 leader_election.cc:290] T 1fde7aad235b4a048d561fb8d76c813f P 748c3989a7174c708ddfc3da8abaa971 [CANDIDATE]: Term 1 pre-election: Requested pre-vote from peers 3afd7dc23b2a431faef4a754dbd5996b (127.0.107.193:33049), feccff714d1449d799510eae2bb54000 (127.0.107.194:44493)
I20260709 14:44:50.979282  1733 ts_tablet_manager.cc:1434] T afa7696d5a054809ac346dd1ca6ad56d P 3afd7dc23b2a431faef4a754dbd5996b: Time spent starting tablet: real 0.014s	user 0.003s	sys 0.004s
I20260709 14:44:50.983521  1617 tablet_service.cc:1917] Received RequestConsensusVote() RPC: tablet_id: "1fde7aad235b4a048d561fb8d76c813f" candidate_uuid: "748c3989a7174c708ddfc3da8abaa971" candidate_term: 1 candidate_status { last_received { term: 0 index: 0 } } ignore_live_leader: false dest_uuid: "feccff714d1449d799510eae2bb54000" is_pre_election: true
I20260709 14:44:50.984171  1733 tablet_bootstrap.cc:492] T b933ef8c7bdd4ed19665792586d0dd12 P 3afd7dc23b2a431faef4a754dbd5996b: Bootstrap starting.
I20260709 14:44:50.984735  1734 tablet_bootstrap.cc:492] T 38ebddc4e2bb413a990080cc632e3b84 P feccff714d1449d799510eae2bb54000: No bootstrap required, opened a new log
W20260709 14:44:50.985020  1656 leader_election.cc:343] T 1fde7aad235b4a048d561fb8d76c813f P 748c3989a7174c708ddfc3da8abaa971 [CANDIDATE]: Term 1 pre-election: Tablet error from VoteRequest() call to peer feccff714d1449d799510eae2bb54000 (127.0.107.194:44493): Illegal state: must be running to vote when last-logged opid is not known
I20260709 14:44:50.985165  1734 ts_tablet_manager.cc:1403] T 38ebddc4e2bb413a990080cc632e3b84 P feccff714d1449d799510eae2bb54000: Time spent bootstrapping tablet: real 0.126s	user 0.015s	sys 0.007s
I20260709 14:44:50.990924  1733 tablet_bootstrap.cc:654] T b933ef8c7bdd4ed19665792586d0dd12 P 3afd7dc23b2a431faef4a754dbd5996b: Neither blocks nor log segments found. Creating new log.
I20260709 14:44:50.991166  1734 raft_consensus.cc:359] T 38ebddc4e2bb413a990080cc632e3b84 P feccff714d1449d799510eae2bb54000 [term 0 FOLLOWER]: Replica starting. Triggering 0 pending ops. Active config: opid_index: -1 OBSOLETE_local: false peers { permanent_uuid: "3afd7dc23b2a431faef4a754dbd5996b" member_type: VOTER last_known_addr { host: "127.0.107.193" port: 33049 } } peers { permanent_uuid: "feccff714d1449d799510eae2bb54000" member_type: VOTER last_known_addr { host: "127.0.107.194" port: 44493 } } peers { permanent_uuid: "748c3989a7174c708ddfc3da8abaa971" member_type: VOTER last_known_addr { host: "127.0.107.195" port: 34619 } }
I20260709 14:44:50.991842  1734 raft_consensus.cc:385] T 38ebddc4e2bb413a990080cc632e3b84 P feccff714d1449d799510eae2bb54000 [term 0 FOLLOWER]: Consensus starting up: Expiring failure detector timer to make a prompt election more likely
I20260709 14:44:50.992163  1734 raft_consensus.cc:740] T 38ebddc4e2bb413a990080cc632e3b84 P feccff714d1449d799510eae2bb54000 [term 0 FOLLOWER]: Becoming Follower/Learner. State: Replica: feccff714d1449d799510eae2bb54000, State: Initialized, Role: FOLLOWER
I20260709 14:44:50.993247  1734 consensus_queue.cc:260] T 38ebddc4e2bb413a990080cc632e3b84 P feccff714d1449d799510eae2bb54000 [NON_LEADER]: Queue going to NON_LEADER mode. State: All replicated index: 0, Majority replicated index: 0, Committed index: 0, Last appended: 0.0, Last appended by leader: 0, Current term: 0, Majority size: -1, State: 0, Mode: NON_LEADER, active raft config: opid_index: -1 OBSOLETE_local: false peers { permanent_uuid: "3afd7dc23b2a431faef4a754dbd5996b" member_type: VOTER last_known_addr { host: "127.0.107.193" port: 33049 } } peers { permanent_uuid: "feccff714d1449d799510eae2bb54000" member_type: VOTER last_known_addr { host: "127.0.107.194" port: 44493 } } peers { permanent_uuid: "748c3989a7174c708ddfc3da8abaa971" member_type: VOTER last_known_addr { host: "127.0.107.195" port: 34619 } }
I20260709 14:44:50.992185  1786 raft_consensus.cc:493] T c351c4222c5c4c7fa4f29b41a0dd140d P 748c3989a7174c708ddfc3da8abaa971 [term 0 FOLLOWER]: Starting pre-election (no leader contacted us within the election timeout)
I20260709 14:44:50.993852  1659 leader_election.cc:304] T effe24df792244bd8f2996963e017c43 P 748c3989a7174c708ddfc3da8abaa971 [CANDIDATE]: Term 1 election: Election decided. Result: candidate won. Election summary: received 3 responses out of 3 voters: 2 yes votes; 1 no votes. yes voters: 3afd7dc23b2a431faef4a754dbd5996b, 748c3989a7174c708ddfc3da8abaa971; no voters: feccff714d1449d799510eae2bb54000
I20260709 14:44:50.995579  1786 raft_consensus.cc:515] T c351c4222c5c4c7fa4f29b41a0dd140d P 748c3989a7174c708ddfc3da8abaa971 [term 0 FOLLOWER]: Starting pre-election with config: opid_index: -1 OBSOLETE_local: false peers { permanent_uuid: "3afd7dc23b2a431faef4a754dbd5996b" member_type: VOTER last_known_addr { host: "127.0.107.193" port: 33049 } } peers { permanent_uuid: "feccff714d1449d799510eae2bb54000" member_type: VOTER last_known_addr { host: "127.0.107.194" port: 44493 } } peers { permanent_uuid: "748c3989a7174c708ddfc3da8abaa971" member_type: VOTER last_known_addr { host: "127.0.107.195" port: 34619 } }
I20260709 14:44:50.998842  1848 raft_consensus.cc:2804] T effe24df792244bd8f2996963e017c43 P 748c3989a7174c708ddfc3da8abaa971 [term 1 FOLLOWER]: Leader election won for term 1
I20260709 14:44:50.999091  1741 leader_election.cc:290] T 13d749efccc046648ffb6bbe29a6ed4a P 3afd7dc23b2a431faef4a754dbd5996b [CANDIDATE]: Term 2 election: Requested vote from peers feccff714d1449d799510eae2bb54000 (127.0.107.194:44493), 748c3989a7174c708ddfc3da8abaa971 (127.0.107.195:34619)
I20260709 14:44:50.999344  1848 raft_consensus.cc:697] T effe24df792244bd8f2996963e017c43 P 748c3989a7174c708ddfc3da8abaa971 [term 1 LEADER]: Becoming Leader. State: Replica: 748c3989a7174c708ddfc3da8abaa971, State: Running, Role: LEADER
I20260709 14:44:51.000180  1848 consensus_queue.cc:237] T effe24df792244bd8f2996963e017c43 P 748c3989a7174c708ddfc3da8abaa971 [LEADER]: Queue going to LEADER mode. State: All replicated index: 0, Majority replicated index: 0, Committed index: 0, Last appended: 0.0, Last appended by leader: 0, Current term: 1, Majority size: 2, State: 0, Mode: LEADER, active raft config: opid_index: -1 OBSOLETE_local: false peers { permanent_uuid: "3afd7dc23b2a431faef4a754dbd5996b" member_type: VOTER last_known_addr { host: "127.0.107.193" port: 33049 } } peers { permanent_uuid: "feccff714d1449d799510eae2bb54000" member_type: VOTER last_known_addr { host: "127.0.107.194" port: 44493 } } peers { permanent_uuid: "748c3989a7174c708ddfc3da8abaa971" member_type: VOTER last_known_addr { host: "127.0.107.195" port: 34619 } }
I20260709 14:44:51.000931  1691 tablet_service.cc:1917] Received RequestConsensusVote() RPC: tablet_id: "13d749efccc046648ffb6bbe29a6ed4a" candidate_uuid: "3afd7dc23b2a431faef4a754dbd5996b" candidate_term: 2 candidate_status { last_received { term: 1 index: 1 } } ignore_live_leader: false dest_uuid: "748c3989a7174c708ddfc3da8abaa971"
I20260709 14:44:51.001386  1693 raft_consensus.cc:3060] T c351c4222c5c4c7fa4f29b41a0dd140d P 748c3989a7174c708ddfc3da8abaa971 [term 0 FOLLOWER]: Advancing to term 1
I20260709 14:44:51.001745  1691 raft_consensus.cc:2393] T 13d749efccc046648ffb6bbe29a6ed4a P 748c3989a7174c708ddfc3da8abaa971 [term 2 FOLLOWER]: Leader election vote request: Denying vote to candidate 3afd7dc23b2a431faef4a754dbd5996b in current term 2: Already voted for candidate 748c3989a7174c708ddfc3da8abaa971 in this term.
I20260709 14:44:51.002805  1786 leader_election.cc:290] T c351c4222c5c4c7fa4f29b41a0dd140d P 748c3989a7174c708ddfc3da8abaa971 [CANDIDATE]: Term 1 pre-election: Requested pre-vote from peers 3afd7dc23b2a431faef4a754dbd5996b (127.0.107.193:33049), feccff714d1449d799510eae2bb54000 (127.0.107.194:44493)
I20260709 14:44:51.006047  1617 tablet_service.cc:1917] Received RequestConsensusVote() RPC: tablet_id: "c351c4222c5c4c7fa4f29b41a0dd140d" candidate_uuid: "748c3989a7174c708ddfc3da8abaa971" candidate_term: 1 candidate_status { last_received { term: 0 index: 0 } } ignore_live_leader: false dest_uuid: "feccff714d1449d799510eae2bb54000" is_pre_election: true
I20260709 14:44:51.008916  1616 raft_consensus.cc:2468] T 13d749efccc046648ffb6bbe29a6ed4a P feccff714d1449d799510eae2bb54000 [term 2 FOLLOWER]: Leader election vote request: Granting yes vote for candidate 3afd7dc23b2a431faef4a754dbd5996b in term 2.
I20260709 14:44:51.011240  1543 tablet_service.cc:1917] Received RequestConsensusVote() RPC: tablet_id: "1fde7aad235b4a048d561fb8d76c813f" candidate_uuid: "748c3989a7174c708ddfc3da8abaa971" candidate_term: 1 candidate_status { last_received { term: 0 index: 0 } } ignore_live_leader: false dest_uuid: "3afd7dc23b2a431faef4a754dbd5996b" is_pre_election: true
I20260709 14:44:51.012626  1507 leader_election.cc:304] T 13d749efccc046648ffb6bbe29a6ed4a P 3afd7dc23b2a431faef4a754dbd5996b [CANDIDATE]: Term 2 election: Election decided. Result: candidate won. Election summary: received 3 responses out of 3 voters: 2 yes votes; 1 no votes. yes voters: 3afd7dc23b2a431faef4a754dbd5996b, feccff714d1449d799510eae2bb54000; no voters: 748c3989a7174c708ddfc3da8abaa971
I20260709 14:44:51.013636  1885 raft_consensus.cc:2804] T 13d749efccc046648ffb6bbe29a6ed4a P 3afd7dc23b2a431faef4a754dbd5996b [term 2 FOLLOWER]: Leader election won for term 2
I20260709 14:44:51.014125  1885 raft_consensus.cc:697] T 13d749efccc046648ffb6bbe29a6ed4a P 3afd7dc23b2a431faef4a754dbd5996b [term 2 LEADER]: Becoming Leader. State: Replica: 3afd7dc23b2a431faef4a754dbd5996b, State: Running, Role: LEADER
I20260709 14:44:51.014637  1735 tablet_bootstrap.cc:492] T 9fdeca7ab8aa4cdbb752e53f6718292a P 748c3989a7174c708ddfc3da8abaa971: No bootstrap required, opened a new log
I20260709 14:44:51.015076  1735 ts_tablet_manager.cc:1403] T 9fdeca7ab8aa4cdbb752e53f6718292a P 748c3989a7174c708ddfc3da8abaa971: Time spent bootstrapping tablet: real 0.164s	user 0.010s	sys 0.011s
I20260709 14:44:51.015044  1885 consensus_queue.cc:237] T 13d749efccc046648ffb6bbe29a6ed4a P 3afd7dc23b2a431faef4a754dbd5996b [LEADER]: Queue going to LEADER mode. State: All replicated index: 0, Majority replicated index: 1, Committed index: 1, Last appended: 1.1, Last appended by leader: 1, Current term: 2, Majority size: 2, State: 0, Mode: LEADER, active raft config: opid_index: -1 OBSOLETE_local: false peers { permanent_uuid: "3afd7dc23b2a431faef4a754dbd5996b" member_type: VOTER last_known_addr { host: "127.0.107.193" port: 33049 } } peers { permanent_uuid: "feccff714d1449d799510eae2bb54000" member_type: VOTER last_known_addr { host: "127.0.107.194" port: 44493 } } peers { permanent_uuid: "748c3989a7174c708ddfc3da8abaa971" member_type: VOTER last_known_addr { host: "127.0.107.195" port: 34619 } }
I20260709 14:44:51.017910  1734 ts_tablet_manager.cc:1434] T 38ebddc4e2bb413a990080cc632e3b84 P feccff714d1449d799510eae2bb54000: Time spent starting tablet: real 0.029s	user 0.007s	sys 0.000s
I20260709 14:44:51.019217  1734 tablet_bootstrap.cc:492] T effe24df792244bd8f2996963e017c43 P feccff714d1449d799510eae2bb54000: Bootstrap starting.
I20260709 14:44:51.020793  1543 tablet_service.cc:1917] Received RequestConsensusVote() RPC: tablet_id: "c351c4222c5c4c7fa4f29b41a0dd140d" candidate_uuid: "748c3989a7174c708ddfc3da8abaa971" candidate_term: 1 candidate_status { last_received { term: 0 index: 0 } } ignore_live_leader: false dest_uuid: "3afd7dc23b2a431faef4a754dbd5996b" is_pre_election: true
I20260709 14:44:51.021638  1543 raft_consensus.cc:2393] T c351c4222c5c4c7fa4f29b41a0dd140d P 3afd7dc23b2a431faef4a754dbd5996b [term 1 FOLLOWER]: Leader pre-election vote request: Denying vote to candidate 748c3989a7174c708ddfc3da8abaa971 in current term 1: Already voted for candidate feccff714d1449d799510eae2bb54000 in this term.
I20260709 14:44:51.025624  1440 catalog_manager.cc:5697] T 53514dc19d4e4f2081790c5e0cb27ea5 P 3afd7dc23b2a431faef4a754dbd5996b reported cstate change: term changed from 0 to 1, leader changed from <none> to 3afd7dc23b2a431faef4a754dbd5996b (127.0.107.193). New cstate: current_term: 1 leader_uuid: "3afd7dc23b2a431faef4a754dbd5996b" committed_config { opid_index: -1 OBSOLETE_local: false peers { permanent_uuid: "3afd7dc23b2a431faef4a754dbd5996b" member_type: VOTER last_known_addr { host: "127.0.107.193" port: 33049 } health_report { overall_health: HEALTHY } } peers { permanent_uuid: "feccff714d1449d799510eae2bb54000" member_type: VOTER last_known_addr { host: "127.0.107.194" port: 44493 } health_report { overall_health: UNKNOWN } } peers { permanent_uuid: "748c3989a7174c708ddfc3da8abaa971" member_type: VOTER last_known_addr { host: "127.0.107.195" port: 34619 } health_report { overall_health: UNKNOWN } } }
I20260709 14:44:51.049860  1885 raft_consensus.cc:493] T afa7696d5a054809ac346dd1ca6ad56d P 3afd7dc23b2a431faef4a754dbd5996b [term 0 FOLLOWER]: Starting pre-election (no leader contacted us within the election timeout)
