I20260709 14:48:09.958565  8727 raft_consensus.cc:385] T 4878c3403be34946808f345a995840f1 P 26d9d487c93f4a3ea576b4b01fc3854b [term 0 FOLLOWER]: Consensus starting up: Expiring failure detector timer to make a prompt election more likely
I20260709 14:48:09.958992  8727 raft_consensus.cc:740] T 4878c3403be34946808f345a995840f1 P 26d9d487c93f4a3ea576b4b01fc3854b [term 0 FOLLOWER]: Becoming Follower/Learner. State: Replica: 26d9d487c93f4a3ea576b4b01fc3854b, State: Initialized, Role: FOLLOWER
I20260709 14:48:09.959848  8727 consensus_queue.cc:260] T 4878c3403be34946808f345a995840f1 P 26d9d487c93f4a3ea576b4b01fc3854b [NON_LEADER]: Queue going to NON_LEADER mode. State: All replicated index: 0, Majority replicated index: 0, Committed index: 0, Last appended: 0.0, Last appended by leader: 0, Current term: 0, Majority size: -1, State: 0, Mode: NON_LEADER, active raft config: opid_index: -1 OBSOLETE_local: false peers { permanent_uuid: "5283adb2314f4dedbfa9800a7cb7b445" member_type: VOTER last_known_addr { host: "127.7.67.193" port: 40841 } } peers { permanent_uuid: "26d9d487c93f4a3ea576b4b01fc3854b" member_type: VOTER last_known_addr { host: "127.7.67.194" port: 41075 } } peers { permanent_uuid: "817105a4777d4092b0b05bbe2338904a" member_type: VOTER last_known_addr { host: "127.7.67.195" port: 40053 } }
I20260709 14:48:09.964267  8726 tablet_bootstrap.cc:654] T 8785ecdd5a3b436dbd4779ec024ac22d P 5283adb2314f4dedbfa9800a7cb7b445: Neither blocks nor log segments found. Creating new log.
I20260709 14:48:09.966398  8727 ts_tablet_manager.cc:1434] T 4878c3403be34946808f345a995840f1 P 26d9d487c93f4a3ea576b4b01fc3854b: Time spent starting tablet: real 0.012s	user 0.007s	sys 0.000s
I20260709 14:48:09.967605  8727 tablet_bootstrap.cc:492] T 8785ecdd5a3b436dbd4779ec024ac22d P 26d9d487c93f4a3ea576b4b01fc3854b: Bootstrap starting.
I20260709 14:48:09.974855  8727 tablet_bootstrap.cc:654] T 8785ecdd5a3b436dbd4779ec024ac22d P 26d9d487c93f4a3ea576b4b01fc3854b: Neither blocks nor log segments found. Creating new log.
I20260709 14:48:09.980257  8733 raft_consensus.cc:493] T 22afcd4b15d94483ae2c669330c97af4 P 26d9d487c93f4a3ea576b4b01fc3854b [term 0 FOLLOWER]: Starting pre-election (no leader contacted us within the election timeout)
I20260709 14:48:09.980825  8733 raft_consensus.cc:515] T 22afcd4b15d94483ae2c669330c97af4 P 26d9d487c93f4a3ea576b4b01fc3854b [term 0 FOLLOWER]: Starting pre-election with config: opid_index: -1 OBSOLETE_local: false peers { permanent_uuid: "5283adb2314f4dedbfa9800a7cb7b445" member_type: VOTER last_known_addr { host: "127.7.67.193" port: 40841 } } peers { permanent_uuid: "26d9d487c93f4a3ea576b4b01fc3854b" member_type: VOTER last_known_addr { host: "127.7.67.194" port: 41075 } } peers { permanent_uuid: "817105a4777d4092b0b05bbe2338904a" member_type: VOTER last_known_addr { host: "127.7.67.195" port: 40053 } }
I20260709 14:48:09.983029  8733 leader_election.cc:290] T 22afcd4b15d94483ae2c669330c97af4 P 26d9d487c93f4a3ea576b4b01fc3854b [CANDIDATE]: Term 1 pre-election: Requested pre-vote from peers 5283adb2314f4dedbfa9800a7cb7b445 (127.7.67.193:40841), 817105a4777d4092b0b05bbe2338904a (127.7.67.195:40053)
I20260709 14:48:09.983470  8728 tablet_bootstrap.cc:492] T c808ad5bb0f54b5683e9a2479cf999c2 P 817105a4777d4092b0b05bbe2338904a: No bootstrap required, opened a new log
I20260709 14:48:09.983644  8726 tablet_bootstrap.cc:492] T 8785ecdd5a3b436dbd4779ec024ac22d P 5283adb2314f4dedbfa9800a7cb7b445: No bootstrap required, opened a new log
I20260709 14:48:09.983970  8728 ts_tablet_manager.cc:1403] T c808ad5bb0f54b5683e9a2479cf999c2 P 817105a4777d4092b0b05bbe2338904a: Time spent bootstrapping tablet: real 0.070s	user 0.022s	sys 0.017s
I20260709 14:48:09.984052  8726 ts_tablet_manager.cc:1403] T 8785ecdd5a3b436dbd4779ec024ac22d P 5283adb2314f4dedbfa9800a7cb7b445: Time spent bootstrapping tablet: real 0.039s	user 0.000s	sys 0.010s
I20260709 14:48:09.985975  8536 tablet_service.cc:1917] Received RequestConsensusVote() RPC: tablet_id: "22afcd4b15d94483ae2c669330c97af4" candidate_uuid: "26d9d487c93f4a3ea576b4b01fc3854b" candidate_term: 1 candidate_status { last_received { term: 0 index: 0 } } ignore_live_leader: false dest_uuid: "5283adb2314f4dedbfa9800a7cb7b445" is_pre_election: true
I20260709 14:48:09.986696  8536 raft_consensus.cc:2468] T 22afcd4b15d94483ae2c669330c97af4 P 5283adb2314f4dedbfa9800a7cb7b445 [term 0 FOLLOWER]: Leader pre-election vote request: Granting yes vote for candidate 26d9d487c93f4a3ea576b4b01fc3854b in term 0.
I20260709 14:48:09.986871  8728 raft_consensus.cc:359] T c808ad5bb0f54b5683e9a2479cf999c2 P 817105a4777d4092b0b05bbe2338904a [term 0 FOLLOWER]: Replica starting. Triggering 0 pending ops. Active config: opid_index: -1 OBSOLETE_local: false peers { permanent_uuid: "5283adb2314f4dedbfa9800a7cb7b445" member_type: VOTER last_known_addr { host: "127.7.67.193" port: 40841 } } peers { permanent_uuid: "26d9d487c93f4a3ea576b4b01fc3854b" member_type: VOTER last_known_addr { host: "127.7.67.194" port: 41075 } } peers { permanent_uuid: "817105a4777d4092b0b05bbe2338904a" member_type: VOTER last_known_addr { host: "127.7.67.195" port: 40053 } }
I20260709 14:48:09.987447  8727 tablet_bootstrap.cc:492] T 8785ecdd5a3b436dbd4779ec024ac22d P 26d9d487c93f4a3ea576b4b01fc3854b: No bootstrap required, opened a new log
I20260709 14:48:09.987623  8728 raft_consensus.cc:385] T c808ad5bb0f54b5683e9a2479cf999c2 P 817105a4777d4092b0b05bbe2338904a [term 0 FOLLOWER]: Consensus starting up: Expiring failure detector timer to make a prompt election more likely
I20260709 14:48:09.987911  8727 ts_tablet_manager.cc:1403] T 8785ecdd5a3b436dbd4779ec024ac22d P 26d9d487c93f4a3ea576b4b01fc3854b: Time spent bootstrapping tablet: real 0.021s	user 0.004s	sys 0.008s
I20260709 14:48:09.988849  8726 raft_consensus.cc:359] T 8785ecdd5a3b436dbd4779ec024ac22d P 5283adb2314f4dedbfa9800a7cb7b445 [term 0 FOLLOWER]: Replica starting. Triggering 0 pending ops. Active config: opid_index: -1 OBSOLETE_local: false peers { permanent_uuid: "5283adb2314f4dedbfa9800a7cb7b445" member_type: VOTER last_known_addr { host: "127.7.67.193" port: 40841 } } peers { permanent_uuid: "26d9d487c93f4a3ea576b4b01fc3854b" member_type: VOTER last_known_addr { host: "127.7.67.194" port: 41075 } } peers { permanent_uuid: "817105a4777d4092b0b05bbe2338904a" member_type: VOTER last_known_addr { host: "127.7.67.195" port: 40053 } }
I20260709 14:48:09.989085  8578 leader_election.cc:304] T 22afcd4b15d94483ae2c669330c97af4 P 26d9d487c93f4a3ea576b4b01fc3854b [CANDIDATE]: Term 1 pre-election: Election decided. Result: candidate won. Election summary: received 2 responses out of 3 voters: 2 yes votes; 0 no votes. yes voters: 26d9d487c93f4a3ea576b4b01fc3854b, 5283adb2314f4dedbfa9800a7cb7b445; no voters: 
I20260709 14:48:09.989552  8726 raft_consensus.cc:385] T 8785ecdd5a3b436dbd4779ec024ac22d P 5283adb2314f4dedbfa9800a7cb7b445 [term 0 FOLLOWER]: Consensus starting up: Expiring failure detector timer to make a prompt election more likely
I20260709 14:48:09.987752  8684 tablet_service.cc:1917] Received RequestConsensusVote() RPC: tablet_id: "22afcd4b15d94483ae2c669330c97af4" candidate_uuid: "26d9d487c93f4a3ea576b4b01fc3854b" candidate_term: 1 candidate_status { last_received { term: 0 index: 0 } } ignore_live_leader: false dest_uuid: "817105a4777d4092b0b05bbe2338904a" is_pre_election: true
I20260709 14:48:09.989879  8726 raft_consensus.cc:740] T 8785ecdd5a3b436dbd4779ec024ac22d P 5283adb2314f4dedbfa9800a7cb7b445 [term 0 FOLLOWER]: Becoming Follower/Learner. State: Replica: 5283adb2314f4dedbfa9800a7cb7b445, State: Initialized, Role: FOLLOWER
W20260709 14:48:09.990866  8576 leader_election.cc:343] T 22afcd4b15d94483ae2c669330c97af4 P 26d9d487c93f4a3ea576b4b01fc3854b [CANDIDATE]: Term 1 pre-election: Tablet error from VoteRequest() call to peer 817105a4777d4092b0b05bbe2338904a (127.7.67.195:40053): Illegal state: must be running to vote when last-logged opid is not known
I20260709 14:48:09.990654  8726 consensus_queue.cc:260] T 8785ecdd5a3b436dbd4779ec024ac22d P 5283adb2314f4dedbfa9800a7cb7b445 [NON_LEADER]: Queue going to NON_LEADER mode. State: All replicated index: 0, Majority replicated index: 0, Committed index: 0, Last appended: 0.0, Last appended by leader: 0, Current term: 0, Majority size: -1, State: 0, Mode: NON_LEADER, active raft config: opid_index: -1 OBSOLETE_local: false peers { permanent_uuid: "5283adb2314f4dedbfa9800a7cb7b445" member_type: VOTER last_known_addr { host: "127.7.67.193" port: 40841 } } peers { permanent_uuid: "26d9d487c93f4a3ea576b4b01fc3854b" member_type: VOTER last_known_addr { host: "127.7.67.194" port: 41075 } } peers { permanent_uuid: "817105a4777d4092b0b05bbe2338904a" member_type: VOTER last_known_addr { host: "127.7.67.195" port: 40053 } }
I20260709 14:48:09.991119  8733 raft_consensus.cc:2804] T 22afcd4b15d94483ae2c669330c97af4 P 26d9d487c93f4a3ea576b4b01fc3854b [term 0 FOLLOWER]: Leader pre-election won for term 1
I20260709 14:48:09.991468  8733 raft_consensus.cc:493] T 22afcd4b15d94483ae2c669330c97af4 P 26d9d487c93f4a3ea576b4b01fc3854b [term 0 FOLLOWER]: Starting leader election (no leader contacted us within the election timeout)
I20260709 14:48:09.991503  8728 raft_consensus.cc:740] T c808ad5bb0f54b5683e9a2479cf999c2 P 817105a4777d4092b0b05bbe2338904a [term 0 FOLLOWER]: Becoming Follower/Learner. State: Replica: 817105a4777d4092b0b05bbe2338904a, State: Initialized, Role: FOLLOWER
I20260709 14:48:09.991925  8733 raft_consensus.cc:3060] T 22afcd4b15d94483ae2c669330c97af4 P 26d9d487c93f4a3ea576b4b01fc3854b [term 0 FOLLOWER]: Advancing to term 1
I20260709 14:48:09.992483  8728 consensus_queue.cc:260] T c808ad5bb0f54b5683e9a2479cf999c2 P 817105a4777d4092b0b05bbe2338904a [NON_LEADER]: Queue going to NON_LEADER mode. State: All replicated index: 0, Majority replicated index: 0, Committed index: 0, Last appended: 0.0, Last appended by leader: 0, Current term: 0, Majority size: -1, State: 0, Mode: NON_LEADER, active raft config: opid_index: -1 OBSOLETE_local: false peers { permanent_uuid: "5283adb2314f4dedbfa9800a7cb7b445" member_type: VOTER last_known_addr { host: "127.7.67.193" port: 40841 } } peers { permanent_uuid: "26d9d487c93f4a3ea576b4b01fc3854b" member_type: VOTER last_known_addr { host: "127.7.67.194" port: 41075 } } peers { permanent_uuid: "817105a4777d4092b0b05bbe2338904a" member_type: VOTER last_known_addr { host: "127.7.67.195" port: 40053 } }
I20260709 14:48:09.994109  8727 raft_consensus.cc:359] T 8785ecdd5a3b436dbd4779ec024ac22d P 26d9d487c93f4a3ea576b4b01fc3854b [term 0 FOLLOWER]: Replica starting. Triggering 0 pending ops. Active config: opid_index: -1 OBSOLETE_local: false peers { permanent_uuid: "5283adb2314f4dedbfa9800a7cb7b445" member_type: VOTER last_known_addr { host: "127.7.67.193" port: 40841 } } peers { permanent_uuid: "26d9d487c93f4a3ea576b4b01fc3854b" member_type: VOTER last_known_addr { host: "127.7.67.194" port: 41075 } } peers { permanent_uuid: "817105a4777d4092b0b05bbe2338904a" member_type: VOTER last_known_addr { host: "127.7.67.195" port: 40053 } }
I20260709 14:48:09.994803  8727 raft_consensus.cc:385] T 8785ecdd5a3b436dbd4779ec024ac22d P 26d9d487c93f4a3ea576b4b01fc3854b [term 0 FOLLOWER]: Consensus starting up: Expiring failure detector timer to make a prompt election more likely
I20260709 14:48:09.995087  8727 raft_consensus.cc:740] T 8785ecdd5a3b436dbd4779ec024ac22d P 26d9d487c93f4a3ea576b4b01fc3854b [term 0 FOLLOWER]: Becoming Follower/Learner. State: Replica: 26d9d487c93f4a3ea576b4b01fc3854b, State: Initialized, Role: FOLLOWER
I20260709 14:48:09.995770  8727 consensus_queue.cc:260] T 8785ecdd5a3b436dbd4779ec024ac22d P 26d9d487c93f4a3ea576b4b01fc3854b [NON_LEADER]: Queue going to NON_LEADER mode. State: All replicated index: 0, Majority replicated index: 0, Committed index: 0, Last appended: 0.0, Last appended by leader: 0, Current term: 0, Majority size: -1, State: 0, Mode: NON_LEADER, active raft config: opid_index: -1 OBSOLETE_local: false peers { permanent_uuid: "5283adb2314f4dedbfa9800a7cb7b445" member_type: VOTER last_known_addr { host: "127.7.67.193" port: 40841 } } peers { permanent_uuid: "26d9d487c93f4a3ea576b4b01fc3854b" member_type: VOTER last_known_addr { host: "127.7.67.194" port: 41075 } } peers { permanent_uuid: "817105a4777d4092b0b05bbe2338904a" member_type: VOTER last_known_addr { host: "127.7.67.195" port: 40053 } }
I20260709 14:48:09.994508  8728 ts_tablet_manager.cc:1434] T c808ad5bb0f54b5683e9a2479cf999c2 P 817105a4777d4092b0b05bbe2338904a: Time spent starting tablet: real 0.010s	user 0.000s	sys 0.008s
I20260709 14:48:09.997568  8728 tablet_bootstrap.cc:492] T 01547082e2a64901a52762d74372e5fd P 817105a4777d4092b0b05bbe2338904a: Bootstrap starting.
I20260709 14:48:10.003680  8728 tablet_bootstrap.cc:654] T 01547082e2a64901a52762d74372e5fd P 817105a4777d4092b0b05bbe2338904a: Neither blocks nor log segments found. Creating new log.
I20260709 14:48:09.998872  8733 raft_consensus.cc:515] T 22afcd4b15d94483ae2c669330c97af4 P 26d9d487c93f4a3ea576b4b01fc3854b [term 1 FOLLOWER]: Starting leader election with config: opid_index: -1 OBSOLETE_local: false peers { permanent_uuid: "5283adb2314f4dedbfa9800a7cb7b445" member_type: VOTER last_known_addr { host: "127.7.67.193" port: 40841 } } peers { permanent_uuid: "26d9d487c93f4a3ea576b4b01fc3854b" member_type: VOTER last_known_addr { host: "127.7.67.194" port: 41075 } } peers { permanent_uuid: "817105a4777d4092b0b05bbe2338904a" member_type: VOTER last_known_addr { host: "127.7.67.195" port: 40053 } }
I20260709 14:48:10.008112  8684 tablet_service.cc:1917] Received RequestConsensusVote() RPC: tablet_id: "22afcd4b15d94483ae2c669330c97af4" candidate_uuid: "26d9d487c93f4a3ea576b4b01fc3854b" candidate_term: 1 candidate_status { last_received { term: 0 index: 0 } } ignore_live_leader: false dest_uuid: "817105a4777d4092b0b05bbe2338904a"
W20260709 14:48:10.009552  8576 leader_election.cc:343] T 22afcd4b15d94483ae2c669330c97af4 P 26d9d487c93f4a3ea576b4b01fc3854b [CANDIDATE]: Term 1 election: Tablet error from VoteRequest() call to peer 817105a4777d4092b0b05bbe2338904a (127.7.67.195:40053): Illegal state: must be running to vote when last-logged opid is not known
I20260709 14:48:10.011317  8769 raft_consensus.cc:493] T ce66cd29d78441f9ab17c7f9ab4a3d9e P 26d9d487c93f4a3ea576b4b01fc3854b [term 0 FOLLOWER]: Starting pre-election (no leader contacted us within the election timeout)
I20260709 14:48:10.011839  8769 raft_consensus.cc:515] T ce66cd29d78441f9ab17c7f9ab4a3d9e P 26d9d487c93f4a3ea576b4b01fc3854b [term 0 FOLLOWER]: Starting pre-election with config: opid_index: -1 OBSOLETE_local: false peers { permanent_uuid: "5283adb2314f4dedbfa9800a7cb7b445" member_type: VOTER last_known_addr { host: "127.7.67.193" port: 40841 } } peers { permanent_uuid: "26d9d487c93f4a3ea576b4b01fc3854b" member_type: VOTER last_known_addr { host: "127.7.67.194" port: 41075 } } peers { permanent_uuid: "817105a4777d4092b0b05bbe2338904a" member_type: VOTER last_known_addr { host: "127.7.67.195" port: 40053 } }
I20260709 14:48:10.014600  8769 leader_election.cc:290] T ce66cd29d78441f9ab17c7f9ab4a3d9e P 26d9d487c93f4a3ea576b4b01fc3854b [CANDIDATE]: Term 1 pre-election: Requested pre-vote from peers 5283adb2314f4dedbfa9800a7cb7b445 (127.7.67.193:40841), 817105a4777d4092b0b05bbe2338904a (127.7.67.195:40053)
I20260709 14:48:10.014796  8684 tablet_service.cc:1917] Received RequestConsensusVote() RPC: tablet_id: "ce66cd29d78441f9ab17c7f9ab4a3d9e" candidate_uuid: "26d9d487c93f4a3ea576b4b01fc3854b" candidate_term: 1 candidate_status { last_received { term: 0 index: 0 } } ignore_live_leader: false dest_uuid: "817105a4777d4092b0b05bbe2338904a" is_pre_election: true
I20260709 14:48:10.015154  8726 ts_tablet_manager.cc:1434] T 8785ecdd5a3b436dbd4779ec024ac22d P 5283adb2314f4dedbfa9800a7cb7b445: Time spent starting tablet: real 0.031s	user 0.005s	sys 0.003s
I20260709 14:48:10.015520  8769 raft_consensus.cc:493] T 4878c3403be34946808f345a995840f1 P 26d9d487c93f4a3ea576b4b01fc3854b [term 0 FOLLOWER]: Starting pre-election (no leader contacted us within the election timeout)
I20260709 14:48:10.015525  8684 raft_consensus.cc:2468] T ce66cd29d78441f9ab17c7f9ab4a3d9e P 817105a4777d4092b0b05bbe2338904a [term 0 FOLLOWER]: Leader pre-election vote request: Granting yes vote for candidate 26d9d487c93f4a3ea576b4b01fc3854b in term 0.
I20260709 14:48:10.016156  8769 raft_consensus.cc:515] T 4878c3403be34946808f345a995840f1 P 26d9d487c93f4a3ea576b4b01fc3854b [term 0 FOLLOWER]: Starting pre-election with config: opid_index: -1 OBSOLETE_local: false peers { permanent_uuid: "5283adb2314f4dedbfa9800a7cb7b445" member_type: VOTER last_known_addr { host: "127.7.67.193" port: 40841 } } peers { permanent_uuid: "26d9d487c93f4a3ea576b4b01fc3854b" member_type: VOTER last_known_addr { host: "127.7.67.194" port: 41075 } } peers { permanent_uuid: "817105a4777d4092b0b05bbe2338904a" member_type: VOTER last_known_addr { host: "127.7.67.195" port: 40053 } }
I20260709 14:48:10.016978  8576 leader_election.cc:304] T ce66cd29d78441f9ab17c7f9ab4a3d9e P 26d9d487c93f4a3ea576b4b01fc3854b [CANDIDATE]: Term 1 pre-election: Election decided. Result: candidate won. Election summary: received 2 responses out of 3 voters: 2 yes votes; 0 no votes. yes voters: 26d9d487c93f4a3ea576b4b01fc3854b, 817105a4777d4092b0b05bbe2338904a; no voters: 
I20260709 14:48:10.018224  8769 leader_election.cc:290] T 4878c3403be34946808f345a995840f1 P 26d9d487c93f4a3ea576b4b01fc3854b [CANDIDATE]: Term 1 pre-election: Requested pre-vote from peers 5283adb2314f4dedbfa9800a7cb7b445 (127.7.67.193:40841), 817105a4777d4092b0b05bbe2338904a (127.7.67.195:40053)
I20260709 14:48:10.018757  8769 raft_consensus.cc:2804] T ce66cd29d78441f9ab17c7f9ab4a3d9e P 26d9d487c93f4a3ea576b4b01fc3854b [term 0 FOLLOWER]: Leader pre-election won for term 1
I20260709 14:48:10.019894  8769 raft_consensus.cc:493] T ce66cd29d78441f9ab17c7f9ab4a3d9e P 26d9d487c93f4a3ea576b4b01fc3854b [term 0 FOLLOWER]: Starting leader election (no leader contacted us within the election timeout)
I20260709 14:48:10.020072  8684 tablet_service.cc:1917] Received RequestConsensusVote() RPC: tablet_id: "4878c3403be34946808f345a995840f1" candidate_uuid: "26d9d487c93f4a3ea576b4b01fc3854b" candidate_term: 1 candidate_status { last_received { term: 0 index: 0 } } ignore_live_leader: false dest_uuid: "817105a4777d4092b0b05bbe2338904a" is_pre_election: true
W20260709 14:48:10.021396  8576 leader_election.cc:343] T 4878c3403be34946808f345a995840f1 P 26d9d487c93f4a3ea576b4b01fc3854b [CANDIDATE]: Term 1 pre-election: Tablet error from VoteRequest() call to peer 817105a4777d4092b0b05bbe2338904a (127.7.67.195:40053): Illegal state: must be running to vote when last-logged opid is not known
I20260709 14:48:10.021857  8769 raft_consensus.cc:3060] T ce66cd29d78441f9ab17c7f9ab4a3d9e P 26d9d487c93f4a3ea576b4b01fc3854b [term 0 FOLLOWER]: Advancing to term 1
I20260709 14:48:10.022686  8726 tablet_bootstrap.cc:492] T ce66cd29d78441f9ab17c7f9ab4a3d9e P 5283adb2314f4dedbfa9800a7cb7b445: Bootstrap starting.
I20260709 14:48:10.023355  8733 leader_election.cc:290] T 22afcd4b15d94483ae2c669330c97af4 P 26d9d487c93f4a3ea576b4b01fc3854b [CANDIDATE]: Term 1 election: Requested vote from peers 5283adb2314f4dedbfa9800a7cb7b445 (127.7.67.193:40841), 817105a4777d4092b0b05bbe2338904a (127.7.67.195:40053)
I20260709 14:48:10.029021  8769 raft_consensus.cc:515] T ce66cd29d78441f9ab17c7f9ab4a3d9e P 26d9d487c93f4a3ea576b4b01fc3854b [term 1 FOLLOWER]: Starting leader election with config: opid_index: -1 OBSOLETE_local: false peers { permanent_uuid: "5283adb2314f4dedbfa9800a7cb7b445" member_type: VOTER last_known_addr { host: "127.7.67.193" port: 40841 } } peers { permanent_uuid: "26d9d487c93f4a3ea576b4b01fc3854b" member_type: VOTER last_known_addr { host: "127.7.67.194" port: 41075 } } peers { permanent_uuid: "817105a4777d4092b0b05bbe2338904a" member_type: VOTER last_known_addr { host: "127.7.67.195" port: 40053 } }
I20260709 14:48:10.029724  8728 tablet_bootstrap.cc:492] T 01547082e2a64901a52762d74372e5fd P 817105a4777d4092b0b05bbe2338904a: No bootstrap required, opened a new log
I20260709 14:48:10.030316  8728 ts_tablet_manager.cc:1403] T 01547082e2a64901a52762d74372e5fd P 817105a4777d4092b0b05bbe2338904a: Time spent bootstrapping tablet: real 0.033s	user 0.010s	sys 0.005s
I20260709 14:48:10.030512  8727 ts_tablet_manager.cc:1434] T 8785ecdd5a3b436dbd4779ec024ac22d P 26d9d487c93f4a3ea576b4b01fc3854b: Time spent starting tablet: real 0.042s	user 0.017s	sys 0.008s
I20260709 14:48:10.030617  8726 tablet_bootstrap.cc:654] T ce66cd29d78441f9ab17c7f9ab4a3d9e P 5283adb2314f4dedbfa9800a7cb7b445: Neither blocks nor log segments found. Creating new log.
I20260709 14:48:10.030825  8536 tablet_service.cc:1917] Received RequestConsensusVote() RPC: tablet_id: "22afcd4b15d94483ae2c669330c97af4" candidate_uuid: "26d9d487c93f4a3ea576b4b01fc3854b" candidate_term: 1 candidate_status { last_received { term: 0 index: 0 } } ignore_live_leader: false dest_uuid: "5283adb2314f4dedbfa9800a7cb7b445"
I20260709 14:48:10.031397  8536 raft_consensus.cc:3060] T 22afcd4b15d94483ae2c669330c97af4 P 5283adb2314f4dedbfa9800a7cb7b445 [term 0 FOLLOWER]: Advancing to term 1
I20260709 14:48:10.031610  8727 tablet_bootstrap.cc:492] T c808ad5bb0f54b5683e9a2479cf999c2 P 26d9d487c93f4a3ea576b4b01fc3854b: Bootstrap starting.
I20260709 14:48:10.033574  8728 raft_consensus.cc:359] T 01547082e2a64901a52762d74372e5fd P 817105a4777d4092b0b05bbe2338904a [term 0 FOLLOWER]: Replica starting. Triggering 0 pending ops. Active config: opid_index: -1 OBSOLETE_local: false peers { permanent_uuid: "5283adb2314f4dedbfa9800a7cb7b445" member_type: VOTER last_known_addr { host: "127.7.67.193" port: 40841 } } peers { permanent_uuid: "26d9d487c93f4a3ea576b4b01fc3854b" member_type: VOTER last_known_addr { host: "127.7.67.194" port: 41075 } } peers { permanent_uuid: "817105a4777d4092b0b05bbe2338904a" member_type: VOTER last_known_addr { host: "127.7.67.195" port: 40053 } }
I20260709 14:48:10.034415  8728 raft_consensus.cc:385] T 01547082e2a64901a52762d74372e5fd P 817105a4777d4092b0b05bbe2338904a [term 0 FOLLOWER]: Consensus starting up: Expiring failure detector timer to make a prompt election more likely
I20260709 14:48:10.036654  8728 raft_consensus.cc:740] T 01547082e2a64901a52762d74372e5fd P 817105a4777d4092b0b05bbe2338904a [term 0 FOLLOWER]: Becoming Follower/Learner. State: Replica: 817105a4777d4092b0b05bbe2338904a, State: Initialized, Role: FOLLOWER
I20260709 14:48:10.036285  8769 leader_election.cc:290] T ce66cd29d78441f9ab17c7f9ab4a3d9e P 26d9d487c93f4a3ea576b4b01fc3854b [CANDIDATE]: Term 1 election: Requested vote from peers 5283adb2314f4dedbfa9800a7cb7b445 (127.7.67.193:40841), 817105a4777d4092b0b05bbe2338904a (127.7.67.195:40053)
I20260709 14:48:10.037942  8727 tablet_bootstrap.cc:654] T c808ad5bb0f54b5683e9a2479cf999c2 P 26d9d487c93f4a3ea576b4b01fc3854b: Neither blocks nor log segments found. Creating new log.
I20260709 14:48:10.037815  8728 consensus_queue.cc:260] T 01547082e2a64901a52762d74372e5fd P 817105a4777d4092b0b05bbe2338904a [NON_LEADER]: Queue going to NON_LEADER mode. State: All replicated index: 0, Majority replicated index: 0, Committed index: 0, Last appended: 0.0, Last appended by leader: 0, Current term: 0, Majority size: -1, State: 0, Mode: NON_LEADER, active raft config: opid_index: -1 OBSOLETE_local: false peers { permanent_uuid: "5283adb2314f4dedbfa9800a7cb7b445" member_type: VOTER last_known_addr { host: "127.7.67.193" port: 40841 } } peers { permanent_uuid: "26d9d487c93f4a3ea576b4b01fc3854b" member_type: VOTER last_known_addr { host: "127.7.67.194" port: 41075 } } peers { permanent_uuid: "817105a4777d4092b0b05bbe2338904a" member_type: VOTER last_known_addr { host: "127.7.67.195" port: 40053 } }
I20260709 14:48:10.038926  8684 tablet_service.cc:1917] Received RequestConsensusVote() RPC: tablet_id: "ce66cd29d78441f9ab17c7f9ab4a3d9e" candidate_uuid: "26d9d487c93f4a3ea576b4b01fc3854b" candidate_term: 1 candidate_status { last_received { term: 0 index: 0 } } ignore_live_leader: false dest_uuid: "817105a4777d4092b0b05bbe2338904a"
I20260709 14:48:10.039489  8684 raft_consensus.cc:3060] T ce66cd29d78441f9ab17c7f9ab4a3d9e P 817105a4777d4092b0b05bbe2338904a [term 0 FOLLOWER]: Advancing to term 1
I20260709 14:48:10.041103  8728 ts_tablet_manager.cc:1434] T 01547082e2a64901a52762d74372e5fd P 817105a4777d4092b0b05bbe2338904a: Time spent starting tablet: real 0.010s	user 0.006s	sys 0.000s
I20260709 14:48:10.042128  8728 tablet_bootstrap.cc:492] T 1bc6d21eef03435e835733ac08cd3aaf P 817105a4777d4092b0b05bbe2338904a: Bootstrap starting.
I20260709 14:48:10.048192  8728 tablet_bootstrap.cc:654] T 1bc6d21eef03435e835733ac08cd3aaf P 817105a4777d4092b0b05bbe2338904a: Neither blocks nor log segments found. Creating new log.
I20260709 14:48:10.053308  8684 raft_consensus.cc:2468] T ce66cd29d78441f9ab17c7f9ab4a3d9e P 817105a4777d4092b0b05bbe2338904a [term 1 FOLLOWER]: Leader election vote request: Granting yes vote for candidate 26d9d487c93f4a3ea576b4b01fc3854b in term 1.
I20260709 14:48:10.056434  8536 raft_consensus.cc:2468] T 22afcd4b15d94483ae2c669330c97af4 P 5283adb2314f4dedbfa9800a7cb7b445 [term 1 FOLLOWER]: Leader election vote request: Granting yes vote for candidate 26d9d487c93f4a3ea576b4b01fc3854b in term 1.
I20260709 14:48:10.056849  8726 tablet_bootstrap.cc:492] T ce66cd29d78441f9ab17c7f9ab4a3d9e P 5283adb2314f4dedbfa9800a7cb7b445: No bootstrap required, opened a new log
I20260709 14:48:10.057442  8726 ts_tablet_manager.cc:1403] T ce66cd29d78441f9ab17c7f9ab4a3d9e P 5283adb2314f4dedbfa9800a7cb7b445: Time spent bootstrapping tablet: real 0.035s	user 0.016s	sys 0.000s
I20260709 14:48:10.058881  8536 tablet_service.cc:1917] Received RequestConsensusVote() RPC: tablet_id: "ce66cd29d78441f9ab17c7f9ab4a3d9e" candidate_uuid: "26d9d487c93f4a3ea576b4b01fc3854b" candidate_term: 1 candidate_status { last_received { term: 0 index: 0 } } ignore_live_leader: false dest_uuid: "5283adb2314f4dedbfa9800a7cb7b445" is_pre_election: true
I20260709 14:48:10.060600  8726 raft_consensus.cc:359] T ce66cd29d78441f9ab17c7f9ab4a3d9e P 5283adb2314f4dedbfa9800a7cb7b445 [term 0 FOLLOWER]: Replica starting. Triggering 0 pending ops. Active config: opid_index: -1 OBSOLETE_local: false peers { permanent_uuid: "5283adb2314f4dedbfa9800a7cb7b445" member_type: VOTER last_known_addr { host: "127.7.67.193" port: 40841 } } peers { permanent_uuid: "26d9d487c93f4a3ea576b4b01fc3854b" member_type: VOTER last_known_addr { host: "127.7.67.194" port: 41075 } } peers { permanent_uuid: "817105a4777d4092b0b05bbe2338904a" member_type: VOTER last_known_addr { host: "127.7.67.195" port: 40053 } }
I20260709 14:48:10.061189  8537 tablet_service.cc:1917] Received RequestConsensusVote() RPC: tablet_id: "4878c3403be34946808f345a995840f1" candidate_uuid: "26d9d487c93f4a3ea576b4b01fc3854b" candidate_term: 1 candidate_status { last_received { term: 0 index: 0 } } ignore_live_leader: false dest_uuid: "5283adb2314f4dedbfa9800a7cb7b445" is_pre_election: true
I20260709 14:48:10.061491  8726 raft_consensus.cc:385] T ce66cd29d78441f9ab17c7f9ab4a3d9e P 5283adb2314f4dedbfa9800a7cb7b445 [term 0 FOLLOWER]: Consensus starting up: Expiring failure detector timer to make a prompt election more likely
I20260709 14:48:10.061846  8726 raft_consensus.cc:740] T ce66cd29d78441f9ab17c7f9ab4a3d9e P 5283adb2314f4dedbfa9800a7cb7b445 [term 0 FOLLOWER]: Becoming Follower/Learner. State: Replica: 5283adb2314f4dedbfa9800a7cb7b445, State: Initialized, Role: FOLLOWER
I20260709 14:48:10.061911  8537 raft_consensus.cc:2468] T 4878c3403be34946808f345a995840f1 P 5283adb2314f4dedbfa9800a7cb7b445 [term 0 FOLLOWER]: Leader pre-election vote request: Granting yes vote for candidate 26d9d487c93f4a3ea576b4b01fc3854b in term 0.
I20260709 14:48:10.062813  8726 consensus_queue.cc:260] T ce66cd29d78441f9ab17c7f9ab4a3d9e P 5283adb2314f4dedbfa9800a7cb7b445 [NON_LEADER]: Queue going to NON_LEADER mode. State: All replicated index: 0, Majority replicated index: 0, Committed index: 0, Last appended: 0.0, Last appended by leader: 0, Current term: 0, Majority size: -1, State: 0, Mode: NON_LEADER, active raft config: opid_index: -1 OBSOLETE_local: false peers { permanent_uuid: "5283adb2314f4dedbfa9800a7cb7b445" member_type: VOTER last_known_addr { host: "127.7.67.193" port: 40841 } } peers { permanent_uuid: "26d9d487c93f4a3ea576b4b01fc3854b" member_type: VOTER last_known_addr { host: "127.7.67.194" port: 41075 } } peers { permanent_uuid: "817105a4777d4092b0b05bbe2338904a" member_type: VOTER last_known_addr { host: "127.7.67.195" port: 40053 } }
I20260709 14:48:10.063724  8576 leader_election.cc:304] T ce66cd29d78441f9ab17c7f9ab4a3d9e P 26d9d487c93f4a3ea576b4b01fc3854b [CANDIDATE]: Term 1 election: Election decided. Result: candidate won. Election summary: received 2 responses out of 3 voters: 2 yes votes; 0 no votes. yes voters: 26d9d487c93f4a3ea576b4b01fc3854b, 817105a4777d4092b0b05bbe2338904a; no voters: 
I20260709 14:48:10.064713  8769 raft_consensus.cc:2804] T ce66cd29d78441f9ab17c7f9ab4a3d9e P 26d9d487c93f4a3ea576b4b01fc3854b [term 1 FOLLOWER]: Leader election won for term 1
I20260709 14:48:10.065207  8769 raft_consensus.cc:697] T ce66cd29d78441f9ab17c7f9ab4a3d9e P 26d9d487c93f4a3ea576b4b01fc3854b [term 1 LEADER]: Becoming Leader. State: Replica: 26d9d487c93f4a3ea576b4b01fc3854b, State: Running, Role: LEADER
I20260709 14:48:10.066056  8769 consensus_queue.cc:237] T ce66cd29d78441f9ab17c7f9ab4a3d9e P 26d9d487c93f4a3ea576b4b01fc3854b [LEADER]: Queue going to LEADER mode. State: All replicated index: 0, Majority replicated index: 0, Committed index: 0, Last appended: 0.0, Last appended by leader: 0, Current term: 1, Majority size: 2, State: 0, Mode: LEADER, active raft config: opid_index: -1 OBSOLETE_local: false peers { permanent_uuid: "5283adb2314f4dedbfa9800a7cb7b445" member_type: VOTER last_known_addr { host: "127.7.67.193" port: 40841 } } peers { permanent_uuid: "26d9d487c93f4a3ea576b4b01fc3854b" member_type: VOTER last_known_addr { host: "127.7.67.194" port: 41075 } } peers { permanent_uuid: "817105a4777d4092b0b05bbe2338904a" member_type: VOTER last_known_addr { host: "127.7.67.195" port: 40053 } }
I20260709 14:48:10.072597  8537 tablet_service.cc:1917] Received RequestConsensusVote() RPC: tablet_id: "ce66cd29d78441f9ab17c7f9ab4a3d9e" candidate_uuid: "26d9d487c93f4a3ea576b4b01fc3854b" candidate_term: 1 candidate_status { last_received { term: 0 index: 0 } } ignore_live_leader: false dest_uuid: "5283adb2314f4dedbfa9800a7cb7b445"
I20260709 14:48:10.073287  8537 raft_consensus.cc:3060] T ce66cd29d78441f9ab17c7f9ab4a3d9e P 5283adb2314f4dedbfa9800a7cb7b445 [term 0 FOLLOWER]: Advancing to term 1
I20260709 14:48:10.074182  8726 ts_tablet_manager.cc:1434] T ce66cd29d78441f9ab17c7f9ab4a3d9e P 5283adb2314f4dedbfa9800a7cb7b445: Time spent starting tablet: real 0.016s	user 0.006s	sys 0.003s
I20260709 14:48:10.075858  8726 tablet_bootstrap.cc:492] T 01547082e2a64901a52762d74372e5fd P 5283adb2314f4dedbfa9800a7cb7b445: Bootstrap starting.
I20260709 14:48:10.082640  8726 tablet_bootstrap.cc:654] T 01547082e2a64901a52762d74372e5fd P 5283adb2314f4dedbfa9800a7cb7b445: Neither blocks nor log segments found. Creating new log.
I20260709 14:48:10.083616  8578 leader_election.cc:304] T 22afcd4b15d94483ae2c669330c97af4 P 26d9d487c93f4a3ea576b4b01fc3854b [CANDIDATE]: Term 1 election: Election decided. Result: candidate won. Election summary: received 3 responses out of 3 voters: 2 yes votes; 1 no votes. yes voters: 26d9d487c93f4a3ea576b4b01fc3854b, 5283adb2314f4dedbfa9800a7cb7b445; no voters: 817105a4777d4092b0b05bbe2338904a
I20260709 14:48:10.085628  8770 raft_consensus.cc:2804] T 22afcd4b15d94483ae2c669330c97af4 P 26d9d487c93f4a3ea576b4b01fc3854b [term 1 FOLLOWER]: Leader election won for term 1
I20260709 14:48:10.086261  8770 raft_consensus.cc:697] T 22afcd4b15d94483ae2c669330c97af4 P 26d9d487c93f4a3ea576b4b01fc3854b [term 1 LEADER]: Becoming Leader. State: Replica: 26d9d487c93f4a3ea576b4b01fc3854b, State: Running, Role: LEADER
I20260709 14:48:10.087167  8770 consensus_queue.cc:237] T 22afcd4b15d94483ae2c669330c97af4 P 26d9d487c93f4a3ea576b4b01fc3854b [LEADER]: Queue going to LEADER mode. State: All replicated index: 0, Majority replicated index: 0, Committed index: 0, Last appended: 0.0, Last appended by leader: 0, Current term: 1, Majority size: 2, State: 0, Mode: LEADER, active raft config: opid_index: -1 OBSOLETE_local: false peers { permanent_uuid: "5283adb2314f4dedbfa9800a7cb7b445" member_type: VOTER last_known_addr { host: "127.7.67.193" port: 40841 } } peers { permanent_uuid: "26d9d487c93f4a3ea576b4b01fc3854b" member_type: VOTER last_known_addr { host: "127.7.67.194" port: 41075 } } peers { permanent_uuid: "817105a4777d4092b0b05bbe2338904a" member_type: VOTER last_known_addr { host: "127.7.67.195" port: 40053 } }
I20260709 14:48:10.094805  8726 tablet_bootstrap.cc:492] T 01547082e2a64901a52762d74372e5fd P 5283adb2314f4dedbfa9800a7cb7b445: No bootstrap required, opened a new log
I20260709 14:48:10.095348  8726 ts_tablet_manager.cc:1403] T 01547082e2a64901a52762d74372e5fd P 5283adb2314f4dedbfa9800a7cb7b445: Time spent bootstrapping tablet: real 0.020s	user 0.014s	sys 0.003s
I20260709 14:48:10.081686  8537 raft_consensus.cc:2468] T ce66cd29d78441f9ab17c7f9ab4a3d9e P 5283adb2314f4dedbfa9800a7cb7b445 [term 1 FOLLOWER]: Leader election vote request: Granting yes vote for candidate 26d9d487c93f4a3ea576b4b01fc3854b in term 1.
I20260709 14:48:10.098076  8726 raft_consensus.cc:359] T 01547082e2a64901a52762d74372e5fd P 5283adb2314f4dedbfa9800a7cb7b445 [term 0 FOLLOWER]: Replica starting. Triggering 0 pending ops. Active config: opid_index: -1 OBSOLETE_local: false peers { permanent_uuid: "5283adb2314f4dedbfa9800a7cb7b445" member_type: VOTER last_known_addr { host: "127.7.67.193" port: 40841 } } peers { permanent_uuid: "26d9d487c93f4a3ea576b4b01fc3854b" member_type: VOTER last_known_addr { host: "127.7.67.194" port: 41075 } } peers { permanent_uuid: "817105a4777d4092b0b05bbe2338904a" member_type: VOTER last_known_addr { host: "127.7.67.195" port: 40053 } }
I20260709 14:48:10.099270  8726 raft_consensus.cc:385] T 01547082e2a64901a52762d74372e5fd P 5283adb2314f4dedbfa9800a7cb7b445 [term 0 FOLLOWER]: Consensus starting up: Expiring failure detector timer to make a prompt election more likely
I20260709 14:48:10.099604  8726 raft_consensus.cc:740] T 01547082e2a64901a52762d74372e5fd P 5283adb2314f4dedbfa9800a7cb7b445 [term 0 FOLLOWER]: Becoming Follower/Learner. State: Replica: 5283adb2314f4dedbfa9800a7cb7b445, State: Initialized, Role: FOLLOWER
I20260709 14:48:10.100402  8726 consensus_queue.cc:260] T 01547082e2a64901a52762d74372e5fd P 5283adb2314f4dedbfa9800a7cb7b445 [NON_LEADER]: Queue going to NON_LEADER mode. State: All replicated index: 0, Majority replicated index: 0, Committed index: 0, Last appended: 0.0, Last appended by leader: 0, Current term: 0, Majority size: -1, State: 0, Mode: NON_LEADER, active raft config: opid_index: -1 OBSOLETE_local: false peers { permanent_uuid: "5283adb2314f4dedbfa9800a7cb7b445" member_type: VOTER last_known_addr { host: "127.7.67.193" port: 40841 } } peers { permanent_uuid: "26d9d487c93f4a3ea576b4b01fc3854b" member_type: VOTER last_known_addr { host: "127.7.67.194" port: 41075 } } peers { permanent_uuid: "817105a4777d4092b0b05bbe2338904a" member_type: VOTER last_known_addr { host: "127.7.67.195" port: 40053 } }
W20260709 14:48:10.098230  8578 leader_election.cc:343] T ce66cd29d78441f9ab17c7f9ab4a3d9e P 26d9d487c93f4a3ea576b4b01fc3854b [CANDIDATE]: Term 1 pre-election: Tablet error from VoteRequest() call to peer 5283adb2314f4dedbfa9800a7cb7b445 (127.7.67.193:40841): Illegal state: must be running to vote when last-logged opid is not known
I20260709 14:48:10.108767  8578 leader_election.cc:304] T 4878c3403be34946808f345a995840f1 P 26d9d487c93f4a3ea576b4b01fc3854b [CANDIDATE]: Term 1 pre-election: Election decided. Result: candidate won. Election summary: received 3 responses out of 3 voters: 2 yes votes; 1 no votes. yes voters: 26d9d487c93f4a3ea576b4b01fc3854b, 5283adb2314f4dedbfa9800a7cb7b445; no voters: 817105a4777d4092b0b05bbe2338904a
I20260709 14:48:10.109701  8770 raft_consensus.cc:2804] T 4878c3403be34946808f345a995840f1 P 26d9d487c93f4a3ea576b4b01fc3854b [term 0 FOLLOWER]: Leader pre-election won for term 1
I20260709 14:48:10.110170  8770 raft_consensus.cc:493] T 4878c3403be34946808f345a995840f1 P 26d9d487c93f4a3ea576b4b01fc3854b [term 0 FOLLOWER]: Starting leader election (no leader contacted us within the election timeout)
I20260709 14:48:10.110576  8770 raft_consensus.cc:3060] T 4878c3403be34946808f345a995840f1 P 26d9d487c93f4a3ea576b4b01fc3854b [term 0 FOLLOWER]: Advancing to term 1
I20260709 14:48:10.112154  8752 raft_consensus.cc:493] T 01547082e2a64901a52762d74372e5fd P 817105a4777d4092b0b05bbe2338904a [term 0 FOLLOWER]: Starting pre-election (no leader contacted us within the election timeout)
I20260709 14:48:10.112648  8752 raft_consensus.cc:515] T 01547082e2a64901a52762d74372e5fd P 817105a4777d4092b0b05bbe2338904a [term 0 FOLLOWER]: Starting pre-election with config: opid_index: -1 OBSOLETE_local: false peers { permanent_uuid: "5283adb2314f4dedbfa9800a7cb7b445" member_type: VOTER last_known_addr { host: "127.7.67.193" port: 40841 } } peers { permanent_uuid: "26d9d487c93f4a3ea576b4b01fc3854b" member_type: VOTER last_known_addr { host: "127.7.67.194" port: 41075 } } peers { permanent_uuid: "817105a4777d4092b0b05bbe2338904a" member_type: VOTER last_known_addr { host: "127.7.67.195" port: 40053 } }
I20260709 14:48:10.115151  8752 leader_election.cc:290] T 01547082e2a64901a52762d74372e5fd P 817105a4777d4092b0b05bbe2338904a [CANDIDATE]: Term 1 pre-election: Requested pre-vote from peers 5283adb2314f4dedbfa9800a7cb7b445 (127.7.67.193:40841), 26d9d487c93f4a3ea576b4b01fc3854b (127.7.67.194:41075)
I20260709 14:48:10.119663  8433 catalog_manager.cc:5697] T ce66cd29d78441f9ab17c7f9ab4a3d9e P 26d9d487c93f4a3ea576b4b01fc3854b reported cstate change: term changed from 0 to 1, leader changed from <none> to 26d9d487c93f4a3ea576b4b01fc3854b (127.7.67.194). New cstate: current_term: 1 leader_uuid: "26d9d487c93f4a3ea576b4b01fc3854b" committed_config { opid_index: -1 OBSOLETE_local: false peers { permanent_uuid: "5283adb2314f4dedbfa9800a7cb7b445" member_type: VOTER last_known_addr { host: "127.7.67.193" port: 40841 } health_report { overall_health: UNKNOWN } } peers { permanent_uuid: "26d9d487c93f4a3ea576b4b01fc3854b" member_type: VOTER last_known_addr { host: "127.7.67.194" port: 41075 } health_report { overall_health: HEALTHY } } peers { permanent_uuid: "817105a4777d4092b0b05bbe2338904a" member_type: VOTER last_known_addr { host: "127.7.67.195" port: 40053 } health_report { overall_health: UNKNOWN } } }
I20260709 14:48:10.119571  8726 ts_tablet_manager.cc:1434] T 01547082e2a64901a52762d74372e5fd P 5283adb2314f4dedbfa9800a7cb7b445: Time spent starting tablet: real 0.024s	user 0.007s	sys 0.000s
I20260709 14:48:10.123526  8612 tablet_service.cc:1917] Received RequestConsensusVote() RPC: tablet_id: "01547082e2a64901a52762d74372e5fd" candidate_uuid: "817105a4777d4092b0b05bbe2338904a" candidate_term: 1 candidate_status { last_received { term: 0 index: 0 } } ignore_live_leader: false dest_uuid: "26d9d487c93f4a3ea576b4b01fc3854b" is_pre_election: true
I20260709 14:48:10.124257  8612 raft_consensus.cc:2468] T 01547082e2a64901a52762d74372e5fd P 26d9d487c93f4a3ea576b4b01fc3854b [term 0 FOLLOWER]: Leader pre-election vote request: Granting yes vote for candidate 817105a4777d4092b0b05bbe2338904a in term 0.
I20260709 14:48:10.125694  8649 leader_election.cc:304] T 01547082e2a64901a52762d74372e5fd P 817105a4777d4092b0b05bbe2338904a [CANDIDATE]: Term 1 pre-election: Election decided. Result: candidate won. Election summary: received 2 responses out of 3 voters: 2 yes votes; 0 no votes. yes voters: 26d9d487c93f4a3ea576b4b01fc3854b, 817105a4777d4092b0b05bbe2338904a; no voters: 
I20260709 14:48:10.126761  8752 raft_consensus.cc:2804] T 01547082e2a64901a52762d74372e5fd P 817105a4777d4092b0b05bbe2338904a [term 0 FOLLOWER]: Leader pre-election won for term 1
I20260709 14:48:10.127213  8752 raft_consensus.cc:493] T 01547082e2a64901a52762d74372e5fd P 817105a4777d4092b0b05bbe2338904a [term 0 FOLLOWER]: Starting leader election (no leader contacted us within the election timeout)
I20260709 14:48:10.127619  8752 raft_consensus.cc:3060] T 01547082e2a64901a52762d74372e5fd P 817105a4777d4092b0b05bbe2338904a [term 0 FOLLOWER]: Advancing to term 1
I20260709 14:48:10.133426  8726 tablet_bootstrap.cc:492] T 75b5bbfeac1a4b6da4d2a7f6ddc349a4 P 5283adb2314f4dedbfa9800a7cb7b445: Bootstrap starting.
I20260709 14:48:10.133765  8735 raft_consensus.cc:493] T c808ad5bb0f54b5683e9a2479cf999c2 P 817105a4777d4092b0b05bbe2338904a [term 0 FOLLOWER]: Starting pre-election (no leader contacted us within the election timeout)
I20260709 14:48:10.134310  8735 raft_consensus.cc:515] T c808ad5bb0f54b5683e9a2479cf999c2 P 817105a4777d4092b0b05bbe2338904a [term 0 FOLLOWER]: Starting pre-election with config: opid_index: -1 OBSOLETE_local: false peers { permanent_uuid: "5283adb2314f4dedbfa9800a7cb7b445" member_type: VOTER last_known_addr { host: "127.7.67.193" port: 40841 } } peers { permanent_uuid: "26d9d487c93f4a3ea576b4b01fc3854b" member_type: VOTER last_known_addr { host: "127.7.67.194" port: 41075 } } peers { permanent_uuid: "817105a4777d4092b0b05bbe2338904a" member_type: VOTER last_known_addr { host: "127.7.67.195" port: 40053 } }
I20260709 14:48:10.136464  8735 leader_election.cc:290] T c808ad5bb0f54b5683e9a2479cf999c2 P 817105a4777d4092b0b05bbe2338904a [CANDIDATE]: Term 1 pre-election: Requested pre-vote from peers 5283adb2314f4dedbfa9800a7cb7b445 (127.7.67.193:40841), 26d9d487c93f4a3ea576b4b01fc3854b (127.7.67.194:41075)
I20260709 14:48:10.139119  8612 tablet_service.cc:1917] Received RequestConsensusVote() RPC: tablet_id: "c808ad5bb0f54b5683e9a2479cf999c2" candidate_uuid: "817105a4777d4092b0b05bbe2338904a" candidate_term: 1 candidate_status { last_received { term: 0 index: 0 } } ignore_live_leader: false dest_uuid: "26d9d487c93f4a3ea576b4b01fc3854b" is_pre_election: true
I20260709 14:48:10.139775  8726 tablet_bootstrap.cc:654] T 75b5bbfeac1a4b6da4d2a7f6ddc349a4 P 5283adb2314f4dedbfa9800a7cb7b445: Neither blocks nor log segments found. Creating new log.
W20260709 14:48:10.140811  8649 leader_election.cc:343] T c808ad5bb0f54b5683e9a2479cf999c2 P 817105a4777d4092b0b05bbe2338904a [CANDIDATE]: Term 1 pre-election: Tablet error from VoteRequest() call to peer 26d9d487c93f4a3ea576b4b01fc3854b (127.7.67.194:41075): Illegal state: must be running to vote when last-logged opid is not known
I20260709 14:48:10.141852  8536 tablet_service.cc:1917] Received RequestConsensusVote() RPC: tablet_id: "c808ad5bb0f54b5683e9a2479cf999c2" candidate_uuid: "817105a4777d4092b0b05bbe2338904a" candidate_term: 1 candidate_status { last_received { term: 0 index: 0 } } ignore_live_leader: false dest_uuid: "5283adb2314f4dedbfa9800a7cb7b445" is_pre_election: true
I20260709 14:48:10.142658  8536 raft_consensus.cc:2468] T c808ad5bb0f54b5683e9a2479cf999c2 P 5283adb2314f4dedbfa9800a7cb7b445 [term 0 FOLLOWER]: Leader pre-election vote request: Granting yes vote for candidate 817105a4777d4092b0b05bbe2338904a in term 0.
I20260709 14:48:10.143998  8652 leader_election.cc:304] T c808ad5bb0f54b5683e9a2479cf999c2 P 817105a4777d4092b0b05bbe2338904a [CANDIDATE]: Term 1 pre-election: Election decided. Result: candidate won. Election summary: received 3 responses out of 3 voters: 2 yes votes; 1 no votes. yes voters: 5283adb2314f4dedbfa9800a7cb7b445, 817105a4777d4092b0b05bbe2338904a; no voters: 26d9d487c93f4a3ea576b4b01fc3854b
I20260709 14:48:10.145226  8735 raft_consensus.cc:2804] T c808ad5bb0f54b5683e9a2479cf999c2 P 817105a4777d4092b0b05bbe2338904a [term 0 FOLLOWER]: Leader pre-election won for term 1
I20260709 14:48:10.145653  8735 raft_consensus.cc:493] T c808ad5bb0f54b5683e9a2479cf999c2 P 817105a4777d4092b0b05bbe2338904a [term 0 FOLLOWER]: Starting leader election (no leader contacted us within the election timeout)
I20260709 14:48:10.146114  8735 raft_consensus.cc:3060] T c808ad5bb0f54b5683e9a2479cf999c2 P 817105a4777d4092b0b05bbe2338904a [term 0 FOLLOWER]: Advancing to term 1
I20260709 14:48:10.151597  8726 tablet_bootstrap.cc:492] T 75b5bbfeac1a4b6da4d2a7f6ddc349a4 P 5283adb2314f4dedbfa9800a7cb7b445: No bootstrap required, opened a new log
I20260709 14:48:10.152124  8726 ts_tablet_manager.cc:1403] T 75b5bbfeac1a4b6da4d2a7f6ddc349a4 P 5283adb2314f4dedbfa9800a7cb7b445: Time spent bootstrapping tablet: real 0.019s	user 0.016s	sys 0.000s
I20260709 14:48:10.154402  8537 tablet_service.cc:1917] Received RequestConsensusVote() RPC: tablet_id: "01547082e2a64901a52762d74372e5fd" candidate_uuid: "817105a4777d4092b0b05bbe2338904a" candidate_term: 1 candidate_status { last_received { term: 0 index: 0 } } ignore_live_leader: false dest_uuid: "5283adb2314f4dedbfa9800a7cb7b445" is_pre_election: true
I20260709 14:48:10.155260  8537 raft_consensus.cc:2468] T 01547082e2a64901a52762d74372e5fd P 5283adb2314f4dedbfa9800a7cb7b445 [term 0 FOLLOWER]: Leader pre-election vote request: Granting yes vote for candidate 817105a4777d4092b0b05bbe2338904a in term 0.
I20260709 14:48:10.155035  8726 raft_consensus.cc:359] T 75b5bbfeac1a4b6da4d2a7f6ddc349a4 P 5283adb2314f4dedbfa9800a7cb7b445 [term 0 FOLLOWER]: Replica starting. Triggering 0 pending ops. Active config: opid_index: -1 OBSOLETE_local: false peers { permanent_uuid: "5283adb2314f4dedbfa9800a7cb7b445" member_type: VOTER last_known_addr { host: "127.7.67.193" port: 40841 } } peers { permanent_uuid: "26d9d487c93f4a3ea576b4b01fc3854b" member_type: VOTER last_known_addr { host: "127.7.67.194" port: 41075 } } peers { permanent_uuid: "817105a4777d4092b0b05bbe2338904a" member_type: VOTER last_known_addr { host: "127.7.67.195" port: 40053 } }
I20260709 14:48:10.155954  8726 raft_consensus.cc:385] T 75b5bbfeac1a4b6da4d2a7f6ddc349a4 P 5283adb2314f4dedbfa9800a7cb7b445 [term 0 FOLLOWER]: Consensus starting up: Expiring failure detector timer to make a prompt election more likely
I20260709 14:48:10.156257  8726 raft_consensus.cc:740] T 75b5bbfeac1a4b6da4d2a7f6ddc349a4 P 5283adb2314f4dedbfa9800a7cb7b445 [term 0 FOLLOWER]: Becoming Follower/Learner. State: Replica: 5283adb2314f4dedbfa9800a7cb7b445, State: Initialized, Role: FOLLOWER
I20260709 14:48:10.157064  8726 consensus_queue.cc:260] T 75b5bbfeac1a4b6da4d2a7f6ddc349a4 P 5283adb2314f4dedbfa9800a7cb7b445 [NON_LEADER]: Queue going to NON_LEADER mode. State: All replicated index: 0, Majority replicated index: 0, Committed index: 0, Last appended: 0.0, Last appended by leader: 0, Current term: 0, Majority size: -1, State: 0, Mode: NON_LEADER, active raft config: opid_index: -1 OBSOLETE_local: false peers { permanent_uuid: "5283adb2314f4dedbfa9800a7cb7b445" member_type: VOTER last_known_addr { host: "127.7.67.193" port: 40841 } } peers { permanent_uuid: "26d9d487c93f4a3ea576b4b01fc3854b" member_type: VOTER last_known_addr { host: "127.7.67.194" port: 41075 } } peers { permanent_uuid: "817105a4777d4092b0b05bbe2338904a" member_type: VOTER last_known_addr { host: "127.7.67.195" port: 40053 } }
I20260709 14:48:10.165699  8732 raft_consensus.cc:493] T 49470f0c5e2345e0b95186cf7a89999f P 5283adb2314f4dedbfa9800a7cb7b445 [term 0 FOLLOWER]: Starting pre-election (no leader contacted us within the election timeout)
I20260709 14:48:10.166352  8732 raft_consensus.cc:515] T 49470f0c5e2345e0b95186cf7a89999f P 5283adb2314f4dedbfa9800a7cb7b445 [term 0 FOLLOWER]: Starting pre-election with config: opid_index: -1 OBSOLETE_local: false peers { permanent_uuid: "5283adb2314f4dedbfa9800a7cb7b445" member_type: VOTER last_known_addr { host: "127.7.67.193" port: 40841 } } peers { permanent_uuid: "26d9d487c93f4a3ea576b4b01fc3854b" member_type: VOTER last_known_addr { host: "127.7.67.194" port: 41075 } } peers { permanent_uuid: "817105a4777d4092b0b05bbe2338904a" member_type: VOTER last_known_addr { host: "127.7.67.195" port: 40053 } }
I20260709 14:48:10.168785  8732 leader_election.cc:290] T 49470f0c5e2345e0b95186cf7a89999f P 5283adb2314f4dedbfa9800a7cb7b445 [CANDIDATE]: Term 1 pre-election: Requested pre-vote from peers 26d9d487c93f4a3ea576b4b01fc3854b (127.7.67.194:41075), 817105a4777d4092b0b05bbe2338904a (127.7.67.195:40053)
I20260709 14:48:10.172596  8612 tablet_service.cc:1917] Received RequestConsensusVote() RPC: tablet_id: "49470f0c5e2345e0b95186cf7a89999f" candidate_uuid: "5283adb2314f4dedbfa9800a7cb7b445" candidate_term: 1 candidate_status { last_received { term: 0 index: 0 } } ignore_live_leader: false dest_uuid: "26d9d487c93f4a3ea576b4b01fc3854b" is_pre_election: true
I20260709 14:48:10.175796  8726 ts_tablet_manager.cc:1434] T 75b5bbfeac1a4b6da4d2a7f6ddc349a4 P 5283adb2314f4dedbfa9800a7cb7b445: Time spent starting tablet: real 0.023s	user 0.007s	sys 0.000s
W20260709 14:48:10.174126  8500 leader_election.cc:343] T 49470f0c5e2345e0b95186cf7a89999f P 5283adb2314f4dedbfa9800a7cb7b445 [CANDIDATE]: Term 1 pre-election: Tablet error from VoteRequest() call to peer 26d9d487c93f4a3ea576b4b01fc3854b (127.7.67.194:41075): Illegal state: must be running to vote when last-logged opid is not known
I20260709 14:48:10.176939  8726 tablet_bootstrap.cc:492] T 2607516a4bf64ea99cc4866b9685d65d P 5283adb2314f4dedbfa9800a7cb7b445: Bootstrap starting.
