I20260709 14:47:46.212024 12451 raft_consensus.cc:515] T 1581c37ab6d942ab9d537bae3d708fd5 P 43dbb5ba0a7d40ecbfcc26686d32c0a3 [term 0 FOLLOWER]: Starting pre-election with config: opid_index: -1 OBSOLETE_local: false peers { permanent_uuid: "1575369b6dd14c84b266e99cd279bc34" member_type: VOTER last_known_addr { host: "127.11.213.1" port: 35305 } } peers { permanent_uuid: "538c26f4a35a4c1d88e481ad01dc0f88" member_type: VOTER last_known_addr { host: "127.11.213.3" port: 33591 } } peers { permanent_uuid: "43dbb5ba0a7d40ecbfcc26686d32c0a3" member_type: VOTER last_known_addr { host: "127.11.213.2" port: 45799 } }
I20260709 14:47:46.218211 12451 leader_election.cc:290] T 1581c37ab6d942ab9d537bae3d708fd5 P 43dbb5ba0a7d40ecbfcc26686d32c0a3 [CANDIDATE]: Term 1 pre-election: Requested pre-vote from peers 1575369b6dd14c84b266e99cd279bc34 (127.11.213.1:35305), 538c26f4a35a4c1d88e481ad01dc0f88 (127.11.213.3:33591)
I20260709 14:47:46.220952 12445 tablet_bootstrap.cc:492] T 3fafefff03ef4274818f9d176b870383 P 43dbb5ba0a7d40ecbfcc26686d32c0a3: No bootstrap required, opened a new log
I20260709 14:47:46.221119 12444 tablet_bootstrap.cc:654] T b49ec71fbbeb4f48b02ef4cd1fb4245b P 538c26f4a35a4c1d88e481ad01dc0f88: Neither blocks nor log segments found. Creating new log.
I20260709 14:47:46.224171 12445 ts_tablet_manager.cc:1403] T 3fafefff03ef4274818f9d176b870383 P 43dbb5ba0a7d40ecbfcc26686d32c0a3: Time spent bootstrapping tablet: real 0.050s	user 0.024s	sys 0.002s
I20260709 14:47:46.224472 12443 tablet_bootstrap.cc:654] T b49ec71fbbeb4f48b02ef4cd1fb4245b P 1575369b6dd14c84b266e99cd279bc34: Neither blocks nor log segments found. Creating new log.
I20260709 14:47:46.232951 12445 raft_consensus.cc:359] T 3fafefff03ef4274818f9d176b870383 P 43dbb5ba0a7d40ecbfcc26686d32c0a3 [term 0 FOLLOWER]: Replica starting. Triggering 0 pending ops. Active config: opid_index: -1 OBSOLETE_local: false peers { permanent_uuid: "1575369b6dd14c84b266e99cd279bc34" member_type: VOTER last_known_addr { host: "127.11.213.1" port: 35305 } } peers { permanent_uuid: "43dbb5ba0a7d40ecbfcc26686d32c0a3" member_type: VOTER last_known_addr { host: "127.11.213.2" port: 45799 } } peers { permanent_uuid: "538c26f4a35a4c1d88e481ad01dc0f88" member_type: VOTER last_known_addr { host: "127.11.213.3" port: 33591 } }
I20260709 14:47:46.235210 12445 raft_consensus.cc:385] T 3fafefff03ef4274818f9d176b870383 P 43dbb5ba0a7d40ecbfcc26686d32c0a3 [term 0 FOLLOWER]: Consensus starting up: Expiring failure detector timer to make a prompt election more likely
I20260709 14:47:46.238095 12445 raft_consensus.cc:740] T 3fafefff03ef4274818f9d176b870383 P 43dbb5ba0a7d40ecbfcc26686d32c0a3 [term 0 FOLLOWER]: Becoming Follower/Learner. State: Replica: 43dbb5ba0a7d40ecbfcc26686d32c0a3, State: Initialized, Role: FOLLOWER
I20260709 14:47:46.241675 12444 tablet_bootstrap.cc:492] T b49ec71fbbeb4f48b02ef4cd1fb4245b P 538c26f4a35a4c1d88e481ad01dc0f88: No bootstrap required, opened a new log
I20260709 14:47:46.242168 12444 ts_tablet_manager.cc:1403] T b49ec71fbbeb4f48b02ef4cd1fb4245b P 538c26f4a35a4c1d88e481ad01dc0f88: Time spent bootstrapping tablet: real 0.049s	user 0.016s	sys 0.003s
I20260709 14:47:46.243083 12399 tablet_service.cc:1917] Received RequestConsensusVote() RPC: tablet_id: "86ca76db15414cb480691ef480d2663d" candidate_uuid: "43dbb5ba0a7d40ecbfcc26686d32c0a3" candidate_term: 1 candidate_status { last_received { term: 0 index: 0 } } ignore_live_leader: false dest_uuid: "538c26f4a35a4c1d88e481ad01dc0f88" is_pre_election: true
I20260709 14:47:46.242283 12445 consensus_queue.cc:260] T 3fafefff03ef4274818f9d176b870383 P 43dbb5ba0a7d40ecbfcc26686d32c0a3 [NON_LEADER]: Queue going to NON_LEADER mode. State: All replicated index: 0, Majority replicated index: 0, Committed index: 0, Last appended: 0.0, Last appended by leader: 0, Current term: 0, Majority size: -1, State: 0, Mode: NON_LEADER, active raft config: opid_index: -1 OBSOLETE_local: false peers { permanent_uuid: "1575369b6dd14c84b266e99cd279bc34" member_type: VOTER last_known_addr { host: "127.11.213.1" port: 35305 } } peers { permanent_uuid: "43dbb5ba0a7d40ecbfcc26686d32c0a3" member_type: VOTER last_known_addr { host: "127.11.213.2" port: 45799 } } peers { permanent_uuid: "538c26f4a35a4c1d88e481ad01dc0f88" member_type: VOTER last_known_addr { host: "127.11.213.3" port: 33591 } }
I20260709 14:47:46.243695 12399 raft_consensus.cc:2468] T 86ca76db15414cb480691ef480d2663d P 538c26f4a35a4c1d88e481ad01dc0f88 [term 0 FOLLOWER]: Leader pre-election vote request: Granting yes vote for candidate 43dbb5ba0a7d40ecbfcc26686d32c0a3 in term 0.
I20260709 14:47:46.242204 12400 tablet_service.cc:1917] Received RequestConsensusVote() RPC: tablet_id: "1581c37ab6d942ab9d537bae3d708fd5" candidate_uuid: "43dbb5ba0a7d40ecbfcc26686d32c0a3" candidate_term: 1 candidate_status { last_received { term: 0 index: 0 } } ignore_live_leader: false dest_uuid: "538c26f4a35a4c1d88e481ad01dc0f88" is_pre_election: true
I20260709 14:47:46.245051 12400 raft_consensus.cc:2468] T 1581c37ab6d942ab9d537bae3d708fd5 P 538c26f4a35a4c1d88e481ad01dc0f88 [term 0 FOLLOWER]: Leader pre-election vote request: Granting yes vote for candidate 43dbb5ba0a7d40ecbfcc26686d32c0a3 in term 0.
I20260709 14:47:46.245447 12444 raft_consensus.cc:359] T b49ec71fbbeb4f48b02ef4cd1fb4245b P 538c26f4a35a4c1d88e481ad01dc0f88 [term 0 FOLLOWER]: Replica starting. Triggering 0 pending ops. Active config: opid_index: -1 OBSOLETE_local: false peers { permanent_uuid: "1575369b6dd14c84b266e99cd279bc34" member_type: VOTER last_known_addr { host: "127.11.213.1" port: 35305 } } peers { permanent_uuid: "43dbb5ba0a7d40ecbfcc26686d32c0a3" member_type: VOTER last_known_addr { host: "127.11.213.2" port: 45799 } } peers { permanent_uuid: "538c26f4a35a4c1d88e481ad01dc0f88" member_type: VOTER last_known_addr { host: "127.11.213.3" port: 33591 } }
I20260709 14:47:46.246150 12444 raft_consensus.cc:385] T b49ec71fbbeb4f48b02ef4cd1fb4245b P 538c26f4a35a4c1d88e481ad01dc0f88 [term 0 FOLLOWER]: Consensus starting up: Expiring failure detector timer to make a prompt election more likely
I20260709 14:47:46.246456 12444 raft_consensus.cc:740] T b49ec71fbbeb4f48b02ef4cd1fb4245b P 538c26f4a35a4c1d88e481ad01dc0f88 [term 0 FOLLOWER]: Becoming Follower/Learner. State: Replica: 538c26f4a35a4c1d88e481ad01dc0f88, State: Initialized, Role: FOLLOWER
I20260709 14:47:46.248921 12445 ts_tablet_manager.cc:1434] T 3fafefff03ef4274818f9d176b870383 P 43dbb5ba0a7d40ecbfcc26686d32c0a3: Time spent starting tablet: real 0.024s	user 0.003s	sys 0.006s
I20260709 14:47:46.248668 12444 consensus_queue.cc:260] T b49ec71fbbeb4f48b02ef4cd1fb4245b P 538c26f4a35a4c1d88e481ad01dc0f88 [NON_LEADER]: Queue going to NON_LEADER mode. State: All replicated index: 0, Majority replicated index: 0, Committed index: 0, Last appended: 0.0, Last appended by leader: 0, Current term: 0, Majority size: -1, State: 0, Mode: NON_LEADER, active raft config: opid_index: -1 OBSOLETE_local: false peers { permanent_uuid: "1575369b6dd14c84b266e99cd279bc34" member_type: VOTER last_known_addr { host: "127.11.213.1" port: 35305 } } peers { permanent_uuid: "43dbb5ba0a7d40ecbfcc26686d32c0a3" member_type: VOTER last_known_addr { host: "127.11.213.2" port: 45799 } } peers { permanent_uuid: "538c26f4a35a4c1d88e481ad01dc0f88" member_type: VOTER last_known_addr { host: "127.11.213.3" port: 33591 } }
I20260709 14:47:46.250380 12445 tablet_bootstrap.cc:492] T e8d74a21759f40ce89c85c37e6f8e3c9 P 43dbb5ba0a7d40ecbfcc26686d32c0a3: Bootstrap starting.
I20260709 14:47:46.254951 12292 leader_election.cc:304] T 86ca76db15414cb480691ef480d2663d P 43dbb5ba0a7d40ecbfcc26686d32c0a3 [CANDIDATE]: Term 1 pre-election: Election decided. Result: candidate won. Election summary: received 2 responses out of 3 voters: 2 yes votes; 0 no votes. yes voters: 43dbb5ba0a7d40ecbfcc26686d32c0a3, 538c26f4a35a4c1d88e481ad01dc0f88; no voters: 
I20260709 14:47:46.266223 12477 raft_consensus.cc:2804] T 86ca76db15414cb480691ef480d2663d P 43dbb5ba0a7d40ecbfcc26686d32c0a3 [term 0 FOLLOWER]: Leader pre-election won for term 1
I20260709 14:47:46.265542 12251 tablet_service.cc:1917] Received RequestConsensusVote() RPC: tablet_id: "86ca76db15414cb480691ef480d2663d" candidate_uuid: "43dbb5ba0a7d40ecbfcc26686d32c0a3" candidate_term: 1 candidate_status { last_received { term: 0 index: 0 } } ignore_live_leader: false dest_uuid: "1575369b6dd14c84b266e99cd279bc34" is_pre_election: true
I20260709 14:47:46.265973 12250 tablet_service.cc:1917] Received RequestConsensusVote() RPC: tablet_id: "1581c37ab6d942ab9d537bae3d708fd5" candidate_uuid: "43dbb5ba0a7d40ecbfcc26686d32c0a3" candidate_term: 1 candidate_status { last_received { term: 0 index: 0 } } ignore_live_leader: false dest_uuid: "1575369b6dd14c84b266e99cd279bc34" is_pre_election: true
I20260709 14:47:46.267428 12250 raft_consensus.cc:2468] T 1581c37ab6d942ab9d537bae3d708fd5 P 1575369b6dd14c84b266e99cd279bc34 [term 0 FOLLOWER]: Leader pre-election vote request: Granting yes vote for candidate 43dbb5ba0a7d40ecbfcc26686d32c0a3 in term 0.
I20260709 14:47:46.267381 12251 raft_consensus.cc:2468] T 86ca76db15414cb480691ef480d2663d P 1575369b6dd14c84b266e99cd279bc34 [term 0 FOLLOWER]: Leader pre-election vote request: Granting yes vote for candidate 43dbb5ba0a7d40ecbfcc26686d32c0a3 in term 0.
I20260709 14:47:46.266776 12477 raft_consensus.cc:493] T 86ca76db15414cb480691ef480d2663d P 43dbb5ba0a7d40ecbfcc26686d32c0a3 [term 0 FOLLOWER]: Starting leader election (no leader contacted us within the election timeout)
I20260709 14:47:46.268813 12477 raft_consensus.cc:3060] T 86ca76db15414cb480691ef480d2663d P 43dbb5ba0a7d40ecbfcc26686d32c0a3 [term 0 FOLLOWER]: Advancing to term 1
I20260709 14:47:46.269091 12290 leader_election.cc:304] T 1581c37ab6d942ab9d537bae3d708fd5 P 43dbb5ba0a7d40ecbfcc26686d32c0a3 [CANDIDATE]: Term 1 pre-election: Election decided. Result: candidate won. Election summary: received 2 responses out of 3 voters: 2 yes votes; 0 no votes. yes voters: 1575369b6dd14c84b266e99cd279bc34, 43dbb5ba0a7d40ecbfcc26686d32c0a3; no voters: 
I20260709 14:47:46.271490 12445 tablet_bootstrap.cc:654] T e8d74a21759f40ce89c85c37e6f8e3c9 P 43dbb5ba0a7d40ecbfcc26686d32c0a3: Neither blocks nor log segments found. Creating new log.
I20260709 14:47:46.272855 12451 raft_consensus.cc:2804] T 1581c37ab6d942ab9d537bae3d708fd5 P 43dbb5ba0a7d40ecbfcc26686d32c0a3 [term 0 FOLLOWER]: Leader pre-election won for term 1
I20260709 14:47:46.273316 12451 raft_consensus.cc:493] T 1581c37ab6d942ab9d537bae3d708fd5 P 43dbb5ba0a7d40ecbfcc26686d32c0a3 [term 0 FOLLOWER]: Starting leader election (no leader contacted us within the election timeout)
I20260709 14:47:46.273741 12451 raft_consensus.cc:3060] T 1581c37ab6d942ab9d537bae3d708fd5 P 43dbb5ba0a7d40ecbfcc26686d32c0a3 [term 0 FOLLOWER]: Advancing to term 1
I20260709 14:47:46.259591 12444 ts_tablet_manager.cc:1434] T b49ec71fbbeb4f48b02ef4cd1fb4245b P 538c26f4a35a4c1d88e481ad01dc0f88: Time spent starting tablet: real 0.017s	user 0.006s	sys 0.001s
I20260709 14:47:46.280059 12444 tablet_bootstrap.cc:492] T 4d3d603cfd0c41249620bd8bea654fc1 P 538c26f4a35a4c1d88e481ad01dc0f88: Bootstrap starting.
I20260709 14:47:46.280412 12443 tablet_bootstrap.cc:492] T b49ec71fbbeb4f48b02ef4cd1fb4245b P 1575369b6dd14c84b266e99cd279bc34: No bootstrap required, opened a new log
I20260709 14:47:46.280861 12443 ts_tablet_manager.cc:1403] T b49ec71fbbeb4f48b02ef4cd1fb4245b P 1575369b6dd14c84b266e99cd279bc34: Time spent bootstrapping tablet: real 0.078s	user 0.029s	sys 0.027s
I20260709 14:47:46.287122 12477 raft_consensus.cc:515] T 86ca76db15414cb480691ef480d2663d P 43dbb5ba0a7d40ecbfcc26686d32c0a3 [term 1 FOLLOWER]: Starting leader election with config: opid_index: -1 OBSOLETE_local: false peers { permanent_uuid: "1575369b6dd14c84b266e99cd279bc34" member_type: VOTER last_known_addr { host: "127.11.213.1" port: 35305 } } peers { permanent_uuid: "43dbb5ba0a7d40ecbfcc26686d32c0a3" member_type: VOTER last_known_addr { host: "127.11.213.2" port: 45799 } } peers { permanent_uuid: "538c26f4a35a4c1d88e481ad01dc0f88" member_type: VOTER last_known_addr { host: "127.11.213.3" port: 33591 } }
I20260709 14:47:46.288427 12443 raft_consensus.cc:359] T b49ec71fbbeb4f48b02ef4cd1fb4245b P 1575369b6dd14c84b266e99cd279bc34 [term 0 FOLLOWER]: Replica starting. Triggering 0 pending ops. Active config: opid_index: -1 OBSOLETE_local: false peers { permanent_uuid: "1575369b6dd14c84b266e99cd279bc34" member_type: VOTER last_known_addr { host: "127.11.213.1" port: 35305 } } peers { permanent_uuid: "43dbb5ba0a7d40ecbfcc26686d32c0a3" member_type: VOTER last_known_addr { host: "127.11.213.2" port: 45799 } } peers { permanent_uuid: "538c26f4a35a4c1d88e481ad01dc0f88" member_type: VOTER last_known_addr { host: "127.11.213.3" port: 33591 } }
I20260709 14:47:46.289183 12443 raft_consensus.cc:385] T b49ec71fbbeb4f48b02ef4cd1fb4245b P 1575369b6dd14c84b266e99cd279bc34 [term 0 FOLLOWER]: Consensus starting up: Expiring failure detector timer to make a prompt election more likely
I20260709 14:47:46.289549 12443 raft_consensus.cc:740] T b49ec71fbbeb4f48b02ef4cd1fb4245b P 1575369b6dd14c84b266e99cd279bc34 [term 0 FOLLOWER]: Becoming Follower/Learner. State: Replica: 1575369b6dd14c84b266e99cd279bc34, State: Initialized, Role: FOLLOWER
I20260709 14:47:46.289410 12451 raft_consensus.cc:515] T 1581c37ab6d942ab9d537bae3d708fd5 P 43dbb5ba0a7d40ecbfcc26686d32c0a3 [term 1 FOLLOWER]: Starting leader election with config: opid_index: -1 OBSOLETE_local: false peers { permanent_uuid: "1575369b6dd14c84b266e99cd279bc34" member_type: VOTER last_known_addr { host: "127.11.213.1" port: 35305 } } peers { permanent_uuid: "538c26f4a35a4c1d88e481ad01dc0f88" member_type: VOTER last_known_addr { host: "127.11.213.3" port: 33591 } } peers { permanent_uuid: "43dbb5ba0a7d40ecbfcc26686d32c0a3" member_type: VOTER last_known_addr { host: "127.11.213.2" port: 45799 } }
I20260709 14:47:46.290315 12251 tablet_service.cc:1917] Received RequestConsensusVote() RPC: tablet_id: "86ca76db15414cb480691ef480d2663d" candidate_uuid: "43dbb5ba0a7d40ecbfcc26686d32c0a3" candidate_term: 1 candidate_status { last_received { term: 0 index: 0 } } ignore_live_leader: false dest_uuid: "1575369b6dd14c84b266e99cd279bc34"
I20260709 14:47:46.290416 12443 consensus_queue.cc:260] T b49ec71fbbeb4f48b02ef4cd1fb4245b P 1575369b6dd14c84b266e99cd279bc34 [NON_LEADER]: Queue going to NON_LEADER mode. State: All replicated index: 0, Majority replicated index: 0, Committed index: 0, Last appended: 0.0, Last appended by leader: 0, Current term: 0, Majority size: -1, State: 0, Mode: NON_LEADER, active raft config: opid_index: -1 OBSOLETE_local: false peers { permanent_uuid: "1575369b6dd14c84b266e99cd279bc34" member_type: VOTER last_known_addr { host: "127.11.213.1" port: 35305 } } peers { permanent_uuid: "43dbb5ba0a7d40ecbfcc26686d32c0a3" member_type: VOTER last_known_addr { host: "127.11.213.2" port: 45799 } } peers { permanent_uuid: "538c26f4a35a4c1d88e481ad01dc0f88" member_type: VOTER last_known_addr { host: "127.11.213.3" port: 33591 } }
I20260709 14:47:46.290939 12251 raft_consensus.cc:3060] T 86ca76db15414cb480691ef480d2663d P 1575369b6dd14c84b266e99cd279bc34 [term 0 FOLLOWER]: Advancing to term 1
I20260709 14:47:46.294134 12443 ts_tablet_manager.cc:1434] T b49ec71fbbeb4f48b02ef4cd1fb4245b P 1575369b6dd14c84b266e99cd279bc34: Time spent starting tablet: real 0.013s	user 0.003s	sys 0.005s
I20260709 14:47:46.292541 12250 tablet_service.cc:1917] Received RequestConsensusVote() RPC: tablet_id: "1581c37ab6d942ab9d537bae3d708fd5" candidate_uuid: "43dbb5ba0a7d40ecbfcc26686d32c0a3" candidate_term: 1 candidate_status { last_received { term: 0 index: 0 } } ignore_live_leader: false dest_uuid: "1575369b6dd14c84b266e99cd279bc34"
I20260709 14:47:46.294912 12250 raft_consensus.cc:3060] T 1581c37ab6d942ab9d537bae3d708fd5 P 1575369b6dd14c84b266e99cd279bc34 [term 0 FOLLOWER]: Advancing to term 1
I20260709 14:47:46.295320 12443 tablet_bootstrap.cc:492] T 4d3d603cfd0c41249620bd8bea654fc1 P 1575369b6dd14c84b266e99cd279bc34: Bootstrap starting.
I20260709 14:47:46.294045 12400 tablet_service.cc:1917] Received RequestConsensusVote() RPC: tablet_id: "1581c37ab6d942ab9d537bae3d708fd5" candidate_uuid: "43dbb5ba0a7d40ecbfcc26686d32c0a3" candidate_term: 1 candidate_status { last_received { term: 0 index: 0 } } ignore_live_leader: false dest_uuid: "538c26f4a35a4c1d88e481ad01dc0f88"
I20260709 14:47:46.295830 12400 raft_consensus.cc:3060] T 1581c37ab6d942ab9d537bae3d708fd5 P 538c26f4a35a4c1d88e481ad01dc0f88 [term 0 FOLLOWER]: Advancing to term 1
I20260709 14:47:46.298030 12477 leader_election.cc:290] T 86ca76db15414cb480691ef480d2663d P 43dbb5ba0a7d40ecbfcc26686d32c0a3 [CANDIDATE]: Term 1 election: Requested vote from peers 1575369b6dd14c84b266e99cd279bc34 (127.11.213.1:35305), 538c26f4a35a4c1d88e481ad01dc0f88 (127.11.213.3:33591)
I20260709 14:47:46.295600 12451 leader_election.cc:290] T 1581c37ab6d942ab9d537bae3d708fd5 P 43dbb5ba0a7d40ecbfcc26686d32c0a3 [CANDIDATE]: Term 1 election: Requested vote from peers 1575369b6dd14c84b266e99cd279bc34 (127.11.213.1:35305), 538c26f4a35a4c1d88e481ad01dc0f88 (127.11.213.3:33591)
I20260709 14:47:46.301565 12445 tablet_bootstrap.cc:492] T e8d74a21759f40ce89c85c37e6f8e3c9 P 43dbb5ba0a7d40ecbfcc26686d32c0a3: No bootstrap required, opened a new log
I20260709 14:47:46.301954 12445 ts_tablet_manager.cc:1403] T e8d74a21759f40ce89c85c37e6f8e3c9 P 43dbb5ba0a7d40ecbfcc26686d32c0a3: Time spent bootstrapping tablet: real 0.052s	user 0.011s	sys 0.007s
I20260709 14:47:46.302901 12444 tablet_bootstrap.cc:654] T 4d3d603cfd0c41249620bd8bea654fc1 P 538c26f4a35a4c1d88e481ad01dc0f88: Neither blocks nor log segments found. Creating new log.
I20260709 14:47:46.305603 12399 tablet_service.cc:1917] Received RequestConsensusVote() RPC: tablet_id: "86ca76db15414cb480691ef480d2663d" candidate_uuid: "43dbb5ba0a7d40ecbfcc26686d32c0a3" candidate_term: 1 candidate_status { last_received { term: 0 index: 0 } } ignore_live_leader: false dest_uuid: "538c26f4a35a4c1d88e481ad01dc0f88"
I20260709 14:47:46.306178 12399 raft_consensus.cc:3060] T 86ca76db15414cb480691ef480d2663d P 538c26f4a35a4c1d88e481ad01dc0f88 [term 0 FOLLOWER]: Advancing to term 1
I20260709 14:47:46.312467 12443 tablet_bootstrap.cc:654] T 4d3d603cfd0c41249620bd8bea654fc1 P 1575369b6dd14c84b266e99cd279bc34: Neither blocks nor log segments found. Creating new log.
I20260709 14:47:46.314194 12450 raft_consensus.cc:493] T 3fafefff03ef4274818f9d176b870383 P 538c26f4a35a4c1d88e481ad01dc0f88 [term 0 FOLLOWER]: Starting pre-election (no leader contacted us within the election timeout)
I20260709 14:47:46.314803 12450 raft_consensus.cc:515] T 3fafefff03ef4274818f9d176b870383 P 538c26f4a35a4c1d88e481ad01dc0f88 [term 0 FOLLOWER]: Starting pre-election with config: opid_index: -1 OBSOLETE_local: false peers { permanent_uuid: "1575369b6dd14c84b266e99cd279bc34" member_type: VOTER last_known_addr { host: "127.11.213.1" port: 35305 } } peers { permanent_uuid: "43dbb5ba0a7d40ecbfcc26686d32c0a3" member_type: VOTER last_known_addr { host: "127.11.213.2" port: 45799 } } peers { permanent_uuid: "538c26f4a35a4c1d88e481ad01dc0f88" member_type: VOTER last_known_addr { host: "127.11.213.3" port: 33591 } }
I20260709 14:47:46.316808 12450 leader_election.cc:290] T 3fafefff03ef4274818f9d176b870383 P 538c26f4a35a4c1d88e481ad01dc0f88 [CANDIDATE]: Term 1 pre-election: Requested pre-vote from peers 1575369b6dd14c84b266e99cd279bc34 (127.11.213.1:35305), 43dbb5ba0a7d40ecbfcc26686d32c0a3 (127.11.213.2:45799)
I20260709 14:47:46.312470 12250 raft_consensus.cc:2468] T 1581c37ab6d942ab9d537bae3d708fd5 P 1575369b6dd14c84b266e99cd279bc34 [term 1 FOLLOWER]: Leader election vote request: Granting yes vote for candidate 43dbb5ba0a7d40ecbfcc26686d32c0a3 in term 1.
I20260709 14:47:46.318429 12326 tablet_service.cc:1917] Received RequestConsensusVote() RPC: tablet_id: "3fafefff03ef4274818f9d176b870383" candidate_uuid: "538c26f4a35a4c1d88e481ad01dc0f88" candidate_term: 1 candidate_status { last_received { term: 0 index: 0 } } ignore_live_leader: false dest_uuid: "43dbb5ba0a7d40ecbfcc26686d32c0a3" is_pre_election: true
I20260709 14:47:46.318353 12249 tablet_service.cc:1917] Received RequestConsensusVote() RPC: tablet_id: "3fafefff03ef4274818f9d176b870383" candidate_uuid: "538c26f4a35a4c1d88e481ad01dc0f88" candidate_term: 1 candidate_status { last_received { term: 0 index: 0 } } ignore_live_leader: false dest_uuid: "1575369b6dd14c84b266e99cd279bc34" is_pre_election: true
I20260709 14:47:46.319808 12450 raft_consensus.cc:493] T 06b3ef90eb1f4350b3a8bd035a8c54eb P 538c26f4a35a4c1d88e481ad01dc0f88 [term 0 FOLLOWER]: Starting pre-election (no leader contacted us within the election timeout)
I20260709 14:47:46.321645 12326 raft_consensus.cc:2468] T 3fafefff03ef4274818f9d176b870383 P 43dbb5ba0a7d40ecbfcc26686d32c0a3 [term 0 FOLLOWER]: Leader pre-election vote request: Granting yes vote for candidate 538c26f4a35a4c1d88e481ad01dc0f88 in term 0.
I20260709 14:47:46.322048 12450 raft_consensus.cc:515] T 06b3ef90eb1f4350b3a8bd035a8c54eb P 538c26f4a35a4c1d88e481ad01dc0f88 [term 0 FOLLOWER]: Starting pre-election with config: opid_index: -1 OBSOLETE_local: false peers { permanent_uuid: "1575369b6dd14c84b266e99cd279bc34" member_type: VOTER last_known_addr { host: "127.11.213.1" port: 35305 } } peers { permanent_uuid: "43dbb5ba0a7d40ecbfcc26686d32c0a3" member_type: VOTER last_known_addr { host: "127.11.213.2" port: 45799 } } peers { permanent_uuid: "538c26f4a35a4c1d88e481ad01dc0f88" member_type: VOTER last_known_addr { host: "127.11.213.3" port: 33591 } }
I20260709 14:47:46.322728 12251 raft_consensus.cc:2468] T 86ca76db15414cb480691ef480d2663d P 1575369b6dd14c84b266e99cd279bc34 [term 1 FOLLOWER]: Leader election vote request: Granting yes vote for candidate 43dbb5ba0a7d40ecbfcc26686d32c0a3 in term 1.
I20260709 14:47:46.323100 12363 leader_election.cc:304] T 3fafefff03ef4274818f9d176b870383 P 538c26f4a35a4c1d88e481ad01dc0f88 [CANDIDATE]: Term 1 pre-election: Election decided. Result: candidate won. Election summary: received 2 responses out of 3 voters: 2 yes votes; 0 no votes. yes voters: 43dbb5ba0a7d40ecbfcc26686d32c0a3, 538c26f4a35a4c1d88e481ad01dc0f88; no voters: 
I20260709 14:47:46.318863 12445 raft_consensus.cc:359] T e8d74a21759f40ce89c85c37e6f8e3c9 P 43dbb5ba0a7d40ecbfcc26686d32c0a3 [term 0 FOLLOWER]: Replica starting. Triggering 0 pending ops. Active config: opid_index: -1 OBSOLETE_local: false peers { permanent_uuid: "1575369b6dd14c84b266e99cd279bc34" member_type: VOTER last_known_addr { host: "127.11.213.1" port: 35305 } } peers { permanent_uuid: "43dbb5ba0a7d40ecbfcc26686d32c0a3" member_type: VOTER last_known_addr { host: "127.11.213.2" port: 45799 } } peers { permanent_uuid: "538c26f4a35a4c1d88e481ad01dc0f88" member_type: VOTER last_known_addr { host: "127.11.213.3" port: 33591 } }
I20260709 14:47:46.320649 12400 raft_consensus.cc:2468] T 1581c37ab6d942ab9d537bae3d708fd5 P 538c26f4a35a4c1d88e481ad01dc0f88 [term 1 FOLLOWER]: Leader election vote request: Granting yes vote for candidate 43dbb5ba0a7d40ecbfcc26686d32c0a3 in term 1.
I20260709 14:47:46.323866 12290 leader_election.cc:304] T 86ca76db15414cb480691ef480d2663d P 43dbb5ba0a7d40ecbfcc26686d32c0a3 [CANDIDATE]: Term 1 election: Election decided. Result: candidate won. Election summary: received 2 responses out of 3 voters: 2 yes votes; 0 no votes. yes voters: 1575369b6dd14c84b266e99cd279bc34, 43dbb5ba0a7d40ecbfcc26686d32c0a3; no voters: 
I20260709 14:47:46.325992 12250 tablet_service.cc:1917] Received RequestConsensusVote() RPC: tablet_id: "06b3ef90eb1f4350b3a8bd035a8c54eb" candidate_uuid: "538c26f4a35a4c1d88e481ad01dc0f88" candidate_term: 1 candidate_status { last_received { term: 0 index: 0 } } ignore_live_leader: false dest_uuid: "1575369b6dd14c84b266e99cd279bc34" is_pre_election: true
I20260709 14:47:46.326124 12451 raft_consensus.cc:2804] T 86ca76db15414cb480691ef480d2663d P 43dbb5ba0a7d40ecbfcc26686d32c0a3 [term 1 FOLLOWER]: Leader election won for term 1
I20260709 14:47:46.326279 12290 leader_election.cc:304] T 1581c37ab6d942ab9d537bae3d708fd5 P 43dbb5ba0a7d40ecbfcc26686d32c0a3 [CANDIDATE]: Term 1 election: Election decided. Result: candidate won. Election summary: received 2 responses out of 3 voters: 2 yes votes; 0 no votes. yes voters: 1575369b6dd14c84b266e99cd279bc34, 43dbb5ba0a7d40ecbfcc26686d32c0a3; no voters: 
I20260709 14:47:46.326624 12451 raft_consensus.cc:697] T 86ca76db15414cb480691ef480d2663d P 43dbb5ba0a7d40ecbfcc26686d32c0a3 [term 1 LEADER]: Becoming Leader. State: Replica: 43dbb5ba0a7d40ecbfcc26686d32c0a3, State: Running, Role: LEADER
I20260709 14:47:46.324898 12249 raft_consensus.cc:2468] T 3fafefff03ef4274818f9d176b870383 P 1575369b6dd14c84b266e99cd279bc34 [term 0 FOLLOWER]: Leader pre-election vote request: Granting yes vote for candidate 538c26f4a35a4c1d88e481ad01dc0f88 in term 0.
I20260709 14:47:46.327545 12451 consensus_queue.cc:237] T 86ca76db15414cb480691ef480d2663d P 43dbb5ba0a7d40ecbfcc26686d32c0a3 [LEADER]: Queue going to LEADER mode. State: All replicated index: 0, Majority replicated index: 0, Committed index: 0, Last appended: 0.0, Last appended by leader: 0, Current term: 1, Majority size: 2, State: 0, Mode: LEADER, active raft config: opid_index: -1 OBSOLETE_local: false peers { permanent_uuid: "1575369b6dd14c84b266e99cd279bc34" member_type: VOTER last_known_addr { host: "127.11.213.1" port: 35305 } } peers { permanent_uuid: "43dbb5ba0a7d40ecbfcc26686d32c0a3" member_type: VOTER last_known_addr { host: "127.11.213.2" port: 45799 } } peers { permanent_uuid: "538c26f4a35a4c1d88e481ad01dc0f88" member_type: VOTER last_known_addr { host: "127.11.213.3" port: 33591 } }
I20260709 14:47:46.326622 12250 raft_consensus.cc:2468] T 06b3ef90eb1f4350b3a8bd035a8c54eb P 1575369b6dd14c84b266e99cd279bc34 [term 0 FOLLOWER]: Leader pre-election vote request: Granting yes vote for candidate 538c26f4a35a4c1d88e481ad01dc0f88 in term 0.
I20260709 14:47:46.324950 12445 raft_consensus.cc:385] T e8d74a21759f40ce89c85c37e6f8e3c9 P 43dbb5ba0a7d40ecbfcc26686d32c0a3 [term 0 FOLLOWER]: Consensus starting up: Expiring failure detector timer to make a prompt election more likely
I20260709 14:47:46.329319 12399 raft_consensus.cc:2468] T 86ca76db15414cb480691ef480d2663d P 538c26f4a35a4c1d88e481ad01dc0f88 [term 1 FOLLOWER]: Leader election vote request: Granting yes vote for candidate 43dbb5ba0a7d40ecbfcc26686d32c0a3 in term 1.
I20260709 14:47:46.331269 12477 raft_consensus.cc:2804] T 1581c37ab6d942ab9d537bae3d708fd5 P 43dbb5ba0a7d40ecbfcc26686d32c0a3 [term 1 FOLLOWER]: Leader election won for term 1
I20260709 14:47:46.333540 12477 raft_consensus.cc:697] T 1581c37ab6d942ab9d537bae3d708fd5 P 43dbb5ba0a7d40ecbfcc26686d32c0a3 [term 1 LEADER]: Becoming Leader. State: Replica: 43dbb5ba0a7d40ecbfcc26686d32c0a3, State: Running, Role: LEADER
I20260709 14:47:46.333644 12364 leader_election.cc:304] T 06b3ef90eb1f4350b3a8bd035a8c54eb P 538c26f4a35a4c1d88e481ad01dc0f88 [CANDIDATE]: Term 1 pre-election: Election decided. Result: candidate won. Election summary: received 2 responses out of 3 voters: 2 yes votes; 0 no votes. yes voters: 1575369b6dd14c84b266e99cd279bc34, 538c26f4a35a4c1d88e481ad01dc0f88; no voters: 
I20260709 14:47:46.331661 12450 leader_election.cc:290] T 06b3ef90eb1f4350b3a8bd035a8c54eb P 538c26f4a35a4c1d88e481ad01dc0f88 [CANDIDATE]: Term 1 pre-election: Requested pre-vote from peers 1575369b6dd14c84b266e99cd279bc34 (127.11.213.1:35305), 43dbb5ba0a7d40ecbfcc26686d32c0a3 (127.11.213.2:45799)
I20260709 14:47:46.332317 12445 raft_consensus.cc:740] T e8d74a21759f40ce89c85c37e6f8e3c9 P 43dbb5ba0a7d40ecbfcc26686d32c0a3 [term 0 FOLLOWER]: Becoming Follower/Learner. State: Replica: 43dbb5ba0a7d40ecbfcc26686d32c0a3, State: Initialized, Role: FOLLOWER
I20260709 14:47:46.339452 12450 raft_consensus.cc:2804] T 3fafefff03ef4274818f9d176b870383 P 538c26f4a35a4c1d88e481ad01dc0f88 [term 0 FOLLOWER]: Leader pre-election won for term 1
I20260709 14:47:46.340495 12450 raft_consensus.cc:493] T 3fafefff03ef4274818f9d176b870383 P 538c26f4a35a4c1d88e481ad01dc0f88 [term 0 FOLLOWER]: Starting leader election (no leader contacted us within the election timeout)
I20260709 14:47:46.338135 12477 consensus_queue.cc:237] T 1581c37ab6d942ab9d537bae3d708fd5 P 43dbb5ba0a7d40ecbfcc26686d32c0a3 [LEADER]: Queue going to LEADER mode. State: All replicated index: 0, Majority replicated index: 0, Committed index: 0, Last appended: 0.0, Last appended by leader: 0, Current term: 1, Majority size: 2, State: 0, Mode: LEADER, active raft config: opid_index: -1 OBSOLETE_local: false peers { permanent_uuid: "1575369b6dd14c84b266e99cd279bc34" member_type: VOTER last_known_addr { host: "127.11.213.1" port: 35305 } } peers { permanent_uuid: "538c26f4a35a4c1d88e481ad01dc0f88" member_type: VOTER last_known_addr { host: "127.11.213.3" port: 33591 } } peers { permanent_uuid: "43dbb5ba0a7d40ecbfcc26686d32c0a3" member_type: VOTER last_known_addr { host: "127.11.213.2" port: 45799 } }
I20260709 14:47:46.340965 12450 raft_consensus.cc:3060] T 3fafefff03ef4274818f9d176b870383 P 538c26f4a35a4c1d88e481ad01dc0f88 [term 0 FOLLOWER]: Advancing to term 1
I20260709 14:47:46.350567 12483 raft_consensus.cc:2804] T 06b3ef90eb1f4350b3a8bd035a8c54eb P 538c26f4a35a4c1d88e481ad01dc0f88 [term 0 FOLLOWER]: Leader pre-election won for term 1
I20260709 14:47:46.351114 12483 raft_consensus.cc:493] T 06b3ef90eb1f4350b3a8bd035a8c54eb P 538c26f4a35a4c1d88e481ad01dc0f88 [term 0 FOLLOWER]: Starting leader election (no leader contacted us within the election timeout)
I20260709 14:47:46.351558 12483 raft_consensus.cc:3060] T 06b3ef90eb1f4350b3a8bd035a8c54eb P 538c26f4a35a4c1d88e481ad01dc0f88 [term 0 FOLLOWER]: Advancing to term 1
I20260709 14:47:46.353951 12445 consensus_queue.cc:260] T e8d74a21759f40ce89c85c37e6f8e3c9 P 43dbb5ba0a7d40ecbfcc26686d32c0a3 [NON_LEADER]: Queue going to NON_LEADER mode. State: All replicated index: 0, Majority replicated index: 0, Committed index: 0, Last appended: 0.0, Last appended by leader: 0, Current term: 0, Majority size: -1, State: 0, Mode: NON_LEADER, active raft config: opid_index: -1 OBSOLETE_local: false peers { permanent_uuid: "1575369b6dd14c84b266e99cd279bc34" member_type: VOTER last_known_addr { host: "127.11.213.1" port: 35305 } } peers { permanent_uuid: "43dbb5ba0a7d40ecbfcc26686d32c0a3" member_type: VOTER last_known_addr { host: "127.11.213.2" port: 45799 } } peers { permanent_uuid: "538c26f4a35a4c1d88e481ad01dc0f88" member_type: VOTER last_known_addr { host: "127.11.213.3" port: 33591 } }
I20260709 14:47:46.359242 12326 tablet_service.cc:1917] Received RequestConsensusVote() RPC: tablet_id: "06b3ef90eb1f4350b3a8bd035a8c54eb" candidate_uuid: "538c26f4a35a4c1d88e481ad01dc0f88" candidate_term: 1 candidate_status { last_received { term: 0 index: 0 } } ignore_live_leader: false dest_uuid: "43dbb5ba0a7d40ecbfcc26686d32c0a3" is_pre_election: true
I20260709 14:47:46.359843 12326 raft_consensus.cc:2468] T 06b3ef90eb1f4350b3a8bd035a8c54eb P 43dbb5ba0a7d40ecbfcc26686d32c0a3 [term 0 FOLLOWER]: Leader pre-election vote request: Granting yes vote for candidate 538c26f4a35a4c1d88e481ad01dc0f88 in term 0.
I20260709 14:47:46.365484 12444 tablet_bootstrap.cc:492] T 4d3d603cfd0c41249620bd8bea654fc1 P 538c26f4a35a4c1d88e481ad01dc0f88: No bootstrap required, opened a new log
I20260709 14:47:46.366096 12444 ts_tablet_manager.cc:1403] T 4d3d603cfd0c41249620bd8bea654fc1 P 538c26f4a35a4c1d88e481ad01dc0f88: Time spent bootstrapping tablet: real 0.086s	user 0.015s	sys 0.006s
I20260709 14:47:46.369272 12451 raft_consensus.cc:493] T 06b3ef90eb1f4350b3a8bd035a8c54eb P 43dbb5ba0a7d40ecbfcc26686d32c0a3 [term 0 FOLLOWER]: Starting pre-election (no leader contacted us within the election timeout)
I20260709 14:47:46.382314 12451 raft_consensus.cc:515] T 06b3ef90eb1f4350b3a8bd035a8c54eb P 43dbb5ba0a7d40ecbfcc26686d32c0a3 [term 0 FOLLOWER]: Starting pre-election with config: opid_index: -1 OBSOLETE_local: false peers { permanent_uuid: "1575369b6dd14c84b266e99cd279bc34" member_type: VOTER last_known_addr { host: "127.11.213.1" port: 35305 } } peers { permanent_uuid: "43dbb5ba0a7d40ecbfcc26686d32c0a3" member_type: VOTER last_known_addr { host: "127.11.213.2" port: 45799 } } peers { permanent_uuid: "538c26f4a35a4c1d88e481ad01dc0f88" member_type: VOTER last_known_addr { host: "127.11.213.3" port: 33591 } }
I20260709 14:47:46.393823 12444 raft_consensus.cc:359] T 4d3d603cfd0c41249620bd8bea654fc1 P 538c26f4a35a4c1d88e481ad01dc0f88 [term 0 FOLLOWER]: Replica starting. Triggering 0 pending ops. Active config: opid_index: -1 OBSOLETE_local: false peers { permanent_uuid: "1575369b6dd14c84b266e99cd279bc34" member_type: VOTER last_known_addr { host: "127.11.213.1" port: 35305 } } peers { permanent_uuid: "43dbb5ba0a7d40ecbfcc26686d32c0a3" member_type: VOTER last_known_addr { host: "127.11.213.2" port: 45799 } } peers { permanent_uuid: "538c26f4a35a4c1d88e481ad01dc0f88" member_type: VOTER last_known_addr { host: "127.11.213.3" port: 33591 } }
I20260709 14:47:46.394625 12444 raft_consensus.cc:385] T 4d3d603cfd0c41249620bd8bea654fc1 P 538c26f4a35a4c1d88e481ad01dc0f88 [term 0 FOLLOWER]: Consensus starting up: Expiring failure detector timer to make a prompt election more likely
I20260709 14:47:46.394930 12444 raft_consensus.cc:740] T 4d3d603cfd0c41249620bd8bea654fc1 P 538c26f4a35a4c1d88e481ad01dc0f88 [term 0 FOLLOWER]: Becoming Follower/Learner. State: Replica: 538c26f4a35a4c1d88e481ad01dc0f88, State: Initialized, Role: FOLLOWER
I20260709 14:47:46.396191 12443 tablet_bootstrap.cc:492] T 4d3d603cfd0c41249620bd8bea654fc1 P 1575369b6dd14c84b266e99cd279bc34: No bootstrap required, opened a new log
I20260709 14:47:46.396695 12443 ts_tablet_manager.cc:1403] T 4d3d603cfd0c41249620bd8bea654fc1 P 1575369b6dd14c84b266e99cd279bc34: Time spent bootstrapping tablet: real 0.102s	user 0.007s	sys 0.014s
I20260709 14:47:46.396494 12444 consensus_queue.cc:260] T 4d3d603cfd0c41249620bd8bea654fc1 P 538c26f4a35a4c1d88e481ad01dc0f88 [NON_LEADER]: Queue going to NON_LEADER mode. State: All replicated index: 0, Majority replicated index: 0, Committed index: 0, Last appended: 0.0, Last appended by leader: 0, Current term: 0, Majority size: -1, State: 0, Mode: NON_LEADER, active raft config: opid_index: -1 OBSOLETE_local: false peers { permanent_uuid: "1575369b6dd14c84b266e99cd279bc34" member_type: VOTER last_known_addr { host: "127.11.213.1" port: 35305 } } peers { permanent_uuid: "43dbb5ba0a7d40ecbfcc26686d32c0a3" member_type: VOTER last_known_addr { host: "127.11.213.2" port: 45799 } } peers { permanent_uuid: "538c26f4a35a4c1d88e481ad01dc0f88" member_type: VOTER last_known_addr { host: "127.11.213.3" port: 33591 } }
I20260709 14:47:46.399173 12444 ts_tablet_manager.cc:1434] T 4d3d603cfd0c41249620bd8bea654fc1 P 538c26f4a35a4c1d88e481ad01dc0f88: Time spent starting tablet: real 0.033s	user 0.009s	sys 0.005s
I20260709 14:47:46.400149 12444 tablet_bootstrap.cc:492] T b2ee67535cde4bff864753d1c7ba87ae P 538c26f4a35a4c1d88e481ad01dc0f88: Bootstrap starting.
I20260709 14:47:46.382573 12145 catalog_manager.cc:5697] T 86ca76db15414cb480691ef480d2663d P 43dbb5ba0a7d40ecbfcc26686d32c0a3 reported cstate change: term changed from 0 to 1, leader changed from <none> to 43dbb5ba0a7d40ecbfcc26686d32c0a3 (127.11.213.2). New cstate: current_term: 1 leader_uuid: "43dbb5ba0a7d40ecbfcc26686d32c0a3" committed_config { opid_index: -1 OBSOLETE_local: false peers { permanent_uuid: "1575369b6dd14c84b266e99cd279bc34" member_type: VOTER last_known_addr { host: "127.11.213.1" port: 35305 } health_report { overall_health: UNKNOWN } } peers { permanent_uuid: "43dbb5ba0a7d40ecbfcc26686d32c0a3" member_type: VOTER last_known_addr { host: "127.11.213.2" port: 45799 } health_report { overall_health: HEALTHY } } peers { permanent_uuid: "538c26f4a35a4c1d88e481ad01dc0f88" member_type: VOTER last_known_addr { host: "127.11.213.3" port: 33591 } health_report { overall_health: UNKNOWN } } }
I20260709 14:47:46.417768 12443 raft_consensus.cc:359] T 4d3d603cfd0c41249620bd8bea654fc1 P 1575369b6dd14c84b266e99cd279bc34 [term 0 FOLLOWER]: Replica starting. Triggering 0 pending ops. Active config: opid_index: -1 OBSOLETE_local: false peers { permanent_uuid: "1575369b6dd14c84b266e99cd279bc34" member_type: VOTER last_known_addr { host: "127.11.213.1" port: 35305 } } peers { permanent_uuid: "43dbb5ba0a7d40ecbfcc26686d32c0a3" member_type: VOTER last_known_addr { host: "127.11.213.2" port: 45799 } } peers { permanent_uuid: "538c26f4a35a4c1d88e481ad01dc0f88" member_type: VOTER last_known_addr { host: "127.11.213.3" port: 33591 } }
I20260709 14:47:46.426991 12443 raft_consensus.cc:385] T 4d3d603cfd0c41249620bd8bea654fc1 P 1575369b6dd14c84b266e99cd279bc34 [term 0 FOLLOWER]: Consensus starting up: Expiring failure detector timer to make a prompt election more likely
I20260709 14:47:46.425843 12450 raft_consensus.cc:515] T 3fafefff03ef4274818f9d176b870383 P 538c26f4a35a4c1d88e481ad01dc0f88 [term 1 FOLLOWER]: Starting leader election with config: opid_index: -1 OBSOLETE_local: false peers { permanent_uuid: "1575369b6dd14c84b266e99cd279bc34" member_type: VOTER last_known_addr { host: "127.11.213.1" port: 35305 } } peers { permanent_uuid: "43dbb5ba0a7d40ecbfcc26686d32c0a3" member_type: VOTER last_known_addr { host: "127.11.213.2" port: 45799 } } peers { permanent_uuid: "538c26f4a35a4c1d88e481ad01dc0f88" member_type: VOTER last_known_addr { host: "127.11.213.3" port: 33591 } }
I20260709 14:47:46.428531 12443 raft_consensus.cc:740] T 4d3d603cfd0c41249620bd8bea654fc1 P 1575369b6dd14c84b266e99cd279bc34 [term 0 FOLLOWER]: Becoming Follower/Learner. State: Replica: 1575369b6dd14c84b266e99cd279bc34, State: Initialized, Role: FOLLOWER
I20260709 14:47:46.431980 12250 tablet_service.cc:1917] Received RequestConsensusVote() RPC: tablet_id: "06b3ef90eb1f4350b3a8bd035a8c54eb" candidate_uuid: "43dbb5ba0a7d40ecbfcc26686d32c0a3" candidate_term: 1 candidate_status { last_received { term: 0 index: 0 } } ignore_live_leader: false dest_uuid: "1575369b6dd14c84b266e99cd279bc34" is_pre_election: true
I20260709 14:47:46.432646 12250 raft_consensus.cc:2468] T 06b3ef90eb1f4350b3a8bd035a8c54eb P 1575369b6dd14c84b266e99cd279bc34 [term 0 FOLLOWER]: Leader pre-election vote request: Granting yes vote for candidate 43dbb5ba0a7d40ecbfcc26686d32c0a3 in term 0.
I20260709 14:47:46.433018 12450 leader_election.cc:290] T 3fafefff03ef4274818f9d176b870383 P 538c26f4a35a4c1d88e481ad01dc0f88 [CANDIDATE]: Term 1 election: Requested vote from peers 1575369b6dd14c84b266e99cd279bc34 (127.11.213.1:35305), 43dbb5ba0a7d40ecbfcc26686d32c0a3 (127.11.213.2:45799)
I20260709 14:47:46.431981 12443 consensus_queue.cc:260] T 4d3d603cfd0c41249620bd8bea654fc1 P 1575369b6dd14c84b266e99cd279bc34 [NON_LEADER]: Queue going to NON_LEADER mode. State: All replicated index: 0, Majority replicated index: 0, Committed index: 0, Last appended: 0.0, Last appended by leader: 0, Current term: 0, Majority size: -1, State: 0, Mode: NON_LEADER, active raft config: opid_index: -1 OBSOLETE_local: false peers { permanent_uuid: "1575369b6dd14c84b266e99cd279bc34" member_type: VOTER last_known_addr { host: "127.11.213.1" port: 35305 } } peers { permanent_uuid: "43dbb5ba0a7d40ecbfcc26686d32c0a3" member_type: VOTER last_known_addr { host: "127.11.213.2" port: 45799 } } peers { permanent_uuid: "538c26f4a35a4c1d88e481ad01dc0f88" member_type: VOTER last_known_addr { host: "127.11.213.3" port: 33591 } }
I20260709 14:47:46.436908 12326 tablet_service.cc:1917] Received RequestConsensusVote() RPC: tablet_id: "3fafefff03ef4274818f9d176b870383" candidate_uuid: "538c26f4a35a4c1d88e481ad01dc0f88" candidate_term: 1 candidate_status { last_received { term: 0 index: 0 } } ignore_live_leader: false dest_uuid: "43dbb5ba0a7d40ecbfcc26686d32c0a3"
I20260709 14:47:46.439265 12399 tablet_service.cc:1917] Received RequestConsensusVote() RPC: tablet_id: "06b3ef90eb1f4350b3a8bd035a8c54eb" candidate_uuid: "43dbb5ba0a7d40ecbfcc26686d32c0a3" candidate_term: 1 candidate_status { last_received { term: 0 index: 0 } } ignore_live_leader: false dest_uuid: "538c26f4a35a4c1d88e481ad01dc0f88" is_pre_election: true
I20260709 14:47:46.437522 12326 raft_consensus.cc:3060] T 3fafefff03ef4274818f9d176b870383 P 43dbb5ba0a7d40ecbfcc26686d32c0a3 [term 0 FOLLOWER]: Advancing to term 1
I20260709 14:47:46.437536 12443 ts_tablet_manager.cc:1434] T 4d3d603cfd0c41249620bd8bea654fc1 P 1575369b6dd14c84b266e99cd279bc34: Time spent starting tablet: real 0.040s	user 0.009s	sys 0.000s
I20260709 14:47:46.438299 12451 leader_election.cc:290] T 06b3ef90eb1f4350b3a8bd035a8c54eb P 43dbb5ba0a7d40ecbfcc26686d32c0a3 [CANDIDATE]: Term 1 pre-election: Requested pre-vote from peers 1575369b6dd14c84b266e99cd279bc34 (127.11.213.1:35305), 538c26f4a35a4c1d88e481ad01dc0f88 (127.11.213.3:33591)
I20260709 14:47:46.440261 12483 raft_consensus.cc:515] T 06b3ef90eb1f4350b3a8bd035a8c54eb P 538c26f4a35a4c1d88e481ad01dc0f88 [term 1 FOLLOWER]: Starting leader election with config: opid_index: -1 OBSOLETE_local: false peers { permanent_uuid: "1575369b6dd14c84b266e99cd279bc34" member_type: VOTER last_known_addr { host: "127.11.213.1" port: 35305 } } peers { permanent_uuid: "43dbb5ba0a7d40ecbfcc26686d32c0a3" member_type: VOTER last_known_addr { host: "127.11.213.2" port: 45799 } } peers { permanent_uuid: "538c26f4a35a4c1d88e481ad01dc0f88" member_type: VOTER last_known_addr { host: "127.11.213.3" port: 33591 } }
I20260709 14:47:46.442186 12250 tablet_service.cc:1917] Received RequestConsensusVote() RPC: tablet_id: "3fafefff03ef4274818f9d176b870383" candidate_uuid: "538c26f4a35a4c1d88e481ad01dc0f88" candidate_term: 1 candidate_status { last_received { term: 0 index: 0 } } ignore_live_leader: false dest_uuid: "1575369b6dd14c84b266e99cd279bc34"
I20260709 14:47:46.435410 12290 leader_election.cc:304] T 06b3ef90eb1f4350b3a8bd035a8c54eb P 43dbb5ba0a7d40ecbfcc26686d32c0a3 [CANDIDATE]: Term 1 pre-election: Election decided. Result: candidate won. Election summary: received 2 responses out of 3 voters: 2 yes votes; 0 no votes. yes voters: 1575369b6dd14c84b266e99cd279bc34, 43dbb5ba0a7d40ecbfcc26686d32c0a3; no voters: 
I20260709 14:47:46.448089 12445 ts_tablet_manager.cc:1434] T e8d74a21759f40ce89c85c37e6f8e3c9 P 43dbb5ba0a7d40ecbfcc26686d32c0a3: Time spent starting tablet: real 0.141s	user 0.012s	sys 0.014s
I20260709 14:47:46.454991 12443 tablet_bootstrap.cc:492] T e8d74a21759f40ce89c85c37e6f8e3c9 P 1575369b6dd14c84b266e99cd279bc34: Bootstrap starting.
I20260709 14:47:46.455540 12249 tablet_service.cc:1917] Received RequestConsensusVote() RPC: tablet_id: "06b3ef90eb1f4350b3a8bd035a8c54eb" candidate_uuid: "538c26f4a35a4c1d88e481ad01dc0f88" candidate_term: 1 candidate_status { last_received { term: 0 index: 0 } } ignore_live_leader: false dest_uuid: "1575369b6dd14c84b266e99cd279bc34"
I20260709 14:47:46.449223 12399 raft_consensus.cc:2393] T 06b3ef90eb1f4350b3a8bd035a8c54eb P 538c26f4a35a4c1d88e481ad01dc0f88 [term 1 FOLLOWER]: Leader pre-election vote request: Denying vote to candidate 43dbb5ba0a7d40ecbfcc26686d32c0a3 in current term 1: Already voted for candidate 538c26f4a35a4c1d88e481ad01dc0f88 in this term.
I20260709 14:47:46.456317 12249 raft_consensus.cc:3060] T 06b3ef90eb1f4350b3a8bd035a8c54eb P 1575369b6dd14c84b266e99cd279bc34 [term 0 FOLLOWER]: Advancing to term 1
I20260709 14:47:46.449613 12250 raft_consensus.cc:3060] T 3fafefff03ef4274818f9d176b870383 P 1575369b6dd14c84b266e99cd279bc34 [term 0 FOLLOWER]: Advancing to term 1
I20260709 14:47:46.454170 12451 raft_consensus.cc:2804] T 06b3ef90eb1f4350b3a8bd035a8c54eb P 43dbb5ba0a7d40ecbfcc26686d32c0a3 [term 0 FOLLOWER]: Leader pre-election won for term 1
I20260709 14:47:46.457818 12444 tablet_bootstrap.cc:654] T b2ee67535cde4bff864753d1c7ba87ae P 538c26f4a35a4c1d88e481ad01dc0f88: Neither blocks nor log segments found. Creating new log.
I20260709 14:47:46.458443 12483 leader_election.cc:290] T 06b3ef90eb1f4350b3a8bd035a8c54eb P 538c26f4a35a4c1d88e481ad01dc0f88 [CANDIDATE]: Term 1 election: Requested vote from peers 1575369b6dd14c84b266e99cd279bc34 (127.11.213.1:35305), 43dbb5ba0a7d40ecbfcc26686d32c0a3 (127.11.213.2:45799)
I20260709 14:47:46.460716 12445 tablet_bootstrap.cc:492] T b49ec71fbbeb4f48b02ef4cd1fb4245b P 43dbb5ba0a7d40ecbfcc26686d32c0a3: Bootstrap starting.
I20260709 14:47:46.460007 12451 raft_consensus.cc:493] T 06b3ef90eb1f4350b3a8bd035a8c54eb P 43dbb5ba0a7d40ecbfcc26686d32c0a3 [term 0 FOLLOWER]: Starting leader election (no leader contacted us within the election timeout)
I20260709 14:47:46.461261 12148 catalog_manager.cc:5697] T 1581c37ab6d942ab9d537bae3d708fd5 P 43dbb5ba0a7d40ecbfcc26686d32c0a3 reported cstate change: term changed from 0 to 1, leader changed from <none> to 43dbb5ba0a7d40ecbfcc26686d32c0a3 (127.11.213.2). New cstate: current_term: 1 leader_uuid: "43dbb5ba0a7d40ecbfcc26686d32c0a3" committed_config { opid_index: -1 OBSOLETE_local: false peers { permanent_uuid: "1575369b6dd14c84b266e99cd279bc34" member_type: VOTER last_known_addr { host: "127.11.213.1" port: 35305 } health_report { overall_health: UNKNOWN } } peers { permanent_uuid: "538c26f4a35a4c1d88e481ad01dc0f88" member_type: VOTER last_known_addr { host: "127.11.213.3" port: 33591 } health_report { overall_health: UNKNOWN } } peers { permanent_uuid: "43dbb5ba0a7d40ecbfcc26686d32c0a3" member_type: VOTER last_known_addr { host: "127.11.213.2" port: 45799 } health_report { overall_health: HEALTHY } } }
I20260709 14:47:46.463716 12451 raft_consensus.cc:3060] T 06b3ef90eb1f4350b3a8bd035a8c54eb P 43dbb5ba0a7d40ecbfcc26686d32c0a3 [term 0 FOLLOWER]: Advancing to term 1
I20260709 14:47:46.463920 12325 tablet_service.cc:1917] Received RequestConsensusVote() RPC: tablet_id: "06b3ef90eb1f4350b3a8bd035a8c54eb" candidate_uuid: "538c26f4a35a4c1d88e481ad01dc0f88" candidate_term: 1 candidate_status { last_received { term: 0 index: 0 } } ignore_live_leader: false dest_uuid: "43dbb5ba0a7d40ecbfcc26686d32c0a3"
I20260709 14:47:46.474823 12326 raft_consensus.cc:2468] T 3fafefff03ef4274818f9d176b870383 P 43dbb5ba0a7d40ecbfcc26686d32c0a3 [term 1 FOLLOWER]: Leader election vote request: Granting yes vote for candidate 538c26f4a35a4c1d88e481ad01dc0f88 in term 1.
I20260709 14:47:46.478572 12363 leader_election.cc:304] T 3fafefff03ef4274818f9d176b870383 P 538c26f4a35a4c1d88e481ad01dc0f88 [CANDIDATE]: Term 1 election: Election decided. Result: candidate won. Election summary: received 2 responses out of 3 voters: 2 yes votes; 0 no votes. yes voters: 43dbb5ba0a7d40ecbfcc26686d32c0a3, 538c26f4a35a4c1d88e481ad01dc0f88; no voters: 
I20260709 14:47:46.483492 12483 raft_consensus.cc:2804] T 3fafefff03ef4274818f9d176b870383 P 538c26f4a35a4c1d88e481ad01dc0f88 [term 1 FOLLOWER]: Leader election won for term 1
I20260709 14:47:46.485780 12483 raft_consensus.cc:697] T 3fafefff03ef4274818f9d176b870383 P 538c26f4a35a4c1d88e481ad01dc0f88 [term 1 LEADER]: Becoming Leader. State: Replica: 538c26f4a35a4c1d88e481ad01dc0f88, State: Running, Role: LEADER
I20260709 14:47:46.486881 12483 consensus_queue.cc:237] T 3fafefff03ef4274818f9d176b870383 P 538c26f4a35a4c1d88e481ad01dc0f88 [LEADER]: Queue going to LEADER mode. State: All replicated index: 0, Majority replicated index: 0, Committed index: 0, Last appended: 0.0, Last appended by leader: 0, Current term: 1, Majority size: 2, State: 0, Mode: LEADER, active raft config: opid_index: -1 OBSOLETE_local: false peers { permanent_uuid: "1575369b6dd14c84b266e99cd279bc34" member_type: VOTER last_known_addr { host: "127.11.213.1" port: 35305 } } peers { permanent_uuid: "43dbb5ba0a7d40ecbfcc26686d32c0a3" member_type: VOTER last_known_addr { host: "127.11.213.2" port: 45799 } } peers { permanent_uuid: "538c26f4a35a4c1d88e481ad01dc0f88" member_type: VOTER last_known_addr { host: "127.11.213.3" port: 33591 } }
I20260709 14:47:46.488652 12444 tablet_bootstrap.cc:492] T b2ee67535cde4bff864753d1c7ba87ae P 538c26f4a35a4c1d88e481ad01dc0f88: No bootstrap required, opened a new log
I20260709 14:47:46.489121 12444 ts_tablet_manager.cc:1403] T b2ee67535cde4bff864753d1c7ba87ae P 538c26f4a35a4c1d88e481ad01dc0f88: Time spent bootstrapping tablet: real 0.089s	user 0.012s	sys 0.005s
I20260709 14:47:46.489365 12451 raft_consensus.cc:515] T 06b3ef90eb1f4350b3a8bd035a8c54eb P 43dbb5ba0a7d40ecbfcc26686d32c0a3 [term 1 FOLLOWER]: Starting leader election with config: opid_index: -1 OBSOLETE_local: false peers { permanent_uuid: "1575369b6dd14c84b266e99cd279bc34" member_type: VOTER last_known_addr { host: "127.11.213.1" port: 35305 } } peers { permanent_uuid: "43dbb5ba0a7d40ecbfcc26686d32c0a3" member_type: VOTER last_known_addr { host: "127.11.213.2" port: 45799 } } peers { permanent_uuid: "538c26f4a35a4c1d88e481ad01dc0f88" member_type: VOTER last_known_addr { host: "127.11.213.3" port: 33591 } }
I20260709 14:47:46.492079 12325 raft_consensus.cc:2393] T 06b3ef90eb1f4350b3a8bd035a8c54eb P 43dbb5ba0a7d40ecbfcc26686d32c0a3 [term 1 FOLLOWER]: Leader election vote request: Denying vote to candidate 538c26f4a35a4c1d88e481ad01dc0f88 in current term 1: Already voted for candidate 43dbb5ba0a7d40ecbfcc26686d32c0a3 in this term.
I20260709 14:47:46.490671 12250 raft_consensus.cc:2468] T 3fafefff03ef4274818f9d176b870383 P 1575369b6dd14c84b266e99cd279bc34 [term 1 FOLLOWER]: Leader election vote request: Granting yes vote for candidate 538c26f4a35a4c1d88e481ad01dc0f88 in term 1.
I20260709 14:47:46.493929 12444 raft_consensus.cc:359] T b2ee67535cde4bff864753d1c7ba87ae P 538c26f4a35a4c1d88e481ad01dc0f88 [term 0 FOLLOWER]: Replica starting. Triggering 0 pending ops. Active config: opid_index: -1 OBSOLETE_local: false peers { permanent_uuid: "1575369b6dd14c84b266e99cd279bc34" member_type: VOTER last_known_addr { host: "127.11.213.1" port: 35305 } } peers { permanent_uuid: "43dbb5ba0a7d40ecbfcc26686d32c0a3" member_type: VOTER last_known_addr { host: "127.11.213.2" port: 45799 } } peers { permanent_uuid: "538c26f4a35a4c1d88e481ad01dc0f88" member_type: VOTER last_known_addr { host: "127.11.213.3" port: 33591 } }
