I20260709 14:47:54.979758  6770 catalog_manager.cc:5697] T 139ffdec7c884000bef046afe9469f7d P e2c4b5508ab14ac8b9132b8b530de9b8 reported cstate change: term changed from 0 to 1, leader changed from <none> to e2c4b5508ab14ac8b9132b8b530de9b8 (127.6.25.193). New cstate: current_term: 1 leader_uuid: "e2c4b5508ab14ac8b9132b8b530de9b8" committed_config { opid_index: -1 OBSOLETE_local: false peers { permanent_uuid: "e2c4b5508ab14ac8b9132b8b530de9b8" member_type: VOTER last_known_addr { host: "127.6.25.193" port: 43129 } health_report { overall_health: HEALTHY } } peers { permanent_uuid: "27ba4dcc52154b2286e9df3169340c0e" member_type: VOTER last_known_addr { host: "127.6.25.194" port: 45441 } health_report { overall_health: UNKNOWN } } peers { permanent_uuid: "996109c80fce425fb5354de8183837cd" member_type: VOTER last_known_addr { host: "127.6.25.195" port: 37169 } health_report { overall_health: UNKNOWN } } }
I20260709 14:47:54.983223  7109 raft_consensus.cc:493] T 1f2bcb91c06845edbbe3e75cb26546c8 P 996109c80fce425fb5354de8183837cd [term 0 FOLLOWER]: Starting pre-election (no leader contacted us within the election timeout)
I20260709 14:47:54.983706  7109 raft_consensus.cc:515] T 1f2bcb91c06845edbbe3e75cb26546c8 P 996109c80fce425fb5354de8183837cd [term 0 FOLLOWER]: Starting pre-election with config: opid_index: -1 OBSOLETE_local: false peers { permanent_uuid: "e2c4b5508ab14ac8b9132b8b530de9b8" member_type: VOTER last_known_addr { host: "127.6.25.193" port: 43129 } } peers { permanent_uuid: "27ba4dcc52154b2286e9df3169340c0e" member_type: VOTER last_known_addr { host: "127.6.25.194" port: 45441 } } peers { permanent_uuid: "996109c80fce425fb5354de8183837cd" member_type: VOTER last_known_addr { host: "127.6.25.195" port: 37169 } }
I20260709 14:47:54.983868  6770 catalog_manager.cc:5697] T 6a59d092e0c845608773816f8fc97867 P e2c4b5508ab14ac8b9132b8b530de9b8 reported cstate change: term changed from 0 to 1, leader changed from <none> to e2c4b5508ab14ac8b9132b8b530de9b8 (127.6.25.193). New cstate: current_term: 1 leader_uuid: "e2c4b5508ab14ac8b9132b8b530de9b8" committed_config { opid_index: -1 OBSOLETE_local: false peers { permanent_uuid: "e2c4b5508ab14ac8b9132b8b530de9b8" member_type: VOTER last_known_addr { host: "127.6.25.193" port: 43129 } health_report { overall_health: HEALTHY } } peers { permanent_uuid: "27ba4dcc52154b2286e9df3169340c0e" member_type: VOTER last_known_addr { host: "127.6.25.194" port: 45441 } health_report { overall_health: UNKNOWN } } peers { permanent_uuid: "996109c80fce425fb5354de8183837cd" member_type: VOTER last_known_addr { host: "127.6.25.195" port: 37169 } health_report { overall_health: UNKNOWN } } }
I20260709 14:47:54.985765  7109 leader_election.cc:290] T 1f2bcb91c06845edbbe3e75cb26546c8 P 996109c80fce425fb5354de8183837cd [CANDIDATE]: Term 1 pre-election: Requested pre-vote from peers e2c4b5508ab14ac8b9132b8b530de9b8 (127.6.25.193:43129), 27ba4dcc52154b2286e9df3169340c0e (127.6.25.194:45441)
I20260709 14:47:54.985620  6770 catalog_manager.cc:5697] T d639e35e5cf649d6b84c34411efeffdd P e2c4b5508ab14ac8b9132b8b530de9b8 reported cstate change: term changed from 0 to 1, leader changed from <none> to e2c4b5508ab14ac8b9132b8b530de9b8 (127.6.25.193). New cstate: current_term: 1 leader_uuid: "e2c4b5508ab14ac8b9132b8b530de9b8" committed_config { opid_index: -1 OBSOLETE_local: false peers { permanent_uuid: "996109c80fce425fb5354de8183837cd" member_type: VOTER last_known_addr { host: "127.6.25.195" port: 37169 } health_report { overall_health: UNKNOWN } } peers { permanent_uuid: "27ba4dcc52154b2286e9df3169340c0e" member_type: VOTER last_known_addr { host: "127.6.25.194" port: 45441 } health_report { overall_health: UNKNOWN } } peers { permanent_uuid: "e2c4b5508ab14ac8b9132b8b530de9b8" member_type: VOTER last_known_addr { host: "127.6.25.193" port: 43129 } health_report { overall_health: HEALTHY } } }
I20260709 14:47:54.986353  7063 tablet_bootstrap.cc:654] T c62174a8a0ac489aa7d4887cb0aa372b P 996109c80fce425fb5354de8183837cd: Neither blocks nor log segments found. Creating new log.
I20260709 14:47:54.989833  6875 tablet_service.cc:1917] Received RequestConsensusVote() RPC: tablet_id: "1f2bcb91c06845edbbe3e75cb26546c8" candidate_uuid: "996109c80fce425fb5354de8183837cd" candidate_term: 1 candidate_status { last_received { term: 0 index: 0 } } ignore_live_leader: false dest_uuid: "e2c4b5508ab14ac8b9132b8b530de9b8" is_pre_election: true
I20260709 14:47:54.990362  6948 tablet_service.cc:1917] Received RequestConsensusVote() RPC: tablet_id: "1f2bcb91c06845edbbe3e75cb26546c8" candidate_uuid: "996109c80fce425fb5354de8183837cd" candidate_term: 1 candidate_status { last_received { term: 0 index: 0 } } ignore_live_leader: false dest_uuid: "27ba4dcc52154b2286e9df3169340c0e" is_pre_election: true
I20260709 14:47:54.990496  6875 raft_consensus.cc:2468] T 1f2bcb91c06845edbbe3e75cb26546c8 P e2c4b5508ab14ac8b9132b8b530de9b8 [term 0 FOLLOWER]: Leader pre-election vote request: Granting yes vote for candidate 996109c80fce425fb5354de8183837cd in term 0.
I20260709 14:47:54.990996  6948 raft_consensus.cc:2468] T 1f2bcb91c06845edbbe3e75cb26546c8 P 27ba4dcc52154b2286e9df3169340c0e [term 0 FOLLOWER]: Leader pre-election vote request: Granting yes vote for candidate 996109c80fce425fb5354de8183837cd in term 0.
I20260709 14:47:54.989897  6990 leader_election.cc:304] T bcf2aa2abc024bc2832fc87216f707d6 P 996109c80fce425fb5354de8183837cd [CANDIDATE]: Term 1 election: Election decided. Result: candidate won. Election summary: received 3 responses out of 3 voters: 2 yes votes; 1 no votes. yes voters: 27ba4dcc52154b2286e9df3169340c0e, 996109c80fce425fb5354de8183837cd; no voters: e2c4b5508ab14ac8b9132b8b530de9b8
I20260709 14:47:55.000172  7109 raft_consensus.cc:2804] T bcf2aa2abc024bc2832fc87216f707d6 P 996109c80fce425fb5354de8183837cd [term 1 FOLLOWER]: Leader election won for term 1
I20260709 14:47:55.000710  7109 raft_consensus.cc:697] T bcf2aa2abc024bc2832fc87216f707d6 P 996109c80fce425fb5354de8183837cd [term 1 LEADER]: Becoming Leader. State: Replica: 996109c80fce425fb5354de8183837cd, State: Running, Role: LEADER
I20260709 14:47:55.001672  7109 consensus_queue.cc:237] T bcf2aa2abc024bc2832fc87216f707d6 P 996109c80fce425fb5354de8183837cd [LEADER]: Queue going to LEADER mode. State: All replicated index: 0, Majority replicated index: 0, Committed index: 0, Last appended: 0.0, Last appended by leader: 0, Current term: 1, Majority size: 2, State: 0, Mode: LEADER, active raft config: opid_index: -1 OBSOLETE_local: false peers { permanent_uuid: "e2c4b5508ab14ac8b9132b8b530de9b8" member_type: VOTER last_known_addr { host: "127.6.25.193" port: 43129 } } peers { permanent_uuid: "27ba4dcc52154b2286e9df3169340c0e" member_type: VOTER last_known_addr { host: "127.6.25.194" port: 45441 } } peers { permanent_uuid: "996109c80fce425fb5354de8183837cd" member_type: VOTER last_known_addr { host: "127.6.25.195" port: 37169 } }
I20260709 14:47:55.005846  6990 leader_election.cc:304] T 1f2bcb91c06845edbbe3e75cb26546c8 P 996109c80fce425fb5354de8183837cd [CANDIDATE]: Term 1 pre-election: Election decided. Result: candidate won. Election summary: received 2 responses out of 3 voters: 2 yes votes; 0 no votes. yes voters: 996109c80fce425fb5354de8183837cd, e2c4b5508ab14ac8b9132b8b530de9b8; no voters: 
I20260709 14:47:55.006956  7118 raft_consensus.cc:2804] T 1f2bcb91c06845edbbe3e75cb26546c8 P 996109c80fce425fb5354de8183837cd [term 0 FOLLOWER]: Leader pre-election won for term 1
I20260709 14:47:55.007349  7118 raft_consensus.cc:493] T 1f2bcb91c06845edbbe3e75cb26546c8 P 996109c80fce425fb5354de8183837cd [term 0 FOLLOWER]: Starting leader election (no leader contacted us within the election timeout)
I20260709 14:47:55.007807  7118 raft_consensus.cc:3060] T 1f2bcb91c06845edbbe3e75cb26546c8 P 996109c80fce425fb5354de8183837cd [term 0 FOLLOWER]: Advancing to term 1
I20260709 14:47:55.023767  7122 raft_consensus.cc:493] T 651ecf3de14f4ef1baee4a47a7143f01 P 27ba4dcc52154b2286e9df3169340c0e [term 0 FOLLOWER]: Starting pre-election (no leader contacted us within the election timeout)
I20260709 14:47:55.024667  7063 tablet_bootstrap.cc:492] T c62174a8a0ac489aa7d4887cb0aa372b P 996109c80fce425fb5354de8183837cd: No bootstrap required, opened a new log
I20260709 14:47:55.025152  7063 ts_tablet_manager.cc:1403] T c62174a8a0ac489aa7d4887cb0aa372b P 996109c80fce425fb5354de8183837cd: Time spent bootstrapping tablet: real 0.114s	user 0.025s	sys 0.029s
I20260709 14:47:55.026587  7122 raft_consensus.cc:515] T 651ecf3de14f4ef1baee4a47a7143f01 P 27ba4dcc52154b2286e9df3169340c0e [term 0 FOLLOWER]: Starting pre-election with config: opid_index: -1 OBSOLETE_local: false peers { permanent_uuid: "e2c4b5508ab14ac8b9132b8b530de9b8" member_type: VOTER last_known_addr { host: "127.6.25.193" port: 43129 } } peers { permanent_uuid: "27ba4dcc52154b2286e9df3169340c0e" member_type: VOTER last_known_addr { host: "127.6.25.194" port: 45441 } } peers { permanent_uuid: "996109c80fce425fb5354de8183837cd" member_type: VOTER last_known_addr { host: "127.6.25.195" port: 37169 } }
I20260709 14:47:55.019763  7070 raft_consensus.cc:697] T 4578928d42b14dadba91cefce28347b0 P 27ba4dcc52154b2286e9df3169340c0e [term 1 LEADER]: Becoming Leader. State: Replica: 27ba4dcc52154b2286e9df3169340c0e, State: Running, Role: LEADER
I20260709 14:47:55.028828  7122 leader_election.cc:290] T 651ecf3de14f4ef1baee4a47a7143f01 P 27ba4dcc52154b2286e9df3169340c0e [CANDIDATE]: Term 1 pre-election: Requested pre-vote from peers e2c4b5508ab14ac8b9132b8b530de9b8 (127.6.25.193:43129), 996109c80fce425fb5354de8183837cd (127.6.25.195:37169)
I20260709 14:47:55.028652  7070 consensus_queue.cc:237] T 4578928d42b14dadba91cefce28347b0 P 27ba4dcc52154b2286e9df3169340c0e [LEADER]: Queue going to LEADER mode. State: All replicated index: 0, Majority replicated index: 0, Committed index: 0, Last appended: 0.0, Last appended by leader: 0, Current term: 1, Majority size: 2, State: 0, Mode: LEADER, active raft config: opid_index: -1 OBSOLETE_local: false peers { permanent_uuid: "e2c4b5508ab14ac8b9132b8b530de9b8" member_type: VOTER last_known_addr { host: "127.6.25.193" port: 43129 } } peers { permanent_uuid: "27ba4dcc52154b2286e9df3169340c0e" member_type: VOTER last_known_addr { host: "127.6.25.194" port: 45441 } } peers { permanent_uuid: "996109c80fce425fb5354de8183837cd" member_type: VOTER last_known_addr { host: "127.6.25.195" port: 37169 } }
I20260709 14:47:55.029268  7063 raft_consensus.cc:359] T c62174a8a0ac489aa7d4887cb0aa372b P 996109c80fce425fb5354de8183837cd [term 0 FOLLOWER]: Replica starting. Triggering 0 pending ops. Active config: opid_index: -1 OBSOLETE_local: false peers { permanent_uuid: "e2c4b5508ab14ac8b9132b8b530de9b8" member_type: VOTER last_known_addr { host: "127.6.25.193" port: 43129 } } peers { permanent_uuid: "27ba4dcc52154b2286e9df3169340c0e" member_type: VOTER last_known_addr { host: "127.6.25.194" port: 45441 } } peers { permanent_uuid: "996109c80fce425fb5354de8183837cd" member_type: VOTER last_known_addr { host: "127.6.25.195" port: 37169 } }
I20260709 14:47:55.029872  7063 raft_consensus.cc:385] T c62174a8a0ac489aa7d4887cb0aa372b P 996109c80fce425fb5354de8183837cd [term 0 FOLLOWER]: Consensus starting up: Expiring failure detector timer to make a prompt election more likely
I20260709 14:47:55.030120  7063 raft_consensus.cc:740] T c62174a8a0ac489aa7d4887cb0aa372b P 996109c80fce425fb5354de8183837cd [term 0 FOLLOWER]: Becoming Follower/Learner. State: Replica: 996109c80fce425fb5354de8183837cd, State: Initialized, Role: FOLLOWER
I20260709 14:47:55.030951  6875 tablet_service.cc:1917] Received RequestConsensusVote() RPC: tablet_id: "651ecf3de14f4ef1baee4a47a7143f01" candidate_uuid: "27ba4dcc52154b2286e9df3169340c0e" candidate_term: 1 candidate_status { last_received { term: 0 index: 0 } } ignore_live_leader: false dest_uuid: "e2c4b5508ab14ac8b9132b8b530de9b8" is_pre_election: true
I20260709 14:47:55.030828  7063 consensus_queue.cc:260] T c62174a8a0ac489aa7d4887cb0aa372b P 996109c80fce425fb5354de8183837cd [NON_LEADER]: Queue going to NON_LEADER mode. State: All replicated index: 0, Majority replicated index: 0, Committed index: 0, Last appended: 0.0, Last appended by leader: 0, Current term: 0, Majority size: -1, State: 0, Mode: NON_LEADER, active raft config: opid_index: -1 OBSOLETE_local: false peers { permanent_uuid: "e2c4b5508ab14ac8b9132b8b530de9b8" member_type: VOTER last_known_addr { host: "127.6.25.193" port: 43129 } } peers { permanent_uuid: "27ba4dcc52154b2286e9df3169340c0e" member_type: VOTER last_known_addr { host: "127.6.25.194" port: 45441 } } peers { permanent_uuid: "996109c80fce425fb5354de8183837cd" member_type: VOTER last_known_addr { host: "127.6.25.195" port: 37169 } }
I20260709 14:47:55.031667  6875 raft_consensus.cc:2393] T 651ecf3de14f4ef1baee4a47a7143f01 P e2c4b5508ab14ac8b9132b8b530de9b8 [term 1 FOLLOWER]: Leader pre-election vote request: Denying vote to candidate 27ba4dcc52154b2286e9df3169340c0e in current term 1: Already voted for candidate 996109c80fce425fb5354de8183837cd in this term.
I20260709 14:47:55.032527  7024 tablet_service.cc:1917] Received RequestConsensusVote() RPC: tablet_id: "651ecf3de14f4ef1baee4a47a7143f01" candidate_uuid: "27ba4dcc52154b2286e9df3169340c0e" candidate_term: 1 candidate_status { last_received { term: 0 index: 0 } } ignore_live_leader: false dest_uuid: "996109c80fce425fb5354de8183837cd" is_pre_election: true
I20260709 14:47:55.032788  7063 ts_tablet_manager.cc:1434] T c62174a8a0ac489aa7d4887cb0aa372b P 996109c80fce425fb5354de8183837cd: Time spent starting tablet: real 0.007s	user 0.007s	sys 0.000s
I20260709 14:47:55.032967  7064 ts_tablet_manager.cc:1434] T 651ecf3de14f4ef1baee4a47a7143f01 P 27ba4dcc52154b2286e9df3169340c0e: Time spent starting tablet: real 0.131s	user 0.028s	sys 0.047s
I20260709 14:47:55.033928  7064 tablet_bootstrap.cc:492] T 139ffdec7c884000bef046afe9469f7d P 27ba4dcc52154b2286e9df3169340c0e: Bootstrap starting.
I20260709 14:47:55.022204  7118 raft_consensus.cc:515] T 1f2bcb91c06845edbbe3e75cb26546c8 P 996109c80fce425fb5354de8183837cd [term 1 FOLLOWER]: Starting leader election with config: opid_index: -1 OBSOLETE_local: false peers { permanent_uuid: "e2c4b5508ab14ac8b9132b8b530de9b8" member_type: VOTER last_known_addr { host: "127.6.25.193" port: 43129 } } peers { permanent_uuid: "27ba4dcc52154b2286e9df3169340c0e" member_type: VOTER last_known_addr { host: "127.6.25.194" port: 45441 } } peers { permanent_uuid: "996109c80fce425fb5354de8183837cd" member_type: VOTER last_known_addr { host: "127.6.25.195" port: 37169 } }
I20260709 14:47:55.034600  6916 leader_election.cc:304] T 651ecf3de14f4ef1baee4a47a7143f01 P 27ba4dcc52154b2286e9df3169340c0e [CANDIDATE]: Term 1 pre-election: Election decided. Result: candidate lost. Election summary: received 3 responses out of 3 voters: 1 yes votes; 2 no votes. yes voters: 27ba4dcc52154b2286e9df3169340c0e; no voters: 996109c80fce425fb5354de8183837cd, e2c4b5508ab14ac8b9132b8b530de9b8
I20260709 14:47:55.035794  7122 raft_consensus.cc:3060] T 651ecf3de14f4ef1baee4a47a7143f01 P 27ba4dcc52154b2286e9df3169340c0e [term 0 FOLLOWER]: Advancing to term 1
I20260709 14:47:55.036041  7118 leader_election.cc:290] T 1f2bcb91c06845edbbe3e75cb26546c8 P 996109c80fce425fb5354de8183837cd [CANDIDATE]: Term 1 election: Requested vote from peers e2c4b5508ab14ac8b9132b8b530de9b8 (127.6.25.193:43129), 27ba4dcc52154b2286e9df3169340c0e (127.6.25.194:45441)
I20260709 14:47:55.036633  6875 tablet_service.cc:1917] Received RequestConsensusVote() RPC: tablet_id: "1f2bcb91c06845edbbe3e75cb26546c8" candidate_uuid: "996109c80fce425fb5354de8183837cd" candidate_term: 1 candidate_status { last_received { term: 0 index: 0 } } ignore_live_leader: false dest_uuid: "e2c4b5508ab14ac8b9132b8b530de9b8"
I20260709 14:47:55.037191  6875 raft_consensus.cc:3060] T 1f2bcb91c06845edbbe3e75cb26546c8 P e2c4b5508ab14ac8b9132b8b530de9b8 [term 0 FOLLOWER]: Advancing to term 1
I20260709 14:47:55.039464  6948 tablet_service.cc:1917] Received RequestConsensusVote() RPC: tablet_id: "1f2bcb91c06845edbbe3e75cb26546c8" candidate_uuid: "996109c80fce425fb5354de8183837cd" candidate_term: 1 candidate_status { last_received { term: 0 index: 0 } } ignore_live_leader: false dest_uuid: "27ba4dcc52154b2286e9df3169340c0e"
I20260709 14:47:55.040027  6948 raft_consensus.cc:3060] T 1f2bcb91c06845edbbe3e75cb26546c8 P 27ba4dcc52154b2286e9df3169340c0e [term 0 FOLLOWER]: Advancing to term 1
I20260709 14:47:55.040670  7064 tablet_bootstrap.cc:654] T 139ffdec7c884000bef046afe9469f7d P 27ba4dcc52154b2286e9df3169340c0e: Neither blocks nor log segments found. Creating new log.
I20260709 14:47:55.042465  7122 raft_consensus.cc:2749] T 651ecf3de14f4ef1baee4a47a7143f01 P 27ba4dcc52154b2286e9df3169340c0e [term 1 FOLLOWER]: Leader pre-election lost for term 1. Reason: could not achieve majority
I20260709 14:47:55.048022  7066 tablet_bootstrap.cc:492] T bcf2aa2abc024bc2832fc87216f707d6 P e2c4b5508ab14ac8b9132b8b530de9b8: No bootstrap required, opened a new log
I20260709 14:47:55.048365  7064 tablet_bootstrap.cc:492] T 139ffdec7c884000bef046afe9469f7d P 27ba4dcc52154b2286e9df3169340c0e: No bootstrap required, opened a new log
I20260709 14:47:55.048509  7066 ts_tablet_manager.cc:1403] T bcf2aa2abc024bc2832fc87216f707d6 P e2c4b5508ab14ac8b9132b8b530de9b8: Time spent bootstrapping tablet: real 0.150s	user 0.014s	sys 0.001s
I20260709 14:47:55.048759  7064 ts_tablet_manager.cc:1403] T 139ffdec7c884000bef046afe9469f7d P 27ba4dcc52154b2286e9df3169340c0e: Time spent bootstrapping tablet: real 0.015s	user 0.008s	sys 0.006s
I20260709 14:47:55.049304  6948 raft_consensus.cc:2468] T 1f2bcb91c06845edbbe3e75cb26546c8 P 27ba4dcc52154b2286e9df3169340c0e [term 1 FOLLOWER]: Leader election vote request: Granting yes vote for candidate 996109c80fce425fb5354de8183837cd in term 1.
I20260709 14:47:55.050622  7064 raft_consensus.cc:359] T 139ffdec7c884000bef046afe9469f7d P 27ba4dcc52154b2286e9df3169340c0e [term 0 FOLLOWER]: Replica starting. Triggering 0 pending ops. Active config: opid_index: -1 OBSOLETE_local: false peers { permanent_uuid: "e2c4b5508ab14ac8b9132b8b530de9b8" member_type: VOTER last_known_addr { host: "127.6.25.193" port: 43129 } } peers { permanent_uuid: "27ba4dcc52154b2286e9df3169340c0e" member_type: VOTER last_known_addr { host: "127.6.25.194" port: 45441 } } peers { permanent_uuid: "996109c80fce425fb5354de8183837cd" member_type: VOTER last_known_addr { host: "127.6.25.195" port: 37169 } }
I20260709 14:47:55.051090  7064 raft_consensus.cc:385] T 139ffdec7c884000bef046afe9469f7d P 27ba4dcc52154b2286e9df3169340c0e [term 0 FOLLOWER]: Consensus starting up: Expiring failure detector timer to make a prompt election more likely
I20260709 14:47:55.051326  6990 leader_election.cc:304] T 1f2bcb91c06845edbbe3e75cb26546c8 P 996109c80fce425fb5354de8183837cd [CANDIDATE]: Term 1 election: Election decided. Result: candidate won. Election summary: received 2 responses out of 3 voters: 2 yes votes; 0 no votes. yes voters: 27ba4dcc52154b2286e9df3169340c0e, 996109c80fce425fb5354de8183837cd; no voters: 
I20260709 14:47:55.051476  7064 raft_consensus.cc:740] T 139ffdec7c884000bef046afe9469f7d P 27ba4dcc52154b2286e9df3169340c0e [term 0 FOLLOWER]: Becoming Follower/Learner. State: Replica: 27ba4dcc52154b2286e9df3169340c0e, State: Initialized, Role: FOLLOWER
I20260709 14:47:55.051056  7066 raft_consensus.cc:359] T bcf2aa2abc024bc2832fc87216f707d6 P e2c4b5508ab14ac8b9132b8b530de9b8 [term 0 FOLLOWER]: Replica starting. Triggering 0 pending ops. Active config: opid_index: -1 OBSOLETE_local: false peers { permanent_uuid: "e2c4b5508ab14ac8b9132b8b530de9b8" member_type: VOTER last_known_addr { host: "127.6.25.193" port: 43129 } } peers { permanent_uuid: "27ba4dcc52154b2286e9df3169340c0e" member_type: VOTER last_known_addr { host: "127.6.25.194" port: 45441 } } peers { permanent_uuid: "996109c80fce425fb5354de8183837cd" member_type: VOTER last_known_addr { host: "127.6.25.195" port: 37169 } }
I20260709 14:47:55.052181  7064 consensus_queue.cc:260] T 139ffdec7c884000bef046afe9469f7d P 27ba4dcc52154b2286e9df3169340c0e [NON_LEADER]: Queue going to NON_LEADER mode. State: All replicated index: 0, Majority replicated index: 0, Committed index: 0, Last appended: 0.0, Last appended by leader: 0, Current term: 0, Majority size: -1, State: 0, Mode: NON_LEADER, active raft config: opid_index: -1 OBSOLETE_local: false peers { permanent_uuid: "e2c4b5508ab14ac8b9132b8b530de9b8" member_type: VOTER last_known_addr { host: "127.6.25.193" port: 43129 } } peers { permanent_uuid: "27ba4dcc52154b2286e9df3169340c0e" member_type: VOTER last_known_addr { host: "127.6.25.194" port: 45441 } } peers { permanent_uuid: "996109c80fce425fb5354de8183837cd" member_type: VOTER last_known_addr { host: "127.6.25.195" port: 37169 } }
I20260709 14:47:55.052549  7114 raft_consensus.cc:2804] T 1f2bcb91c06845edbbe3e75cb26546c8 P 996109c80fce425fb5354de8183837cd [term 1 FOLLOWER]: Leader election won for term 1
I20260709 14:47:55.053074  7114 raft_consensus.cc:697] T 1f2bcb91c06845edbbe3e75cb26546c8 P 996109c80fce425fb5354de8183837cd [term 1 LEADER]: Becoming Leader. State: Replica: 996109c80fce425fb5354de8183837cd, State: Running, Role: LEADER
I20260709 14:47:55.052597  7066 raft_consensus.cc:385] T bcf2aa2abc024bc2832fc87216f707d6 P e2c4b5508ab14ac8b9132b8b530de9b8 [term 0 FOLLOWER]: Consensus starting up: Expiring failure detector timer to make a prompt election more likely
I20260709 14:47:55.054663  7064 ts_tablet_manager.cc:1434] T 139ffdec7c884000bef046afe9469f7d P 27ba4dcc52154b2286e9df3169340c0e: Time spent starting tablet: real 0.006s	user 0.006s	sys 0.000s
I20260709 14:47:55.054808  7066 raft_consensus.cc:740] T bcf2aa2abc024bc2832fc87216f707d6 P e2c4b5508ab14ac8b9132b8b530de9b8 [term 0 FOLLOWER]: Becoming Follower/Learner. State: Replica: e2c4b5508ab14ac8b9132b8b530de9b8, State: Initialized, Role: FOLLOWER
I20260709 14:47:55.053864  7114 consensus_queue.cc:237] T 1f2bcb91c06845edbbe3e75cb26546c8 P 996109c80fce425fb5354de8183837cd [LEADER]: Queue going to LEADER mode. State: All replicated index: 0, Majority replicated index: 0, Committed index: 0, Last appended: 0.0, Last appended by leader: 0, Current term: 1, Majority size: 2, State: 0, Mode: LEADER, active raft config: opid_index: -1 OBSOLETE_local: false peers { permanent_uuid: "e2c4b5508ab14ac8b9132b8b530de9b8" member_type: VOTER last_known_addr { host: "127.6.25.193" port: 43129 } } peers { permanent_uuid: "27ba4dcc52154b2286e9df3169340c0e" member_type: VOTER last_known_addr { host: "127.6.25.194" port: 45441 } } peers { permanent_uuid: "996109c80fce425fb5354de8183837cd" member_type: VOTER last_known_addr { host: "127.6.25.195" port: 37169 } }
I20260709 14:47:55.059754  6770 catalog_manager.cc:5697] T ed30196a974a42e3af93936cb759f2e3 P 996109c80fce425fb5354de8183837cd reported cstate change: term changed from 0 to 1, leader changed from <none> to 996109c80fce425fb5354de8183837cd (127.6.25.195). New cstate: current_term: 1 leader_uuid: "996109c80fce425fb5354de8183837cd" committed_config { opid_index: -1 OBSOLETE_local: false peers { permanent_uuid: "e2c4b5508ab14ac8b9132b8b530de9b8" member_type: VOTER last_known_addr { host: "127.6.25.193" port: 43129 } health_report { overall_health: UNKNOWN } } peers { permanent_uuid: "27ba4dcc52154b2286e9df3169340c0e" member_type: VOTER last_known_addr { host: "127.6.25.194" port: 45441 } health_report { overall_health: UNKNOWN } } peers { permanent_uuid: "996109c80fce425fb5354de8183837cd" member_type: VOTER last_known_addr { host: "127.6.25.195" port: 37169 } health_report { overall_health: HEALTHY } } }
I20260709 14:47:55.063793  6770 catalog_manager.cc:5697] T 04d0a6889f6e4e1d96dfee26b6ae8e32 P 996109c80fce425fb5354de8183837cd reported cstate change: term changed from 0 to 1, leader changed from <none> to 996109c80fce425fb5354de8183837cd (127.6.25.195). New cstate: current_term: 1 leader_uuid: "996109c80fce425fb5354de8183837cd" committed_config { opid_index: -1 OBSOLETE_local: false peers { permanent_uuid: "e2c4b5508ab14ac8b9132b8b530de9b8" member_type: VOTER last_known_addr { host: "127.6.25.193" port: 43129 } health_report { overall_health: UNKNOWN } } peers { permanent_uuid: "27ba4dcc52154b2286e9df3169340c0e" member_type: VOTER last_known_addr { host: "127.6.25.194" port: 45441 } health_report { overall_health: UNKNOWN } } peers { permanent_uuid: "996109c80fce425fb5354de8183837cd" member_type: VOTER last_known_addr { host: "127.6.25.195" port: 37169 } health_report { overall_health: HEALTHY } } }
I20260709 14:47:55.082644  6875 raft_consensus.cc:2468] T 1f2bcb91c06845edbbe3e75cb26546c8 P e2c4b5508ab14ac8b9132b8b530de9b8 [term 1 FOLLOWER]: Leader election vote request: Granting yes vote for candidate 996109c80fce425fb5354de8183837cd in term 1.
I20260709 14:47:55.082690  7066 consensus_queue.cc:260] T bcf2aa2abc024bc2832fc87216f707d6 P e2c4b5508ab14ac8b9132b8b530de9b8 [NON_LEADER]: Queue going to NON_LEADER mode. State: All replicated index: 0, Majority replicated index: 0, Committed index: 0, Last appended: 0.0, Last appended by leader: 0, Current term: 0, Majority size: -1, State: 0, Mode: NON_LEADER, active raft config: opid_index: -1 OBSOLETE_local: false peers { permanent_uuid: "e2c4b5508ab14ac8b9132b8b530de9b8" member_type: VOTER last_known_addr { host: "127.6.25.193" port: 43129 } } peers { permanent_uuid: "27ba4dcc52154b2286e9df3169340c0e" member_type: VOTER last_known_addr { host: "127.6.25.194" port: 45441 } } peers { permanent_uuid: "996109c80fce425fb5354de8183837cd" member_type: VOTER last_known_addr { host: "127.6.25.195" port: 37169 } }
I20260709 14:47:55.085037  7066 ts_tablet_manager.cc:1434] T bcf2aa2abc024bc2832fc87216f707d6 P e2c4b5508ab14ac8b9132b8b530de9b8: Time spent starting tablet: real 0.036s	user 0.022s	sys 0.011s
I20260709 14:47:55.084829  6773 catalog_manager.cc:5697] T 4578928d42b14dadba91cefce28347b0 P 27ba4dcc52154b2286e9df3169340c0e reported cstate change: term changed from 0 to 1, leader changed from <none> to 27ba4dcc52154b2286e9df3169340c0e (127.6.25.194). New cstate: current_term: 1 leader_uuid: "27ba4dcc52154b2286e9df3169340c0e" committed_config { opid_index: -1 OBSOLETE_local: false peers { permanent_uuid: "e2c4b5508ab14ac8b9132b8b530de9b8" member_type: VOTER last_known_addr { host: "127.6.25.193" port: 43129 } health_report { overall_health: UNKNOWN } } peers { permanent_uuid: "27ba4dcc52154b2286e9df3169340c0e" member_type: VOTER last_known_addr { host: "127.6.25.194" port: 45441 } health_report { overall_health: HEALTHY } } peers { permanent_uuid: "996109c80fce425fb5354de8183837cd" member_type: VOTER last_known_addr { host: "127.6.25.195" port: 37169 } health_report { overall_health: UNKNOWN } } }
I20260709 14:47:55.098919  6770 catalog_manager.cc:5697] T bcf2aa2abc024bc2832fc87216f707d6 P 996109c80fce425fb5354de8183837cd reported cstate change: term changed from 0 to 1, leader changed from <none> to 996109c80fce425fb5354de8183837cd (127.6.25.195). New cstate: current_term: 1 leader_uuid: "996109c80fce425fb5354de8183837cd" committed_config { opid_index: -1 OBSOLETE_local: false peers { permanent_uuid: "e2c4b5508ab14ac8b9132b8b530de9b8" member_type: VOTER last_known_addr { host: "127.6.25.193" port: 43129 } health_report { overall_health: UNKNOWN } } peers { permanent_uuid: "27ba4dcc52154b2286e9df3169340c0e" member_type: VOTER last_known_addr { host: "127.6.25.194" port: 45441 } health_report { overall_health: UNKNOWN } } peers { permanent_uuid: "996109c80fce425fb5354de8183837cd" member_type: VOTER last_known_addr { host: "127.6.25.195" port: 37169 } health_report { overall_health: HEALTHY } } }
I20260709 14:47:55.100183  6770 catalog_manager.cc:5697] T 1f2bcb91c06845edbbe3e75cb26546c8 P 996109c80fce425fb5354de8183837cd reported cstate change: term changed from 0 to 1, leader changed from <none> to 996109c80fce425fb5354de8183837cd (127.6.25.195). New cstate: current_term: 1 leader_uuid: "996109c80fce425fb5354de8183837cd" committed_config { opid_index: -1 OBSOLETE_local: false peers { permanent_uuid: "e2c4b5508ab14ac8b9132b8b530de9b8" member_type: VOTER last_known_addr { host: "127.6.25.193" port: 43129 } health_report { overall_health: UNKNOWN } } peers { permanent_uuid: "27ba4dcc52154b2286e9df3169340c0e" member_type: VOTER last_known_addr { host: "127.6.25.194" port: 45441 } health_report { overall_health: UNKNOWN } } peers { permanent_uuid: "996109c80fce425fb5354de8183837cd" member_type: VOTER last_known_addr { host: "127.6.25.195" port: 37169 } health_report { overall_health: HEALTHY } } }
I20260709 14:47:55.145949  7095 consensus_queue.cc:1048] T 6a59d092e0c845608773816f8fc97867 P e2c4b5508ab14ac8b9132b8b530de9b8 [LEADER]: Connected to new peer: Peer: permanent_uuid: "27ba4dcc52154b2286e9df3169340c0e" member_type: VOTER last_known_addr { host: "127.6.25.194" port: 45441 }, Status: LMP_MISMATCH, Last received: 0.0, Next index: 1, Last known committed idx: 0, Time since last communication: 0.000s
I20260709 14:47:55.157233  7087 consensus_queue.cc:1048] T 6a59d092e0c845608773816f8fc97867 P e2c4b5508ab14ac8b9132b8b530de9b8 [LEADER]: Connected to new peer: Peer: permanent_uuid: "996109c80fce425fb5354de8183837cd" member_type: VOTER last_known_addr { host: "127.6.25.195" port: 37169 }, Status: LMP_MISMATCH, Last received: 0.0, Next index: 1, Last known committed idx: 0, Time since last communication: 0.000s
I20260709 14:47:55.166241  7114 raft_consensus.cc:493] T c62174a8a0ac489aa7d4887cb0aa372b P 996109c80fce425fb5354de8183837cd [term 0 FOLLOWER]: Starting pre-election (no leader contacted us within the election timeout)
I20260709 14:47:55.166731  7114 raft_consensus.cc:515] T c62174a8a0ac489aa7d4887cb0aa372b P 996109c80fce425fb5354de8183837cd [term 0 FOLLOWER]: Starting pre-election with config: opid_index: -1 OBSOLETE_local: false peers { permanent_uuid: "e2c4b5508ab14ac8b9132b8b530de9b8" member_type: VOTER last_known_addr { host: "127.6.25.193" port: 43129 } } peers { permanent_uuid: "27ba4dcc52154b2286e9df3169340c0e" member_type: VOTER last_known_addr { host: "127.6.25.194" port: 45441 } } peers { permanent_uuid: "996109c80fce425fb5354de8183837cd" member_type: VOTER last_known_addr { host: "127.6.25.195" port: 37169 } }
I20260709 14:47:55.168670  7114 leader_election.cc:290] T c62174a8a0ac489aa7d4887cb0aa372b P 996109c80fce425fb5354de8183837cd [CANDIDATE]: Term 1 pre-election: Requested pre-vote from peers e2c4b5508ab14ac8b9132b8b530de9b8 (127.6.25.193:43129), 27ba4dcc52154b2286e9df3169340c0e (127.6.25.194:45441)
I20260709 14:47:55.169664  6948 tablet_service.cc:1917] Received RequestConsensusVote() RPC: tablet_id: "c62174a8a0ac489aa7d4887cb0aa372b" candidate_uuid: "996109c80fce425fb5354de8183837cd" candidate_term: 1 candidate_status { last_received { term: 0 index: 0 } } ignore_live_leader: false dest_uuid: "27ba4dcc52154b2286e9df3169340c0e" is_pre_election: true
I20260709 14:47:55.169865  6875 tablet_service.cc:1917] Received RequestConsensusVote() RPC: tablet_id: "c62174a8a0ac489aa7d4887cb0aa372b" candidate_uuid: "996109c80fce425fb5354de8183837cd" candidate_term: 1 candidate_status { last_received { term: 0 index: 0 } } ignore_live_leader: false dest_uuid: "e2c4b5508ab14ac8b9132b8b530de9b8" is_pre_election: true
I20260709 14:47:55.170357  6948 raft_consensus.cc:2393] T c62174a8a0ac489aa7d4887cb0aa372b P 27ba4dcc52154b2286e9df3169340c0e [term 1 FOLLOWER]: Leader pre-election vote request: Denying vote to candidate 996109c80fce425fb5354de8183837cd in current term 1: Already voted for candidate e2c4b5508ab14ac8b9132b8b530de9b8 in this term.
I20260709 14:47:55.171386  6990 leader_election.cc:304] T c62174a8a0ac489aa7d4887cb0aa372b P 996109c80fce425fb5354de8183837cd [CANDIDATE]: Term 1 pre-election: Election decided. Result: candidate lost. Election summary: received 3 responses out of 3 voters: 1 yes votes; 2 no votes. yes voters: 996109c80fce425fb5354de8183837cd; no voters: 27ba4dcc52154b2286e9df3169340c0e, e2c4b5508ab14ac8b9132b8b530de9b8
I20260709 14:47:55.171998  7114 raft_consensus.cc:3060] T c62174a8a0ac489aa7d4887cb0aa372b P 996109c80fce425fb5354de8183837cd [term 0 FOLLOWER]: Advancing to term 1
I20260709 14:47:55.175709  7024 tablet_service.cc:2072] Received LeaderStepDown RPC: tablet_id: "1f2bcb91c06845edbbe3e75cb26546c8"
dest_uuid: "996109c80fce425fb5354de8183837cd"
mode: GRACEFUL
new_leader_uuid: "e2c4b5508ab14ac8b9132b8b530de9b8"
 from {username='slave'} at 127.0.0.1:57826
I20260709 14:47:55.176194  7024 raft_consensus.cc:606] T 1f2bcb91c06845edbbe3e75cb26546c8 P 996109c80fce425fb5354de8183837cd [term 1 LEADER]: Received request to transfer leadership to TS e2c4b5508ab14ac8b9132b8b530de9b8
I20260709 14:47:55.178356  7114 raft_consensus.cc:2749] T c62174a8a0ac489aa7d4887cb0aa372b P 996109c80fce425fb5354de8183837cd [term 1 FOLLOWER]: Leader pre-election lost for term 1. Reason: could not achieve majority
I20260709 14:47:55.180945  7024 tablet_service.cc:2072] Received LeaderStepDown RPC: tablet_id: "bcf2aa2abc024bc2832fc87216f707d6"
dest_uuid: "996109c80fce425fb5354de8183837cd"
mode: GRACEFUL
new_leader_uuid: "e2c4b5508ab14ac8b9132b8b530de9b8"
 from {username='slave'} at 127.0.0.1:57826
I20260709 14:47:55.181397  7024 raft_consensus.cc:606] T bcf2aa2abc024bc2832fc87216f707d6 P 996109c80fce425fb5354de8183837cd [term 1 LEADER]: Received request to transfer leadership to TS e2c4b5508ab14ac8b9132b8b530de9b8
I20260709 14:47:55.190685  7024 tablet_service.cc:2072] Received LeaderStepDown RPC: tablet_id: "04d0a6889f6e4e1d96dfee26b6ae8e32"
dest_uuid: "996109c80fce425fb5354de8183837cd"
mode: GRACEFUL
new_leader_uuid: "27ba4dcc52154b2286e9df3169340c0e"
 from {username='slave'} at 127.0.0.1:57826
I20260709 14:47:55.191128  7024 raft_consensus.cc:606] T 04d0a6889f6e4e1d96dfee26b6ae8e32 P 996109c80fce425fb5354de8183837cd [term 1 LEADER]: Received request to transfer leadership to TS 27ba4dcc52154b2286e9df3169340c0e
I20260709 14:47:55.195199  7024 tablet_service.cc:2072] Received LeaderStepDown RPC: tablet_id: "651ecf3de14f4ef1baee4a47a7143f01"
dest_uuid: "996109c80fce425fb5354de8183837cd"
mode: GRACEFUL
new_leader_uuid: "27ba4dcc52154b2286e9df3169340c0e"
 from {username='slave'} at 127.0.0.1:57826
I20260709 14:47:55.195623  7024 raft_consensus.cc:606] T 651ecf3de14f4ef1baee4a47a7143f01 P 996109c80fce425fb5354de8183837cd [term 1 LEADER]: Received request to transfer leadership to TS 27ba4dcc52154b2286e9df3169340c0e
I20260709 14:47:55.201102  7087 consensus_queue.cc:1048] T d639e35e5cf649d6b84c34411efeffdd P e2c4b5508ab14ac8b9132b8b530de9b8 [LEADER]: Connected to new peer: Peer: permanent_uuid: "27ba4dcc52154b2286e9df3169340c0e" member_type: VOTER last_known_addr { host: "127.6.25.194" port: 45441 }, Status: LMP_MISMATCH, Last received: 0.0, Next index: 1, Last known committed idx: 0, Time since last communication: 0.000s
I20260709 14:47:55.212265  6875 tablet_service.cc:2072] Received LeaderStepDown RPC: tablet_id: "139ffdec7c884000bef046afe9469f7d"
dest_uuid: "e2c4b5508ab14ac8b9132b8b530de9b8"
mode: GRACEFUL
new_leader_uuid: "27ba4dcc52154b2286e9df3169340c0e"
 from {username='slave'} at 127.0.0.1:44274
I20260709 14:47:55.212832  6875 raft_consensus.cc:606] T 139ffdec7c884000bef046afe9469f7d P e2c4b5508ab14ac8b9132b8b530de9b8 [term 1 LEADER]: Received request to transfer leadership to TS 27ba4dcc52154b2286e9df3169340c0e
I20260709 14:47:55.214540  7095 consensus_queue.cc:1048] T d639e35e5cf649d6b84c34411efeffdd P e2c4b5508ab14ac8b9132b8b530de9b8 [LEADER]: Connected to new peer: Peer: permanent_uuid: "996109c80fce425fb5354de8183837cd" member_type: VOTER last_known_addr { host: "127.6.25.195" port: 37169 }, Status: LMP_MISMATCH, Last received: 0.0, Next index: 1, Last known committed idx: 0, Time since last communication: 0.000s
I20260709 14:47:55.227769  7094 consensus_queue.cc:1048] T c62174a8a0ac489aa7d4887cb0aa372b P e2c4b5508ab14ac8b9132b8b530de9b8 [LEADER]: Connected to new peer: Peer: permanent_uuid: "996109c80fce425fb5354de8183837cd" member_type: VOTER last_known_addr { host: "127.6.25.195" port: 37169 }, Status: LMP_MISMATCH, Last received: 0.0, Next index: 1, Last known committed idx: 0, Time since last communication: 0.000s
I20260709 14:47:55.238802  7087 consensus_queue.cc:1048] T c62174a8a0ac489aa7d4887cb0aa372b P e2c4b5508ab14ac8b9132b8b530de9b8 [LEADER]: Connected to new peer: Peer: permanent_uuid: "27ba4dcc52154b2286e9df3169340c0e" member_type: VOTER last_known_addr { host: "127.6.25.194" port: 45441 }, Status: LMP_MISMATCH, Last received: 0.0, Next index: 1, Last known committed idx: 0, Time since last communication: 0.000s
I20260709 14:47:55.281414  7087 raft_consensus.cc:493] T bcf2aa2abc024bc2832fc87216f707d6 P e2c4b5508ab14ac8b9132b8b530de9b8 [term 0 FOLLOWER]: Starting pre-election (no leader contacted us within the election timeout)
I20260709 14:47:55.281848  7087 raft_consensus.cc:515] T bcf2aa2abc024bc2832fc87216f707d6 P e2c4b5508ab14ac8b9132b8b530de9b8 [term 0 FOLLOWER]: Starting pre-election with config: opid_index: -1 OBSOLETE_local: false peers { permanent_uuid: "e2c4b5508ab14ac8b9132b8b530de9b8" member_type: VOTER last_known_addr { host: "127.6.25.193" port: 43129 } } peers { permanent_uuid: "27ba4dcc52154b2286e9df3169340c0e" member_type: VOTER last_known_addr { host: "127.6.25.194" port: 45441 } } peers { permanent_uuid: "996109c80fce425fb5354de8183837cd" member_type: VOTER last_known_addr { host: "127.6.25.195" port: 37169 } }
I20260709 14:47:55.283317  7087 leader_election.cc:290] T bcf2aa2abc024bc2832fc87216f707d6 P e2c4b5508ab14ac8b9132b8b530de9b8 [CANDIDATE]: Term 1 pre-election: Requested pre-vote from peers 27ba4dcc52154b2286e9df3169340c0e (127.6.25.194:45441), 996109c80fce425fb5354de8183837cd (127.6.25.195:37169)
I20260709 14:47:55.284174  6948 tablet_service.cc:1917] Received RequestConsensusVote() RPC: tablet_id: "bcf2aa2abc024bc2832fc87216f707d6" candidate_uuid: "e2c4b5508ab14ac8b9132b8b530de9b8" candidate_term: 1 candidate_status { last_received { term: 0 index: 0 } } ignore_live_leader: false dest_uuid: "27ba4dcc52154b2286e9df3169340c0e" is_pre_election: true
I20260709 14:47:55.284334  7024 tablet_service.cc:1917] Received RequestConsensusVote() RPC: tablet_id: "bcf2aa2abc024bc2832fc87216f707d6" candidate_uuid: "e2c4b5508ab14ac8b9132b8b530de9b8" candidate_term: 1 candidate_status { last_received { term: 0 index: 0 } } ignore_live_leader: false dest_uuid: "996109c80fce425fb5354de8183837cd" is_pre_election: true
I20260709 14:47:55.284797  6948 raft_consensus.cc:2393] T bcf2aa2abc024bc2832fc87216f707d6 P 27ba4dcc52154b2286e9df3169340c0e [term 1 FOLLOWER]: Leader pre-election vote request: Denying vote to candidate e2c4b5508ab14ac8b9132b8b530de9b8 in current term 1: Already voted for candidate 996109c80fce425fb5354de8183837cd in this term.
I20260709 14:47:55.285830  6841 leader_election.cc:304] T bcf2aa2abc024bc2832fc87216f707d6 P e2c4b5508ab14ac8b9132b8b530de9b8 [CANDIDATE]: Term 1 pre-election: Election decided. Result: candidate lost. Election summary: received 3 responses out of 3 voters: 1 yes votes; 2 no votes. yes voters: e2c4b5508ab14ac8b9132b8b530de9b8; no voters: 27ba4dcc52154b2286e9df3169340c0e, 996109c80fce425fb5354de8183837cd
I20260709 14:47:55.286417  7087 raft_consensus.cc:3060] T bcf2aa2abc024bc2832fc87216f707d6 P e2c4b5508ab14ac8b9132b8b530de9b8 [term 0 FOLLOWER]: Advancing to term 1
I20260709 14:47:55.290359  7114 consensus_queue.cc:1048] T 651ecf3de14f4ef1baee4a47a7143f01 P 996109c80fce425fb5354de8183837cd [LEADER]: Connected to new peer: Peer: permanent_uuid: "e2c4b5508ab14ac8b9132b8b530de9b8" member_type: VOTER last_known_addr { host: "127.6.25.193" port: 43129 }, Status: LMP_MISMATCH, Last received: 0.0, Next index: 1, Last known committed idx: 0, Time since last communication: 0.000s
I20260709 14:47:55.291437  7087 raft_consensus.cc:2749] T bcf2aa2abc024bc2832fc87216f707d6 P e2c4b5508ab14ac8b9132b8b530de9b8 [term 1 FOLLOWER]: Leader pre-election lost for term 1. Reason: could not achieve majority
I20260709 14:47:55.299396  7109 consensus_queue.cc:1048] T 651ecf3de14f4ef1baee4a47a7143f01 P 996109c80fce425fb5354de8183837cd [LEADER]: Connected to new peer: Peer: permanent_uuid: "27ba4dcc52154b2286e9df3169340c0e" member_type: VOTER last_known_addr { host: "127.6.25.194" port: 45441 }, Status: LMP_MISMATCH, Last received: 0.0, Next index: 1, Last known committed idx: 0, Time since last communication: 0.000s
I20260709 14:47:55.308468  7114 raft_consensus.cc:993] T 651ecf3de14f4ef1baee4a47a7143f01 P 996109c80fce425fb5354de8183837cd: : Instructing follower 27ba4dcc52154b2286e9df3169340c0e to start an election
I20260709 14:47:55.308915  7109 raft_consensus.cc:1081] T 651ecf3de14f4ef1baee4a47a7143f01 P 996109c80fce425fb5354de8183837cd [term 1 LEADER]: Signalling peer 27ba4dcc52154b2286e9df3169340c0e to start an election
I20260709 14:47:55.310400  6948 tablet_service.cc:2044] Received Run Leader Election RPC: tablet_id: "651ecf3de14f4ef1baee4a47a7143f01"
dest_uuid: "27ba4dcc52154b2286e9df3169340c0e"
 from {username='slave'} at 127.0.0.1:46032
I20260709 14:47:55.310833  6948 raft_consensus.cc:493] T 651ecf3de14f4ef1baee4a47a7143f01 P 27ba4dcc52154b2286e9df3169340c0e [term 1 FOLLOWER]: Starting forced leader election (received explicit request)
I20260709 14:47:55.311115  6948 raft_consensus.cc:3060] T 651ecf3de14f4ef1baee4a47a7143f01 P 27ba4dcc52154b2286e9df3169340c0e [term 1 FOLLOWER]: Advancing to term 2
I20260709 14:47:55.315467  6948 raft_consensus.cc:515] T 651ecf3de14f4ef1baee4a47a7143f01 P 27ba4dcc52154b2286e9df3169340c0e [term 2 FOLLOWER]: Starting forced leader election with config: opid_index: -1 OBSOLETE_local: false peers { permanent_uuid: "e2c4b5508ab14ac8b9132b8b530de9b8" member_type: VOTER last_known_addr { host: "127.6.25.193" port: 43129 } } peers { permanent_uuid: "27ba4dcc52154b2286e9df3169340c0e" member_type: VOTER last_known_addr { host: "127.6.25.194" port: 45441 } } peers { permanent_uuid: "996109c80fce425fb5354de8183837cd" member_type: VOTER last_known_addr { host: "127.6.25.195" port: 37169 } }
I20260709 14:47:55.317001  6948 leader_election.cc:290] T 651ecf3de14f4ef1baee4a47a7143f01 P 27ba4dcc52154b2286e9df3169340c0e [CANDIDATE]: Term 2 election: Requested vote from peers e2c4b5508ab14ac8b9132b8b530de9b8 (127.6.25.193:43129), 996109c80fce425fb5354de8183837cd (127.6.25.195:37169)
I20260709 14:47:55.317349  7109 consensus_queue.cc:1048] T 04d0a6889f6e4e1d96dfee26b6ae8e32 P 996109c80fce425fb5354de8183837cd [LEADER]: Connected to new peer: Peer: permanent_uuid: "e2c4b5508ab14ac8b9132b8b530de9b8" member_type: VOTER last_known_addr { host: "127.6.25.193" port: 43129 }, Status: LMP_MISMATCH, Last received: 0.0, Next index: 1, Last known committed idx: 0, Time since last communication: 0.000s
I20260709 14:47:55.318318  6875 tablet_service.cc:1917] Received RequestConsensusVote() RPC: tablet_id: "651ecf3de14f4ef1baee4a47a7143f01" candidate_uuid: "27ba4dcc52154b2286e9df3169340c0e" candidate_term: 2 candidate_status { last_received { term: 1 index: 1 } } ignore_live_leader: true dest_uuid: "e2c4b5508ab14ac8b9132b8b530de9b8"
I20260709 14:47:55.318946  6875 raft_consensus.cc:3060] T 651ecf3de14f4ef1baee4a47a7143f01 P e2c4b5508ab14ac8b9132b8b530de9b8 [term 1 FOLLOWER]: Advancing to term 2
I20260709 14:47:55.318318  7024 tablet_service.cc:1917] Received RequestConsensusVote() RPC: tablet_id: "651ecf3de14f4ef1baee4a47a7143f01" candidate_uuid: "27ba4dcc52154b2286e9df3169340c0e" candidate_term: 2 candidate_status { last_received { term: 1 index: 1 } } ignore_live_leader: true dest_uuid: "996109c80fce425fb5354de8183837cd"
I20260709 14:47:55.319420  7024 raft_consensus.cc:3055] T 651ecf3de14f4ef1baee4a47a7143f01 P 996109c80fce425fb5354de8183837cd [term 1 LEADER]: Stepping down as leader of term 1
I20260709 14:47:55.319725  7024 raft_consensus.cc:740] T 651ecf3de14f4ef1baee4a47a7143f01 P 996109c80fce425fb5354de8183837cd [term 1 LEADER]: Becoming Follower/Learner. State: Replica: 996109c80fce425fb5354de8183837cd, State: Running, Role: LEADER
I20260709 14:47:55.320611  7024 consensus_queue.cc:260] T 651ecf3de14f4ef1baee4a47a7143f01 P 996109c80fce425fb5354de8183837cd [NON_LEADER]: Queue going to NON_LEADER mode. State: All replicated index: 0, Majority replicated index: 1, Committed index: 1, Last appended: 1.1, Last appended by leader: 1, Current term: 1, Majority size: -1, State: 0, Mode: NON_LEADER, active raft config: opid_index: -1 OBSOLETE_local: false peers { permanent_uuid: "e2c4b5508ab14ac8b9132b8b530de9b8" member_type: VOTER last_known_addr { host: "127.6.25.193" port: 43129 } } peers { permanent_uuid: "27ba4dcc52154b2286e9df3169340c0e" member_type: VOTER last_known_addr { host: "127.6.25.194" port: 45441 } } peers { permanent_uuid: "996109c80fce425fb5354de8183837cd" member_type: VOTER last_known_addr { host: "127.6.25.195" port: 37169 } }
I20260709 14:47:55.321810  7024 raft_consensus.cc:3060] T 651ecf3de14f4ef1baee4a47a7143f01 P 996109c80fce425fb5354de8183837cd [term 1 FOLLOWER]: Advancing to term 2
I20260709 14:47:55.325594  6875 raft_consensus.cc:2468] T 651ecf3de14f4ef1baee4a47a7143f01 P e2c4b5508ab14ac8b9132b8b530de9b8 [term 2 FOLLOWER]: Leader election vote request: Granting yes vote for candidate 27ba4dcc52154b2286e9df3169340c0e in term 2.
I20260709 14:47:55.326676  6916 leader_election.cc:304] T 651ecf3de14f4ef1baee4a47a7143f01 P 27ba4dcc52154b2286e9df3169340c0e [CANDIDATE]: Term 2 election: Election decided. Result: candidate won. Election summary: received 2 responses out of 3 voters: 2 yes votes; 0 no votes. yes voters: 27ba4dcc52154b2286e9df3169340c0e, e2c4b5508ab14ac8b9132b8b530de9b8; no voters: 
I20260709 14:47:55.327900  7070 raft_consensus.cc:2804] T 651ecf3de14f4ef1baee4a47a7143f01 P 27ba4dcc52154b2286e9df3169340c0e [term 2 FOLLOWER]: Leader election won for term 2
I20260709 14:47:55.328370  7070 raft_consensus.cc:697] T 651ecf3de14f4ef1baee4a47a7143f01 P 27ba4dcc52154b2286e9df3169340c0e [term 2 LEADER]: Becoming Leader. State: Replica: 27ba4dcc52154b2286e9df3169340c0e, State: Running, Role: LEADER
I20260709 14:47:55.329335  7070 consensus_queue.cc:237] T 651ecf3de14f4ef1baee4a47a7143f01 P 27ba4dcc52154b2286e9df3169340c0e [LEADER]: Queue going to LEADER mode. State: All replicated index: 0, Majority replicated index: 1, Committed index: 1, Last appended: 1.1, Last appended by leader: 1, Current term: 2, Majority size: 2, State: 0, Mode: LEADER, active raft config: opid_index: -1 OBSOLETE_local: false peers { permanent_uuid: "e2c4b5508ab14ac8b9132b8b530de9b8" member_type: VOTER last_known_addr { host: "127.6.25.193" port: 43129 } } peers { permanent_uuid: "27ba4dcc52154b2286e9df3169340c0e" member_type: VOTER last_known_addr { host: "127.6.25.194" port: 45441 } } peers { permanent_uuid: "996109c80fce425fb5354de8183837cd" member_type: VOTER last_known_addr { host: "127.6.25.195" port: 37169 } }
I20260709 14:47:55.327531  7024 raft_consensus.cc:2468] T 651ecf3de14f4ef1baee4a47a7143f01 P 996109c80fce425fb5354de8183837cd [term 2 FOLLOWER]: Leader election vote request: Granting yes vote for candidate 27ba4dcc52154b2286e9df3169340c0e in term 2.
I20260709 14:47:55.332293  7114 consensus_queue.cc:1048] T 04d0a6889f6e4e1d96dfee26b6ae8e32 P 996109c80fce425fb5354de8183837cd [LEADER]: Connected to new peer: Peer: permanent_uuid: "27ba4dcc52154b2286e9df3169340c0e" member_type: VOTER last_known_addr { host: "127.6.25.194" port: 45441 }, Status: LMP_MISMATCH, Last received: 0.0, Next index: 1, Last known committed idx: 0, Time since last communication: 0.000s
I20260709 14:47:55.338655  6770 catalog_manager.cc:5697] T 651ecf3de14f4ef1baee4a47a7143f01 P 27ba4dcc52154b2286e9df3169340c0e reported cstate change: term changed from 1 to 2, leader changed from 996109c80fce425fb5354de8183837cd (127.6.25.195) to 27ba4dcc52154b2286e9df3169340c0e (127.6.25.194). New cstate: current_term: 2 leader_uuid: "27ba4dcc52154b2286e9df3169340c0e" committed_config { opid_index: -1 OBSOLETE_local: false peers { permanent_uuid: "e2c4b5508ab14ac8b9132b8b530de9b8" member_type: VOTER last_known_addr { host: "127.6.25.193" port: 43129 } health_report { overall_health: UNKNOWN } } peers { permanent_uuid: "27ba4dcc52154b2286e9df3169340c0e" member_type: VOTER last_known_addr { host: "127.6.25.194" port: 45441 } health_report { overall_health: HEALTHY } } peers { permanent_uuid: "996109c80fce425fb5354de8183837cd" member_type: VOTER last_known_addr { host: "127.6.25.195" port: 37169 } health_report { overall_health: UNKNOWN } } }
I20260709 14:47:55.340260  7119 raft_consensus.cc:993] T 04d0a6889f6e4e1d96dfee26b6ae8e32 P 996109c80fce425fb5354de8183837cd: : Instructing follower 27ba4dcc52154b2286e9df3169340c0e to start an election
I20260709 14:47:55.340698  7114 raft_consensus.cc:1081] T 04d0a6889f6e4e1d96dfee26b6ae8e32 P 996109c80fce425fb5354de8183837cd [term 1 LEADER]: Signalling peer 27ba4dcc52154b2286e9df3169340c0e to start an election
I20260709 14:47:55.342303  6948 tablet_service.cc:2044] Received Run Leader Election RPC: tablet_id: "04d0a6889f6e4e1d96dfee26b6ae8e32"
dest_uuid: "27ba4dcc52154b2286e9df3169340c0e"
 from {username='slave'} at 127.0.0.1:46032
I20260709 14:47:55.342814  6948 raft_consensus.cc:493] T 04d0a6889f6e4e1d96dfee26b6ae8e32 P 27ba4dcc52154b2286e9df3169340c0e [term 1 FOLLOWER]: Starting forced leader election (received explicit request)
I20260709 14:47:55.343158  6948 raft_consensus.cc:3060] T 04d0a6889f6e4e1d96dfee26b6ae8e32 P 27ba4dcc52154b2286e9df3169340c0e [term 1 FOLLOWER]: Advancing to term 2
