I20260709 14:49:12.381408  1441 catalog_manager.cc:5697] T 06653e2230b34c4397be8dc040506642 P acf28ac49152413c8b4922737bc5bd8b reported cstate change: term changed from 0 to 1, leader changed from <none> to acf28ac49152413c8b4922737bc5bd8b (127.0.108.3). New cstate: current_term: 1 leader_uuid: "acf28ac49152413c8b4922737bc5bd8b" committed_config { opid_index: -1 OBSOLETE_local: false peers { permanent_uuid: "2536df37f5764b54b0e350178be98e49" member_type: VOTER last_known_addr { host: "127.0.108.1" port: 42321 } health_report { overall_health: UNKNOWN } } peers { permanent_uuid: "1b6dae7738a34903803d24a850ca6f29" member_type: VOTER last_known_addr { host: "127.0.108.2" port: 41459 } health_report { overall_health: UNKNOWN } } peers { permanent_uuid: "acf28ac49152413c8b4922737bc5bd8b" member_type: VOTER last_known_addr { host: "127.0.108.3" port: 42117 } health_report { overall_health: HEALTHY } } }
I20260709 14:49:12.383664  1441 catalog_manager.cc:5697] T 2fe1ee73bf0741aa8bf5d04f1dc33ff8 P acf28ac49152413c8b4922737bc5bd8b reported cstate change: term changed from 0 to 1, leader changed from <none> to acf28ac49152413c8b4922737bc5bd8b (127.0.108.3). New cstate: current_term: 1 leader_uuid: "acf28ac49152413c8b4922737bc5bd8b" committed_config { opid_index: -1 OBSOLETE_local: false peers { permanent_uuid: "2536df37f5764b54b0e350178be98e49" member_type: VOTER last_known_addr { host: "127.0.108.1" port: 42321 } health_report { overall_health: UNKNOWN } } peers { permanent_uuid: "1b6dae7738a34903803d24a850ca6f29" member_type: VOTER last_known_addr { host: "127.0.108.2" port: 41459 } health_report { overall_health: UNKNOWN } } peers { permanent_uuid: "acf28ac49152413c8b4922737bc5bd8b" member_type: VOTER last_known_addr { host: "127.0.108.3" port: 42117 } health_report { overall_health: HEALTHY } } }
I20260709 14:49:12.391952  1741 tablet_bootstrap.cc:492] T 245d436377124983b849dcac542418ae P 1b6dae7738a34903803d24a850ca6f29: No bootstrap required, opened a new log
I20260709 14:49:12.394039  1735 tablet_bootstrap.cc:654] T 3f199f76afc140e28bec1f8ba252f2b5 P 2536df37f5764b54b0e350178be98e49: Neither blocks nor log segments found. Creating new log.
I20260709 14:49:12.396649  1741 ts_tablet_manager.cc:1403] T 245d436377124983b849dcac542418ae P 1b6dae7738a34903803d24a850ca6f29: Time spent bootstrapping tablet: real 0.229s	user 0.037s	sys 0.022s
I20260709 14:49:12.400112  2034 raft_consensus.cc:493] T 245d436377124983b849dcac542418ae P 2536df37f5764b54b0e350178be98e49 [term 0 FOLLOWER]: Starting pre-election (no leader contacted us within the election timeout)
I20260709 14:49:12.400695  2034 raft_consensus.cc:515] T 245d436377124983b849dcac542418ae P 2536df37f5764b54b0e350178be98e49 [term 0 FOLLOWER]: Starting pre-election with config: opid_index: -1 OBSOLETE_local: false peers { permanent_uuid: "2536df37f5764b54b0e350178be98e49" member_type: VOTER last_known_addr { host: "127.0.108.1" port: 42321 } } peers { permanent_uuid: "1b6dae7738a34903803d24a850ca6f29" member_type: VOTER last_known_addr { host: "127.0.108.2" port: 41459 } } peers { permanent_uuid: "acf28ac49152413c8b4922737bc5bd8b" member_type: VOTER last_known_addr { host: "127.0.108.3" port: 42117 } }
I20260709 14:49:12.403012  2034 leader_election.cc:290] T 245d436377124983b849dcac542418ae P 2536df37f5764b54b0e350178be98e49 [CANDIDATE]: Term 1 pre-election: Requested pre-vote from peers 1b6dae7738a34903803d24a850ca6f29 (127.0.108.2:41459), acf28ac49152413c8b4922737bc5bd8b (127.0.108.3:42117)
I20260709 14:49:12.406105  1612 tablet_service.cc:1917] Received RequestConsensusVote() RPC: tablet_id: "245d436377124983b849dcac542418ae" candidate_uuid: "2536df37f5764b54b0e350178be98e49" candidate_term: 1 candidate_status { last_received { term: 0 index: 0 } } ignore_live_leader: false dest_uuid: "1b6dae7738a34903803d24a850ca6f29" is_pre_election: true
I20260709 14:49:12.408471  1693 tablet_service.cc:1917] Received RequestConsensusVote() RPC: tablet_id: "245d436377124983b849dcac542418ae" candidate_uuid: "2536df37f5764b54b0e350178be98e49" candidate_term: 1 candidate_status { last_received { term: 0 index: 0 } } ignore_live_leader: false dest_uuid: "acf28ac49152413c8b4922737bc5bd8b" is_pre_election: true
I20260709 14:49:12.408833  1736 tablet_bootstrap.cc:492] T 245d436377124983b849dcac542418ae P acf28ac49152413c8b4922737bc5bd8b: No bootstrap required, opened a new log
I20260709 14:49:12.409497  1736 ts_tablet_manager.cc:1403] T 245d436377124983b849dcac542418ae P acf28ac49152413c8b4922737bc5bd8b: Time spent bootstrapping tablet: real 0.204s	user 0.014s	sys 0.003s
W20260709 14:49:12.411417  1509 leader_election.cc:343] T 245d436377124983b849dcac542418ae P 2536df37f5764b54b0e350178be98e49 [CANDIDATE]: Term 1 pre-election: Tablet error from VoteRequest() call to peer acf28ac49152413c8b4922737bc5bd8b (127.0.108.3:42117): Illegal state: must be running to vote when last-logged opid is not known
I20260709 14:49:12.411707  1741 raft_consensus.cc:359] T 245d436377124983b849dcac542418ae P 1b6dae7738a34903803d24a850ca6f29 [term 0 FOLLOWER]: Replica starting. Triggering 0 pending ops. Active config: opid_index: -1 OBSOLETE_local: false peers { permanent_uuid: "2536df37f5764b54b0e350178be98e49" member_type: VOTER last_known_addr { host: "127.0.108.1" port: 42321 } } peers { permanent_uuid: "1b6dae7738a34903803d24a850ca6f29" member_type: VOTER last_known_addr { host: "127.0.108.2" port: 41459 } } peers { permanent_uuid: "acf28ac49152413c8b4922737bc5bd8b" member_type: VOTER last_known_addr { host: "127.0.108.3" port: 42117 } }
I20260709 14:49:12.412407  1741 raft_consensus.cc:385] T 245d436377124983b849dcac542418ae P 1b6dae7738a34903803d24a850ca6f29 [term 0 FOLLOWER]: Consensus starting up: Expiring failure detector timer to make a prompt election more likely
I20260709 14:49:12.412683  1741 raft_consensus.cc:740] T 245d436377124983b849dcac542418ae P 1b6dae7738a34903803d24a850ca6f29 [term 0 FOLLOWER]: Becoming Follower/Learner. State: Replica: 1b6dae7738a34903803d24a850ca6f29, State: Initialized, Role: FOLLOWER
I20260709 14:49:12.413478  1741 consensus_queue.cc:260] T 245d436377124983b849dcac542418ae P 1b6dae7738a34903803d24a850ca6f29 [NON_LEADER]: Queue going to NON_LEADER mode. State: All replicated index: 0, Majority replicated index: 0, Committed index: 0, Last appended: 0.0, Last appended by leader: 0, Current term: 0, Majority size: -1, State: 0, Mode: NON_LEADER, active raft config: opid_index: -1 OBSOLETE_local: false peers { permanent_uuid: "2536df37f5764b54b0e350178be98e49" member_type: VOTER last_known_addr { host: "127.0.108.1" port: 42321 } } peers { permanent_uuid: "1b6dae7738a34903803d24a850ca6f29" member_type: VOTER last_known_addr { host: "127.0.108.2" port: 41459 } } peers { permanent_uuid: "acf28ac49152413c8b4922737bc5bd8b" member_type: VOTER last_known_addr { host: "127.0.108.3" port: 42117 } }
I20260709 14:49:12.416798  1741 ts_tablet_manager.cc:1434] T 245d436377124983b849dcac542418ae P 1b6dae7738a34903803d24a850ca6f29: Time spent starting tablet: real 0.020s	user 0.003s	sys 0.004s
W20260709 14:49:12.417747  1509 leader_election.cc:343] T 245d436377124983b849dcac542418ae P 2536df37f5764b54b0e350178be98e49 [CANDIDATE]: Term 1 pre-election: Tablet error from VoteRequest() call to peer 1b6dae7738a34903803d24a850ca6f29 (127.0.108.2:41459): Illegal state: must be running to vote when last-logged opid is not known
I20260709 14:49:12.418028  1741 tablet_bootstrap.cc:492] T 3f199f76afc140e28bec1f8ba252f2b5 P 1b6dae7738a34903803d24a850ca6f29: Bootstrap starting.
I20260709 14:49:12.418197  1509 leader_election.cc:304] T 245d436377124983b849dcac542418ae P 2536df37f5764b54b0e350178be98e49 [CANDIDATE]: Term 1 pre-election: Election decided. Result: candidate lost. Election summary: received 3 responses out of 3 voters: 1 yes votes; 2 no votes. yes voters: 2536df37f5764b54b0e350178be98e49; no voters: 1b6dae7738a34903803d24a850ca6f29, acf28ac49152413c8b4922737bc5bd8b
I20260709 14:49:12.418869  2034 raft_consensus.cc:2749] T 245d436377124983b849dcac542418ae P 2536df37f5764b54b0e350178be98e49 [term 0 FOLLOWER]: Leader pre-election lost for term 1. Reason: could not achieve majority
I20260709 14:49:12.394819  2043 raft_consensus.cc:515] T 25e36543ba6f41e6a1e038207d8dee5e P 1b6dae7738a34903803d24a850ca6f29 [term 1 FOLLOWER]: Starting leader election with config: opid_index: -1 OBSOLETE_local: false peers { permanent_uuid: "2536df37f5764b54b0e350178be98e49" member_type: VOTER last_known_addr { host: "127.0.108.1" port: 42321 } } peers { permanent_uuid: "1b6dae7738a34903803d24a850ca6f29" member_type: VOTER last_known_addr { host: "127.0.108.2" port: 41459 } } peers { permanent_uuid: "acf28ac49152413c8b4922737bc5bd8b" member_type: VOTER last_known_addr { host: "127.0.108.3" port: 42117 } }
I20260709 14:49:12.425688  1544 tablet_service.cc:1917] Received RequestConsensusVote() RPC: tablet_id: "25e36543ba6f41e6a1e038207d8dee5e" candidate_uuid: "1b6dae7738a34903803d24a850ca6f29" candidate_term: 1 candidate_status { last_received { term: 0 index: 0 } } ignore_live_leader: false dest_uuid: "2536df37f5764b54b0e350178be98e49"
I20260709 14:49:12.425947  1741 tablet_bootstrap.cc:654] T 3f199f76afc140e28bec1f8ba252f2b5 P 1b6dae7738a34903803d24a850ca6f29: Neither blocks nor log segments found. Creating new log.
I20260709 14:49:12.426364  1544 raft_consensus.cc:3060] T 25e36543ba6f41e6a1e038207d8dee5e P 2536df37f5764b54b0e350178be98e49 [term 0 FOLLOWER]: Advancing to term 1
I20260709 14:49:12.442054  1544 raft_consensus.cc:2468] T 25e36543ba6f41e6a1e038207d8dee5e P 2536df37f5764b54b0e350178be98e49 [term 1 FOLLOWER]: Leader election vote request: Granting yes vote for candidate 1b6dae7738a34903803d24a850ca6f29 in term 1.
I20260709 14:49:12.443645  1587 leader_election.cc:304] T 25e36543ba6f41e6a1e038207d8dee5e P 1b6dae7738a34903803d24a850ca6f29 [CANDIDATE]: Term 1 election: Election decided. Result: candidate won. Election summary: received 2 responses out of 3 voters: 2 yes votes; 0 no votes. yes voters: 1b6dae7738a34903803d24a850ca6f29, 2536df37f5764b54b0e350178be98e49; no voters: 
I20260709 14:49:12.444684  2046 raft_consensus.cc:2804] T 25e36543ba6f41e6a1e038207d8dee5e P 1b6dae7738a34903803d24a850ca6f29 [term 1 FOLLOWER]: Leader election won for term 1
I20260709 14:49:12.445261  2046 raft_consensus.cc:697] T 25e36543ba6f41e6a1e038207d8dee5e P 1b6dae7738a34903803d24a850ca6f29 [term 1 LEADER]: Becoming Leader. State: Replica: 1b6dae7738a34903803d24a850ca6f29, State: Running, Role: LEADER
I20260709 14:49:12.446457  2046 consensus_queue.cc:237] T 25e36543ba6f41e6a1e038207d8dee5e P 1b6dae7738a34903803d24a850ca6f29 [LEADER]: Queue going to LEADER mode. State: All replicated index: 0, Majority replicated index: 0, Committed index: 0, Last appended: 0.0, Last appended by leader: 0, Current term: 1, Majority size: 2, State: 0, Mode: LEADER, active raft config: opid_index: -1 OBSOLETE_local: false peers { permanent_uuid: "2536df37f5764b54b0e350178be98e49" member_type: VOTER last_known_addr { host: "127.0.108.1" port: 42321 } } peers { permanent_uuid: "1b6dae7738a34903803d24a850ca6f29" member_type: VOTER last_known_addr { host: "127.0.108.2" port: 41459 } } peers { permanent_uuid: "acf28ac49152413c8b4922737bc5bd8b" member_type: VOTER last_known_addr { host: "127.0.108.3" port: 42117 } }
I20260709 14:49:12.452373  1736 raft_consensus.cc:359] T 245d436377124983b849dcac542418ae P acf28ac49152413c8b4922737bc5bd8b [term 0 FOLLOWER]: Replica starting. Triggering 0 pending ops. Active config: opid_index: -1 OBSOLETE_local: false peers { permanent_uuid: "2536df37f5764b54b0e350178be98e49" member_type: VOTER last_known_addr { host: "127.0.108.1" port: 42321 } } peers { permanent_uuid: "1b6dae7738a34903803d24a850ca6f29" member_type: VOTER last_known_addr { host: "127.0.108.2" port: 41459 } } peers { permanent_uuid: "acf28ac49152413c8b4922737bc5bd8b" member_type: VOTER last_known_addr { host: "127.0.108.3" port: 42117 } }
I20260709 14:49:12.453423  1736 raft_consensus.cc:385] T 245d436377124983b849dcac542418ae P acf28ac49152413c8b4922737bc5bd8b [term 0 FOLLOWER]: Consensus starting up: Expiring failure detector timer to make a prompt election more likely
I20260709 14:49:12.453723  1736 raft_consensus.cc:740] T 245d436377124983b849dcac542418ae P acf28ac49152413c8b4922737bc5bd8b [term 0 FOLLOWER]: Becoming Follower/Learner. State: Replica: acf28ac49152413c8b4922737bc5bd8b, State: Initialized, Role: FOLLOWER
I20260709 14:49:12.457850  1741 tablet_bootstrap.cc:492] T 3f199f76afc140e28bec1f8ba252f2b5 P 1b6dae7738a34903803d24a850ca6f29: No bootstrap required, opened a new log
I20260709 14:49:12.458647  2043 leader_election.cc:290] T 25e36543ba6f41e6a1e038207d8dee5e P 1b6dae7738a34903803d24a850ca6f29 [CANDIDATE]: Term 1 election: Requested vote from peers 2536df37f5764b54b0e350178be98e49 (127.0.108.1:42321), acf28ac49152413c8b4922737bc5bd8b (127.0.108.3:42117)
I20260709 14:49:12.459784  1693 tablet_service.cc:1917] Received RequestConsensusVote() RPC: tablet_id: "25e36543ba6f41e6a1e038207d8dee5e" candidate_uuid: "1b6dae7738a34903803d24a850ca6f29" candidate_term: 1 candidate_status { last_received { term: 0 index: 0 } } ignore_live_leader: false dest_uuid: "acf28ac49152413c8b4922737bc5bd8b"
I20260709 14:49:12.460269  1693 raft_consensus.cc:3060] T 25e36543ba6f41e6a1e038207d8dee5e P acf28ac49152413c8b4922737bc5bd8b [term 0 FOLLOWER]: Advancing to term 1
I20260709 14:49:12.458465  1741 ts_tablet_manager.cc:1403] T 3f199f76afc140e28bec1f8ba252f2b5 P 1b6dae7738a34903803d24a850ca6f29: Time spent bootstrapping tablet: real 0.041s	user 0.016s	sys 0.018s
I20260709 14:49:12.454598  1736 consensus_queue.cc:260] T 245d436377124983b849dcac542418ae P acf28ac49152413c8b4922737bc5bd8b [NON_LEADER]: Queue going to NON_LEADER mode. State: All replicated index: 0, Majority replicated index: 0, Committed index: 0, Last appended: 0.0, Last appended by leader: 0, Current term: 0, Majority size: -1, State: 0, Mode: NON_LEADER, active raft config: opid_index: -1 OBSOLETE_local: false peers { permanent_uuid: "2536df37f5764b54b0e350178be98e49" member_type: VOTER last_known_addr { host: "127.0.108.1" port: 42321 } } peers { permanent_uuid: "1b6dae7738a34903803d24a850ca6f29" member_type: VOTER last_known_addr { host: "127.0.108.2" port: 41459 } } peers { permanent_uuid: "acf28ac49152413c8b4922737bc5bd8b" member_type: VOTER last_known_addr { host: "127.0.108.3" port: 42117 } }
I20260709 14:49:12.466861  1693 raft_consensus.cc:2468] T 25e36543ba6f41e6a1e038207d8dee5e P acf28ac49152413c8b4922737bc5bd8b [term 1 FOLLOWER]: Leader election vote request: Granting yes vote for candidate 1b6dae7738a34903803d24a850ca6f29 in term 1.
I20260709 14:49:12.468864  1736 ts_tablet_manager.cc:1434] T 245d436377124983b849dcac542418ae P acf28ac49152413c8b4922737bc5bd8b: Time spent starting tablet: real 0.059s	user 0.008s	sys 0.000s
I20260709 14:49:12.471565  1736 tablet_bootstrap.cc:492] T db454cad2362424a847f3e340061deec P acf28ac49152413c8b4922737bc5bd8b: Bootstrap starting.
I20260709 14:49:12.476380  1441 catalog_manager.cc:5697] T 25e36543ba6f41e6a1e038207d8dee5e P 1b6dae7738a34903803d24a850ca6f29 reported cstate change: term changed from 0 to 1, leader changed from <none> to 1b6dae7738a34903803d24a850ca6f29 (127.0.108.2). New cstate: current_term: 1 leader_uuid: "1b6dae7738a34903803d24a850ca6f29" committed_config { opid_index: -1 OBSOLETE_local: false peers { permanent_uuid: "2536df37f5764b54b0e350178be98e49" member_type: VOTER last_known_addr { host: "127.0.108.1" port: 42321 } health_report { overall_health: UNKNOWN } } peers { permanent_uuid: "1b6dae7738a34903803d24a850ca6f29" member_type: VOTER last_known_addr { host: "127.0.108.2" port: 41459 } health_report { overall_health: HEALTHY } } peers { permanent_uuid: "acf28ac49152413c8b4922737bc5bd8b" member_type: VOTER last_known_addr { host: "127.0.108.3" port: 42117 } health_report { overall_health: UNKNOWN } } }
I20260709 14:49:12.477273  1741 raft_consensus.cc:359] T 3f199f76afc140e28bec1f8ba252f2b5 P 1b6dae7738a34903803d24a850ca6f29 [term 0 FOLLOWER]: Replica starting. Triggering 0 pending ops. Active config: opid_index: -1 OBSOLETE_local: false peers { permanent_uuid: "2536df37f5764b54b0e350178be98e49" member_type: VOTER last_known_addr { host: "127.0.108.1" port: 42321 } } peers { permanent_uuid: "1b6dae7738a34903803d24a850ca6f29" member_type: VOTER last_known_addr { host: "127.0.108.2" port: 41459 } } peers { permanent_uuid: "acf28ac49152413c8b4922737bc5bd8b" member_type: VOTER last_known_addr { host: "127.0.108.3" port: 42117 } }
I20260709 14:49:12.478063  1741 raft_consensus.cc:385] T 3f199f76afc140e28bec1f8ba252f2b5 P 1b6dae7738a34903803d24a850ca6f29 [term 0 FOLLOWER]: Consensus starting up: Expiring failure detector timer to make a prompt election more likely
I20260709 14:49:12.478407  1741 raft_consensus.cc:740] T 3f199f76afc140e28bec1f8ba252f2b5 P 1b6dae7738a34903803d24a850ca6f29 [term 0 FOLLOWER]: Becoming Follower/Learner. State: Replica: 1b6dae7738a34903803d24a850ca6f29, State: Initialized, Role: FOLLOWER
I20260709 14:49:12.479682  1741 consensus_queue.cc:260] T 3f199f76afc140e28bec1f8ba252f2b5 P 1b6dae7738a34903803d24a850ca6f29 [NON_LEADER]: Queue going to NON_LEADER mode. State: All replicated index: 0, Majority replicated index: 0, Committed index: 0, Last appended: 0.0, Last appended by leader: 0, Current term: 0, Majority size: -1, State: 0, Mode: NON_LEADER, active raft config: opid_index: -1 OBSOLETE_local: false peers { permanent_uuid: "2536df37f5764b54b0e350178be98e49" member_type: VOTER last_known_addr { host: "127.0.108.1" port: 42321 } } peers { permanent_uuid: "1b6dae7738a34903803d24a850ca6f29" member_type: VOTER last_known_addr { host: "127.0.108.2" port: 41459 } } peers { permanent_uuid: "acf28ac49152413c8b4922737bc5bd8b" member_type: VOTER last_known_addr { host: "127.0.108.3" port: 42117 } }
I20260709 14:49:12.482120  1741 ts_tablet_manager.cc:1434] T 3f199f76afc140e28bec1f8ba252f2b5 P 1b6dae7738a34903803d24a850ca6f29: Time spent starting tablet: real 0.019s	user 0.003s	sys 0.003s
I20260709 14:49:12.483246  1741 tablet_bootstrap.cc:492] T 73205243b4224cb3b3d4ca2081bffae7 P 1b6dae7738a34903803d24a850ca6f29: Bootstrap starting.
I20260709 14:49:12.484195  2043 raft_consensus.cc:493] T 6ccf12d40c11470d939c65ead409501c P 1b6dae7738a34903803d24a850ca6f29 [term 0 FOLLOWER]: Starting pre-election (no leader contacted us within the election timeout)
I20260709 14:49:12.484683  2043 raft_consensus.cc:515] T 6ccf12d40c11470d939c65ead409501c P 1b6dae7738a34903803d24a850ca6f29 [term 0 FOLLOWER]: Starting pre-election with config: opid_index: -1 OBSOLETE_local: false peers { permanent_uuid: "2536df37f5764b54b0e350178be98e49" member_type: VOTER last_known_addr { host: "127.0.108.1" port: 42321 } } peers { permanent_uuid: "1b6dae7738a34903803d24a850ca6f29" member_type: VOTER last_known_addr { host: "127.0.108.2" port: 41459 } } peers { permanent_uuid: "acf28ac49152413c8b4922737bc5bd8b" member_type: VOTER last_known_addr { host: "127.0.108.3" port: 42117 } }
I20260709 14:49:12.486903  2043 leader_election.cc:290] T 6ccf12d40c11470d939c65ead409501c P 1b6dae7738a34903803d24a850ca6f29 [CANDIDATE]: Term 1 pre-election: Requested pre-vote from peers 2536df37f5764b54b0e350178be98e49 (127.0.108.1:42321), acf28ac49152413c8b4922737bc5bd8b (127.0.108.3:42117)
I20260709 14:49:12.489076  1735 tablet_bootstrap.cc:492] T 3f199f76afc140e28bec1f8ba252f2b5 P 2536df37f5764b54b0e350178be98e49: No bootstrap required, opened a new log
I20260709 14:49:12.489760  1693 tablet_service.cc:1917] Received RequestConsensusVote() RPC: tablet_id: "6ccf12d40c11470d939c65ead409501c" candidate_uuid: "1b6dae7738a34903803d24a850ca6f29" candidate_term: 1 candidate_status { last_received { term: 0 index: 0 } } ignore_live_leader: false dest_uuid: "acf28ac49152413c8b4922737bc5bd8b" is_pre_election: true
I20260709 14:49:12.489882  1544 tablet_service.cc:1917] Received RequestConsensusVote() RPC: tablet_id: "6ccf12d40c11470d939c65ead409501c" candidate_uuid: "1b6dae7738a34903803d24a850ca6f29" candidate_term: 1 candidate_status { last_received { term: 0 index: 0 } } ignore_live_leader: false dest_uuid: "2536df37f5764b54b0e350178be98e49" is_pre_election: true
I20260709 14:49:12.490494  1735 ts_tablet_manager.cc:1403] T 3f199f76afc140e28bec1f8ba252f2b5 P 2536df37f5764b54b0e350178be98e49: Time spent bootstrapping tablet: real 0.109s	user 0.022s	sys 0.016s
W20260709 14:49:12.491082  1584 leader_election.cc:343] T 6ccf12d40c11470d939c65ead409501c P 1b6dae7738a34903803d24a850ca6f29 [CANDIDATE]: Term 1 pre-election: Tablet error from VoteRequest() call to peer acf28ac49152413c8b4922737bc5bd8b (127.0.108.3:42117): Illegal state: must be running to vote when last-logged opid is not known
W20260709 14:49:12.493074  1587 leader_election.cc:343] T 6ccf12d40c11470d939c65ead409501c P 1b6dae7738a34903803d24a850ca6f29 [CANDIDATE]: Term 1 pre-election: Tablet error from VoteRequest() call to peer 2536df37f5764b54b0e350178be98e49 (127.0.108.1:42321): Illegal state: must be running to vote when last-logged opid is not known
I20260709 14:49:12.493752  1735 raft_consensus.cc:359] T 3f199f76afc140e28bec1f8ba252f2b5 P 2536df37f5764b54b0e350178be98e49 [term 0 FOLLOWER]: Replica starting. Triggering 0 pending ops. Active config: opid_index: -1 OBSOLETE_local: false peers { permanent_uuid: "2536df37f5764b54b0e350178be98e49" member_type: VOTER last_known_addr { host: "127.0.108.1" port: 42321 } } peers { permanent_uuid: "1b6dae7738a34903803d24a850ca6f29" member_type: VOTER last_known_addr { host: "127.0.108.2" port: 41459 } } peers { permanent_uuid: "acf28ac49152413c8b4922737bc5bd8b" member_type: VOTER last_known_addr { host: "127.0.108.3" port: 42117 } }
I20260709 14:49:12.494383  2045 raft_consensus.cc:493] T 245d436377124983b849dcac542418ae P acf28ac49152413c8b4922737bc5bd8b [term 0 FOLLOWER]: Starting pre-election (no leader contacted us within the election timeout)
I20260709 14:49:12.494540  1735 raft_consensus.cc:385] T 3f199f76afc140e28bec1f8ba252f2b5 P 2536df37f5764b54b0e350178be98e49 [term 0 FOLLOWER]: Consensus starting up: Expiring failure detector timer to make a prompt election more likely
I20260709 14:49:12.494917  1735 raft_consensus.cc:740] T 3f199f76afc140e28bec1f8ba252f2b5 P 2536df37f5764b54b0e350178be98e49 [term 0 FOLLOWER]: Becoming Follower/Learner. State: Replica: 2536df37f5764b54b0e350178be98e49, State: Initialized, Role: FOLLOWER
I20260709 14:49:12.494932  2045 raft_consensus.cc:515] T 245d436377124983b849dcac542418ae P acf28ac49152413c8b4922737bc5bd8b [term 0 FOLLOWER]: Starting pre-election with config: opid_index: -1 OBSOLETE_local: false peers { permanent_uuid: "2536df37f5764b54b0e350178be98e49" member_type: VOTER last_known_addr { host: "127.0.108.1" port: 42321 } } peers { permanent_uuid: "1b6dae7738a34903803d24a850ca6f29" member_type: VOTER last_known_addr { host: "127.0.108.2" port: 41459 } } peers { permanent_uuid: "acf28ac49152413c8b4922737bc5bd8b" member_type: VOTER last_known_addr { host: "127.0.108.3" port: 42117 } }
I20260709 14:49:12.495745  1735 consensus_queue.cc:260] T 3f199f76afc140e28bec1f8ba252f2b5 P 2536df37f5764b54b0e350178be98e49 [NON_LEADER]: Queue going to NON_LEADER mode. State: All replicated index: 0, Majority replicated index: 0, Committed index: 0, Last appended: 0.0, Last appended by leader: 0, Current term: 0, Majority size: -1, State: 0, Mode: NON_LEADER, active raft config: opid_index: -1 OBSOLETE_local: false peers { permanent_uuid: "2536df37f5764b54b0e350178be98e49" member_type: VOTER last_known_addr { host: "127.0.108.1" port: 42321 } } peers { permanent_uuid: "1b6dae7738a34903803d24a850ca6f29" member_type: VOTER last_known_addr { host: "127.0.108.2" port: 41459 } } peers { permanent_uuid: "acf28ac49152413c8b4922737bc5bd8b" member_type: VOTER last_known_addr { host: "127.0.108.3" port: 42117 } }
I20260709 14:49:12.497433  1736 tablet_bootstrap.cc:654] T db454cad2362424a847f3e340061deec P acf28ac49152413c8b4922737bc5bd8b: Neither blocks nor log segments found. Creating new log.
I20260709 14:49:12.497627  2045 leader_election.cc:290] T 245d436377124983b849dcac542418ae P acf28ac49152413c8b4922737bc5bd8b [CANDIDATE]: Term 1 pre-election: Requested pre-vote from peers 2536df37f5764b54b0e350178be98e49 (127.0.108.1:42321), 1b6dae7738a34903803d24a850ca6f29 (127.0.108.2:41459)
I20260709 14:49:12.497859  1735 ts_tablet_manager.cc:1434] T 3f199f76afc140e28bec1f8ba252f2b5 P 2536df37f5764b54b0e350178be98e49: Time spent starting tablet: real 0.007s	user 0.002s	sys 0.002s
I20260709 14:49:12.499316  1735 tablet_bootstrap.cc:492] T aa221b107b1540dc897095f0a2996d94 P 2536df37f5764b54b0e350178be98e49: Bootstrap starting.
I20260709 14:49:12.500521  1741 tablet_bootstrap.cc:654] T 73205243b4224cb3b3d4ca2081bffae7 P 1b6dae7738a34903803d24a850ca6f29: Neither blocks nor log segments found. Creating new log.
I20260709 14:49:12.505066  1618 tablet_service.cc:1917] Received RequestConsensusVote() RPC: tablet_id: "245d436377124983b849dcac542418ae" candidate_uuid: "acf28ac49152413c8b4922737bc5bd8b" candidate_term: 1 candidate_status { last_received { term: 0 index: 0 } } ignore_live_leader: false dest_uuid: "1b6dae7738a34903803d24a850ca6f29" is_pre_election: true
I20260709 14:49:12.505781  1618 raft_consensus.cc:2468] T 245d436377124983b849dcac542418ae P 1b6dae7738a34903803d24a850ca6f29 [term 0 FOLLOWER]: Leader pre-election vote request: Granting yes vote for candidate acf28ac49152413c8b4922737bc5bd8b in term 0.
I20260709 14:49:12.506806  1544 tablet_service.cc:1917] Received RequestConsensusVote() RPC: tablet_id: "245d436377124983b849dcac542418ae" candidate_uuid: "acf28ac49152413c8b4922737bc5bd8b" candidate_term: 1 candidate_status { last_received { term: 0 index: 0 } } ignore_live_leader: false dest_uuid: "2536df37f5764b54b0e350178be98e49" is_pre_election: true
I20260709 14:49:12.508304  1544 raft_consensus.cc:2468] T 245d436377124983b849dcac542418ae P 2536df37f5764b54b0e350178be98e49 [term 0 FOLLOWER]: Leader pre-election vote request: Granting yes vote for candidate acf28ac49152413c8b4922737bc5bd8b in term 0.
I20260709 14:49:12.510041  1661 leader_election.cc:304] T 245d436377124983b849dcac542418ae P acf28ac49152413c8b4922737bc5bd8b [CANDIDATE]: Term 1 pre-election: Election decided. Result: candidate won. Election summary: received 2 responses out of 3 voters: 2 yes votes; 0 no votes. yes voters: 2536df37f5764b54b0e350178be98e49, acf28ac49152413c8b4922737bc5bd8b; no voters: 
I20260709 14:49:12.511094  1741 tablet_bootstrap.cc:492] T 73205243b4224cb3b3d4ca2081bffae7 P 1b6dae7738a34903803d24a850ca6f29: No bootstrap required, opened a new log
I20260709 14:49:12.511242  2045 raft_consensus.cc:2804] T 245d436377124983b849dcac542418ae P acf28ac49152413c8b4922737bc5bd8b [term 0 FOLLOWER]: Leader pre-election won for term 1
I20260709 14:49:12.511732  1741 ts_tablet_manager.cc:1403] T 73205243b4224cb3b3d4ca2081bffae7 P 1b6dae7738a34903803d24a850ca6f29: Time spent bootstrapping tablet: real 0.029s	user 0.012s	sys 0.003s
I20260709 14:49:12.494936  1587 leader_election.cc:304] T 6ccf12d40c11470d939c65ead409501c P 1b6dae7738a34903803d24a850ca6f29 [CANDIDATE]: Term 1 pre-election: Election decided. Result: candidate lost. Election summary: received 3 responses out of 3 voters: 1 yes votes; 2 no votes. yes voters: 1b6dae7738a34903803d24a850ca6f29; no voters: 2536df37f5764b54b0e350178be98e49, acf28ac49152413c8b4922737bc5bd8b
I20260709 14:49:12.514464  2043 raft_consensus.cc:2749] T 6ccf12d40c11470d939c65ead409501c P 1b6dae7738a34903803d24a850ca6f29 [term 0 FOLLOWER]: Leader pre-election lost for term 1. Reason: could not achieve majority
I20260709 14:49:12.511727  2045 raft_consensus.cc:493] T 245d436377124983b849dcac542418ae P acf28ac49152413c8b4922737bc5bd8b [term 0 FOLLOWER]: Starting leader election (no leader contacted us within the election timeout)
I20260709 14:49:12.515647  2045 raft_consensus.cc:3060] T 245d436377124983b849dcac542418ae P acf28ac49152413c8b4922737bc5bd8b [term 0 FOLLOWER]: Advancing to term 1
I20260709 14:49:12.526844  2043 consensus_queue.cc:1048] T 0796866189994a6baf9c4b1c6f382fc4 P 1b6dae7738a34903803d24a850ca6f29 [LEADER]: Connected to new peer: Peer: permanent_uuid: "2536df37f5764b54b0e350178be98e49" member_type: VOTER last_known_addr { host: "127.0.108.1" port: 42321 }, Status: LMP_MISMATCH, Last received: 0.0, Next index: 1, Last known committed idx: 0, Time since last communication: 0.001s
I20260709 14:49:12.533236  1736 tablet_bootstrap.cc:492] T db454cad2362424a847f3e340061deec P acf28ac49152413c8b4922737bc5bd8b: No bootstrap required, opened a new log
I20260709 14:49:12.533783  1736 ts_tablet_manager.cc:1403] T db454cad2362424a847f3e340061deec P acf28ac49152413c8b4922737bc5bd8b: Time spent bootstrapping tablet: real 0.062s	user 0.006s	sys 0.004s
I20260709 14:49:12.514854  1741 raft_consensus.cc:359] T 73205243b4224cb3b3d4ca2081bffae7 P 1b6dae7738a34903803d24a850ca6f29 [term 0 FOLLOWER]: Replica starting. Triggering 0 pending ops. Active config: opid_index: -1 OBSOLETE_local: false peers { permanent_uuid: "2536df37f5764b54b0e350178be98e49" member_type: VOTER last_known_addr { host: "127.0.108.1" port: 42321 } } peers { permanent_uuid: "1b6dae7738a34903803d24a850ca6f29" member_type: VOTER last_known_addr { host: "127.0.108.2" port: 41459 } } peers { permanent_uuid: "acf28ac49152413c8b4922737bc5bd8b" member_type: VOTER last_known_addr { host: "127.0.108.3" port: 42117 } }
I20260709 14:49:12.539789  1741 raft_consensus.cc:385] T 73205243b4224cb3b3d4ca2081bffae7 P 1b6dae7738a34903803d24a850ca6f29 [term 0 FOLLOWER]: Consensus starting up: Expiring failure detector timer to make a prompt election more likely
I20260709 14:49:12.540190  1741 raft_consensus.cc:740] T 73205243b4224cb3b3d4ca2081bffae7 P 1b6dae7738a34903803d24a850ca6f29 [term 0 FOLLOWER]: Becoming Follower/Learner. State: Replica: 1b6dae7738a34903803d24a850ca6f29, State: Initialized, Role: FOLLOWER
I20260709 14:49:12.540877  1741 consensus_queue.cc:260] T 73205243b4224cb3b3d4ca2081bffae7 P 1b6dae7738a34903803d24a850ca6f29 [NON_LEADER]: Queue going to NON_LEADER mode. State: All replicated index: 0, Majority replicated index: 0, Committed index: 0, Last appended: 0.0, Last appended by leader: 0, Current term: 0, Majority size: -1, State: 0, Mode: NON_LEADER, active raft config: opid_index: -1 OBSOLETE_local: false peers { permanent_uuid: "2536df37f5764b54b0e350178be98e49" member_type: VOTER last_known_addr { host: "127.0.108.1" port: 42321 } } peers { permanent_uuid: "1b6dae7738a34903803d24a850ca6f29" member_type: VOTER last_known_addr { host: "127.0.108.2" port: 41459 } } peers { permanent_uuid: "acf28ac49152413c8b4922737bc5bd8b" member_type: VOTER last_known_addr { host: "127.0.108.3" port: 42117 } }
I20260709 14:49:12.540355  1736 raft_consensus.cc:359] T db454cad2362424a847f3e340061deec P acf28ac49152413c8b4922737bc5bd8b [term 0 FOLLOWER]: Replica starting. Triggering 0 pending ops. Active config: opid_index: -1 OBSOLETE_local: false peers { permanent_uuid: "2536df37f5764b54b0e350178be98e49" member_type: VOTER last_known_addr { host: "127.0.108.1" port: 42321 } } peers { permanent_uuid: "1b6dae7738a34903803d24a850ca6f29" member_type: VOTER last_known_addr { host: "127.0.108.2" port: 41459 } } peers { permanent_uuid: "acf28ac49152413c8b4922737bc5bd8b" member_type: VOTER last_known_addr { host: "127.0.108.3" port: 42117 } }
I20260709 14:49:12.541708  1736 raft_consensus.cc:385] T db454cad2362424a847f3e340061deec P acf28ac49152413c8b4922737bc5bd8b [term 0 FOLLOWER]: Consensus starting up: Expiring failure detector timer to make a prompt election more likely
I20260709 14:49:12.542002  1736 raft_consensus.cc:740] T db454cad2362424a847f3e340061deec P acf28ac49152413c8b4922737bc5bd8b [term 0 FOLLOWER]: Becoming Follower/Learner. State: Replica: acf28ac49152413c8b4922737bc5bd8b, State: Initialized, Role: FOLLOWER
I20260709 14:49:12.542570  2045 raft_consensus.cc:515] T 245d436377124983b849dcac542418ae P acf28ac49152413c8b4922737bc5bd8b [term 1 FOLLOWER]: Starting leader election with config: opid_index: -1 OBSOLETE_local: false peers { permanent_uuid: "2536df37f5764b54b0e350178be98e49" member_type: VOTER last_known_addr { host: "127.0.108.1" port: 42321 } } peers { permanent_uuid: "1b6dae7738a34903803d24a850ca6f29" member_type: VOTER last_known_addr { host: "127.0.108.2" port: 41459 } } peers { permanent_uuid: "acf28ac49152413c8b4922737bc5bd8b" member_type: VOTER last_known_addr { host: "127.0.108.3" port: 42117 } }
I20260709 14:49:12.542709  1736 consensus_queue.cc:260] T db454cad2362424a847f3e340061deec P acf28ac49152413c8b4922737bc5bd8b [NON_LEADER]: Queue going to NON_LEADER mode. State: All replicated index: 0, Majority replicated index: 0, Committed index: 0, Last appended: 0.0, Last appended by leader: 0, Current term: 0, Majority size: -1, State: 0, Mode: NON_LEADER, active raft config: opid_index: -1 OBSOLETE_local: false peers { permanent_uuid: "2536df37f5764b54b0e350178be98e49" member_type: VOTER last_known_addr { host: "127.0.108.1" port: 42321 } } peers { permanent_uuid: "1b6dae7738a34903803d24a850ca6f29" member_type: VOTER last_known_addr { host: "127.0.108.2" port: 41459 } } peers { permanent_uuid: "acf28ac49152413c8b4922737bc5bd8b" member_type: VOTER last_known_addr { host: "127.0.108.3" port: 42117 } }
I20260709 14:49:12.546047  1741 ts_tablet_manager.cc:1434] T 73205243b4224cb3b3d4ca2081bffae7 P 1b6dae7738a34903803d24a850ca6f29: Time spent starting tablet: real 0.034s	user 0.006s	sys 0.000s
I20260709 14:49:12.548529  1741 tablet_bootstrap.cc:492] T aa221b107b1540dc897095f0a2996d94 P 1b6dae7738a34903803d24a850ca6f29: Bootstrap starting.
I20260709 14:49:12.550900  1736 ts_tablet_manager.cc:1434] T db454cad2362424a847f3e340061deec P acf28ac49152413c8b4922737bc5bd8b: Time spent starting tablet: real 0.017s	user 0.005s	sys 0.004s
I20260709 14:49:12.552129  1736 tablet_bootstrap.cc:492] T bebd06e09f6e4d2cbc5d4bb8a34f1170 P acf28ac49152413c8b4922737bc5bd8b: Bootstrap starting.
I20260709 14:49:12.554607  1741 tablet_bootstrap.cc:654] T aa221b107b1540dc897095f0a2996d94 P 1b6dae7738a34903803d24a850ca6f29: Neither blocks nor log segments found. Creating new log.
I20260709 14:49:12.555907  2045 leader_election.cc:290] T 245d436377124983b849dcac542418ae P acf28ac49152413c8b4922737bc5bd8b [CANDIDATE]: Term 1 election: Requested vote from peers 2536df37f5764b54b0e350178be98e49 (127.0.108.1:42321), 1b6dae7738a34903803d24a850ca6f29 (127.0.108.2:41459)
I20260709 14:49:12.557242  1612 tablet_service.cc:1917] Received RequestConsensusVote() RPC: tablet_id: "245d436377124983b849dcac542418ae" candidate_uuid: "acf28ac49152413c8b4922737bc5bd8b" candidate_term: 1 candidate_status { last_received { term: 0 index: 0 } } ignore_live_leader: false dest_uuid: "1b6dae7738a34903803d24a850ca6f29"
I20260709 14:49:12.557895  1612 raft_consensus.cc:3060] T 245d436377124983b849dcac542418ae P 1b6dae7738a34903803d24a850ca6f29 [term 0 FOLLOWER]: Advancing to term 1
I20260709 14:49:12.558035  1544 tablet_service.cc:1917] Received RequestConsensusVote() RPC: tablet_id: "245d436377124983b849dcac542418ae" candidate_uuid: "acf28ac49152413c8b4922737bc5bd8b" candidate_term: 1 candidate_status { last_received { term: 0 index: 0 } } ignore_live_leader: false dest_uuid: "2536df37f5764b54b0e350178be98e49"
I20260709 14:49:12.558777  1544 raft_consensus.cc:3060] T 245d436377124983b849dcac542418ae P 2536df37f5764b54b0e350178be98e49 [term 0 FOLLOWER]: Advancing to term 1
I20260709 14:49:12.571828  1736 tablet_bootstrap.cc:654] T bebd06e09f6e4d2cbc5d4bb8a34f1170 P acf28ac49152413c8b4922737bc5bd8b: Neither blocks nor log segments found. Creating new log.
I20260709 14:49:12.587175  2045 consensus_queue.cc:1048] T 2fe1ee73bf0741aa8bf5d04f1dc33ff8 P acf28ac49152413c8b4922737bc5bd8b [LEADER]: Connected to new peer: Peer: permanent_uuid: "1b6dae7738a34903803d24a850ca6f29" member_type: VOTER last_known_addr { host: "127.0.108.2" port: 41459 }, Status: LMP_MISMATCH, Last received: 0.0, Next index: 1, Last known committed idx: 0, Time since last communication: 0.001s
I20260709 14:49:12.588304  1735 tablet_bootstrap.cc:654] T aa221b107b1540dc897095f0a2996d94 P 2536df37f5764b54b0e350178be98e49: Neither blocks nor log segments found. Creating new log.
I20260709 14:49:12.591008  1741 tablet_bootstrap.cc:492] T aa221b107b1540dc897095f0a2996d94 P 1b6dae7738a34903803d24a850ca6f29: No bootstrap required, opened a new log
I20260709 14:49:12.591693  1741 ts_tablet_manager.cc:1403] T aa221b107b1540dc897095f0a2996d94 P 1b6dae7738a34903803d24a850ca6f29: Time spent bootstrapping tablet: real 0.043s	user 0.010s	sys 0.029s
I20260709 14:49:12.594548  1741 raft_consensus.cc:359] T aa221b107b1540dc897095f0a2996d94 P 1b6dae7738a34903803d24a850ca6f29 [term 0 FOLLOWER]: Replica starting. Triggering 0 pending ops. Active config: opid_index: -1 OBSOLETE_local: false peers { permanent_uuid: "2536df37f5764b54b0e350178be98e49" member_type: VOTER last_known_addr { host: "127.0.108.1" port: 42321 } } peers { permanent_uuid: "1b6dae7738a34903803d24a850ca6f29" member_type: VOTER last_known_addr { host: "127.0.108.2" port: 41459 } } peers { permanent_uuid: "acf28ac49152413c8b4922737bc5bd8b" member_type: VOTER last_known_addr { host: "127.0.108.3" port: 42117 } }
I20260709 14:49:12.595465  1741 raft_consensus.cc:385] T aa221b107b1540dc897095f0a2996d94 P 1b6dae7738a34903803d24a850ca6f29 [term 0 FOLLOWER]: Consensus starting up: Expiring failure detector timer to make a prompt election more likely
I20260709 14:49:12.595912  1741 raft_consensus.cc:740] T aa221b107b1540dc897095f0a2996d94 P 1b6dae7738a34903803d24a850ca6f29 [term 0 FOLLOWER]: Becoming Follower/Learner. State: Replica: 1b6dae7738a34903803d24a850ca6f29, State: Initialized, Role: FOLLOWER
I20260709 14:49:12.596892  1741 consensus_queue.cc:260] T aa221b107b1540dc897095f0a2996d94 P 1b6dae7738a34903803d24a850ca6f29 [NON_LEADER]: Queue going to NON_LEADER mode. State: All replicated index: 0, Majority replicated index: 0, Committed index: 0, Last appended: 0.0, Last appended by leader: 0, Current term: 0, Majority size: -1, State: 0, Mode: NON_LEADER, active raft config: opid_index: -1 OBSOLETE_local: false peers { permanent_uuid: "2536df37f5764b54b0e350178be98e49" member_type: VOTER last_known_addr { host: "127.0.108.1" port: 42321 } } peers { permanent_uuid: "1b6dae7738a34903803d24a850ca6f29" member_type: VOTER last_known_addr { host: "127.0.108.2" port: 41459 } } peers { permanent_uuid: "acf28ac49152413c8b4922737bc5bd8b" member_type: VOTER last_known_addr { host: "127.0.108.3" port: 42117 } }
I20260709 14:49:12.598784  1741 ts_tablet_manager.cc:1434] T aa221b107b1540dc897095f0a2996d94 P 1b6dae7738a34903803d24a850ca6f29: Time spent starting tablet: real 0.007s	user 0.004s	sys 0.002s
I20260709 14:49:12.603193  1741 tablet_bootstrap.cc:492] T db2cbe0f839c46c38024d294365c7d43 P 1b6dae7738a34903803d24a850ca6f29: Bootstrap starting.
I20260709 14:49:12.606585  1736 tablet_bootstrap.cc:492] T bebd06e09f6e4d2cbc5d4bb8a34f1170 P acf28ac49152413c8b4922737bc5bd8b: No bootstrap required, opened a new log
I20260709 14:49:12.607271  1736 ts_tablet_manager.cc:1403] T bebd06e09f6e4d2cbc5d4bb8a34f1170 P acf28ac49152413c8b4922737bc5bd8b: Time spent bootstrapping tablet: real 0.055s	user 0.010s	sys 0.007s
I20260709 14:49:12.610383  1612 raft_consensus.cc:2468] T 245d436377124983b849dcac542418ae P 1b6dae7738a34903803d24a850ca6f29 [term 1 FOLLOWER]: Leader election vote request: Granting yes vote for candidate acf28ac49152413c8b4922737bc5bd8b in term 1.
I20260709 14:49:12.611231  1736 raft_consensus.cc:359] T bebd06e09f6e4d2cbc5d4bb8a34f1170 P acf28ac49152413c8b4922737bc5bd8b [term 0 FOLLOWER]: Replica starting. Triggering 0 pending ops. Active config: opid_index: -1 OBSOLETE_local: false peers { permanent_uuid: "2536df37f5764b54b0e350178be98e49" member_type: VOTER last_known_addr { host: "127.0.108.1" port: 42321 } } peers { permanent_uuid: "1b6dae7738a34903803d24a850ca6f29" member_type: VOTER last_known_addr { host: "127.0.108.2" port: 41459 } } peers { permanent_uuid: "acf28ac49152413c8b4922737bc5bd8b" member_type: VOTER last_known_addr { host: "127.0.108.3" port: 42117 } }
I20260709 14:49:12.612326  1736 raft_consensus.cc:385] T bebd06e09f6e4d2cbc5d4bb8a34f1170 P acf28ac49152413c8b4922737bc5bd8b [term 0 FOLLOWER]: Consensus starting up: Expiring failure detector timer to make a prompt election more likely
I20260709 14:49:12.612696  1736 raft_consensus.cc:740] T bebd06e09f6e4d2cbc5d4bb8a34f1170 P acf28ac49152413c8b4922737bc5bd8b [term 0 FOLLOWER]: Becoming Follower/Learner. State: Replica: acf28ac49152413c8b4922737bc5bd8b, State: Initialized, Role: FOLLOWER
I20260709 14:49:12.613004  1658 leader_election.cc:304] T 245d436377124983b849dcac542418ae P acf28ac49152413c8b4922737bc5bd8b [CANDIDATE]: Term 1 election: Election decided. Result: candidate won. Election summary: received 2 responses out of 3 voters: 2 yes votes; 0 no votes. yes voters: 1b6dae7738a34903803d24a850ca6f29, acf28ac49152413c8b4922737bc5bd8b; no voters: 
I20260709 14:49:12.613909  2045 raft_consensus.cc:2804] T 245d436377124983b849dcac542418ae P acf28ac49152413c8b4922737bc5bd8b [term 1 FOLLOWER]: Leader election won for term 1
I20260709 14:49:12.614475  2045 raft_consensus.cc:697] T 245d436377124983b849dcac542418ae P acf28ac49152413c8b4922737bc5bd8b [term 1 LEADER]: Becoming Leader. State: Replica: acf28ac49152413c8b4922737bc5bd8b, State: Running, Role: LEADER
I20260709 14:49:12.613472  1736 consensus_queue.cc:260] T bebd06e09f6e4d2cbc5d4bb8a34f1170 P acf28ac49152413c8b4922737bc5bd8b [NON_LEADER]: Queue going to NON_LEADER mode. State: All replicated index: 0, Majority replicated index: 0, Committed index: 0, Last appended: 0.0, Last appended by leader: 0, Current term: 0, Majority size: -1, State: 0, Mode: NON_LEADER, active raft config: opid_index: -1 OBSOLETE_local: false peers { permanent_uuid: "2536df37f5764b54b0e350178be98e49" member_type: VOTER last_known_addr { host: "127.0.108.1" port: 42321 } } peers { permanent_uuid: "1b6dae7738a34903803d24a850ca6f29" member_type: VOTER last_known_addr { host: "127.0.108.2" port: 41459 } } peers { permanent_uuid: "acf28ac49152413c8b4922737bc5bd8b" member_type: VOTER last_known_addr { host: "127.0.108.3" port: 42117 } }
I20260709 14:49:12.615466  2045 consensus_queue.cc:237] T 245d436377124983b849dcac542418ae P acf28ac49152413c8b4922737bc5bd8b [LEADER]: Queue going to LEADER mode. State: All replicated index: 0, Majority replicated index: 0, Committed index: 0, Last appended: 0.0, Last appended by leader: 0, Current term: 1, Majority size: 2, State: 0, Mode: LEADER, active raft config: opid_index: -1 OBSOLETE_local: false peers { permanent_uuid: "2536df37f5764b54b0e350178be98e49" member_type: VOTER last_known_addr { host: "127.0.108.1" port: 42321 } } peers { permanent_uuid: "1b6dae7738a34903803d24a850ca6f29" member_type: VOTER last_known_addr { host: "127.0.108.2" port: 41459 } } peers { permanent_uuid: "acf28ac49152413c8b4922737bc5bd8b" member_type: VOTER last_known_addr { host: "127.0.108.3" port: 42117 } }
I20260709 14:49:12.622972  1741 tablet_bootstrap.cc:654] T db2cbe0f839c46c38024d294365c7d43 P 1b6dae7738a34903803d24a850ca6f29: Neither blocks nor log segments found. Creating new log.
I20260709 14:49:12.627509  1776 consensus_queue.cc:1048] T 6db0468c87f544b9b55465bd8c7db893 P 2536df37f5764b54b0e350178be98e49 [LEADER]: Connected to new peer: Peer: permanent_uuid: "1b6dae7738a34903803d24a850ca6f29" member_type: VOTER last_known_addr { host: "127.0.108.2" port: 41459 }, Status: LMP_MISMATCH, Last received: 0.0, Next index: 1, Last known committed idx: 0, Time since last communication: 0.001s
I20260709 14:49:12.628621  1736 ts_tablet_manager.cc:1434] T bebd06e09f6e4d2cbc5d4bb8a34f1170 P acf28ac49152413c8b4922737bc5bd8b: Time spent starting tablet: real 0.021s	user 0.009s	sys 0.000s
I20260709 14:49:12.634932  1736 tablet_bootstrap.cc:492] T e4f46f8efdab4924905d422298b8cffc P acf28ac49152413c8b4922737bc5bd8b: Bootstrap starting.
I20260709 14:49:12.646428  1735 tablet_bootstrap.cc:492] T aa221b107b1540dc897095f0a2996d94 P 2536df37f5764b54b0e350178be98e49: No bootstrap required, opened a new log
I20260709 14:49:12.647212  1735 ts_tablet_manager.cc:1403] T aa221b107b1540dc897095f0a2996d94 P 2536df37f5764b54b0e350178be98e49: Time spent bootstrapping tablet: real 0.148s	user 0.009s	sys 0.004s
I20260709 14:49:12.650120  1544 raft_consensus.cc:2468] T 245d436377124983b849dcac542418ae P 2536df37f5764b54b0e350178be98e49 [term 1 FOLLOWER]: Leader election vote request: Granting yes vote for candidate acf28ac49152413c8b4922737bc5bd8b in term 1.
I20260709 14:49:12.654251  1735 raft_consensus.cc:359] T aa221b107b1540dc897095f0a2996d94 P 2536df37f5764b54b0e350178be98e49 [term 0 FOLLOWER]: Replica starting. Triggering 0 pending ops. Active config: opid_index: -1 OBSOLETE_local: false peers { permanent_uuid: "2536df37f5764b54b0e350178be98e49" member_type: VOTER last_known_addr { host: "127.0.108.1" port: 42321 } } peers { permanent_uuid: "1b6dae7738a34903803d24a850ca6f29" member_type: VOTER last_known_addr { host: "127.0.108.2" port: 41459 } } peers { permanent_uuid: "acf28ac49152413c8b4922737bc5bd8b" member_type: VOTER last_known_addr { host: "127.0.108.3" port: 42117 } }
W20260709 14:49:12.655205  2090 log.cc:927] Time spent T 0796866189994a6baf9c4b1c6f382fc4 P 2536df37f5764b54b0e350178be98e49: Append to log took a long time: real 0.074s	user 0.001s	sys 0.000s
I20260709 14:49:12.656303  1735 raft_consensus.cc:385] T aa221b107b1540dc897095f0a2996d94 P 2536df37f5764b54b0e350178be98e49 [term 0 FOLLOWER]: Consensus starting up: Expiring failure detector timer to make a prompt election more likely
I20260709 14:49:12.656692  1735 raft_consensus.cc:740] T aa221b107b1540dc897095f0a2996d94 P 2536df37f5764b54b0e350178be98e49 [term 0 FOLLOWER]: Becoming Follower/Learner. State: Replica: 2536df37f5764b54b0e350178be98e49, State: Initialized, Role: FOLLOWER
I20260709 14:49:12.658661  1735 consensus_queue.cc:260] T aa221b107b1540dc897095f0a2996d94 P 2536df37f5764b54b0e350178be98e49 [NON_LEADER]: Queue going to NON_LEADER mode. State: All replicated index: 0, Majority replicated index: 0, Committed index: 0, Last appended: 0.0, Last appended by leader: 0, Current term: 0, Majority size: -1, State: 0, Mode: NON_LEADER, active raft config: opid_index: -1 OBSOLETE_local: false peers { permanent_uuid: "2536df37f5764b54b0e350178be98e49" member_type: VOTER last_known_addr { host: "127.0.108.1" port: 42321 } } peers { permanent_uuid: "1b6dae7738a34903803d24a850ca6f29" member_type: VOTER last_known_addr { host: "127.0.108.2" port: 41459 } } peers { permanent_uuid: "acf28ac49152413c8b4922737bc5bd8b" member_type: VOTER last_known_addr { host: "127.0.108.3" port: 42117 } }
I20260709 14:49:12.666559  2012 consensus_queue.cc:1048] T 2fe1ee73bf0741aa8bf5d04f1dc33ff8 P acf28ac49152413c8b4922737bc5bd8b [LEADER]: Connected to new peer: Peer: permanent_uuid: "2536df37f5764b54b0e350178be98e49" member_type: VOTER last_known_addr { host: "127.0.108.1" port: 42321 }, Status: LMP_MISMATCH, Last received: 0.0, Next index: 1, Last known committed idx: 0, Time since last communication: 0.001s
I20260709 14:49:12.675884  2043 consensus_queue.cc:1048] T 0796866189994a6baf9c4b1c6f382fc4 P 1b6dae7738a34903803d24a850ca6f29 [LEADER]: Connected to new peer: Peer: permanent_uuid: "acf28ac49152413c8b4922737bc5bd8b" member_type: VOTER last_known_addr { host: "127.0.108.3" port: 42117 }, Status: LMP_MISMATCH, Last received: 0.0, Next index: 1, Last known committed idx: 0, Time since last communication: 0.001s
I20260709 14:49:12.676827  1735 ts_tablet_manager.cc:1434] T aa221b107b1540dc897095f0a2996d94 P 2536df37f5764b54b0e350178be98e49: Time spent starting tablet: real 0.029s	user 0.007s	sys 0.000s
I20260709 14:49:12.678047  1735 tablet_bootstrap.cc:492] T db454cad2362424a847f3e340061deec P 2536df37f5764b54b0e350178be98e49: Bootstrap starting.
W20260709 14:49:12.683090  1509 consensus_peers.cc:597] T 6db0468c87f544b9b55465bd8c7db893 P 2536df37f5764b54b0e350178be98e49 -> Peer acf28ac49152413c8b4922737bc5bd8b (127.0.108.3:42117): Couldn't send request to peer acf28ac49152413c8b4922737bc5bd8b. Error code: TABLET_NOT_RUNNING (12). Status: Illegal state: Tablet not RUNNING: INITIALIZED. This is attempt 1: this message will repeat every 5th retry.
I20260709 14:49:12.685344  2034 raft_consensus.cc:493] T aa221b107b1540dc897095f0a2996d94 P 2536df37f5764b54b0e350178be98e49 [term 0 FOLLOWER]: Starting pre-election (no leader contacted us within the election timeout)
I20260709 14:49:12.686388  2034 raft_consensus.cc:515] T aa221b107b1540dc897095f0a2996d94 P 2536df37f5764b54b0e350178be98e49 [term 0 FOLLOWER]: Starting pre-election with config: opid_index: -1 OBSOLETE_local: false peers { permanent_uuid: "2536df37f5764b54b0e350178be98e49" member_type: VOTER last_known_addr { host: "127.0.108.1" port: 42321 } } peers { permanent_uuid: "1b6dae7738a34903803d24a850ca6f29" member_type: VOTER last_known_addr { host: "127.0.108.2" port: 41459 } } peers { permanent_uuid: "acf28ac49152413c8b4922737bc5bd8b" member_type: VOTER last_known_addr { host: "127.0.108.3" port: 42117 } }
I20260709 14:49:12.685905  2012 raft_consensus.cc:493] T af368eedf0c44219a921163913202eac P acf28ac49152413c8b4922737bc5bd8b [term 0 FOLLOWER]: Starting pre-election (no leader contacted us within the election timeout)
