I20260709 14:48:02.401226  7513 raft_consensus.cc:3060] T 8150b917de954d63b0a93f72ad418fa8 P a47efff6eb614fddaba0803b13e48788 [term 0 FOLLOWER]: Advancing to term 1
I20260709 14:48:02.406579  7213 catalog_manager.cc:5697] T 38bd3e09e0ed48028046d0f5a270586c P c548bc010cd54be3b8a1ce1f58044c33 reported cstate change: term changed from 0 to 1, leader changed from <none> to c548bc010cd54be3b8a1ce1f58044c33 (127.6.13.194). New cstate: current_term: 1 leader_uuid: "c548bc010cd54be3b8a1ce1f58044c33" committed_config { opid_index: -1 OBSOLETE_local: false peers { permanent_uuid: "222c6393da804b05be2fbf68b883597d" member_type: VOTER last_known_addr { host: "127.6.13.193" port: 32935 } health_report { overall_health: UNKNOWN } } peers { permanent_uuid: "c548bc010cd54be3b8a1ce1f58044c33" member_type: VOTER last_known_addr { host: "127.6.13.194" port: 34707 } health_report { overall_health: HEALTHY } } peers { permanent_uuid: "a47efff6eb614fddaba0803b13e48788" member_type: VOTER last_known_addr { host: "127.6.13.195" port: 39709 } health_report { overall_health: UNKNOWN } } }
I20260709 14:48:02.412436  7450 tablet_service.cc:1511] Processing CreateTablet for tablet 527b35e7197a449eb6a3887cea0d2846 (DEFAULT_TABLE table=test-workload [id=047388fabe904f72a95ed2916daa3936]), partition=RANGE (key) PARTITION 1710707269 <= VALUES < 1747105296
I20260709 14:48:02.413830  7450 data_dirs.cc:400] Could only allocate 1 dirs of requested 3 for tablet 527b35e7197a449eb6a3887cea0d2846. 1 dirs total, 0 dirs full, 0 dirs failed
I20260709 14:48:02.421880  7508 raft_consensus.cc:359] T 325be5339b1d4ee98f80623e6a4fa100 P a47efff6eb614fddaba0803b13e48788 [term 0 FOLLOWER]: Replica starting. Triggering 0 pending ops. Active config: opid_index: -1 OBSOLETE_local: false peers { permanent_uuid: "222c6393da804b05be2fbf68b883597d" member_type: VOTER last_known_addr { host: "127.6.13.193" port: 32935 } } peers { permanent_uuid: "c548bc010cd54be3b8a1ce1f58044c33" member_type: VOTER last_known_addr { host: "127.6.13.194" port: 34707 } } peers { permanent_uuid: "a47efff6eb614fddaba0803b13e48788" member_type: VOTER last_known_addr { host: "127.6.13.195" port: 39709 } }
I20260709 14:48:02.422705  7508 raft_consensus.cc:385] T 325be5339b1d4ee98f80623e6a4fa100 P a47efff6eb614fddaba0803b13e48788 [term 0 FOLLOWER]: Consensus starting up: Expiring failure detector timer to make a prompt election more likely
I20260709 14:48:02.423032  7508 raft_consensus.cc:740] T 325be5339b1d4ee98f80623e6a4fa100 P a47efff6eb614fddaba0803b13e48788 [term 0 FOLLOWER]: Becoming Follower/Learner. State: Replica: a47efff6eb614fddaba0803b13e48788, State: Initialized, Role: FOLLOWER
I20260709 14:48:02.429586  7507 consensus_queue.cc:260] T c442b623d15345c2890de72428de2136 P 222c6393da804b05be2fbf68b883597d [NON_LEADER]: Queue going to NON_LEADER mode. State: All replicated index: 0, Majority replicated index: 0, Committed index: 0, Last appended: 0.0, Last appended by leader: 0, Current term: 0, Majority size: -1, State: 0, Mode: NON_LEADER, active raft config: opid_index: -1 OBSOLETE_local: false peers { permanent_uuid: "222c6393da804b05be2fbf68b883597d" member_type: VOTER last_known_addr { host: "127.6.13.193" port: 32935 } } peers { permanent_uuid: "c548bc010cd54be3b8a1ce1f58044c33" member_type: VOTER last_known_addr { host: "127.6.13.194" port: 34707 } } peers { permanent_uuid: "a47efff6eb614fddaba0803b13e48788" member_type: VOTER last_known_addr { host: "127.6.13.195" port: 39709 } }
I20260709 14:48:02.429986  7380 tablet_service.cc:1511] Processing CreateTablet for tablet 24c21fcb86cd4ac1b70e37fd3a753238 (DEFAULT_TABLE table=test-workload [id=047388fabe904f72a95ed2916daa3936]), partition=RANGE (key) PARTITION 1747105296 <= VALUES < 1783503323
I20260709 14:48:02.431421  7380 data_dirs.cc:400] Could only allocate 1 dirs of requested 3 for tablet 24c21fcb86cd4ac1b70e37fd3a753238. 1 dirs total, 0 dirs full, 0 dirs failed
W20260709 14:48:02.439394  7356 leader_election.cc:343] T 0856cc56e20d4baeace1492eb1af47be P c548bc010cd54be3b8a1ce1f58044c33 [CANDIDATE]: Term 1 pre-election: Tablet error from VoteRequest() call to peer a47efff6eb614fddaba0803b13e48788 (127.6.13.195:39709): Illegal state: must be running to vote when last-logged opid is not known
I20260709 14:48:02.439889  7356 leader_election.cc:304] T 0856cc56e20d4baeace1492eb1af47be P c548bc010cd54be3b8a1ce1f58044c33 [CANDIDATE]: Term 1 pre-election: Election decided. Result: candidate lost. Election summary: received 3 responses out of 3 voters: 1 yes votes; 2 no votes. yes voters: c548bc010cd54be3b8a1ce1f58044c33; no voters: 222c6393da804b05be2fbf68b883597d, a47efff6eb614fddaba0803b13e48788
I20260709 14:48:02.440623  7524 raft_consensus.cc:2749] T 0856cc56e20d4baeace1492eb1af47be P c548bc010cd54be3b8a1ce1f58044c33 [term 0 FOLLOWER]: Leader pre-election lost for term 1. Reason: could not achieve majority
I20260709 14:48:02.441360  7508 consensus_queue.cc:260] T 325be5339b1d4ee98f80623e6a4fa100 P a47efff6eb614fddaba0803b13e48788 [NON_LEADER]: Queue going to NON_LEADER mode. State: All replicated index: 0, Majority replicated index: 0, Committed index: 0, Last appended: 0.0, Last appended by leader: 0, Current term: 0, Majority size: -1, State: 0, Mode: NON_LEADER, active raft config: opid_index: -1 OBSOLETE_local: false peers { permanent_uuid: "222c6393da804b05be2fbf68b883597d" member_type: VOTER last_known_addr { host: "127.6.13.193" port: 32935 } } peers { permanent_uuid: "c548bc010cd54be3b8a1ce1f58044c33" member_type: VOTER last_known_addr { host: "127.6.13.194" port: 34707 } } peers { permanent_uuid: "a47efff6eb614fddaba0803b13e48788" member_type: VOTER last_known_addr { host: "127.6.13.195" port: 39709 } }
I20260709 14:48:02.443707  7466 raft_consensus.cc:2468] T 325be5339b1d4ee98f80623e6a4fa100 P a47efff6eb614fddaba0803b13e48788 [term 0 FOLLOWER]: Leader pre-election vote request: Granting yes vote for candidate 222c6393da804b05be2fbf68b883597d in term 0.
I20260709 14:48:02.447809  7378 tablet_service.cc:1511] Processing CreateTablet for tablet 78c411110140429bb91822d211e516bb (DEFAULT_TABLE table=test-workload [id=047388fabe904f72a95ed2916daa3936]), partition=RANGE (key) PARTITION 1783503323 <= VALUES < 1819901350
I20260709 14:48:02.449118  7378 data_dirs.cc:400] Could only allocate 1 dirs of requested 3 for tablet 78c411110140429bb91822d211e516bb. 1 dirs total, 0 dirs full, 0 dirs failed
I20260709 14:48:02.449396  7281 leader_election.cc:304] T 325be5339b1d4ee98f80623e6a4fa100 P 222c6393da804b05be2fbf68b883597d [CANDIDATE]: Term 1 pre-election: Election decided. Result: candidate won. Election summary: received 3 responses out of 3 voters: 2 yes votes; 1 no votes. yes voters: 222c6393da804b05be2fbf68b883597d, a47efff6eb614fddaba0803b13e48788; no voters: c548bc010cd54be3b8a1ce1f58044c33
I20260709 14:48:02.450176  7514 raft_consensus.cc:2804] T 325be5339b1d4ee98f80623e6a4fa100 P 222c6393da804b05be2fbf68b883597d [term 0 FOLLOWER]: Leader pre-election won for term 1
I20260709 14:48:02.450513  7514 raft_consensus.cc:493] T 325be5339b1d4ee98f80623e6a4fa100 P 222c6393da804b05be2fbf68b883597d [term 0 FOLLOWER]: Starting leader election (no leader contacted us within the election timeout)
I20260709 14:48:02.450827  7514 raft_consensus.cc:3060] T 325be5339b1d4ee98f80623e6a4fa100 P 222c6393da804b05be2fbf68b883597d [term 0 FOLLOWER]: Advancing to term 1
I20260709 14:48:02.458195  7524 consensus_queue.cc:1048] T ab3e1bff2f3745f1a527c2597bb5c058 P c548bc010cd54be3b8a1ce1f58044c33 [LEADER]: Connected to new peer: Peer: permanent_uuid: "a47efff6eb614fddaba0803b13e48788" member_type: VOTER last_known_addr { host: "127.6.13.195" port: 39709 }, Status: LMP_MISMATCH, Last received: 0.0, Next index: 1, Last known committed idx: 0, Time since last communication: 0.000s
I20260709 14:48:02.459452  7301 tablet_service.cc:1511] Processing CreateTablet for tablet 0dc027df658d41898255ac24a8d881d3 (DEFAULT_TABLE table=test-workload [id=047388fabe904f72a95ed2916daa3936]), partition=RANGE (key) PARTITION 1819901350 <= VALUES < 1856299377
I20260709 14:48:02.460462  7301 data_dirs.cc:400] Could only allocate 1 dirs of requested 3 for tablet 0dc027df658d41898255ac24a8d881d3. 1 dirs total, 0 dirs full, 0 dirs failed
I20260709 14:48:02.444640  7507 ts_tablet_manager.cc:1434] T c442b623d15345c2890de72428de2136 P 222c6393da804b05be2fbf68b883597d: Time spent starting tablet: real 0.096s	user 0.005s	sys 0.005s
I20260709 14:48:02.478145  7305 tablet_service.cc:1511] Processing CreateTablet for tablet 24c21fcb86cd4ac1b70e37fd3a753238 (DEFAULT_TABLE table=test-workload [id=047388fabe904f72a95ed2916daa3936]), partition=RANGE (key) PARTITION 1747105296 <= VALUES < 1783503323
I20260709 14:48:02.479614  7305 data_dirs.cc:400] Could only allocate 1 dirs of requested 3 for tablet 24c21fcb86cd4ac1b70e37fd3a753238. 1 dirs total, 0 dirs full, 0 dirs failed
I20260709 14:48:02.485843  7454 tablet_service.cc:1511] Processing CreateTablet for tablet 78c411110140429bb91822d211e516bb (DEFAULT_TABLE table=test-workload [id=047388fabe904f72a95ed2916daa3936]), partition=RANGE (key) PARTITION 1783503323 <= VALUES < 1819901350
I20260709 14:48:02.486137  7300 tablet_service.cc:1511] Processing CreateTablet for tablet 0700c846c264476c82db1acb8b6d502a (DEFAULT_TABLE table=test-workload [id=047388fabe904f72a95ed2916daa3936]), partition=RANGE (key) PARTITION 1856299377 <= VALUES < 1892697404
I20260709 14:48:02.486529  7513 raft_consensus.cc:515] T 8150b917de954d63b0a93f72ad418fa8 P a47efff6eb614fddaba0803b13e48788 [term 1 FOLLOWER]: Starting leader election with config: opid_index: -1 OBSOLETE_local: false peers { permanent_uuid: "222c6393da804b05be2fbf68b883597d" member_type: VOTER last_known_addr { host: "127.6.13.193" port: 32935 } } peers { permanent_uuid: "c548bc010cd54be3b8a1ce1f58044c33" member_type: VOTER last_known_addr { host: "127.6.13.194" port: 34707 } } peers { permanent_uuid: "a47efff6eb614fddaba0803b13e48788" member_type: VOTER last_known_addr { host: "127.6.13.195" port: 39709 } }
I20260709 14:48:02.487444  7454 data_dirs.cc:400] Could only allocate 1 dirs of requested 3 for tablet 78c411110140429bb91822d211e516bb. 1 dirs total, 0 dirs full, 0 dirs failed
I20260709 14:48:02.487743  7300 data_dirs.cc:400] Could only allocate 1 dirs of requested 3 for tablet 0700c846c264476c82db1acb8b6d502a. 1 dirs total, 0 dirs full, 0 dirs failed
I20260709 14:48:02.488572  7513 leader_election.cc:290] T 8150b917de954d63b0a93f72ad418fa8 P a47efff6eb614fddaba0803b13e48788 [CANDIDATE]: Term 1 election: Requested vote from peers 222c6393da804b05be2fbf68b883597d (127.6.13.193:32935), c548bc010cd54be3b8a1ce1f58044c33 (127.6.13.194:34707)
I20260709 14:48:02.490023  7318 tablet_service.cc:1917] Received RequestConsensusVote() RPC: tablet_id: "8150b917de954d63b0a93f72ad418fa8" candidate_uuid: "a47efff6eb614fddaba0803b13e48788" candidate_term: 1 candidate_status { last_received { term: 0 index: 0 } } ignore_live_leader: false dest_uuid: "222c6393da804b05be2fbf68b883597d"
I20260709 14:48:02.490581  7318 raft_consensus.cc:3060] T 8150b917de954d63b0a93f72ad418fa8 P 222c6393da804b05be2fbf68b883597d [term 0 FOLLOWER]: Advancing to term 1
I20260709 14:48:02.494144  7457 tablet_service.cc:1511] Processing CreateTablet for tablet 0dc027df658d41898255ac24a8d881d3 (DEFAULT_TABLE table=test-workload [id=047388fabe904f72a95ed2916daa3936]), partition=RANGE (key) PARTITION 1819901350 <= VALUES < 1856299377
I20260709 14:48:02.495746  7457 data_dirs.cc:400] Could only allocate 1 dirs of requested 3 for tablet 0dc027df658d41898255ac24a8d881d3. 1 dirs total, 0 dirs full, 0 dirs failed
I20260709 14:48:02.502400  7375 tablet_service.cc:1511] Processing CreateTablet for tablet 0dc027df658d41898255ac24a8d881d3 (DEFAULT_TABLE table=test-workload [id=047388fabe904f72a95ed2916daa3936]), partition=RANGE (key) PARTITION 1819901350 <= VALUES < 1856299377
I20260709 14:48:02.504119  7375 data_dirs.cc:400] Could only allocate 1 dirs of requested 3 for tablet 0dc027df658d41898255ac24a8d881d3. 1 dirs total, 0 dirs full, 0 dirs failed
I20260709 14:48:02.543823  7449 tablet_service.cc:1511] Processing CreateTablet for tablet 0700c846c264476c82db1acb8b6d502a (DEFAULT_TABLE table=test-workload [id=047388fabe904f72a95ed2916daa3936]), partition=RANGE (key) PARTITION 1856299377 <= VALUES < 1892697404
I20260709 14:48:02.544490  7301 tablet_service.cc:1511] Processing CreateTablet for tablet ef74929bde7b441ab3bac87c6302bf4c (DEFAULT_TABLE table=test-workload [id=047388fabe904f72a95ed2916daa3936]), partition=RANGE (key) PARTITION 1892697404 <= VALUES < 1929095431
I20260709 14:48:02.538566  7507 tablet_bootstrap.cc:492] T ab3e1bff2f3745f1a527c2597bb5c058 P 222c6393da804b05be2fbf68b883597d: Bootstrap starting.
I20260709 14:48:02.545651  7301 data_dirs.cc:400] Could only allocate 1 dirs of requested 3 for tablet ef74929bde7b441ab3bac87c6302bf4c. 1 dirs total, 0 dirs full, 0 dirs failed
I20260709 14:48:02.546332  7455 tablet_service.cc:1511] Processing CreateTablet for tablet ef74929bde7b441ab3bac87c6302bf4c (DEFAULT_TABLE table=test-workload [id=047388fabe904f72a95ed2916daa3936]), partition=RANGE (key) PARTITION 1892697404 <= VALUES < 1929095431
I20260709 14:48:02.546856  7303 tablet_service.cc:1511] Processing CreateTablet for tablet 78c411110140429bb91822d211e516bb (DEFAULT_TABLE table=test-workload [id=047388fabe904f72a95ed2916daa3936]), partition=RANGE (key) PARTITION 1783503323 <= VALUES < 1819901350
I20260709 14:48:02.536274  7393 tablet_service.cc:1917] Received RequestConsensusVote() RPC: tablet_id: "8150b917de954d63b0a93f72ad418fa8" candidate_uuid: "a47efff6eb614fddaba0803b13e48788" candidate_term: 1 candidate_status { last_received { term: 0 index: 0 } } ignore_live_leader: false dest_uuid: "c548bc010cd54be3b8a1ce1f58044c33"
I20260709 14:48:02.572713  7303 data_dirs.cc:400] Could only allocate 1 dirs of requested 3 for tablet 78c411110140429bb91822d211e516bb. 1 dirs total, 0 dirs full, 0 dirs failed
W20260709 14:48:02.572638  7432 leader_election.cc:343] T 8150b917de954d63b0a93f72ad418fa8 P a47efff6eb614fddaba0803b13e48788 [CANDIDATE]: Term 1 election: Tablet error from VoteRequest() call to peer c548bc010cd54be3b8a1ce1f58044c33 (127.6.13.194:34707): Illegal state: must be running to vote when last-logged opid is not known
I20260709 14:48:02.574764  7455 data_dirs.cc:400] Could only allocate 1 dirs of requested 3 for tablet ef74929bde7b441ab3bac87c6302bf4c. 1 dirs total, 0 dirs full, 0 dirs failed
I20260709 14:48:02.576135  7456 tablet_service.cc:1511] Processing CreateTablet for tablet 746466ff4300464b9522e4ed32714446 (DEFAULT_TABLE table=test-workload [id=047388fabe904f72a95ed2916daa3936]), partition=RANGE (key) PARTITION 1929095431 <= VALUES < 1965493458
I20260709 14:48:02.581472  7448 tablet_service.cc:1511] Processing CreateTablet for tablet 24c21fcb86cd4ac1b70e37fd3a753238 (DEFAULT_TABLE table=test-workload [id=047388fabe904f72a95ed2916daa3936]), partition=RANGE (key) PARTITION 1747105296 <= VALUES < 1783503323
I20260709 14:48:02.582106  7456 data_dirs.cc:400] Could only allocate 1 dirs of requested 3 for tablet 746466ff4300464b9522e4ed32714446. 1 dirs total, 0 dirs full, 0 dirs failed
I20260709 14:48:02.582731  7448 data_dirs.cc:400] Could only allocate 1 dirs of requested 3 for tablet 24c21fcb86cd4ac1b70e37fd3a753238. 1 dirs total, 0 dirs full, 0 dirs failed
I20260709 14:48:02.582458  7451 tablet_service.cc:1511] Processing CreateTablet for tablet 33b7afe5021f48db9d57600797c94cd4 (DEFAULT_TABLE table=test-workload [id=047388fabe904f72a95ed2916daa3936]), partition=RANGE (key) PARTITION 1965493458 <= VALUES < 2001891485
I20260709 14:48:02.583709  7451 data_dirs.cc:400] Could only allocate 1 dirs of requested 3 for tablet 33b7afe5021f48db9d57600797c94cd4. 1 dirs total, 0 dirs full, 0 dirs failed
I20260709 14:48:02.584208  7514 raft_consensus.cc:515] T 325be5339b1d4ee98f80623e6a4fa100 P 222c6393da804b05be2fbf68b883597d [term 1 FOLLOWER]: Starting leader election with config: opid_index: -1 OBSOLETE_local: false peers { permanent_uuid: "222c6393da804b05be2fbf68b883597d" member_type: VOTER last_known_addr { host: "127.6.13.193" port: 32935 } } peers { permanent_uuid: "c548bc010cd54be3b8a1ce1f58044c33" member_type: VOTER last_known_addr { host: "127.6.13.194" port: 34707 } } peers { permanent_uuid: "a47efff6eb614fddaba0803b13e48788" member_type: VOTER last_known_addr { host: "127.6.13.195" port: 39709 } }
I20260709 14:48:02.586287  7514 leader_election.cc:290] T 325be5339b1d4ee98f80623e6a4fa100 P 222c6393da804b05be2fbf68b883597d [CANDIDATE]: Term 1 election: Requested vote from peers c548bc010cd54be3b8a1ce1f58044c33 (127.6.13.194:34707), a47efff6eb614fddaba0803b13e48788 (127.6.13.195:39709)
I20260709 14:48:02.587754  7393 tablet_service.cc:1917] Received RequestConsensusVote() RPC: tablet_id: "325be5339b1d4ee98f80623e6a4fa100" candidate_uuid: "222c6393da804b05be2fbf68b883597d" candidate_term: 1 candidate_status { last_received { term: 0 index: 0 } } ignore_live_leader: false dest_uuid: "c548bc010cd54be3b8a1ce1f58044c33"
W20260709 14:48:02.589123  7283 leader_election.cc:343] T 325be5339b1d4ee98f80623e6a4fa100 P 222c6393da804b05be2fbf68b883597d [CANDIDATE]: Term 1 election: Tablet error from VoteRequest() call to peer c548bc010cd54be3b8a1ce1f58044c33 (127.6.13.194:34707): Illegal state: must be running to vote when last-logged opid is not known
I20260709 14:48:02.598287  7509 tablet_bootstrap.cc:492] T c6ee49b52240426e891f05d877494f07 P c548bc010cd54be3b8a1ce1f58044c33: No bootstrap required, opened a new log
I20260709 14:48:02.598958  7509 ts_tablet_manager.cc:1403] T c6ee49b52240426e891f05d877494f07 P c548bc010cd54be3b8a1ce1f58044c33: Time spent bootstrapping tablet: real 0.263s	user 0.012s	sys 0.024s
I20260709 14:48:02.563709  7508 ts_tablet_manager.cc:1434] T 325be5339b1d4ee98f80623e6a4fa100 P a47efff6eb614fddaba0803b13e48788: Time spent starting tablet: real 0.203s	user 0.040s	sys 0.015s
I20260709 14:48:02.604157  7375 tablet_service.cc:1511] Processing CreateTablet for tablet ef74929bde7b441ab3bac87c6302bf4c (DEFAULT_TABLE table=test-workload [id=047388fabe904f72a95ed2916daa3936]), partition=RANGE (key) PARTITION 1892697404 <= VALUES < 1929095431
I20260709 14:48:02.606194  7375 data_dirs.cc:400] Could only allocate 1 dirs of requested 3 for tablet ef74929bde7b441ab3bac87c6302bf4c. 1 dirs total, 0 dirs full, 0 dirs failed
I20260709 14:48:02.606307  7301 tablet_service.cc:1511] Processing CreateTablet for tablet 746466ff4300464b9522e4ed32714446 (DEFAULT_TABLE table=test-workload [id=047388fabe904f72a95ed2916daa3936]), partition=RANGE (key) PARTITION 1929095431 <= VALUES < 1965493458
I20260709 14:48:02.608546  7301 data_dirs.cc:400] Could only allocate 1 dirs of requested 3 for tablet 746466ff4300464b9522e4ed32714446. 1 dirs total, 0 dirs full, 0 dirs failed
I20260709 14:48:02.609716  7457 tablet_service.cc:1511] Processing CreateTablet for tablet 558d70c722f04a2fb2e4c520fc6488e9 (DEFAULT_TABLE table=test-workload [id=047388fabe904f72a95ed2916daa3936]), partition=RANGE (key) PARTITION 2001891485 <= VALUES < 2038289512
I20260709 14:48:02.614687  7381 tablet_service.cc:1511] Processing CreateTablet for tablet 0700c846c264476c82db1acb8b6d502a (DEFAULT_TABLE table=test-workload [id=047388fabe904f72a95ed2916daa3936]), partition=RANGE (key) PARTITION 1856299377 <= VALUES < 1892697404
I20260709 14:48:02.615903  7381 data_dirs.cc:400] Could only allocate 1 dirs of requested 3 for tablet 0700c846c264476c82db1acb8b6d502a. 1 dirs total, 0 dirs full, 0 dirs failed
I20260709 14:48:02.615840  7378 tablet_service.cc:1511] Processing CreateTablet for tablet 746466ff4300464b9522e4ed32714446 (DEFAULT_TABLE table=test-workload [id=047388fabe904f72a95ed2916daa3936]), partition=RANGE (key) PARTITION 1929095431 <= VALUES < 1965493458
I20260709 14:48:02.616905  7378 data_dirs.cc:400] Could only allocate 1 dirs of requested 3 for tablet 746466ff4300464b9522e4ed32714446. 1 dirs total, 0 dirs full, 0 dirs failed
I20260709 14:48:02.616825  7379 tablet_service.cc:1511] Processing CreateTablet for tablet 558d70c722f04a2fb2e4c520fc6488e9 (DEFAULT_TABLE table=test-workload [id=047388fabe904f72a95ed2916daa3936]), partition=RANGE (key) PARTITION 2001891485 <= VALUES < 2038289512
I20260709 14:48:02.618064  7379 data_dirs.cc:400] Could only allocate 1 dirs of requested 3 for tablet 558d70c722f04a2fb2e4c520fc6488e9. 1 dirs total, 0 dirs full, 0 dirs failed
I20260709 14:48:02.610805  7449 data_dirs.cc:400] Could only allocate 1 dirs of requested 3 for tablet 0700c846c264476c82db1acb8b6d502a. 1 dirs total, 0 dirs full, 0 dirs failed
I20260709 14:48:02.628741  7318 raft_consensus.cc:2468] T 8150b917de954d63b0a93f72ad418fa8 P 222c6393da804b05be2fbf68b883597d [term 1 FOLLOWER]: Leader election vote request: Granting yes vote for candidate a47efff6eb614fddaba0803b13e48788 in term 1.
I20260709 14:48:02.630169  7466 tablet_service.cc:1917] Received RequestConsensusVote() RPC: tablet_id: "325be5339b1d4ee98f80623e6a4fa100" candidate_uuid: "222c6393da804b05be2fbf68b883597d" candidate_term: 1 candidate_status { last_received { term: 0 index: 0 } } ignore_live_leader: false dest_uuid: "a47efff6eb614fddaba0803b13e48788"
I20260709 14:48:02.630743  7466 raft_consensus.cc:3060] T 325be5339b1d4ee98f80623e6a4fa100 P a47efff6eb614fddaba0803b13e48788 [term 0 FOLLOWER]: Advancing to term 1
I20260709 14:48:02.636189  7308 tablet_service.cc:1511] Processing CreateTablet for tablet 33b7afe5021f48db9d57600797c94cd4 (DEFAULT_TABLE table=test-workload [id=047388fabe904f72a95ed2916daa3936]), partition=RANGE (key) PARTITION 1965493458 <= VALUES < 2001891485
I20260709 14:48:02.636653  7507 tablet_bootstrap.cc:654] T ab3e1bff2f3745f1a527c2597bb5c058 P 222c6393da804b05be2fbf68b883597d: Neither blocks nor log segments found. Creating new log.
I20260709 14:48:02.636720  7432 leader_election.cc:304] T 8150b917de954d63b0a93f72ad418fa8 P a47efff6eb614fddaba0803b13e48788 [CANDIDATE]: Term 1 election: Election decided. Result: candidate won. Election summary: received 3 responses out of 3 voters: 2 yes votes; 1 no votes. yes voters: 222c6393da804b05be2fbf68b883597d, a47efff6eb614fddaba0803b13e48788; no voters: c548bc010cd54be3b8a1ce1f58044c33
I20260709 14:48:02.637539  7308 data_dirs.cc:400] Could only allocate 1 dirs of requested 3 for tablet 33b7afe5021f48db9d57600797c94cd4. 1 dirs total, 0 dirs full, 0 dirs failed
I20260709 14:48:02.638206  7508 tablet_bootstrap.cc:492] T c6ee49b52240426e891f05d877494f07 P a47efff6eb614fddaba0803b13e48788: Bootstrap starting.
I20260709 14:48:02.638087  7541 raft_consensus.cc:2804] T 8150b917de954d63b0a93f72ad418fa8 P a47efff6eb614fddaba0803b13e48788 [term 1 FOLLOWER]: Leader election won for term 1
I20260709 14:48:02.641353  7541 raft_consensus.cc:697] T 8150b917de954d63b0a93f72ad418fa8 P a47efff6eb614fddaba0803b13e48788 [term 1 LEADER]: Becoming Leader. State: Replica: a47efff6eb614fddaba0803b13e48788, State: Running, Role: LEADER
I20260709 14:48:02.641979  7457 data_dirs.cc:400] Could only allocate 1 dirs of requested 3 for tablet 558d70c722f04a2fb2e4c520fc6488e9. 1 dirs total, 0 dirs full, 0 dirs failed
I20260709 14:48:02.642217  7541 consensus_queue.cc:237] T 8150b917de954d63b0a93f72ad418fa8 P a47efff6eb614fddaba0803b13e48788 [LEADER]: Queue going to LEADER mode. State: All replicated index: 0, Majority replicated index: 0, Committed index: 0, Last appended: 0.0, Last appended by leader: 0, Current term: 1, Majority size: 2, State: 0, Mode: LEADER, active raft config: opid_index: -1 OBSOLETE_local: false peers { permanent_uuid: "222c6393da804b05be2fbf68b883597d" member_type: VOTER last_known_addr { host: "127.6.13.193" port: 32935 } } peers { permanent_uuid: "c548bc010cd54be3b8a1ce1f58044c33" member_type: VOTER last_known_addr { host: "127.6.13.194" port: 34707 } } peers { permanent_uuid: "a47efff6eb614fddaba0803b13e48788" member_type: VOTER last_known_addr { host: "127.6.13.195" port: 39709 } }
I20260709 14:48:02.644937  7524 raft_consensus.cc:493] T c442b623d15345c2890de72428de2136 P c548bc010cd54be3b8a1ce1f58044c33 [term 0 FOLLOWER]: Starting pre-election (no leader contacted us within the election timeout)
I20260709 14:48:02.645268  7466 raft_consensus.cc:2468] T 325be5339b1d4ee98f80623e6a4fa100 P a47efff6eb614fddaba0803b13e48788 [term 1 FOLLOWER]: Leader election vote request: Granting yes vote for candidate 222c6393da804b05be2fbf68b883597d in term 1.
I20260709 14:48:02.645397  7524 raft_consensus.cc:515] T c442b623d15345c2890de72428de2136 P c548bc010cd54be3b8a1ce1f58044c33 [term 0 FOLLOWER]: Starting pre-election with config: opid_index: -1 OBSOLETE_local: false peers { permanent_uuid: "222c6393da804b05be2fbf68b883597d" member_type: VOTER last_known_addr { host: "127.6.13.193" port: 32935 } } peers { permanent_uuid: "c548bc010cd54be3b8a1ce1f58044c33" member_type: VOTER last_known_addr { host: "127.6.13.194" port: 34707 } } peers { permanent_uuid: "a47efff6eb614fddaba0803b13e48788" member_type: VOTER last_known_addr { host: "127.6.13.195" port: 39709 } }
I20260709 14:48:02.647395  7524 leader_election.cc:290] T c442b623d15345c2890de72428de2136 P c548bc010cd54be3b8a1ce1f58044c33 [CANDIDATE]: Term 1 pre-election: Requested pre-vote from peers 222c6393da804b05be2fbf68b883597d (127.6.13.193:32935), a47efff6eb614fddaba0803b13e48788 (127.6.13.195:39709)
I20260709 14:48:02.648470  7467 tablet_service.cc:1917] Received RequestConsensusVote() RPC: tablet_id: "c442b623d15345c2890de72428de2136" candidate_uuid: "c548bc010cd54be3b8a1ce1f58044c33" candidate_term: 1 candidate_status { last_received { term: 0 index: 0 } } ignore_live_leader: false dest_uuid: "a47efff6eb614fddaba0803b13e48788" is_pre_election: true
I20260709 14:48:02.649103  7467 raft_consensus.cc:2468] T c442b623d15345c2890de72428de2136 P a47efff6eb614fddaba0803b13e48788 [term 0 FOLLOWER]: Leader pre-election vote request: Granting yes vote for candidate c548bc010cd54be3b8a1ce1f58044c33 in term 0.
I20260709 14:48:02.649210  7509 raft_consensus.cc:359] T c6ee49b52240426e891f05d877494f07 P c548bc010cd54be3b8a1ce1f58044c33 [term 0 FOLLOWER]: Replica starting. Triggering 0 pending ops. Active config: opid_index: -1 OBSOLETE_local: false peers { permanent_uuid: "222c6393da804b05be2fbf68b883597d" member_type: VOTER last_known_addr { host: "127.6.13.193" port: 32935 } } peers { permanent_uuid: "c548bc010cd54be3b8a1ce1f58044c33" member_type: VOTER last_known_addr { host: "127.6.13.194" port: 34707 } } peers { permanent_uuid: "a47efff6eb614fddaba0803b13e48788" member_type: VOTER last_known_addr { host: "127.6.13.195" port: 39709 } }
I20260709 14:48:02.650015  7509 raft_consensus.cc:385] T c6ee49b52240426e891f05d877494f07 P c548bc010cd54be3b8a1ce1f58044c33 [term 0 FOLLOWER]: Consensus starting up: Expiring failure detector timer to make a prompt election more likely
I20260709 14:48:02.650184  7318 tablet_service.cc:1917] Received RequestConsensusVote() RPC: tablet_id: "c442b623d15345c2890de72428de2136" candidate_uuid: "c548bc010cd54be3b8a1ce1f58044c33" candidate_term: 1 candidate_status { last_received { term: 0 index: 0 } } ignore_live_leader: false dest_uuid: "222c6393da804b05be2fbf68b883597d" is_pre_election: true
I20260709 14:48:02.650333  7356 leader_election.cc:304] T c442b623d15345c2890de72428de2136 P c548bc010cd54be3b8a1ce1f58044c33 [CANDIDATE]: Term 1 pre-election: Election decided. Result: candidate won. Election summary: received 2 responses out of 3 voters: 2 yes votes; 0 no votes. yes voters: a47efff6eb614fddaba0803b13e48788, c548bc010cd54be3b8a1ce1f58044c33; no voters: 
I20260709 14:48:02.650830  7318 raft_consensus.cc:2468] T c442b623d15345c2890de72428de2136 P 222c6393da804b05be2fbf68b883597d [term 0 FOLLOWER]: Leader pre-election vote request: Granting yes vote for candidate c548bc010cd54be3b8a1ce1f58044c33 in term 0.
I20260709 14:48:02.650385  7509 raft_consensus.cc:740] T c6ee49b52240426e891f05d877494f07 P c548bc010cd54be3b8a1ce1f58044c33 [term 0 FOLLOWER]: Becoming Follower/Learner. State: Replica: c548bc010cd54be3b8a1ce1f58044c33, State: Initialized, Role: FOLLOWER
I20260709 14:48:02.652311  7509 consensus_queue.cc:260] T c6ee49b52240426e891f05d877494f07 P c548bc010cd54be3b8a1ce1f58044c33 [NON_LEADER]: Queue going to NON_LEADER mode. State: All replicated index: 0, Majority replicated index: 0, Committed index: 0, Last appended: 0.0, Last appended by leader: 0, Current term: 0, Majority size: -1, State: 0, Mode: NON_LEADER, active raft config: opid_index: -1 OBSOLETE_local: false peers { permanent_uuid: "222c6393da804b05be2fbf68b883597d" member_type: VOTER last_known_addr { host: "127.6.13.193" port: 32935 } } peers { permanent_uuid: "c548bc010cd54be3b8a1ce1f58044c33" member_type: VOTER last_known_addr { host: "127.6.13.194" port: 34707 } } peers { permanent_uuid: "a47efff6eb614fddaba0803b13e48788" member_type: VOTER last_known_addr { host: "127.6.13.195" port: 39709 } }
I20260709 14:48:02.654819  7508 tablet_bootstrap.cc:654] T c6ee49b52240426e891f05d877494f07 P a47efff6eb614fddaba0803b13e48788: Neither blocks nor log segments found. Creating new log.
I20260709 14:48:02.656003  7380 tablet_service.cc:1511] Processing CreateTablet for tablet 33b7afe5021f48db9d57600797c94cd4 (DEFAULT_TABLE table=test-workload [id=047388fabe904f72a95ed2916daa3936]), partition=RANGE (key) PARTITION 1965493458 <= VALUES < 2001891485
I20260709 14:48:02.657585  7380 data_dirs.cc:400] Could only allocate 1 dirs of requested 3 for tablet 33b7afe5021f48db9d57600797c94cd4. 1 dirs total, 0 dirs full, 0 dirs failed
W20260709 14:48:02.661343  7264 auto_rebalancer.cc:288] Could not retrieve cluster info: Service unavailable: Tablet not running
I20260709 14:48:02.670991  7281 leader_election.cc:304] T 325be5339b1d4ee98f80623e6a4fa100 P 222c6393da804b05be2fbf68b883597d [CANDIDATE]: Term 1 election: Election decided. Result: candidate won. Election summary: received 3 responses out of 3 voters: 2 yes votes; 1 no votes. yes voters: 222c6393da804b05be2fbf68b883597d, a47efff6eb614fddaba0803b13e48788; no voters: c548bc010cd54be3b8a1ce1f58044c33
I20260709 14:48:02.684132  7301 tablet_service.cc:1511] Processing CreateTablet for tablet 850b7fdb964d4cf58766c82a28be858b (DEFAULT_TABLE table=test-workload [id=047388fabe904f72a95ed2916daa3936]), partition=RANGE (key) PARTITION 2038289512 <= VALUES < 2074687539
I20260709 14:48:02.685870  7301 data_dirs.cc:400] Could only allocate 1 dirs of requested 3 for tablet 850b7fdb964d4cf58766c82a28be858b. 1 dirs total, 0 dirs full, 0 dirs failed
I20260709 14:48:02.703243  7546 raft_consensus.cc:2804] T c442b623d15345c2890de72428de2136 P c548bc010cd54be3b8a1ce1f58044c33 [term 0 FOLLOWER]: Leader pre-election won for term 1
I20260709 14:48:02.703774  7546 raft_consensus.cc:493] T c442b623d15345c2890de72428de2136 P c548bc010cd54be3b8a1ce1f58044c33 [term 0 FOLLOWER]: Starting leader election (no leader contacted us within the election timeout)
I20260709 14:48:02.704315  7546 raft_consensus.cc:3060] T c442b623d15345c2890de72428de2136 P c548bc010cd54be3b8a1ce1f58044c33 [term 0 FOLLOWER]: Advancing to term 1
I20260709 14:48:02.687808  7514 raft_consensus.cc:2804] T 325be5339b1d4ee98f80623e6a4fa100 P 222c6393da804b05be2fbf68b883597d [term 1 FOLLOWER]: Leader election won for term 1
I20260709 14:48:02.734054  7305 tablet_service.cc:1511] Processing CreateTablet for tablet 558d70c722f04a2fb2e4c520fc6488e9 (DEFAULT_TABLE table=test-workload [id=047388fabe904f72a95ed2916daa3936]), partition=RANGE (key) PARTITION 2001891485 <= VALUES < 2038289512
I20260709 14:48:02.734695  7456 tablet_service.cc:1511] Processing CreateTablet for tablet 83aad43819e64b5196cd703df4528de1 (DEFAULT_TABLE table=test-workload [id=047388fabe904f72a95ed2916daa3936]), partition=RANGE (key) PARTITION 2074687539 <= VALUES < 2111085566
I20260709 14:48:02.735810  7305 data_dirs.cc:400] Could only allocate 1 dirs of requested 3 for tablet 558d70c722f04a2fb2e4c520fc6488e9. 1 dirs total, 0 dirs full, 0 dirs failed
I20260709 14:48:02.736483  7456 data_dirs.cc:400] Could only allocate 1 dirs of requested 3 for tablet 83aad43819e64b5196cd703df4528de1. 1 dirs total, 0 dirs full, 0 dirs failed
I20260709 14:48:02.737933  7451 tablet_service.cc:1511] Processing CreateTablet for tablet 850b7fdb964d4cf58766c82a28be858b (DEFAULT_TABLE table=test-workload [id=047388fabe904f72a95ed2916daa3936]), partition=RANGE (key) PARTITION 2038289512 <= VALUES < 2074687539
I20260709 14:48:02.739540  7451 data_dirs.cc:400] Could only allocate 1 dirs of requested 3 for tablet 850b7fdb964d4cf58766c82a28be858b. 1 dirs total, 0 dirs full, 0 dirs failed
I20260709 14:48:02.739923  7508 tablet_bootstrap.cc:492] T c6ee49b52240426e891f05d877494f07 P a47efff6eb614fddaba0803b13e48788: No bootstrap required, opened a new log
I20260709 14:48:02.740523  7508 ts_tablet_manager.cc:1403] T c6ee49b52240426e891f05d877494f07 P a47efff6eb614fddaba0803b13e48788: Time spent bootstrapping tablet: real 0.116s	user 0.009s	sys 0.025s
I20260709 14:48:02.764199  7508 raft_consensus.cc:359] T c6ee49b52240426e891f05d877494f07 P a47efff6eb614fddaba0803b13e48788 [term 0 FOLLOWER]: Replica starting. Triggering 0 pending ops. Active config: opid_index: -1 OBSOLETE_local: false peers { permanent_uuid: "222c6393da804b05be2fbf68b883597d" member_type: VOTER last_known_addr { host: "127.6.13.193" port: 32935 } } peers { permanent_uuid: "c548bc010cd54be3b8a1ce1f58044c33" member_type: VOTER last_known_addr { host: "127.6.13.194" port: 34707 } } peers { permanent_uuid: "a47efff6eb614fddaba0803b13e48788" member_type: VOTER last_known_addr { host: "127.6.13.195" port: 39709 } }
I20260709 14:48:02.764917  7508 raft_consensus.cc:385] T c6ee49b52240426e891f05d877494f07 P a47efff6eb614fddaba0803b13e48788 [term 0 FOLLOWER]: Consensus starting up: Expiring failure detector timer to make a prompt election more likely
I20260709 14:48:02.765272  7508 raft_consensus.cc:740] T c6ee49b52240426e891f05d877494f07 P a47efff6eb614fddaba0803b13e48788 [term 0 FOLLOWER]: Becoming Follower/Learner. State: Replica: a47efff6eb614fddaba0803b13e48788, State: Initialized, Role: FOLLOWER
I20260709 14:48:02.778602  7514 raft_consensus.cc:697] T 325be5339b1d4ee98f80623e6a4fa100 P 222c6393da804b05be2fbf68b883597d [term 1 LEADER]: Becoming Leader. State: Replica: 222c6393da804b05be2fbf68b883597d, State: Running, Role: LEADER
W20260709 14:48:02.762392  7281 outbound_call.cc:321] RPC callback for RPC call kudu.consensus.ConsensusService.RequestConsensusVote -> {remote=127.6.13.195:39709, user_credentials={real_user=slave}} blocked reactor thread for 91532.7us
I20260709 14:48:02.787846  7515 raft_consensus.cc:493] T c6ee49b52240426e891f05d877494f07 P c548bc010cd54be3b8a1ce1f58044c33 [term 0 FOLLOWER]: Starting pre-election (no leader contacted us within the election timeout)
I20260709 14:48:02.788349  7515 raft_consensus.cc:515] T c6ee49b52240426e891f05d877494f07 P c548bc010cd54be3b8a1ce1f58044c33 [term 0 FOLLOWER]: Starting pre-election with config: opid_index: -1 OBSOLETE_local: false peers { permanent_uuid: "222c6393da804b05be2fbf68b883597d" member_type: VOTER last_known_addr { host: "127.6.13.193" port: 32935 } } peers { permanent_uuid: "c548bc010cd54be3b8a1ce1f58044c33" member_type: VOTER last_known_addr { host: "127.6.13.194" port: 34707 } } peers { permanent_uuid: "a47efff6eb614fddaba0803b13e48788" member_type: VOTER last_known_addr { host: "127.6.13.195" port: 39709 } }
I20260709 14:48:02.790364  7515 leader_election.cc:290] T c6ee49b52240426e891f05d877494f07 P c548bc010cd54be3b8a1ce1f58044c33 [CANDIDATE]: Term 1 pre-election: Requested pre-vote from peers 222c6393da804b05be2fbf68b883597d (127.6.13.193:32935), a47efff6eb614fddaba0803b13e48788 (127.6.13.195:39709)
I20260709 14:48:02.791903  7318 tablet_service.cc:1917] Received RequestConsensusVote() RPC: tablet_id: "c6ee49b52240426e891f05d877494f07" candidate_uuid: "c548bc010cd54be3b8a1ce1f58044c33" candidate_term: 1 candidate_status { last_received { term: 0 index: 0 } } ignore_live_leader: false dest_uuid: "222c6393da804b05be2fbf68b883597d" is_pre_election: true
I20260709 14:48:02.792732  7318 raft_consensus.cc:2468] T c6ee49b52240426e891f05d877494f07 P 222c6393da804b05be2fbf68b883597d [term 0 FOLLOWER]: Leader pre-election vote request: Granting yes vote for candidate c548bc010cd54be3b8a1ce1f58044c33 in term 0.
I20260709 14:48:02.794200  7358 leader_election.cc:304] T c6ee49b52240426e891f05d877494f07 P c548bc010cd54be3b8a1ce1f58044c33 [CANDIDATE]: Term 1 pre-election: Election decided. Result: candidate won. Election summary: received 2 responses out of 3 voters: 2 yes votes; 0 no votes. yes voters: 222c6393da804b05be2fbf68b883597d, c548bc010cd54be3b8a1ce1f58044c33; no voters: 
I20260709 14:48:02.785643  7508 consensus_queue.cc:260] T c6ee49b52240426e891f05d877494f07 P a47efff6eb614fddaba0803b13e48788 [NON_LEADER]: Queue going to NON_LEADER mode. State: All replicated index: 0, Majority replicated index: 0, Committed index: 0, Last appended: 0.0, Last appended by leader: 0, Current term: 0, Majority size: -1, State: 0, Mode: NON_LEADER, active raft config: opid_index: -1 OBSOLETE_local: false peers { permanent_uuid: "222c6393da804b05be2fbf68b883597d" member_type: VOTER last_known_addr { host: "127.6.13.193" port: 32935 } } peers { permanent_uuid: "c548bc010cd54be3b8a1ce1f58044c33" member_type: VOTER last_known_addr { host: "127.6.13.194" port: 34707 } } peers { permanent_uuid: "a47efff6eb614fddaba0803b13e48788" member_type: VOTER last_known_addr { host: "127.6.13.195" port: 39709 } }
I20260709 14:48:02.795229  7515 raft_consensus.cc:2804] T c6ee49b52240426e891f05d877494f07 P c548bc010cd54be3b8a1ce1f58044c33 [term 0 FOLLOWER]: Leader pre-election won for term 1
I20260709 14:48:02.791903  7467 tablet_service.cc:1917] Received RequestConsensusVote() RPC: tablet_id: "c6ee49b52240426e891f05d877494f07" candidate_uuid: "c548bc010cd54be3b8a1ce1f58044c33" candidate_term: 1 candidate_status { last_received { term: 0 index: 0 } } ignore_live_leader: false dest_uuid: "a47efff6eb614fddaba0803b13e48788" is_pre_election: true
I20260709 14:48:02.796569  7467 raft_consensus.cc:2468] T c6ee49b52240426e891f05d877494f07 P a47efff6eb614fddaba0803b13e48788 [term 0 FOLLOWER]: Leader pre-election vote request: Granting yes vote for candidate c548bc010cd54be3b8a1ce1f58044c33 in term 0.
I20260709 14:48:02.795729  7515 raft_consensus.cc:493] T c6ee49b52240426e891f05d877494f07 P c548bc010cd54be3b8a1ce1f58044c33 [term 0 FOLLOWER]: Starting leader election (no leader contacted us within the election timeout)
I20260709 14:48:02.798844  7515 raft_consensus.cc:3060] T c6ee49b52240426e891f05d877494f07 P c548bc010cd54be3b8a1ce1f58044c33 [term 0 FOLLOWER]: Advancing to term 1
I20260709 14:48:02.798007  7214 catalog_manager.cc:5697] T 8150b917de954d63b0a93f72ad418fa8 P a47efff6eb614fddaba0803b13e48788 reported cstate change: term changed from 0 to 1, leader changed from <none> to a47efff6eb614fddaba0803b13e48788 (127.6.13.195). New cstate: current_term: 1 leader_uuid: "a47efff6eb614fddaba0803b13e48788" committed_config { opid_index: -1 OBSOLETE_local: false peers { permanent_uuid: "222c6393da804b05be2fbf68b883597d" member_type: VOTER last_known_addr { host: "127.6.13.193" port: 32935 } health_report { overall_health: UNKNOWN } } peers { permanent_uuid: "c548bc010cd54be3b8a1ce1f58044c33" member_type: VOTER last_known_addr { host: "127.6.13.194" port: 34707 } health_report { overall_health: UNKNOWN } } peers { permanent_uuid: "a47efff6eb614fddaba0803b13e48788" member_type: VOTER last_known_addr { host: "127.6.13.195" port: 39709 } health_report { overall_health: HEALTHY } } }
I20260709 14:48:02.799489  7508 ts_tablet_manager.cc:1434] T c6ee49b52240426e891f05d877494f07 P a47efff6eb614fddaba0803b13e48788: Time spent starting tablet: real 0.059s	user 0.011s	sys 0.002s
I20260709 14:48:02.803300  7508 tablet_bootstrap.cc:492] T 0856cc56e20d4baeace1492eb1af47be P a47efff6eb614fddaba0803b13e48788: Bootstrap starting.
I20260709 14:48:02.810705  7507 tablet_bootstrap.cc:492] T ab3e1bff2f3745f1a527c2597bb5c058 P 222c6393da804b05be2fbf68b883597d: No bootstrap required, opened a new log
I20260709 14:48:02.811172  7507 ts_tablet_manager.cc:1403] T ab3e1bff2f3745f1a527c2597bb5c058 P 222c6393da804b05be2fbf68b883597d: Time spent bootstrapping tablet: real 0.290s	user 0.013s	sys 0.004s
I20260709 14:48:02.813145  7514 consensus_queue.cc:237] T 325be5339b1d4ee98f80623e6a4fa100 P 222c6393da804b05be2fbf68b883597d [LEADER]: Queue going to LEADER mode. State: All replicated index: 0, Majority replicated index: 0, Committed index: 0, Last appended: 0.0, Last appended by leader: 0, Current term: 1, Majority size: 2, State: 0, Mode: LEADER, active raft config: opid_index: -1 OBSOLETE_local: false peers { permanent_uuid: "222c6393da804b05be2fbf68b883597d" member_type: VOTER last_known_addr { host: "127.6.13.193" port: 32935 } } peers { permanent_uuid: "c548bc010cd54be3b8a1ce1f58044c33" member_type: VOTER last_known_addr { host: "127.6.13.194" port: 34707 } } peers { permanent_uuid: "a47efff6eb614fddaba0803b13e48788" member_type: VOTER last_known_addr { host: "127.6.13.195" port: 39709 } }
I20260709 14:48:02.823807  7508 tablet_bootstrap.cc:654] T 0856cc56e20d4baeace1492eb1af47be P a47efff6eb614fddaba0803b13e48788: Neither blocks nor log segments found. Creating new log.
I20260709 14:48:02.823987  7507 raft_consensus.cc:359] T ab3e1bff2f3745f1a527c2597bb5c058 P 222c6393da804b05be2fbf68b883597d [term 0 FOLLOWER]: Replica starting. Triggering 0 pending ops. Active config: opid_index: -1 OBSOLETE_local: false peers { permanent_uuid: "222c6393da804b05be2fbf68b883597d" member_type: VOTER last_known_addr { host: "127.6.13.193" port: 32935 } } peers { permanent_uuid: "c548bc010cd54be3b8a1ce1f58044c33" member_type: VOTER last_known_addr { host: "127.6.13.194" port: 34707 } } peers { permanent_uuid: "a47efff6eb614fddaba0803b13e48788" member_type: VOTER last_known_addr { host: "127.6.13.195" port: 39709 } }
I20260709 14:48:02.824800  7507 raft_consensus.cc:385] T ab3e1bff2f3745f1a527c2597bb5c058 P 222c6393da804b05be2fbf68b883597d [term 0 FOLLOWER]: Consensus starting up: Expiring failure detector timer to make a prompt election more likely
I20260709 14:48:02.825230  7507 raft_consensus.cc:740] T ab3e1bff2f3745f1a527c2597bb5c058 P 222c6393da804b05be2fbf68b883597d [term 0 FOLLOWER]: Becoming Follower/Learner. State: Replica: 222c6393da804b05be2fbf68b883597d, State: Initialized, Role: FOLLOWER
I20260709 14:48:02.827476  7457 tablet_service.cc:1511] Processing CreateTablet for tablet 8822cb42f64b4d5c82e501529fdad0cd (DEFAULT_TABLE table=test-workload [id=047388fabe904f72a95ed2916daa3936]), partition=RANGE (key) PARTITION 2111085566 <= VALUES
I20260709 14:48:02.827898  7507 consensus_queue.cc:260] T ab3e1bff2f3745f1a527c2597bb5c058 P 222c6393da804b05be2fbf68b883597d [NON_LEADER]: Queue going to NON_LEADER mode. State: All replicated index: 0, Majority replicated index: 0, Committed index: 0, Last appended: 0.0, Last appended by leader: 0, Current term: 0, Majority size: -1, State: 0, Mode: NON_LEADER, active raft config: opid_index: -1 OBSOLETE_local: false peers { permanent_uuid: "222c6393da804b05be2fbf68b883597d" member_type: VOTER last_known_addr { host: "127.6.13.193" port: 32935 } } peers { permanent_uuid: "c548bc010cd54be3b8a1ce1f58044c33" member_type: VOTER last_known_addr { host: "127.6.13.194" port: 34707 } } peers { permanent_uuid: "a47efff6eb614fddaba0803b13e48788" member_type: VOTER last_known_addr { host: "127.6.13.195" port: 39709 } }
I20260709 14:48:02.828625  7457 data_dirs.cc:400] Could only allocate 1 dirs of requested 3 for tablet 8822cb42f64b4d5c82e501529fdad0cd. 1 dirs total, 0 dirs full, 0 dirs failed
I20260709 14:48:02.830304  7507 ts_tablet_manager.cc:1434] T ab3e1bff2f3745f1a527c2597bb5c058 P 222c6393da804b05be2fbf68b883597d: Time spent starting tablet: real 0.019s	user 0.008s	sys 0.000s
I20260709 14:48:02.831243  7507 tablet_bootstrap.cc:492] T 0856cc56e20d4baeace1492eb1af47be P 222c6393da804b05be2fbf68b883597d: Bootstrap starting.
I20260709 14:48:02.842633  7509 ts_tablet_manager.cc:1434] T c6ee49b52240426e891f05d877494f07 P c548bc010cd54be3b8a1ce1f58044c33: Time spent starting tablet: real 0.243s	user 0.020s	sys 0.053s
I20260709 14:48:02.843667  7509 tablet_bootstrap.cc:492] T 9b0b4ae696604a79a95e8c48f15da3a1 P c548bc010cd54be3b8a1ce1f58044c33: Bootstrap starting.
I20260709 14:48:02.855407  7507 tablet_bootstrap.cc:654] T 0856cc56e20d4baeace1492eb1af47be P 222c6393da804b05be2fbf68b883597d: Neither blocks nor log segments found. Creating new log.
I20260709 14:48:02.861552  7318 raft_consensus.cc:3060] T ab3e1bff2f3745f1a527c2597bb5c058 P 222c6393da804b05be2fbf68b883597d [term 0 FOLLOWER]: Advancing to term 1
I20260709 14:48:02.876879  7305 tablet_service.cc:1511] Processing CreateTablet for tablet 83aad43819e64b5196cd703df4528de1 (DEFAULT_TABLE table=test-workload [id=047388fabe904f72a95ed2916daa3936]), partition=RANGE (key) PARTITION 2074687539 <= VALUES < 2111085566
I20260709 14:48:02.877815  7381 tablet_service.cc:1511] Processing CreateTablet for tablet 83aad43819e64b5196cd703df4528de1 (DEFAULT_TABLE table=test-workload [id=047388fabe904f72a95ed2916daa3936]), partition=RANGE (key) PARTITION 2074687539 <= VALUES < 2111085566
I20260709 14:48:02.878597  7305 data_dirs.cc:400] Could only allocate 1 dirs of requested 3 for tablet 83aad43819e64b5196cd703df4528de1. 1 dirs total, 0 dirs full, 0 dirs failed
I20260709 14:48:02.879521  7381 data_dirs.cc:400] Could only allocate 1 dirs of requested 3 for tablet 83aad43819e64b5196cd703df4528de1. 1 dirs total, 0 dirs full, 0 dirs failed
I20260709 14:48:02.886919  7301 tablet_service.cc:1511] Processing CreateTablet for tablet 8822cb42f64b4d5c82e501529fdad0cd (DEFAULT_TABLE table=test-workload [id=047388fabe904f72a95ed2916daa3936]), partition=RANGE (key) PARTITION 2111085566 <= VALUES
I20260709 14:48:02.888000  7301 data_dirs.cc:400] Could only allocate 1 dirs of requested 3 for tablet 8822cb42f64b4d5c82e501529fdad0cd. 1 dirs total, 0 dirs full, 0 dirs failed
I20260709 14:48:02.888113  7380 tablet_service.cc:1511] Processing CreateTablet for tablet 8822cb42f64b4d5c82e501529fdad0cd (DEFAULT_TABLE table=test-workload [id=047388fabe904f72a95ed2916daa3936]), partition=RANGE (key) PARTITION 2111085566 <= VALUES
I20260709 14:48:02.889540  7380 data_dirs.cc:400] Could only allocate 1 dirs of requested 3 for tablet 8822cb42f64b4d5c82e501529fdad0cd. 1 dirs total, 0 dirs full, 0 dirs failed
I20260709 14:48:02.892127  7509 tablet_bootstrap.cc:654] T 9b0b4ae696604a79a95e8c48f15da3a1 P c548bc010cd54be3b8a1ce1f58044c33: Neither blocks nor log segments found. Creating new log.
W20260709 14:48:02.908124  7358 consensus_peers.cc:597] T 38bd3e09e0ed48028046d0f5a270586c P c548bc010cd54be3b8a1ce1f58044c33 -> Peer 222c6393da804b05be2fbf68b883597d (127.6.13.193:32935): Couldn't send request to peer 222c6393da804b05be2fbf68b883597d. Error code: TABLET_NOT_RUNNING (12). Status: Illegal state: Tablet not RUNNING: INITIALIZED. This is attempt 1: this message will repeat every 5th retry.
I20260709 14:48:02.916179  7546 raft_consensus.cc:515] T c442b623d15345c2890de72428de2136 P c548bc010cd54be3b8a1ce1f58044c33 [term 1 FOLLOWER]: Starting leader election with config: opid_index: -1 OBSOLETE_local: false peers { permanent_uuid: "222c6393da804b05be2fbf68b883597d" member_type: VOTER last_known_addr { host: "127.6.13.193" port: 32935 } } peers { permanent_uuid: "c548bc010cd54be3b8a1ce1f58044c33" member_type: VOTER last_known_addr { host: "127.6.13.194" port: 34707 } } peers { permanent_uuid: "a47efff6eb614fddaba0803b13e48788" member_type: VOTER last_known_addr { host: "127.6.13.195" port: 39709 } }
I20260709 14:48:02.920387  7317 tablet_service.cc:1917] Received RequestConsensusVote() RPC: tablet_id: "c442b623d15345c2890de72428de2136" candidate_uuid: "c548bc010cd54be3b8a1ce1f58044c33" candidate_term: 1 candidate_status { last_received { term: 0 index: 0 } } ignore_live_leader: false dest_uuid: "222c6393da804b05be2fbf68b883597d"
I20260709 14:48:02.920647  7466 tablet_service.cc:1917] Received RequestConsensusVote() RPC: tablet_id: "c442b623d15345c2890de72428de2136" candidate_uuid: "c548bc010cd54be3b8a1ce1f58044c33" candidate_term: 1 candidate_status { last_received { term: 0 index: 0 } } ignore_live_leader: false dest_uuid: "a47efff6eb614fddaba0803b13e48788"
I20260709 14:48:02.921185  7317 raft_consensus.cc:3060] T c442b623d15345c2890de72428de2136 P 222c6393da804b05be2fbf68b883597d [term 0 FOLLOWER]: Advancing to term 1
I20260709 14:48:02.921476  7466 raft_consensus.cc:3060] T c442b623d15345c2890de72428de2136 P a47efff6eb614fddaba0803b13e48788 [term 0 FOLLOWER]: Advancing to term 1
I20260709 14:48:02.931376  7317 raft_consensus.cc:2468] T c442b623d15345c2890de72428de2136 P 222c6393da804b05be2fbf68b883597d [term 1 FOLLOWER]: Leader election vote request: Granting yes vote for candidate c548bc010cd54be3b8a1ce1f58044c33 in term 1.
I20260709 14:48:02.933004  7358 leader_election.cc:304] T c442b623d15345c2890de72428de2136 P c548bc010cd54be3b8a1ce1f58044c33 [CANDIDATE]: Term 1 election: Election decided. Result: candidate won. Election summary: received 2 responses out of 3 voters: 2 yes votes; 0 no votes. yes voters: 222c6393da804b05be2fbf68b883597d, c548bc010cd54be3b8a1ce1f58044c33; no voters: 
I20260709 14:48:02.934321  7555 raft_consensus.cc:2804] T c442b623d15345c2890de72428de2136 P c548bc010cd54be3b8a1ce1f58044c33 [term 1 FOLLOWER]: Leader election won for term 1
I20260709 14:48:02.935173  7555 raft_consensus.cc:697] T c442b623d15345c2890de72428de2136 P c548bc010cd54be3b8a1ce1f58044c33 [term 1 LEADER]: Becoming Leader. State: Replica: c548bc010cd54be3b8a1ce1f58044c33, State: Running, Role: LEADER
