I20260709 14:47:42.280220 12237 consensus_queue.cc:1048] T fc83646c1301486e980ee0a71990078c P 13790894489a4fb3be7e275f287f5b4d [LEADER]: Connected to new peer: Peer: permanent_uuid: "0c30a7aed6a54596aa72aa2ef5d076e5" member_type: VOTER last_known_addr { host: "127.11.155.66" port: 44115 }, Status: LMP_MISMATCH, Last received: 0.0, Next index: 3, Last known committed idx: 2, Time since last communication: 0.000s
I20260709 14:47:42.289414 12020 raft_consensus.cc:1275] T fc83646c1301486e980ee0a71990078c P c5af060e772840bc8f15cb42abfec39c [term 3 FOLLOWER]: Refusing update from remote peer 13790894489a4fb3be7e275f287f5b4d: Log matching property violated. Preceding OpId in replica: term: 2 index: 2. Preceding OpId from leader: term: 3 index: 3. (index mismatch)
I20260709 14:47:42.290757 12313 consensus_queue.cc:1048] T fc83646c1301486e980ee0a71990078c P 13790894489a4fb3be7e275f287f5b4d [LEADER]: Connected to new peer: Peer: permanent_uuid: "c5af060e772840bc8f15cb42abfec39c" member_type: VOTER last_known_addr { host: "127.11.155.65" port: 43569 }, Status: LMP_MISMATCH, Last received: 0.0, Next index: 3, Last known committed idx: 2, Time since last communication: 0.000s
I20260709 14:47:42.340473 12094 raft_consensus.cc:1275] T d3c3cb4f5c3346dd9a3dba3c95884398 P 0c30a7aed6a54596aa72aa2ef5d076e5 [term 2 FOLLOWER]: Refusing update from remote peer 13790894489a4fb3be7e275f287f5b4d: Log matching property violated. Preceding OpId in replica: term: 1 index: 1. Preceding OpId from leader: term: 2 index: 2. (index mismatch)
I20260709 14:47:42.341630 12313 consensus_queue.cc:1048] T d3c3cb4f5c3346dd9a3dba3c95884398 P 13790894489a4fb3be7e275f287f5b4d [LEADER]: Connected to new peer: Peer: permanent_uuid: "0c30a7aed6a54596aa72aa2ef5d076e5" member_type: VOTER last_known_addr { host: "127.11.155.66" port: 44115 }, Status: LMP_MISMATCH, Last received: 0.0, Next index: 2, Last known committed idx: 1, Time since last communication: 0.000s
I20260709 14:47:42.349891 12020 raft_consensus.cc:1275] T d3c3cb4f5c3346dd9a3dba3c95884398 P c5af060e772840bc8f15cb42abfec39c [term 2 FOLLOWER]: Refusing update from remote peer 13790894489a4fb3be7e275f287f5b4d: Log matching property violated. Preceding OpId in replica: term: 1 index: 1. Preceding OpId from leader: term: 2 index: 2. (index mismatch)
I20260709 14:47:42.351336 12313 consensus_queue.cc:1048] T d3c3cb4f5c3346dd9a3dba3c95884398 P 13790894489a4fb3be7e275f287f5b4d [LEADER]: Connected to new peer: Peer: permanent_uuid: "c5af060e772840bc8f15cb42abfec39c" member_type: VOTER last_known_addr { host: "127.11.155.65" port: 43569 }, Status: LMP_MISMATCH, Last received: 0.0, Next index: 2, Last known committed idx: 1, Time since last communication: 0.000s
I20260709 14:47:42.610988 11885 auto_leader_rebalancer.cc:141] leader rebalance for table test-workload
I20260709 14:47:42.621527 12020 tablet_service.cc:2072] Received LeaderStepDown RPC: tablet_id: "14b6709ee38f4a678713b779d177a66b"
dest_uuid: "c5af060e772840bc8f15cb42abfec39c"
mode: GRACEFUL
new_leader_uuid: "0c30a7aed6a54596aa72aa2ef5d076e5"
 from {username='slave'} at 127.0.0.1:39390
I20260709 14:47:42.621985 12020 raft_consensus.cc:606] T 14b6709ee38f4a678713b779d177a66b P c5af060e772840bc8f15cb42abfec39c [term 2 LEADER]: Received request to transfer leadership to TS 0c30a7aed6a54596aa72aa2ef5d076e5
I20260709 14:47:42.626616 12020 tablet_service.cc:2072] Received LeaderStepDown RPC: tablet_id: "66a5fcc69a164715b9a0f45ea3af7ccf"
dest_uuid: "c5af060e772840bc8f15cb42abfec39c"
mode: GRACEFUL
new_leader_uuid: "0c30a7aed6a54596aa72aa2ef5d076e5"
 from {username='slave'} at 127.0.0.1:39390
I20260709 14:47:42.627022 12020 raft_consensus.cc:606] T 66a5fcc69a164715b9a0f45ea3af7ccf P c5af060e772840bc8f15cb42abfec39c [term 2 LEADER]: Received request to transfer leadership to TS 0c30a7aed6a54596aa72aa2ef5d076e5
I20260709 14:47:42.631481 12020 tablet_service.cc:2072] Received LeaderStepDown RPC: tablet_id: "c2e79ba8922541d9be57588dfe858bc0"
dest_uuid: "c5af060e772840bc8f15cb42abfec39c"
mode: GRACEFUL
new_leader_uuid: "0c30a7aed6a54596aa72aa2ef5d076e5"
 from {username='slave'} at 127.0.0.1:39390
I20260709 14:47:42.631958 12020 raft_consensus.cc:606] T c2e79ba8922541d9be57588dfe858bc0 P c5af060e772840bc8f15cb42abfec39c [term 1 LEADER]: Received request to transfer leadership to TS 0c30a7aed6a54596aa72aa2ef5d076e5
I20260709 14:47:42.636219 12168 tablet_service.cc:2072] Received LeaderStepDown RPC: tablet_id: "fc83646c1301486e980ee0a71990078c"
dest_uuid: "13790894489a4fb3be7e275f287f5b4d"
mode: GRACEFUL
new_leader_uuid: "0c30a7aed6a54596aa72aa2ef5d076e5"
 from {username='slave'} at 127.0.0.1:42344
I20260709 14:47:42.636674 12168 raft_consensus.cc:606] T fc83646c1301486e980ee0a71990078c P 13790894489a4fb3be7e275f287f5b4d [term 3 LEADER]: Received request to transfer leadership to TS 0c30a7aed6a54596aa72aa2ef5d076e5
I20260709 14:47:42.643356 12168 tablet_service.cc:2072] Received LeaderStepDown RPC: tablet_id: "d3c3cb4f5c3346dd9a3dba3c95884398"
dest_uuid: "13790894489a4fb3be7e275f287f5b4d"
mode: GRACEFUL
new_leader_uuid: "0c30a7aed6a54596aa72aa2ef5d076e5"
 from {username='slave'} at 127.0.0.1:42344
I20260709 14:47:42.643831 12168 raft_consensus.cc:606] T d3c3cb4f5c3346dd9a3dba3c95884398 P 13790894489a4fb3be7e275f287f5b4d [term 2 LEADER]: Received request to transfer leadership to TS 0c30a7aed6a54596aa72aa2ef5d076e5
I20260709 14:47:42.770623 12304 raft_consensus.cc:993] T fc83646c1301486e980ee0a71990078c P 13790894489a4fb3be7e275f287f5b4d: : Instructing follower 0c30a7aed6a54596aa72aa2ef5d076e5 to start an election
I20260709 14:47:42.771062 12313 raft_consensus.cc:1081] T fc83646c1301486e980ee0a71990078c P 13790894489a4fb3be7e275f287f5b4d [term 3 LEADER]: Signalling peer 0c30a7aed6a54596aa72aa2ef5d076e5 to start an election
I20260709 14:47:42.772521 12094 tablet_service.cc:2044] Received Run Leader Election RPC: tablet_id: "fc83646c1301486e980ee0a71990078c"
dest_uuid: "0c30a7aed6a54596aa72aa2ef5d076e5"
 from {username='slave'} at 127.0.0.1:39900
I20260709 14:47:42.772992 12094 raft_consensus.cc:493] T fc83646c1301486e980ee0a71990078c P 0c30a7aed6a54596aa72aa2ef5d076e5 [term 3 FOLLOWER]: Starting forced leader election (received explicit request)
I20260709 14:47:42.773298 12094 raft_consensus.cc:3060] T fc83646c1301486e980ee0a71990078c P 0c30a7aed6a54596aa72aa2ef5d076e5 [term 3 FOLLOWER]: Advancing to term 4
I20260709 14:47:42.778741 12094 raft_consensus.cc:515] T fc83646c1301486e980ee0a71990078c P 0c30a7aed6a54596aa72aa2ef5d076e5 [term 4 FOLLOWER]: Starting forced leader election with config: opid_index: -1 OBSOLETE_local: false peers { permanent_uuid: "c5af060e772840bc8f15cb42abfec39c" member_type: VOTER last_known_addr { host: "127.11.155.65" port: 43569 } } peers { permanent_uuid: "0c30a7aed6a54596aa72aa2ef5d076e5" member_type: VOTER last_known_addr { host: "127.11.155.66" port: 44115 } } peers { permanent_uuid: "13790894489a4fb3be7e275f287f5b4d" member_type: VOTER last_known_addr { host: "127.11.155.67" port: 40875 } }
I20260709 14:47:42.780259 12094 leader_election.cc:290] T fc83646c1301486e980ee0a71990078c P 0c30a7aed6a54596aa72aa2ef5d076e5 [CANDIDATE]: Term 4 election: Requested vote from peers c5af060e772840bc8f15cb42abfec39c (127.11.155.65:43569), 13790894489a4fb3be7e275f287f5b4d (127.11.155.67:40875)
I20260709 14:47:42.781181 12020 tablet_service.cc:1917] Received RequestConsensusVote() RPC: tablet_id: "fc83646c1301486e980ee0a71990078c" candidate_uuid: "0c30a7aed6a54596aa72aa2ef5d076e5" candidate_term: 4 candidate_status { last_received { term: 3 index: 3 } } ignore_live_leader: true dest_uuid: "c5af060e772840bc8f15cb42abfec39c"
I20260709 14:47:42.781319 12168 tablet_service.cc:1917] Received RequestConsensusVote() RPC: tablet_id: "fc83646c1301486e980ee0a71990078c" candidate_uuid: "0c30a7aed6a54596aa72aa2ef5d076e5" candidate_term: 4 candidate_status { last_received { term: 3 index: 3 } } ignore_live_leader: true dest_uuid: "13790894489a4fb3be7e275f287f5b4d"
I20260709 14:47:42.781704 12020 raft_consensus.cc:3060] T fc83646c1301486e980ee0a71990078c P c5af060e772840bc8f15cb42abfec39c [term 3 FOLLOWER]: Advancing to term 4
I20260709 14:47:42.781844 12168 raft_consensus.cc:3055] T fc83646c1301486e980ee0a71990078c P 13790894489a4fb3be7e275f287f5b4d [term 3 LEADER]: Stepping down as leader of term 3
I20260709 14:47:42.782174 12168 raft_consensus.cc:740] T fc83646c1301486e980ee0a71990078c P 13790894489a4fb3be7e275f287f5b4d [term 3 LEADER]: Becoming Follower/Learner. State: Replica: 13790894489a4fb3be7e275f287f5b4d, State: Running, Role: LEADER
I20260709 14:47:42.782815 12168 consensus_queue.cc:260] T fc83646c1301486e980ee0a71990078c P 13790894489a4fb3be7e275f287f5b4d [NON_LEADER]: Queue going to NON_LEADER mode. State: All replicated index: 0, Majority replicated index: 3, Committed index: 3, Last appended: 3.3, Last appended by leader: 3, Current term: 3, Majority size: -1, State: 0, Mode: NON_LEADER, active raft config: opid_index: -1 OBSOLETE_local: false peers { permanent_uuid: "c5af060e772840bc8f15cb42abfec39c" member_type: VOTER last_known_addr { host: "127.11.155.65" port: 43569 } } peers { permanent_uuid: "0c30a7aed6a54596aa72aa2ef5d076e5" member_type: VOTER last_known_addr { host: "127.11.155.66" port: 44115 } } peers { permanent_uuid: "13790894489a4fb3be7e275f287f5b4d" member_type: VOTER last_known_addr { host: "127.11.155.67" port: 40875 } }
I20260709 14:47:42.783675 12168 raft_consensus.cc:3060] T fc83646c1301486e980ee0a71990078c P 13790894489a4fb3be7e275f287f5b4d [term 3 FOLLOWER]: Advancing to term 4
I20260709 14:47:42.785881 12020 raft_consensus.cc:2468] T fc83646c1301486e980ee0a71990078c P c5af060e772840bc8f15cb42abfec39c [term 4 FOLLOWER]: Leader election vote request: Granting yes vote for candidate 0c30a7aed6a54596aa72aa2ef5d076e5 in term 4.
I20260709 14:47:42.786854 12060 leader_election.cc:304] T fc83646c1301486e980ee0a71990078c P 0c30a7aed6a54596aa72aa2ef5d076e5 [CANDIDATE]: Term 4 election: Election decided. Result: candidate won. Election summary: received 2 responses out of 3 voters: 2 yes votes; 0 no votes. yes voters: 0c30a7aed6a54596aa72aa2ef5d076e5, c5af060e772840bc8f15cb42abfec39c; no voters: 
I20260709 14:47:42.787649 12299 raft_consensus.cc:2804] T fc83646c1301486e980ee0a71990078c P 0c30a7aed6a54596aa72aa2ef5d076e5 [term 4 FOLLOWER]: Leader election won for term 4
I20260709 14:47:42.788702 12168 raft_consensus.cc:2468] T fc83646c1301486e980ee0a71990078c P 13790894489a4fb3be7e275f287f5b4d [term 4 FOLLOWER]: Leader election vote request: Granting yes vote for candidate 0c30a7aed6a54596aa72aa2ef5d076e5 in term 4.
I20260709 14:47:42.789737 12299 raft_consensus.cc:697] T fc83646c1301486e980ee0a71990078c P 0c30a7aed6a54596aa72aa2ef5d076e5 [term 4 LEADER]: Becoming Leader. State: Replica: 0c30a7aed6a54596aa72aa2ef5d076e5, State: Running, Role: LEADER
I20260709 14:47:42.790608 12299 consensus_queue.cc:237] T fc83646c1301486e980ee0a71990078c P 0c30a7aed6a54596aa72aa2ef5d076e5 [LEADER]: Queue going to LEADER mode. State: All replicated index: 0, Majority replicated index: 3, Committed index: 3, Last appended: 3.3, Last appended by leader: 3, Current term: 4, Majority size: 2, State: 0, Mode: LEADER, active raft config: opid_index: -1 OBSOLETE_local: false peers { permanent_uuid: "c5af060e772840bc8f15cb42abfec39c" member_type: VOTER last_known_addr { host: "127.11.155.65" port: 43569 } } peers { permanent_uuid: "0c30a7aed6a54596aa72aa2ef5d076e5" member_type: VOTER last_known_addr { host: "127.11.155.66" port: 44115 } } peers { permanent_uuid: "13790894489a4fb3be7e275f287f5b4d" member_type: VOTER last_known_addr { host: "127.11.155.67" port: 40875 } }
I20260709 14:47:42.796037 11917 catalog_manager.cc:5697] T fc83646c1301486e980ee0a71990078c P 0c30a7aed6a54596aa72aa2ef5d076e5 reported cstate change: term changed from 3 to 4, leader changed from 13790894489a4fb3be7e275f287f5b4d (127.11.155.67) to 0c30a7aed6a54596aa72aa2ef5d076e5 (127.11.155.66). New cstate: current_term: 4 leader_uuid: "0c30a7aed6a54596aa72aa2ef5d076e5" committed_config { opid_index: -1 OBSOLETE_local: false peers { permanent_uuid: "c5af060e772840bc8f15cb42abfec39c" member_type: VOTER last_known_addr { host: "127.11.155.65" port: 43569 } health_report { overall_health: UNKNOWN } } peers { permanent_uuid: "0c30a7aed6a54596aa72aa2ef5d076e5" member_type: VOTER last_known_addr { host: "127.11.155.66" port: 44115 } health_report { overall_health: HEALTHY } } peers { permanent_uuid: "13790894489a4fb3be7e275f287f5b4d" member_type: VOTER last_known_addr { host: "127.11.155.67" port: 40875 } health_report { overall_health: UNKNOWN } } }
I20260709 14:47:42.939801 12323 raft_consensus.cc:993] T c2e79ba8922541d9be57588dfe858bc0 P c5af060e772840bc8f15cb42abfec39c: : Instructing follower 0c30a7aed6a54596aa72aa2ef5d076e5 to start an election
I20260709 14:47:42.940268 12303 raft_consensus.cc:1081] T c2e79ba8922541d9be57588dfe858bc0 P c5af060e772840bc8f15cb42abfec39c [term 1 LEADER]: Signalling peer 0c30a7aed6a54596aa72aa2ef5d076e5 to start an election
I20260709 14:47:42.941749 12304 raft_consensus.cc:993] T d3c3cb4f5c3346dd9a3dba3c95884398 P 13790894489a4fb3be7e275f287f5b4d: : Instructing follower 0c30a7aed6a54596aa72aa2ef5d076e5 to start an election
I20260709 14:47:42.941905 12094 tablet_service.cc:2044] Received Run Leader Election RPC: tablet_id: "c2e79ba8922541d9be57588dfe858bc0"
dest_uuid: "0c30a7aed6a54596aa72aa2ef5d076e5"
 from {username='slave'} at 127.0.0.1:39908
I20260709 14:47:42.942215 12313 raft_consensus.cc:1081] T d3c3cb4f5c3346dd9a3dba3c95884398 P 13790894489a4fb3be7e275f287f5b4d [term 2 LEADER]: Signalling peer 0c30a7aed6a54596aa72aa2ef5d076e5 to start an election
I20260709 14:47:42.942507 12094 raft_consensus.cc:493] T c2e79ba8922541d9be57588dfe858bc0 P 0c30a7aed6a54596aa72aa2ef5d076e5 [term 1 FOLLOWER]: Starting forced leader election (received explicit request)
I20260709 14:47:42.942880 12094 raft_consensus.cc:3060] T c2e79ba8922541d9be57588dfe858bc0 P 0c30a7aed6a54596aa72aa2ef5d076e5 [term 1 FOLLOWER]: Advancing to term 2
I20260709 14:47:42.943676 12095 tablet_service.cc:2044] Received Run Leader Election RPC: tablet_id: "d3c3cb4f5c3346dd9a3dba3c95884398"
dest_uuid: "0c30a7aed6a54596aa72aa2ef5d076e5"
 from {username='slave'} at 127.0.0.1:39900
I20260709 14:47:42.944319 12095 raft_consensus.cc:493] T d3c3cb4f5c3346dd9a3dba3c95884398 P 0c30a7aed6a54596aa72aa2ef5d076e5 [term 2 FOLLOWER]: Starting forced leader election (received explicit request)
I20260709 14:47:42.944634 12095 raft_consensus.cc:3060] T d3c3cb4f5c3346dd9a3dba3c95884398 P 0c30a7aed6a54596aa72aa2ef5d076e5 [term 2 FOLLOWER]: Advancing to term 3
I20260709 14:47:42.947472 12094 raft_consensus.cc:515] T c2e79ba8922541d9be57588dfe858bc0 P 0c30a7aed6a54596aa72aa2ef5d076e5 [term 2 FOLLOWER]: Starting forced leader election with config: opid_index: -1 OBSOLETE_local: false peers { permanent_uuid: "c5af060e772840bc8f15cb42abfec39c" member_type: VOTER last_known_addr { host: "127.11.155.65" port: 43569 } } peers { permanent_uuid: "0c30a7aed6a54596aa72aa2ef5d076e5" member_type: VOTER last_known_addr { host: "127.11.155.66" port: 44115 } } peers { permanent_uuid: "13790894489a4fb3be7e275f287f5b4d" member_type: VOTER last_known_addr { host: "127.11.155.67" port: 40875 } }
I20260709 14:47:42.949086 12094 leader_election.cc:290] T c2e79ba8922541d9be57588dfe858bc0 P 0c30a7aed6a54596aa72aa2ef5d076e5 [CANDIDATE]: Term 2 election: Requested vote from peers c5af060e772840bc8f15cb42abfec39c (127.11.155.65:43569), 13790894489a4fb3be7e275f287f5b4d (127.11.155.67:40875)
I20260709 14:47:42.949357 12095 raft_consensus.cc:515] T d3c3cb4f5c3346dd9a3dba3c95884398 P 0c30a7aed6a54596aa72aa2ef5d076e5 [term 3 FOLLOWER]: Starting forced leader election with config: opid_index: -1 OBSOLETE_local: false peers { permanent_uuid: "c5af060e772840bc8f15cb42abfec39c" member_type: VOTER last_known_addr { host: "127.11.155.65" port: 43569 } } peers { permanent_uuid: "0c30a7aed6a54596aa72aa2ef5d076e5" member_type: VOTER last_known_addr { host: "127.11.155.66" port: 44115 } } peers { permanent_uuid: "13790894489a4fb3be7e275f287f5b4d" member_type: VOTER last_known_addr { host: "127.11.155.67" port: 40875 } }
I20260709 14:47:42.949882 12020 tablet_service.cc:1917] Received RequestConsensusVote() RPC: tablet_id: "c2e79ba8922541d9be57588dfe858bc0" candidate_uuid: "0c30a7aed6a54596aa72aa2ef5d076e5" candidate_term: 2 candidate_status { last_received { term: 1 index: 1 } } ignore_live_leader: true dest_uuid: "c5af060e772840bc8f15cb42abfec39c"
I20260709 14:47:42.950368 12168 tablet_service.cc:1917] Received RequestConsensusVote() RPC: tablet_id: "c2e79ba8922541d9be57588dfe858bc0" candidate_uuid: "0c30a7aed6a54596aa72aa2ef5d076e5" candidate_term: 2 candidate_status { last_received { term: 1 index: 1 } } ignore_live_leader: true dest_uuid: "13790894489a4fb3be7e275f287f5b4d"
I20260709 14:47:42.950382 12020 raft_consensus.cc:3055] T c2e79ba8922541d9be57588dfe858bc0 P c5af060e772840bc8f15cb42abfec39c [term 1 LEADER]: Stepping down as leader of term 1
I20260709 14:47:42.950929 12020 raft_consensus.cc:740] T c2e79ba8922541d9be57588dfe858bc0 P c5af060e772840bc8f15cb42abfec39c [term 1 LEADER]: Becoming Follower/Learner. State: Replica: c5af060e772840bc8f15cb42abfec39c, State: Running, Role: LEADER
I20260709 14:47:42.950912 12168 raft_consensus.cc:3060] T c2e79ba8922541d9be57588dfe858bc0 P 13790894489a4fb3be7e275f287f5b4d [term 1 FOLLOWER]: Advancing to term 2
I20260709 14:47:42.951436 12095 leader_election.cc:290] T d3c3cb4f5c3346dd9a3dba3c95884398 P 0c30a7aed6a54596aa72aa2ef5d076e5 [CANDIDATE]: Term 3 election: Requested vote from peers c5af060e772840bc8f15cb42abfec39c (127.11.155.65:43569), 13790894489a4fb3be7e275f287f5b4d (127.11.155.67:40875)
I20260709 14:47:42.951735 12020 consensus_queue.cc:260] T c2e79ba8922541d9be57588dfe858bc0 P c5af060e772840bc8f15cb42abfec39c [NON_LEADER]: Queue going to NON_LEADER mode. State: All replicated index: 0, Majority replicated index: 1, Committed index: 1, Last appended: 1.1, Last appended by leader: 1, Current term: 1, Majority size: -1, State: 0, Mode: NON_LEADER, active raft config: opid_index: -1 OBSOLETE_local: false peers { permanent_uuid: "c5af060e772840bc8f15cb42abfec39c" member_type: VOTER last_known_addr { host: "127.11.155.65" port: 43569 } } peers { permanent_uuid: "0c30a7aed6a54596aa72aa2ef5d076e5" member_type: VOTER last_known_addr { host: "127.11.155.66" port: 44115 } } peers { permanent_uuid: "13790894489a4fb3be7e275f287f5b4d" member_type: VOTER last_known_addr { host: "127.11.155.67" port: 40875 } }
I20260709 14:47:42.952768 12020 raft_consensus.cc:3060] T c2e79ba8922541d9be57588dfe858bc0 P c5af060e772840bc8f15cb42abfec39c [term 1 FOLLOWER]: Advancing to term 2
I20260709 14:47:42.954950 12169 tablet_service.cc:1917] Received RequestConsensusVote() RPC: tablet_id: "d3c3cb4f5c3346dd9a3dba3c95884398" candidate_uuid: "0c30a7aed6a54596aa72aa2ef5d076e5" candidate_term: 3 candidate_status { last_received { term: 2 index: 2 } } ignore_live_leader: true dest_uuid: "13790894489a4fb3be7e275f287f5b4d"
I20260709 14:47:42.955420 12169 raft_consensus.cc:3055] T d3c3cb4f5c3346dd9a3dba3c95884398 P 13790894489a4fb3be7e275f287f5b4d [term 2 LEADER]: Stepping down as leader of term 2
I20260709 14:47:42.955741 12169 raft_consensus.cc:740] T d3c3cb4f5c3346dd9a3dba3c95884398 P 13790894489a4fb3be7e275f287f5b4d [term 2 LEADER]: Becoming Follower/Learner. State: Replica: 13790894489a4fb3be7e275f287f5b4d, State: Running, Role: LEADER
I20260709 14:47:42.956564 12169 consensus_queue.cc:260] T d3c3cb4f5c3346dd9a3dba3c95884398 P 13790894489a4fb3be7e275f287f5b4d [NON_LEADER]: Queue going to NON_LEADER mode. State: All replicated index: 0, Majority replicated index: 2, Committed index: 2, Last appended: 2.2, Last appended by leader: 2, Current term: 2, Majority size: -1, State: 0, Mode: NON_LEADER, active raft config: opid_index: -1 OBSOLETE_local: false peers { permanent_uuid: "c5af060e772840bc8f15cb42abfec39c" member_type: VOTER last_known_addr { host: "127.11.155.65" port: 43569 } } peers { permanent_uuid: "0c30a7aed6a54596aa72aa2ef5d076e5" member_type: VOTER last_known_addr { host: "127.11.155.66" port: 44115 } } peers { permanent_uuid: "13790894489a4fb3be7e275f287f5b4d" member_type: VOTER last_known_addr { host: "127.11.155.67" port: 40875 } }
I20260709 14:47:42.957042 12020 raft_consensus.cc:2468] T c2e79ba8922541d9be57588dfe858bc0 P c5af060e772840bc8f15cb42abfec39c [term 2 FOLLOWER]: Leader election vote request: Granting yes vote for candidate 0c30a7aed6a54596aa72aa2ef5d076e5 in term 2.
I20260709 14:47:42.957789 12169 raft_consensus.cc:3060] T d3c3cb4f5c3346dd9a3dba3c95884398 P 13790894489a4fb3be7e275f287f5b4d [term 2 FOLLOWER]: Advancing to term 3
I20260709 14:47:42.958214 12060 leader_election.cc:304] T c2e79ba8922541d9be57588dfe858bc0 P 0c30a7aed6a54596aa72aa2ef5d076e5 [CANDIDATE]: Term 2 election: Election decided. Result: candidate won. Election summary: received 2 responses out of 3 voters: 2 yes votes; 0 no votes. yes voters: 0c30a7aed6a54596aa72aa2ef5d076e5, c5af060e772840bc8f15cb42abfec39c; no voters: 
I20260709 14:47:42.958773 12020 tablet_service.cc:1917] Received RequestConsensusVote() RPC: tablet_id: "d3c3cb4f5c3346dd9a3dba3c95884398" candidate_uuid: "0c30a7aed6a54596aa72aa2ef5d076e5" candidate_term: 3 candidate_status { last_received { term: 2 index: 2 } } ignore_live_leader: true dest_uuid: "c5af060e772840bc8f15cb42abfec39c"
I20260709 14:47:42.959278 12020 raft_consensus.cc:3060] T d3c3cb4f5c3346dd9a3dba3c95884398 P c5af060e772840bc8f15cb42abfec39c [term 2 FOLLOWER]: Advancing to term 3
I20260709 14:47:42.959486 12168 raft_consensus.cc:2468] T c2e79ba8922541d9be57588dfe858bc0 P 13790894489a4fb3be7e275f287f5b4d [term 2 FOLLOWER]: Leader election vote request: Granting yes vote for candidate 0c30a7aed6a54596aa72aa2ef5d076e5 in term 2.
I20260709 14:47:42.960456 12299 raft_consensus.cc:2804] T c2e79ba8922541d9be57588dfe858bc0 P 0c30a7aed6a54596aa72aa2ef5d076e5 [term 2 FOLLOWER]: Leader election won for term 2
I20260709 14:47:42.960947 12299 raft_consensus.cc:697] T c2e79ba8922541d9be57588dfe858bc0 P 0c30a7aed6a54596aa72aa2ef5d076e5 [term 2 LEADER]: Becoming Leader. State: Replica: 0c30a7aed6a54596aa72aa2ef5d076e5, State: Running, Role: LEADER
I20260709 14:47:42.961803 12299 consensus_queue.cc:237] T c2e79ba8922541d9be57588dfe858bc0 P 0c30a7aed6a54596aa72aa2ef5d076e5 [LEADER]: Queue going to LEADER mode. State: All replicated index: 0, Majority replicated index: 1, Committed index: 1, Last appended: 1.1, Last appended by leader: 1, Current term: 2, Majority size: 2, State: 0, Mode: LEADER, active raft config: opid_index: -1 OBSOLETE_local: false peers { permanent_uuid: "c5af060e772840bc8f15cb42abfec39c" member_type: VOTER last_known_addr { host: "127.11.155.65" port: 43569 } } peers { permanent_uuid: "0c30a7aed6a54596aa72aa2ef5d076e5" member_type: VOTER last_known_addr { host: "127.11.155.66" port: 44115 } } peers { permanent_uuid: "13790894489a4fb3be7e275f287f5b4d" member_type: VOTER last_known_addr { host: "127.11.155.67" port: 40875 } }
I20260709 14:47:42.963503 12020 raft_consensus.cc:2468] T d3c3cb4f5c3346dd9a3dba3c95884398 P c5af060e772840bc8f15cb42abfec39c [term 3 FOLLOWER]: Leader election vote request: Granting yes vote for candidate 0c30a7aed6a54596aa72aa2ef5d076e5 in term 3.
I20260709 14:47:42.964475 12060 leader_election.cc:304] T d3c3cb4f5c3346dd9a3dba3c95884398 P 0c30a7aed6a54596aa72aa2ef5d076e5 [CANDIDATE]: Term 3 election: Election decided. Result: candidate won. Election summary: received 2 responses out of 3 voters: 2 yes votes; 0 no votes. yes voters: 0c30a7aed6a54596aa72aa2ef5d076e5, c5af060e772840bc8f15cb42abfec39c; no voters: 
I20260709 14:47:42.965237 12319 raft_consensus.cc:2804] T d3c3cb4f5c3346dd9a3dba3c95884398 P 0c30a7aed6a54596aa72aa2ef5d076e5 [term 3 FOLLOWER]: Leader election won for term 3
I20260709 14:47:42.965762 12319 raft_consensus.cc:697] T d3c3cb4f5c3346dd9a3dba3c95884398 P 0c30a7aed6a54596aa72aa2ef5d076e5 [term 3 LEADER]: Becoming Leader. State: Replica: 0c30a7aed6a54596aa72aa2ef5d076e5, State: Running, Role: LEADER
I20260709 14:47:42.966526 12319 consensus_queue.cc:237] T d3c3cb4f5c3346dd9a3dba3c95884398 P 0c30a7aed6a54596aa72aa2ef5d076e5 [LEADER]: Queue going to LEADER mode. State: All replicated index: 0, Majority replicated index: 2, Committed index: 2, Last appended: 2.2, Last appended by leader: 2, Current term: 3, Majority size: 2, State: 0, Mode: LEADER, active raft config: opid_index: -1 OBSOLETE_local: false peers { permanent_uuid: "c5af060e772840bc8f15cb42abfec39c" member_type: VOTER last_known_addr { host: "127.11.155.65" port: 43569 } } peers { permanent_uuid: "0c30a7aed6a54596aa72aa2ef5d076e5" member_type: VOTER last_known_addr { host: "127.11.155.66" port: 44115 } } peers { permanent_uuid: "13790894489a4fb3be7e275f287f5b4d" member_type: VOTER last_known_addr { host: "127.11.155.67" port: 40875 } }
I20260709 14:47:42.969125 12169 raft_consensus.cc:2468] T d3c3cb4f5c3346dd9a3dba3c95884398 P 13790894489a4fb3be7e275f287f5b4d [term 3 FOLLOWER]: Leader election vote request: Granting yes vote for candidate 0c30a7aed6a54596aa72aa2ef5d076e5 in term 3.
I20260709 14:47:42.969446 11917 catalog_manager.cc:5697] T c2e79ba8922541d9be57588dfe858bc0 P 0c30a7aed6a54596aa72aa2ef5d076e5 reported cstate change: term changed from 1 to 2, leader changed from c5af060e772840bc8f15cb42abfec39c (127.11.155.65) to 0c30a7aed6a54596aa72aa2ef5d076e5 (127.11.155.66). New cstate: current_term: 2 leader_uuid: "0c30a7aed6a54596aa72aa2ef5d076e5" committed_config { opid_index: -1 OBSOLETE_local: false peers { permanent_uuid: "c5af060e772840bc8f15cb42abfec39c" member_type: VOTER last_known_addr { host: "127.11.155.65" port: 43569 } health_report { overall_health: UNKNOWN } } peers { permanent_uuid: "0c30a7aed6a54596aa72aa2ef5d076e5" member_type: VOTER last_known_addr { host: "127.11.155.66" port: 44115 } health_report { overall_health: HEALTHY } } peers { permanent_uuid: "13790894489a4fb3be7e275f287f5b4d" member_type: VOTER last_known_addr { host: "127.11.155.67" port: 40875 } health_report { overall_health: UNKNOWN } } }
I20260709 14:47:42.980618 11917 catalog_manager.cc:5697] T d3c3cb4f5c3346dd9a3dba3c95884398 P 0c30a7aed6a54596aa72aa2ef5d076e5 reported cstate change: term changed from 2 to 3, leader changed from 13790894489a4fb3be7e275f287f5b4d (127.11.155.67) to 0c30a7aed6a54596aa72aa2ef5d076e5 (127.11.155.66). New cstate: current_term: 3 leader_uuid: "0c30a7aed6a54596aa72aa2ef5d076e5" committed_config { opid_index: -1 OBSOLETE_local: false peers { permanent_uuid: "c5af060e772840bc8f15cb42abfec39c" member_type: VOTER last_known_addr { host: "127.11.155.65" port: 43569 } health_report { overall_health: UNKNOWN } } peers { permanent_uuid: "0c30a7aed6a54596aa72aa2ef5d076e5" member_type: VOTER last_known_addr { host: "127.11.155.66" port: 44115 } health_report { overall_health: HEALTHY } } peers { permanent_uuid: "13790894489a4fb3be7e275f287f5b4d" member_type: VOTER last_known_addr { host: "127.11.155.67" port: 40875 } health_report { overall_health: UNKNOWN } } }
I20260709 14:47:43.001346 12323 raft_consensus.cc:993] T 14b6709ee38f4a678713b779d177a66b P c5af060e772840bc8f15cb42abfec39c: : Instructing follower 0c30a7aed6a54596aa72aa2ef5d076e5 to start an election
I20260709 14:47:43.001804 12303 raft_consensus.cc:1081] T 14b6709ee38f4a678713b779d177a66b P c5af060e772840bc8f15cb42abfec39c [term 2 LEADER]: Signalling peer 0c30a7aed6a54596aa72aa2ef5d076e5 to start an election
I20260709 14:47:43.003294 12095 tablet_service.cc:2044] Received Run Leader Election RPC: tablet_id: "14b6709ee38f4a678713b779d177a66b"
dest_uuid: "0c30a7aed6a54596aa72aa2ef5d076e5"
 from {username='slave'} at 127.0.0.1:39908
I20260709 14:47:43.003847 12095 raft_consensus.cc:493] T 14b6709ee38f4a678713b779d177a66b P 0c30a7aed6a54596aa72aa2ef5d076e5 [term 2 FOLLOWER]: Starting forced leader election (received explicit request)
I20260709 14:47:43.004168 12095 raft_consensus.cc:3060] T 14b6709ee38f4a678713b779d177a66b P 0c30a7aed6a54596aa72aa2ef5d076e5 [term 2 FOLLOWER]: Advancing to term 3
I20260709 14:47:43.008574 12095 raft_consensus.cc:515] T 14b6709ee38f4a678713b779d177a66b P 0c30a7aed6a54596aa72aa2ef5d076e5 [term 3 FOLLOWER]: Starting forced leader election with config: opid_index: -1 OBSOLETE_local: false peers { permanent_uuid: "0c30a7aed6a54596aa72aa2ef5d076e5" member_type: VOTER last_known_addr { host: "127.11.155.66" port: 44115 } } peers { permanent_uuid: "13790894489a4fb3be7e275f287f5b4d" member_type: VOTER last_known_addr { host: "127.11.155.67" port: 40875 } } peers { permanent_uuid: "c5af060e772840bc8f15cb42abfec39c" member_type: VOTER last_known_addr { host: "127.11.155.65" port: 43569 } }
I20260709 14:47:43.010392 12095 leader_election.cc:290] T 14b6709ee38f4a678713b779d177a66b P 0c30a7aed6a54596aa72aa2ef5d076e5 [CANDIDATE]: Term 3 election: Requested vote from peers 13790894489a4fb3be7e275f287f5b4d (127.11.155.67:40875), c5af060e772840bc8f15cb42abfec39c (127.11.155.65:43569)
I20260709 14:47:43.011370 12020 tablet_service.cc:1917] Received RequestConsensusVote() RPC: tablet_id: "14b6709ee38f4a678713b779d177a66b" candidate_uuid: "0c30a7aed6a54596aa72aa2ef5d076e5" candidate_term: 3 candidate_status { last_received { term: 2 index: 2 } } ignore_live_leader: true dest_uuid: "c5af060e772840bc8f15cb42abfec39c"
I20260709 14:47:43.011370 12169 tablet_service.cc:1917] Received RequestConsensusVote() RPC: tablet_id: "14b6709ee38f4a678713b779d177a66b" candidate_uuid: "0c30a7aed6a54596aa72aa2ef5d076e5" candidate_term: 3 candidate_status { last_received { term: 2 index: 2 } } ignore_live_leader: true dest_uuid: "13790894489a4fb3be7e275f287f5b4d"
I20260709 14:47:43.012151 12020 raft_consensus.cc:3055] T 14b6709ee38f4a678713b779d177a66b P c5af060e772840bc8f15cb42abfec39c [term 2 LEADER]: Stepping down as leader of term 2
I20260709 14:47:43.012253 12169 raft_consensus.cc:3060] T 14b6709ee38f4a678713b779d177a66b P 13790894489a4fb3be7e275f287f5b4d [term 2 FOLLOWER]: Advancing to term 3
I20260709 14:47:43.012439 12020 raft_consensus.cc:740] T 14b6709ee38f4a678713b779d177a66b P c5af060e772840bc8f15cb42abfec39c [term 2 LEADER]: Becoming Follower/Learner. State: Replica: c5af060e772840bc8f15cb42abfec39c, State: Running, Role: LEADER
I20260709 14:47:43.013185 12020 consensus_queue.cc:260] T 14b6709ee38f4a678713b779d177a66b P c5af060e772840bc8f15cb42abfec39c [NON_LEADER]: Queue going to NON_LEADER mode. State: All replicated index: 0, Majority replicated index: 2, Committed index: 2, Last appended: 2.2, Last appended by leader: 2, Current term: 2, Majority size: -1, State: 0, Mode: NON_LEADER, active raft config: opid_index: -1 OBSOLETE_local: false peers { permanent_uuid: "0c30a7aed6a54596aa72aa2ef5d076e5" member_type: VOTER last_known_addr { host: "127.11.155.66" port: 44115 } } peers { permanent_uuid: "13790894489a4fb3be7e275f287f5b4d" member_type: VOTER last_known_addr { host: "127.11.155.67" port: 40875 } } peers { permanent_uuid: "c5af060e772840bc8f15cb42abfec39c" member_type: VOTER last_known_addr { host: "127.11.155.65" port: 43569 } }
I20260709 14:47:43.014055 12020 raft_consensus.cc:3060] T 14b6709ee38f4a678713b779d177a66b P c5af060e772840bc8f15cb42abfec39c [term 2 FOLLOWER]: Advancing to term 3
I20260709 14:47:43.017163 12169 raft_consensus.cc:2468] T 14b6709ee38f4a678713b779d177a66b P 13790894489a4fb3be7e275f287f5b4d [term 3 FOLLOWER]: Leader election vote request: Granting yes vote for candidate 0c30a7aed6a54596aa72aa2ef5d076e5 in term 3.
I20260709 14:47:43.017942 12020 raft_consensus.cc:2468] T 14b6709ee38f4a678713b779d177a66b P c5af060e772840bc8f15cb42abfec39c [term 3 FOLLOWER]: Leader election vote request: Granting yes vote for candidate 0c30a7aed6a54596aa72aa2ef5d076e5 in term 3.
I20260709 14:47:43.018235 12059 leader_election.cc:304] T 14b6709ee38f4a678713b779d177a66b P 0c30a7aed6a54596aa72aa2ef5d076e5 [CANDIDATE]: Term 3 election: Election decided. Result: candidate won. Election summary: received 2 responses out of 3 voters: 2 yes votes; 0 no votes. yes voters: 0c30a7aed6a54596aa72aa2ef5d076e5, 13790894489a4fb3be7e275f287f5b4d; no voters: 
I20260709 14:47:43.019033 12319 raft_consensus.cc:2804] T 14b6709ee38f4a678713b779d177a66b P 0c30a7aed6a54596aa72aa2ef5d076e5 [term 3 FOLLOWER]: Leader election won for term 3
I20260709 14:47:43.019503 12319 raft_consensus.cc:697] T 14b6709ee38f4a678713b779d177a66b P 0c30a7aed6a54596aa72aa2ef5d076e5 [term 3 LEADER]: Becoming Leader. State: Replica: 0c30a7aed6a54596aa72aa2ef5d076e5, State: Running, Role: LEADER
I20260709 14:47:43.020159 12319 consensus_queue.cc:237] T 14b6709ee38f4a678713b779d177a66b P 0c30a7aed6a54596aa72aa2ef5d076e5 [LEADER]: Queue going to LEADER mode. State: All replicated index: 0, Majority replicated index: 2, Committed index: 2, Last appended: 2.2, Last appended by leader: 2, Current term: 3, Majority size: 2, State: 0, Mode: LEADER, active raft config: opid_index: -1 OBSOLETE_local: false peers { permanent_uuid: "0c30a7aed6a54596aa72aa2ef5d076e5" member_type: VOTER last_known_addr { host: "127.11.155.66" port: 44115 } } peers { permanent_uuid: "13790894489a4fb3be7e275f287f5b4d" member_type: VOTER last_known_addr { host: "127.11.155.67" port: 40875 } } peers { permanent_uuid: "c5af060e772840bc8f15cb42abfec39c" member_type: VOTER last_known_addr { host: "127.11.155.65" port: 43569 } }
I20260709 14:47:43.026492 11917 catalog_manager.cc:5697] T 14b6709ee38f4a678713b779d177a66b P 0c30a7aed6a54596aa72aa2ef5d076e5 reported cstate change: term changed from 2 to 3, leader changed from c5af060e772840bc8f15cb42abfec39c (127.11.155.65) to 0c30a7aed6a54596aa72aa2ef5d076e5 (127.11.155.66). New cstate: current_term: 3 leader_uuid: "0c30a7aed6a54596aa72aa2ef5d076e5" committed_config { opid_index: -1 OBSOLETE_local: false peers { permanent_uuid: "0c30a7aed6a54596aa72aa2ef5d076e5" member_type: VOTER last_known_addr { host: "127.11.155.66" port: 44115 } health_report { overall_health: HEALTHY } } peers { permanent_uuid: "13790894489a4fb3be7e275f287f5b4d" member_type: VOTER last_known_addr { host: "127.11.155.67" port: 40875 } health_report { overall_health: UNKNOWN } } peers { permanent_uuid: "c5af060e772840bc8f15cb42abfec39c" member_type: VOTER last_known_addr { host: "127.11.155.65" port: 43569 } health_report { overall_health: UNKNOWN } } }
I20260709 14:47:43.201987 12323 raft_consensus.cc:993] T 66a5fcc69a164715b9a0f45ea3af7ccf P c5af060e772840bc8f15cb42abfec39c: : Instructing follower 0c30a7aed6a54596aa72aa2ef5d076e5 to start an election
I20260709 14:47:43.202394 12303 raft_consensus.cc:1081] T 66a5fcc69a164715b9a0f45ea3af7ccf P c5af060e772840bc8f15cb42abfec39c [term 2 LEADER]: Signalling peer 0c30a7aed6a54596aa72aa2ef5d076e5 to start an election
I20260709 14:47:43.203681 12095 tablet_service.cc:2044] Received Run Leader Election RPC: tablet_id: "66a5fcc69a164715b9a0f45ea3af7ccf"
dest_uuid: "0c30a7aed6a54596aa72aa2ef5d076e5"
 from {username='slave'} at 127.0.0.1:39908
I20260709 14:47:43.204198 12095 raft_consensus.cc:493] T 66a5fcc69a164715b9a0f45ea3af7ccf P 0c30a7aed6a54596aa72aa2ef5d076e5 [term 2 FOLLOWER]: Starting forced leader election (received explicit request)
I20260709 14:47:43.204485 12095 raft_consensus.cc:3060] T 66a5fcc69a164715b9a0f45ea3af7ccf P 0c30a7aed6a54596aa72aa2ef5d076e5 [term 2 FOLLOWER]: Advancing to term 3
I20260709 14:47:43.208837 12095 raft_consensus.cc:515] T 66a5fcc69a164715b9a0f45ea3af7ccf P 0c30a7aed6a54596aa72aa2ef5d076e5 [term 3 FOLLOWER]: Starting forced leader election with config: opid_index: -1 OBSOLETE_local: false peers { permanent_uuid: "c5af060e772840bc8f15cb42abfec39c" member_type: VOTER last_known_addr { host: "127.11.155.65" port: 43569 } } peers { permanent_uuid: "0c30a7aed6a54596aa72aa2ef5d076e5" member_type: VOTER last_known_addr { host: "127.11.155.66" port: 44115 } } peers { permanent_uuid: "13790894489a4fb3be7e275f287f5b4d" member_type: VOTER last_known_addr { host: "127.11.155.67" port: 40875 } }
I20260709 14:47:43.210453 12095 leader_election.cc:290] T 66a5fcc69a164715b9a0f45ea3af7ccf P 0c30a7aed6a54596aa72aa2ef5d076e5 [CANDIDATE]: Term 3 election: Requested vote from peers c5af060e772840bc8f15cb42abfec39c (127.11.155.65:43569), 13790894489a4fb3be7e275f287f5b4d (127.11.155.67:40875)
I20260709 14:47:43.211356 12020 tablet_service.cc:1917] Received RequestConsensusVote() RPC: tablet_id: "66a5fcc69a164715b9a0f45ea3af7ccf" candidate_uuid: "0c30a7aed6a54596aa72aa2ef5d076e5" candidate_term: 3 candidate_status { last_received { term: 2 index: 2 } } ignore_live_leader: true dest_uuid: "c5af060e772840bc8f15cb42abfec39c"
I20260709 14:47:43.211649 12169 tablet_service.cc:1917] Received RequestConsensusVote() RPC: tablet_id: "66a5fcc69a164715b9a0f45ea3af7ccf" candidate_uuid: "0c30a7aed6a54596aa72aa2ef5d076e5" candidate_term: 3 candidate_status { last_received { term: 2 index: 2 } } ignore_live_leader: true dest_uuid: "13790894489a4fb3be7e275f287f5b4d"
I20260709 14:47:43.211859 12020 raft_consensus.cc:3055] T 66a5fcc69a164715b9a0f45ea3af7ccf P c5af060e772840bc8f15cb42abfec39c [term 2 LEADER]: Stepping down as leader of term 2
I20260709 14:47:43.212235 12020 raft_consensus.cc:740] T 66a5fcc69a164715b9a0f45ea3af7ccf P c5af060e772840bc8f15cb42abfec39c [term 2 LEADER]: Becoming Follower/Learner. State: Replica: c5af060e772840bc8f15cb42abfec39c, State: Running, Role: LEADER
I20260709 14:47:43.212247 12169 raft_consensus.cc:3060] T 66a5fcc69a164715b9a0f45ea3af7ccf P 13790894489a4fb3be7e275f287f5b4d [term 2 FOLLOWER]: Advancing to term 3
I20260709 14:47:43.212954 12020 consensus_queue.cc:260] T 66a5fcc69a164715b9a0f45ea3af7ccf P c5af060e772840bc8f15cb42abfec39c [NON_LEADER]: Queue going to NON_LEADER mode. State: All replicated index: 0, Majority replicated index: 2, Committed index: 2, Last appended: 2.2, Last appended by leader: 2, Current term: 2, Majority size: -1, State: 0, Mode: NON_LEADER, active raft config: opid_index: -1 OBSOLETE_local: false peers { permanent_uuid: "c5af060e772840bc8f15cb42abfec39c" member_type: VOTER last_known_addr { host: "127.11.155.65" port: 43569 } } peers { permanent_uuid: "0c30a7aed6a54596aa72aa2ef5d076e5" member_type: VOTER last_known_addr { host: "127.11.155.66" port: 44115 } } peers { permanent_uuid: "13790894489a4fb3be7e275f287f5b4d" member_type: VOTER last_known_addr { host: "127.11.155.67" port: 40875 } }
I20260709 14:47:43.213749 12020 raft_consensus.cc:3060] T 66a5fcc69a164715b9a0f45ea3af7ccf P c5af060e772840bc8f15cb42abfec39c [term 2 FOLLOWER]: Advancing to term 3
I20260709 14:47:43.216846 12169 raft_consensus.cc:2468] T 66a5fcc69a164715b9a0f45ea3af7ccf P 13790894489a4fb3be7e275f287f5b4d [term 3 FOLLOWER]: Leader election vote request: Granting yes vote for candidate 0c30a7aed6a54596aa72aa2ef5d076e5 in term 3.
I20260709 14:47:43.217496 12020 raft_consensus.cc:2468] T 66a5fcc69a164715b9a0f45ea3af7ccf P c5af060e772840bc8f15cb42abfec39c [term 3 FOLLOWER]: Leader election vote request: Granting yes vote for candidate 0c30a7aed6a54596aa72aa2ef5d076e5 in term 3.
I20260709 14:47:43.217859 12059 leader_election.cc:304] T 66a5fcc69a164715b9a0f45ea3af7ccf P 0c30a7aed6a54596aa72aa2ef5d076e5 [CANDIDATE]: Term 3 election: Election decided. Result: candidate won. Election summary: received 2 responses out of 3 voters: 2 yes votes; 0 no votes. yes voters: 0c30a7aed6a54596aa72aa2ef5d076e5, 13790894489a4fb3be7e275f287f5b4d; no voters: 
I20260709 14:47:43.218611 12319 raft_consensus.cc:2804] T 66a5fcc69a164715b9a0f45ea3af7ccf P 0c30a7aed6a54596aa72aa2ef5d076e5 [term 3 FOLLOWER]: Leader election won for term 3
I20260709 14:47:43.219049 12319 raft_consensus.cc:697] T 66a5fcc69a164715b9a0f45ea3af7ccf P 0c30a7aed6a54596aa72aa2ef5d076e5 [term 3 LEADER]: Becoming Leader. State: Replica: 0c30a7aed6a54596aa72aa2ef5d076e5, State: Running, Role: LEADER
I20260709 14:47:43.219801 12319 consensus_queue.cc:237] T 66a5fcc69a164715b9a0f45ea3af7ccf P 0c30a7aed6a54596aa72aa2ef5d076e5 [LEADER]: Queue going to LEADER mode. State: All replicated index: 0, Majority replicated index: 2, Committed index: 2, Last appended: 2.2, Last appended by leader: 2, Current term: 3, Majority size: 2, State: 0, Mode: LEADER, active raft config: opid_index: -1 OBSOLETE_local: false peers { permanent_uuid: "c5af060e772840bc8f15cb42abfec39c" member_type: VOTER last_known_addr { host: "127.11.155.65" port: 43569 } } peers { permanent_uuid: "0c30a7aed6a54596aa72aa2ef5d076e5" member_type: VOTER last_known_addr { host: "127.11.155.66" port: 44115 } } peers { permanent_uuid: "13790894489a4fb3be7e275f287f5b4d" member_type: VOTER last_known_addr { host: "127.11.155.67" port: 40875 } }
I20260709 14:47:43.225768 11917 catalog_manager.cc:5697] T 66a5fcc69a164715b9a0f45ea3af7ccf P 0c30a7aed6a54596aa72aa2ef5d076e5 reported cstate change: term changed from 2 to 3, leader changed from c5af060e772840bc8f15cb42abfec39c (127.11.155.65) to 0c30a7aed6a54596aa72aa2ef5d076e5 (127.11.155.66). New cstate: current_term: 3 leader_uuid: "0c30a7aed6a54596aa72aa2ef5d076e5" committed_config { opid_index: -1 OBSOLETE_local: false peers { permanent_uuid: "c5af060e772840bc8f15cb42abfec39c" member_type: VOTER last_known_addr { host: "127.11.155.65" port: 43569 } health_report { overall_health: UNKNOWN } } peers { permanent_uuid: "0c30a7aed6a54596aa72aa2ef5d076e5" member_type: VOTER last_known_addr { host: "127.11.155.66" port: 44115 } health_report { overall_health: HEALTHY } } peers { permanent_uuid: "13790894489a4fb3be7e275f287f5b4d" member_type: VOTER last_known_addr { host: "127.11.155.67" port: 40875 } health_report { overall_health: UNKNOWN } } }
I20260709 14:47:43.246683 12020 raft_consensus.cc:1275] T fc83646c1301486e980ee0a71990078c P c5af060e772840bc8f15cb42abfec39c [term 4 FOLLOWER]: Refusing update from remote peer 0c30a7aed6a54596aa72aa2ef5d076e5: Log matching property violated. Preceding OpId in replica: term: 3 index: 3. Preceding OpId from leader: term: 4 index: 4. (index mismatch)
I20260709 14:47:43.247916 12319 consensus_queue.cc:1048] T fc83646c1301486e980ee0a71990078c P 0c30a7aed6a54596aa72aa2ef5d076e5 [LEADER]: Connected to new peer: Peer: permanent_uuid: "c5af060e772840bc8f15cb42abfec39c" member_type: VOTER last_known_addr { host: "127.11.155.65" port: 43569 }, Status: LMP_MISMATCH, Last received: 0.0, Next index: 4, Last known committed idx: 3, Time since last communication: 0.000s
I20260709 14:47:43.255314 12169 raft_consensus.cc:1275] T fc83646c1301486e980ee0a71990078c P 13790894489a4fb3be7e275f287f5b4d [term 4 FOLLOWER]: Refusing update from remote peer 0c30a7aed6a54596aa72aa2ef5d076e5: Log matching property violated. Preceding OpId in replica: term: 3 index: 3. Preceding OpId from leader: term: 4 index: 4. (index mismatch)
I20260709 14:47:43.256844 12319 consensus_queue.cc:1048] T fc83646c1301486e980ee0a71990078c P 0c30a7aed6a54596aa72aa2ef5d076e5 [LEADER]: Connected to new peer: Peer: permanent_uuid: "13790894489a4fb3be7e275f287f5b4d" member_type: VOTER last_known_addr { host: "127.11.155.67" port: 40875 }, Status: LMP_MISMATCH, Last received: 0.0, Next index: 4, Last known committed idx: 3, Time since last communication: 0.000s
I20260709 14:47:43.344847 12020 raft_consensus.cc:1275] T c2e79ba8922541d9be57588dfe858bc0 P c5af060e772840bc8f15cb42abfec39c [term 2 FOLLOWER]: Refusing update from remote peer 0c30a7aed6a54596aa72aa2ef5d076e5: Log matching property violated. Preceding OpId in replica: term: 1 index: 1. Preceding OpId from leader: term: 2 index: 2. (index mismatch)
I20260709 14:47:43.346166 12319 consensus_queue.cc:1048] T c2e79ba8922541d9be57588dfe858bc0 P 0c30a7aed6a54596aa72aa2ef5d076e5 [LEADER]: Connected to new peer: Peer: permanent_uuid: "c5af060e772840bc8f15cb42abfec39c" member_type: VOTER last_known_addr { host: "127.11.155.65" port: 43569 }, Status: LMP_MISMATCH, Last received: 0.0, Next index: 2, Last known committed idx: 1, Time since last communication: 0.000s
I20260709 14:47:43.354272 12169 raft_consensus.cc:1275] T c2e79ba8922541d9be57588dfe858bc0 P 13790894489a4fb3be7e275f287f5b4d [term 2 FOLLOWER]: Refusing update from remote peer 0c30a7aed6a54596aa72aa2ef5d076e5: Log matching property violated. Preceding OpId in replica: term: 1 index: 1. Preceding OpId from leader: term: 2 index: 2. (index mismatch)
I20260709 14:47:43.355469 12331 consensus_queue.cc:1048] T c2e79ba8922541d9be57588dfe858bc0 P 0c30a7aed6a54596aa72aa2ef5d076e5 [LEADER]: Connected to new peer: Peer: permanent_uuid: "13790894489a4fb3be7e275f287f5b4d" member_type: VOTER last_known_addr { host: "127.11.155.67" port: 40875 }, Status: LMP_MISMATCH, Last received: 0.0, Next index: 2, Last known committed idx: 1, Time since last communication: 0.000s
I20260709 14:47:43.364640 12020 raft_consensus.cc:1275] T d3c3cb4f5c3346dd9a3dba3c95884398 P c5af060e772840bc8f15cb42abfec39c [term 3 FOLLOWER]: Refusing update from remote peer 0c30a7aed6a54596aa72aa2ef5d076e5: Log matching property violated. Preceding OpId in replica: term: 2 index: 2. Preceding OpId from leader: term: 3 index: 3. (index mismatch)
I20260709 14:47:43.365826 12331 consensus_queue.cc:1048] T d3c3cb4f5c3346dd9a3dba3c95884398 P 0c30a7aed6a54596aa72aa2ef5d076e5 [LEADER]: Connected to new peer: Peer: permanent_uuid: "c5af060e772840bc8f15cb42abfec39c" member_type: VOTER last_known_addr { host: "127.11.155.65" port: 43569 }, Status: LMP_MISMATCH, Last received: 0.0, Next index: 3, Last known committed idx: 2, Time since last communication: 0.000s
I20260709 14:47:43.374661 12169 raft_consensus.cc:1275] T d3c3cb4f5c3346dd9a3dba3c95884398 P 13790894489a4fb3be7e275f287f5b4d [term 3 FOLLOWER]: Refusing update from remote peer 0c30a7aed6a54596aa72aa2ef5d076e5: Log matching property violated. Preceding OpId in replica: term: 2 index: 2. Preceding OpId from leader: term: 3 index: 3. (index mismatch)
I20260709 14:47:43.376878 12299 consensus_queue.cc:1048] T d3c3cb4f5c3346dd9a3dba3c95884398 P 0c30a7aed6a54596aa72aa2ef5d076e5 [LEADER]: Connected to new peer: Peer: permanent_uuid: "13790894489a4fb3be7e275f287f5b4d" member_type: VOTER last_known_addr { host: "127.11.155.67" port: 40875 }, Status: LMP_MISMATCH, Last received: 0.0, Next index: 3, Last known committed idx: 2, Time since last communication: 0.000s
I20260709 14:47:43.407163 12020 raft_consensus.cc:1275] T 14b6709ee38f4a678713b779d177a66b P c5af060e772840bc8f15cb42abfec39c [term 3 FOLLOWER]: Refusing update from remote peer 0c30a7aed6a54596aa72aa2ef5d076e5: Log matching property violated. Preceding OpId in replica: term: 2 index: 2. Preceding OpId from leader: term: 3 index: 3. (index mismatch)
I20260709 14:47:43.408268 12334 consensus_queue.cc:1048] T 14b6709ee38f4a678713b779d177a66b P 0c30a7aed6a54596aa72aa2ef5d076e5 [LEADER]: Connected to new peer: Peer: permanent_uuid: "c5af060e772840bc8f15cb42abfec39c" member_type: VOTER last_known_addr { host: "127.11.155.65" port: 43569 }, Status: LMP_MISMATCH, Last received: 0.0, Next index: 3, Last known committed idx: 2, Time since last communication: 0.000s
I20260709 14:47:43.416594 12169 raft_consensus.cc:1275] T 14b6709ee38f4a678713b779d177a66b P 13790894489a4fb3be7e275f287f5b4d [term 3 FOLLOWER]: Refusing update from remote peer 0c30a7aed6a54596aa72aa2ef5d076e5: Log matching property violated. Preceding OpId in replica: term: 2 index: 2. Preceding OpId from leader: term: 3 index: 3. (index mismatch)
I20260709 14:47:43.418280 12334 consensus_queue.cc:1048] T 14b6709ee38f4a678713b779d177a66b P 0c30a7aed6a54596aa72aa2ef5d076e5 [LEADER]: Connected to new peer: Peer: permanent_uuid: "13790894489a4fb3be7e275f287f5b4d" member_type: VOTER last_known_addr { host: "127.11.155.67" port: 40875 }, Status: LMP_MISMATCH, Last received: 0.0, Next index: 3, Last known committed idx: 2, Time since last communication: 0.000s
I20260709 14:47:43.709542 12169 raft_consensus.cc:1275] T 66a5fcc69a164715b9a0f45ea3af7ccf P 13790894489a4fb3be7e275f287f5b4d [term 3 FOLLOWER]: Refusing update from remote peer 0c30a7aed6a54596aa72aa2ef5d076e5: Log matching property violated. Preceding OpId in replica: term: 2 index: 2. Preceding OpId from leader: term: 3 index: 3. (index mismatch)
I20260709 14:47:43.710683 12334 consensus_queue.cc:1048] T 66a5fcc69a164715b9a0f45ea3af7ccf P 0c30a7aed6a54596aa72aa2ef5d076e5 [LEADER]: Connected to new peer: Peer: permanent_uuid: "13790894489a4fb3be7e275f287f5b4d" member_type: VOTER last_known_addr { host: "127.11.155.67" port: 40875 }, Status: LMP_MISMATCH, Last received: 0.0, Next index: 3, Last known committed idx: 2, Time since last communication: 0.000s
I20260709 14:47:43.719453 12020 raft_consensus.cc:1275] T 66a5fcc69a164715b9a0f45ea3af7ccf P c5af060e772840bc8f15cb42abfec39c [term 3 FOLLOWER]: Refusing update from remote peer 0c30a7aed6a54596aa72aa2ef5d076e5: Log matching property violated. Preceding OpId in replica: term: 2 index: 2. Preceding OpId from leader: term: 3 index: 3. (index mismatch)
I20260709 14:47:43.720858 12334 consensus_queue.cc:1048] T 66a5fcc69a164715b9a0f45ea3af7ccf P 0c30a7aed6a54596aa72aa2ef5d076e5 [LEADER]: Connected to new peer: Peer: permanent_uuid: "c5af060e772840bc8f15cb42abfec39c" member_type: VOTER last_known_addr { host: "127.11.155.65" port: 43569 }, Status: LMP_MISMATCH, Last received: 0.0, Next index: 3, Last known committed idx: 2, Time since last communication: 0.000s
I20260709 14:47:45.697592 11885 auto_leader_rebalancer.cc:141] leader rebalance for table test-workload
I20260709 14:47:46.143219 12095 tablet_service.cc:2072] Received LeaderStepDown RPC: tablet_id: "08eac3e6e1ee40738df5759caf6b604b"
dest_uuid: "0c30a7aed6a54596aa72aa2ef5d076e5"
mode: GRACEFUL
new_leader_uuid: "c5af060e772840bc8f15cb42abfec39c"
 from {username='slave'} at 127.0.0.1:39924
I20260709 14:47:46.144238 12095 raft_consensus.cc:606] T 08eac3e6e1ee40738df5759caf6b604b P 0c30a7aed6a54596aa72aa2ef5d076e5 [term 2 LEADER]: Received request to transfer leadership to TS c5af060e772840bc8f15cb42abfec39c
