I20260709 14:47:58.990876 13303 consensus_queue.cc:237] T 024bac252ba849cb938132b5ca196c1b P b7e894c1e1974cdb962dda91f2dfa068 [LEADER]: Queue going to LEADER mode. State: All replicated index: 0, Majority replicated index: 0, Committed index: 0, Last appended: 0.0, Last appended by leader: 0, Current term: 1, Majority size: 2, State: 0, Mode: LEADER, active raft config: opid_index: -1 OBSOLETE_local: false peers { permanent_uuid: "68db4da20f2f41e8ac68a1a39a501a21" member_type: VOTER last_known_addr { host: "127.11.176.193" port: 36657 } } peers { permanent_uuid: "b7e894c1e1974cdb962dda91f2dfa068" member_type: VOTER last_known_addr { host: "127.11.176.194" port: 44387 } } peers { permanent_uuid: "a9913697ae8b4a79b2107975779c3ebd" member_type: VOTER last_known_addr { host: "127.11.176.195" port: 44019 } }
I20260709 14:47:58.992247 13260 tablet_bootstrap.cc:654] T e985fc0c44ab4f5e8f057f171e61eae1 P b7e894c1e1974cdb962dda91f2dfa068: Neither blocks nor log segments found. Creating new log.
W20260709 14:47:58.993462 13017 auto_rebalancer.cc:288] Could not retrieve cluster info: Service unavailable: Tablet not running
I20260709 14:47:58.995231 13261 tablet_bootstrap.cc:654] T e985fc0c44ab4f5e8f057f171e61eae1 P a9913697ae8b4a79b2107975779c3ebd: Neither blocks nor log segments found. Creating new log.
I20260709 14:47:59.003887 13260 tablet_bootstrap.cc:492] T e985fc0c44ab4f5e8f057f171e61eae1 P b7e894c1e1974cdb962dda91f2dfa068: No bootstrap required, opened a new log
I20260709 14:47:59.004972 13356 raft_consensus.cc:493] T 617eda7f46454994a4af8b1c446a437d P a9913697ae8b4a79b2107975779c3ebd [term 0 FOLLOWER]: Starting pre-election (no leader contacted us within the election timeout)
I20260709 14:47:59.005357 13260 ts_tablet_manager.cc:1403] T e985fc0c44ab4f5e8f057f171e61eae1 P b7e894c1e1974cdb962dda91f2dfa068: Time spent bootstrapping tablet: real 0.040s	user 0.008s	sys 0.002s
I20260709 14:47:59.005537 13356 raft_consensus.cc:515] T 617eda7f46454994a4af8b1c446a437d P a9913697ae8b4a79b2107975779c3ebd [term 0 FOLLOWER]: Starting pre-election with config: opid_index: -1 OBSOLETE_local: false peers { permanent_uuid: "68db4da20f2f41e8ac68a1a39a501a21" member_type: VOTER last_known_addr { host: "127.11.176.193" port: 36657 } } peers { permanent_uuid: "b7e894c1e1974cdb962dda91f2dfa068" member_type: VOTER last_known_addr { host: "127.11.176.194" port: 44387 } } peers { permanent_uuid: "a9913697ae8b4a79b2107975779c3ebd" member_type: VOTER last_known_addr { host: "127.11.176.195" port: 44019 } }
I20260709 14:47:59.006359 13262 tablet_bootstrap.cc:492] T 024bac252ba849cb938132b5ca196c1b P 68db4da20f2f41e8ac68a1a39a501a21: No bootstrap required, opened a new log
I20260709 14:47:59.006803 13262 ts_tablet_manager.cc:1403] T 024bac252ba849cb938132b5ca196c1b P 68db4da20f2f41e8ac68a1a39a501a21: Time spent bootstrapping tablet: real 0.067s	user 0.014s	sys 0.032s
I20260709 14:47:59.007911 13356 leader_election.cc:290] T 617eda7f46454994a4af8b1c446a437d P a9913697ae8b4a79b2107975779c3ebd [CANDIDATE]: Term 1 pre-election: Requested pre-vote from peers 68db4da20f2f41e8ac68a1a39a501a21 (127.11.176.193:36657), b7e894c1e1974cdb962dda91f2dfa068 (127.11.176.194:44387)
I20260709 14:47:59.007984 13260 raft_consensus.cc:359] T e985fc0c44ab4f5e8f057f171e61eae1 P b7e894c1e1974cdb962dda91f2dfa068 [term 0 FOLLOWER]: Replica starting. Triggering 0 pending ops. Active config: opid_index: -1 OBSOLETE_local: false peers { permanent_uuid: "68db4da20f2f41e8ac68a1a39a501a21" member_type: VOTER last_known_addr { host: "127.11.176.193" port: 36657 } } peers { permanent_uuid: "b7e894c1e1974cdb962dda91f2dfa068" member_type: VOTER last_known_addr { host: "127.11.176.194" port: 44387 } } peers { permanent_uuid: "a9913697ae8b4a79b2107975779c3ebd" member_type: VOTER last_known_addr { host: "127.11.176.195" port: 44019 } }
I20260709 14:47:59.008776 13260 raft_consensus.cc:385] T e985fc0c44ab4f5e8f057f171e61eae1 P b7e894c1e1974cdb962dda91f2dfa068 [term 0 FOLLOWER]: Consensus starting up: Expiring failure detector timer to make a prompt election more likely
I20260709 14:47:59.009042 13260 raft_consensus.cc:740] T e985fc0c44ab4f5e8f057f171e61eae1 P b7e894c1e1974cdb962dda91f2dfa068 [term 0 FOLLOWER]: Becoming Follower/Learner. State: Replica: b7e894c1e1974cdb962dda91f2dfa068, State: Initialized, Role: FOLLOWER
I20260709 14:47:59.009224 13262 raft_consensus.cc:359] T 024bac252ba849cb938132b5ca196c1b P 68db4da20f2f41e8ac68a1a39a501a21 [term 0 FOLLOWER]: Replica starting. Triggering 0 pending ops. Active config: opid_index: -1 OBSOLETE_local: false peers { permanent_uuid: "68db4da20f2f41e8ac68a1a39a501a21" member_type: VOTER last_known_addr { host: "127.11.176.193" port: 36657 } } peers { permanent_uuid: "b7e894c1e1974cdb962dda91f2dfa068" member_type: VOTER last_known_addr { host: "127.11.176.194" port: 44387 } } peers { permanent_uuid: "a9913697ae8b4a79b2107975779c3ebd" member_type: VOTER last_known_addr { host: "127.11.176.195" port: 44019 } }
I20260709 14:47:59.010741 13145 tablet_service.cc:1917] Received RequestConsensusVote() RPC: tablet_id: "617eda7f46454994a4af8b1c446a437d" candidate_uuid: "a9913697ae8b4a79b2107975779c3ebd" candidate_term: 1 candidate_status { last_received { term: 0 index: 0 } } ignore_live_leader: false dest_uuid: "b7e894c1e1974cdb962dda91f2dfa068" is_pre_election: true
I20260709 14:47:59.009871 13262 raft_consensus.cc:385] T 024bac252ba849cb938132b5ca196c1b P 68db4da20f2f41e8ac68a1a39a501a21 [term 0 FOLLOWER]: Consensus starting up: Expiring failure detector timer to make a prompt election more likely
I20260709 14:47:59.012198 13069 tablet_service.cc:1917] Received RequestConsensusVote() RPC: tablet_id: "617eda7f46454994a4af8b1c446a437d" candidate_uuid: "a9913697ae8b4a79b2107975779c3ebd" candidate_term: 1 candidate_status { last_received { term: 0 index: 0 } } ignore_live_leader: false dest_uuid: "68db4da20f2f41e8ac68a1a39a501a21" is_pre_election: true
I20260709 14:47:59.012807 13069 raft_consensus.cc:2468] T 617eda7f46454994a4af8b1c446a437d P 68db4da20f2f41e8ac68a1a39a501a21 [term 0 FOLLOWER]: Leader pre-election vote request: Granting yes vote for candidate a9913697ae8b4a79b2107975779c3ebd in term 0.
I20260709 14:47:59.013870 13145 raft_consensus.cc:2468] T 617eda7f46454994a4af8b1c446a437d P b7e894c1e1974cdb962dda91f2dfa068 [term 0 FOLLOWER]: Leader pre-election vote request: Granting yes vote for candidate a9913697ae8b4a79b2107975779c3ebd in term 0.
I20260709 14:47:59.014003 13185 leader_election.cc:304] T 617eda7f46454994a4af8b1c446a437d P a9913697ae8b4a79b2107975779c3ebd [CANDIDATE]: Term 1 pre-election: Election decided. Result: candidate won. Election summary: received 2 responses out of 3 voters: 2 yes votes; 0 no votes. yes voters: 68db4da20f2f41e8ac68a1a39a501a21, a9913697ae8b4a79b2107975779c3ebd; no voters: 
I20260709 14:47:59.015537 13356 raft_consensus.cc:2804] T 617eda7f46454994a4af8b1c446a437d P a9913697ae8b4a79b2107975779c3ebd [term 0 FOLLOWER]: Leader pre-election won for term 1
I20260709 14:47:59.015923 13356 raft_consensus.cc:493] T 617eda7f46454994a4af8b1c446a437d P a9913697ae8b4a79b2107975779c3ebd [term 0 FOLLOWER]: Starting leader election (no leader contacted us within the election timeout)
I20260709 14:47:59.016264 13356 raft_consensus.cc:3060] T 617eda7f46454994a4af8b1c446a437d P a9913697ae8b4a79b2107975779c3ebd [term 0 FOLLOWER]: Advancing to term 1
I20260709 14:47:59.016518 13262 raft_consensus.cc:740] T 024bac252ba849cb938132b5ca196c1b P 68db4da20f2f41e8ac68a1a39a501a21 [term 0 FOLLOWER]: Becoming Follower/Learner. State: Replica: 68db4da20f2f41e8ac68a1a39a501a21, State: Initialized, Role: FOLLOWER
I20260709 14:47:59.017411 13262 consensus_queue.cc:260] T 024bac252ba849cb938132b5ca196c1b P 68db4da20f2f41e8ac68a1a39a501a21 [NON_LEADER]: Queue going to NON_LEADER mode. State: All replicated index: 0, Majority replicated index: 0, Committed index: 0, Last appended: 0.0, Last appended by leader: 0, Current term: 0, Majority size: -1, State: 0, Mode: NON_LEADER, active raft config: opid_index: -1 OBSOLETE_local: false peers { permanent_uuid: "68db4da20f2f41e8ac68a1a39a501a21" member_type: VOTER last_known_addr { host: "127.11.176.193" port: 36657 } } peers { permanent_uuid: "b7e894c1e1974cdb962dda91f2dfa068" member_type: VOTER last_known_addr { host: "127.11.176.194" port: 44387 } } peers { permanent_uuid: "a9913697ae8b4a79b2107975779c3ebd" member_type: VOTER last_known_addr { host: "127.11.176.195" port: 44019 } }
I20260709 14:47:59.019194 13260 consensus_queue.cc:260] T e985fc0c44ab4f5e8f057f171e61eae1 P b7e894c1e1974cdb962dda91f2dfa068 [NON_LEADER]: Queue going to NON_LEADER mode. State: All replicated index: 0, Majority replicated index: 0, Committed index: 0, Last appended: 0.0, Last appended by leader: 0, Current term: 0, Majority size: -1, State: 0, Mode: NON_LEADER, active raft config: opid_index: -1 OBSOLETE_local: false peers { permanent_uuid: "68db4da20f2f41e8ac68a1a39a501a21" member_type: VOTER last_known_addr { host: "127.11.176.193" port: 36657 } } peers { permanent_uuid: "b7e894c1e1974cdb962dda91f2dfa068" member_type: VOTER last_known_addr { host: "127.11.176.194" port: 44387 } } peers { permanent_uuid: "a9913697ae8b4a79b2107975779c3ebd" member_type: VOTER last_known_addr { host: "127.11.176.195" port: 44019 } }
I20260709 14:47:59.021219 13260 ts_tablet_manager.cc:1434] T e985fc0c44ab4f5e8f057f171e61eae1 P b7e894c1e1974cdb962dda91f2dfa068: Time spent starting tablet: real 0.016s	user 0.006s	sys 0.000s
I20260709 14:47:59.022068 13260 tablet_bootstrap.cc:492] T dae2d9b5f45644a88789d3be4cfb9258 P b7e894c1e1974cdb962dda91f2dfa068: Bootstrap starting.
I20260709 14:47:59.027690 13262 ts_tablet_manager.cc:1434] T 024bac252ba849cb938132b5ca196c1b P 68db4da20f2f41e8ac68a1a39a501a21: Time spent starting tablet: real 0.021s	user 0.007s	sys 0.000s
I20260709 14:47:59.028652 13356 raft_consensus.cc:515] T 617eda7f46454994a4af8b1c446a437d P a9913697ae8b4a79b2107975779c3ebd [term 1 FOLLOWER]: Starting leader election with config: opid_index: -1 OBSOLETE_local: false peers { permanent_uuid: "68db4da20f2f41e8ac68a1a39a501a21" member_type: VOTER last_known_addr { host: "127.11.176.193" port: 36657 } } peers { permanent_uuid: "b7e894c1e1974cdb962dda91f2dfa068" member_type: VOTER last_known_addr { host: "127.11.176.194" port: 44387 } } peers { permanent_uuid: "a9913697ae8b4a79b2107975779c3ebd" member_type: VOTER last_known_addr { host: "127.11.176.195" port: 44019 } }
I20260709 14:47:59.031527 13069 tablet_service.cc:1917] Received RequestConsensusVote() RPC: tablet_id: "617eda7f46454994a4af8b1c446a437d" candidate_uuid: "a9913697ae8b4a79b2107975779c3ebd" candidate_term: 1 candidate_status { last_received { term: 0 index: 0 } } ignore_live_leader: false dest_uuid: "68db4da20f2f41e8ac68a1a39a501a21"
I20260709 14:47:59.032159 13069 raft_consensus.cc:3060] T 617eda7f46454994a4af8b1c446a437d P 68db4da20f2f41e8ac68a1a39a501a21 [term 0 FOLLOWER]: Advancing to term 1
I20260709 14:47:59.035601 13260 tablet_bootstrap.cc:654] T dae2d9b5f45644a88789d3be4cfb9258 P b7e894c1e1974cdb962dda91f2dfa068: Neither blocks nor log segments found. Creating new log.
I20260709 14:47:59.035760 12968 catalog_manager.cc:5697] T 024bac252ba849cb938132b5ca196c1b P b7e894c1e1974cdb962dda91f2dfa068 reported cstate change: term changed from 0 to 1, leader changed from <none> to b7e894c1e1974cdb962dda91f2dfa068 (127.11.176.194). New cstate: current_term: 1 leader_uuid: "b7e894c1e1974cdb962dda91f2dfa068" committed_config { opid_index: -1 OBSOLETE_local: false peers { permanent_uuid: "68db4da20f2f41e8ac68a1a39a501a21" member_type: VOTER last_known_addr { host: "127.11.176.193" port: 36657 } health_report { overall_health: UNKNOWN } } peers { permanent_uuid: "b7e894c1e1974cdb962dda91f2dfa068" member_type: VOTER last_known_addr { host: "127.11.176.194" port: 44387 } health_report { overall_health: HEALTHY } } peers { permanent_uuid: "a9913697ae8b4a79b2107975779c3ebd" member_type: VOTER last_known_addr { host: "127.11.176.195" port: 44019 } health_report { overall_health: UNKNOWN } } }
I20260709 14:47:59.035830 13262 tablet_bootstrap.cc:492] T cf5c7551140e437f88f7e61baa08e2ca P 68db4da20f2f41e8ac68a1a39a501a21: Bootstrap starting.
I20260709 14:47:59.038582 13069 raft_consensus.cc:2468] T 617eda7f46454994a4af8b1c446a437d P 68db4da20f2f41e8ac68a1a39a501a21 [term 1 FOLLOWER]: Leader election vote request: Granting yes vote for candidate a9913697ae8b4a79b2107975779c3ebd in term 1.
I20260709 14:47:59.039919 13185 leader_election.cc:304] T 617eda7f46454994a4af8b1c446a437d P a9913697ae8b4a79b2107975779c3ebd [CANDIDATE]: Term 1 election: Election decided. Result: candidate won. Election summary: received 2 responses out of 3 voters: 2 yes votes; 0 no votes. yes voters: 68db4da20f2f41e8ac68a1a39a501a21, a9913697ae8b4a79b2107975779c3ebd; no voters: 
I20260709 14:47:59.040766 13350 raft_consensus.cc:2804] T 617eda7f46454994a4af8b1c446a437d P a9913697ae8b4a79b2107975779c3ebd [term 1 FOLLOWER]: Leader election won for term 1
I20260709 14:47:59.041742 13350 raft_consensus.cc:697] T 617eda7f46454994a4af8b1c446a437d P a9913697ae8b4a79b2107975779c3ebd [term 1 LEADER]: Becoming Leader. State: Replica: a9913697ae8b4a79b2107975779c3ebd, State: Running, Role: LEADER
I20260709 14:47:59.042553 13350 consensus_queue.cc:237] T 617eda7f46454994a4af8b1c446a437d P a9913697ae8b4a79b2107975779c3ebd [LEADER]: Queue going to LEADER mode. State: All replicated index: 0, Majority replicated index: 0, Committed index: 0, Last appended: 0.0, Last appended by leader: 0, Current term: 1, Majority size: 2, State: 0, Mode: LEADER, active raft config: opid_index: -1 OBSOLETE_local: false peers { permanent_uuid: "68db4da20f2f41e8ac68a1a39a501a21" member_type: VOTER last_known_addr { host: "127.11.176.193" port: 36657 } } peers { permanent_uuid: "b7e894c1e1974cdb962dda91f2dfa068" member_type: VOTER last_known_addr { host: "127.11.176.194" port: 44387 } } peers { permanent_uuid: "a9913697ae8b4a79b2107975779c3ebd" member_type: VOTER last_known_addr { host: "127.11.176.195" port: 44019 } }
I20260709 14:47:59.046293 13261 tablet_bootstrap.cc:492] T e985fc0c44ab4f5e8f057f171e61eae1 P a9913697ae8b4a79b2107975779c3ebd: No bootstrap required, opened a new log
I20260709 14:47:59.046797 13261 ts_tablet_manager.cc:1403] T e985fc0c44ab4f5e8f057f171e61eae1 P a9913697ae8b4a79b2107975779c3ebd: Time spent bootstrapping tablet: real 0.062s	user 0.015s	sys 0.003s
I20260709 14:47:59.048203 13146 tablet_service.cc:1917] Received RequestConsensusVote() RPC: tablet_id: "617eda7f46454994a4af8b1c446a437d" candidate_uuid: "a9913697ae8b4a79b2107975779c3ebd" candidate_term: 1 candidate_status { last_received { term: 0 index: 0 } } ignore_live_leader: false dest_uuid: "b7e894c1e1974cdb962dda91f2dfa068"
I20260709 14:47:59.048848 13146 raft_consensus.cc:3060] T 617eda7f46454994a4af8b1c446a437d P b7e894c1e1974cdb962dda91f2dfa068 [term 0 FOLLOWER]: Advancing to term 1
I20260709 14:47:59.051545 13261 raft_consensus.cc:359] T e985fc0c44ab4f5e8f057f171e61eae1 P a9913697ae8b4a79b2107975779c3ebd [term 0 FOLLOWER]: Replica starting. Triggering 0 pending ops. Active config: opid_index: -1 OBSOLETE_local: false peers { permanent_uuid: "68db4da20f2f41e8ac68a1a39a501a21" member_type: VOTER last_known_addr { host: "127.11.176.193" port: 36657 } } peers { permanent_uuid: "b7e894c1e1974cdb962dda91f2dfa068" member_type: VOTER last_known_addr { host: "127.11.176.194" port: 44387 } } peers { permanent_uuid: "a9913697ae8b4a79b2107975779c3ebd" member_type: VOTER last_known_addr { host: "127.11.176.195" port: 44019 } }
I20260709 14:47:59.052239 13261 raft_consensus.cc:385] T e985fc0c44ab4f5e8f057f171e61eae1 P a9913697ae8b4a79b2107975779c3ebd [term 0 FOLLOWER]: Consensus starting up: Expiring failure detector timer to make a prompt election more likely
I20260709 14:47:59.052488 13261 raft_consensus.cc:740] T e985fc0c44ab4f5e8f057f171e61eae1 P a9913697ae8b4a79b2107975779c3ebd [term 0 FOLLOWER]: Becoming Follower/Learner. State: Replica: a9913697ae8b4a79b2107975779c3ebd, State: Initialized, Role: FOLLOWER
I20260709 14:47:59.053328 13261 consensus_queue.cc:260] T e985fc0c44ab4f5e8f057f171e61eae1 P a9913697ae8b4a79b2107975779c3ebd [NON_LEADER]: Queue going to NON_LEADER mode. State: All replicated index: 0, Majority replicated index: 0, Committed index: 0, Last appended: 0.0, Last appended by leader: 0, Current term: 0, Majority size: -1, State: 0, Mode: NON_LEADER, active raft config: opid_index: -1 OBSOLETE_local: false peers { permanent_uuid: "68db4da20f2f41e8ac68a1a39a501a21" member_type: VOTER last_known_addr { host: "127.11.176.193" port: 36657 } } peers { permanent_uuid: "b7e894c1e1974cdb962dda91f2dfa068" member_type: VOTER last_known_addr { host: "127.11.176.194" port: 44387 } } peers { permanent_uuid: "a9913697ae8b4a79b2107975779c3ebd" member_type: VOTER last_known_addr { host: "127.11.176.195" port: 44019 } }
I20260709 14:47:59.056717 13146 raft_consensus.cc:2468] T 617eda7f46454994a4af8b1c446a437d P b7e894c1e1974cdb962dda91f2dfa068 [term 1 FOLLOWER]: Leader election vote request: Granting yes vote for candidate a9913697ae8b4a79b2107975779c3ebd in term 1.
I20260709 14:47:59.056900 13261 ts_tablet_manager.cc:1434] T e985fc0c44ab4f5e8f057f171e61eae1 P a9913697ae8b4a79b2107975779c3ebd: Time spent starting tablet: real 0.010s	user 0.007s	sys 0.000s
I20260709 14:47:59.059568 13261 tablet_bootstrap.cc:492] T b9d181d7065d45df99b3550d7e89a07a P a9913697ae8b4a79b2107975779c3ebd: Bootstrap starting.
I20260709 14:47:59.060689 13262 tablet_bootstrap.cc:654] T cf5c7551140e437f88f7e61baa08e2ca P 68db4da20f2f41e8ac68a1a39a501a21: Neither blocks nor log segments found. Creating new log.
I20260709 14:47:59.065369 13261 tablet_bootstrap.cc:654] T b9d181d7065d45df99b3550d7e89a07a P a9913697ae8b4a79b2107975779c3ebd: Neither blocks nor log segments found. Creating new log.
I20260709 14:47:59.065073 13311 consensus_queue.cc:1048] T e354e7db316f4feba0289eb36ada4d8a P a9913697ae8b4a79b2107975779c3ebd [LEADER]: Connected to new peer: Peer: permanent_uuid: "68db4da20f2f41e8ac68a1a39a501a21" member_type: VOTER last_known_addr { host: "127.11.176.193" port: 36657 }, Status: LMP_MISMATCH, Last received: 0.0, Next index: 1, Last known committed idx: 0, Time since last communication: 0.000s
I20260709 14:47:59.045320 13356 leader_election.cc:290] T 617eda7f46454994a4af8b1c446a437d P a9913697ae8b4a79b2107975779c3ebd [CANDIDATE]: Term 1 election: Requested vote from peers 68db4da20f2f41e8ac68a1a39a501a21 (127.11.176.193:36657), b7e894c1e1974cdb962dda91f2dfa068 (127.11.176.194:44387)
I20260709 14:47:59.070246 13260 tablet_bootstrap.cc:492] T dae2d9b5f45644a88789d3be4cfb9258 P b7e894c1e1974cdb962dda91f2dfa068: No bootstrap required, opened a new log
I20260709 14:47:59.071197 13260 ts_tablet_manager.cc:1403] T dae2d9b5f45644a88789d3be4cfb9258 P b7e894c1e1974cdb962dda91f2dfa068: Time spent bootstrapping tablet: real 0.049s	user 0.013s	sys 0.012s
I20260709 14:47:59.073726 13260 raft_consensus.cc:359] T dae2d9b5f45644a88789d3be4cfb9258 P b7e894c1e1974cdb962dda91f2dfa068 [term 0 FOLLOWER]: Replica starting. Triggering 0 pending ops. Active config: opid_index: -1 OBSOLETE_local: false peers { permanent_uuid: "68db4da20f2f41e8ac68a1a39a501a21" member_type: VOTER last_known_addr { host: "127.11.176.193" port: 36657 } } peers { permanent_uuid: "b7e894c1e1974cdb962dda91f2dfa068" member_type: VOTER last_known_addr { host: "127.11.176.194" port: 44387 } } peers { permanent_uuid: "a9913697ae8b4a79b2107975779c3ebd" member_type: VOTER last_known_addr { host: "127.11.176.195" port: 44019 } }
I20260709 14:47:59.074326 13260 raft_consensus.cc:385] T dae2d9b5f45644a88789d3be4cfb9258 P b7e894c1e1974cdb962dda91f2dfa068 [term 0 FOLLOWER]: Consensus starting up: Expiring failure detector timer to make a prompt election more likely
I20260709 14:47:59.074589 13260 raft_consensus.cc:740] T dae2d9b5f45644a88789d3be4cfb9258 P b7e894c1e1974cdb962dda91f2dfa068 [term 0 FOLLOWER]: Becoming Follower/Learner. State: Replica: b7e894c1e1974cdb962dda91f2dfa068, State: Initialized, Role: FOLLOWER
I20260709 14:47:59.075217 13260 consensus_queue.cc:260] T dae2d9b5f45644a88789d3be4cfb9258 P b7e894c1e1974cdb962dda91f2dfa068 [NON_LEADER]: Queue going to NON_LEADER mode. State: All replicated index: 0, Majority replicated index: 0, Committed index: 0, Last appended: 0.0, Last appended by leader: 0, Current term: 0, Majority size: -1, State: 0, Mode: NON_LEADER, active raft config: opid_index: -1 OBSOLETE_local: false peers { permanent_uuid: "68db4da20f2f41e8ac68a1a39a501a21" member_type: VOTER last_known_addr { host: "127.11.176.193" port: 36657 } } peers { permanent_uuid: "b7e894c1e1974cdb962dda91f2dfa068" member_type: VOTER last_known_addr { host: "127.11.176.194" port: 44387 } } peers { permanent_uuid: "a9913697ae8b4a79b2107975779c3ebd" member_type: VOTER last_known_addr { host: "127.11.176.195" port: 44019 } }
I20260709 14:47:59.077194 13356 consensus_queue.cc:1048] T 7e638d9006c144df86cc744a89729433 P a9913697ae8b4a79b2107975779c3ebd [LEADER]: Connected to new peer: Peer: permanent_uuid: "b7e894c1e1974cdb962dda91f2dfa068" member_type: VOTER last_known_addr { host: "127.11.176.194" port: 44387 }, Status: LMP_MISMATCH, Last received: 0.0, Next index: 1, Last known committed idx: 0, Time since last communication: 0.000s
I20260709 14:47:59.079591 13260 ts_tablet_manager.cc:1434] T dae2d9b5f45644a88789d3be4cfb9258 P b7e894c1e1974cdb962dda91f2dfa068: Time spent starting tablet: real 0.008s	user 0.005s	sys 0.000s
W20260709 14:47:59.079883 13111 consensus_peers.cc:597] T cf5c7551140e437f88f7e61baa08e2ca P b7e894c1e1974cdb962dda91f2dfa068 -> Peer 68db4da20f2f41e8ac68a1a39a501a21 (127.11.176.193:36657): Couldn't send request to peer 68db4da20f2f41e8ac68a1a39a501a21. Error code: TABLET_NOT_RUNNING (12). Status: Illegal state: Tablet not RUNNING: BOOTSTRAPPING. This is attempt 1: this message will repeat every 5th retry.
I20260709 14:47:59.080469 13260 tablet_bootstrap.cc:492] T 9d4184fc192642b2b79713777e8239a1 P b7e894c1e1974cdb962dda91f2dfa068: Bootstrap starting.
I20260709 14:47:59.082317 13298 consensus_queue.cc:1048] T d4aea9e56e8b46718dcceca86a70a476 P 68db4da20f2f41e8ac68a1a39a501a21 [LEADER]: Connected to new peer: Peer: permanent_uuid: "b7e894c1e1974cdb962dda91f2dfa068" member_type: VOTER last_known_addr { host: "127.11.176.194" port: 44387 }, Status: LMP_MISMATCH, Last received: 0.0, Next index: 1, Last known committed idx: 0, Time since last communication: 0.000s
I20260709 14:47:59.090575 13303 raft_consensus.cc:493] T dae2d9b5f45644a88789d3be4cfb9258 P b7e894c1e1974cdb962dda91f2dfa068 [term 0 FOLLOWER]: Starting pre-election (no leader contacted us within the election timeout)
I20260709 14:47:59.091084 13303 raft_consensus.cc:515] T dae2d9b5f45644a88789d3be4cfb9258 P b7e894c1e1974cdb962dda91f2dfa068 [term 0 FOLLOWER]: Starting pre-election with config: opid_index: -1 OBSOLETE_local: false peers { permanent_uuid: "68db4da20f2f41e8ac68a1a39a501a21" member_type: VOTER last_known_addr { host: "127.11.176.193" port: 36657 } } peers { permanent_uuid: "b7e894c1e1974cdb962dda91f2dfa068" member_type: VOTER last_known_addr { host: "127.11.176.194" port: 44387 } } peers { permanent_uuid: "a9913697ae8b4a79b2107975779c3ebd" member_type: VOTER last_known_addr { host: "127.11.176.195" port: 44019 } }
I20260709 14:47:59.093485 13303 leader_election.cc:290] T dae2d9b5f45644a88789d3be4cfb9258 P b7e894c1e1974cdb962dda91f2dfa068 [CANDIDATE]: Term 1 pre-election: Requested pre-vote from peers 68db4da20f2f41e8ac68a1a39a501a21 (127.11.176.193:36657), a9913697ae8b4a79b2107975779c3ebd (127.11.176.195:44019)
I20260709 14:47:59.093729 13071 tablet_service.cc:1917] Received RequestConsensusVote() RPC: tablet_id: "dae2d9b5f45644a88789d3be4cfb9258" candidate_uuid: "b7e894c1e1974cdb962dda91f2dfa068" candidate_term: 1 candidate_status { last_received { term: 0 index: 0 } } ignore_live_leader: false dest_uuid: "68db4da20f2f41e8ac68a1a39a501a21" is_pre_election: true
I20260709 14:47:59.094084 13220 tablet_service.cc:1917] Received RequestConsensusVote() RPC: tablet_id: "dae2d9b5f45644a88789d3be4cfb9258" candidate_uuid: "b7e894c1e1974cdb962dda91f2dfa068" candidate_term: 1 candidate_status { last_received { term: 0 index: 0 } } ignore_live_leader: false dest_uuid: "a9913697ae8b4a79b2107975779c3ebd" is_pre_election: true
I20260709 14:47:59.090539 13261 tablet_bootstrap.cc:492] T b9d181d7065d45df99b3550d7e89a07a P a9913697ae8b4a79b2107975779c3ebd: No bootstrap required, opened a new log
I20260709 14:47:59.094976 13261 ts_tablet_manager.cc:1403] T b9d181d7065d45df99b3550d7e89a07a P a9913697ae8b4a79b2107975779c3ebd: Time spent bootstrapping tablet: real 0.036s	user 0.009s	sys 0.003s
W20260709 14:47:59.095155 13111 leader_election.cc:343] T dae2d9b5f45644a88789d3be4cfb9258 P b7e894c1e1974cdb962dda91f2dfa068 [CANDIDATE]: Term 1 pre-election: Tablet error from VoteRequest() call to peer 68db4da20f2f41e8ac68a1a39a501a21 (127.11.176.193:36657): Illegal state: must be running to vote when last-logged opid is not known
W20260709 14:47:59.095681 13110 leader_election.cc:343] T dae2d9b5f45644a88789d3be4cfb9258 P b7e894c1e1974cdb962dda91f2dfa068 [CANDIDATE]: Term 1 pre-election: Tablet error from VoteRequest() call to peer a9913697ae8b4a79b2107975779c3ebd (127.11.176.195:44019): Illegal state: must be running to vote when last-logged opid is not known
I20260709 14:47:59.096143 13110 leader_election.cc:304] T dae2d9b5f45644a88789d3be4cfb9258 P b7e894c1e1974cdb962dda91f2dfa068 [CANDIDATE]: Term 1 pre-election: Election decided. Result: candidate lost. Election summary: received 3 responses out of 3 voters: 1 yes votes; 2 no votes. yes voters: b7e894c1e1974cdb962dda91f2dfa068; no voters: 68db4da20f2f41e8ac68a1a39a501a21, a9913697ae8b4a79b2107975779c3ebd
I20260709 14:47:59.097525 13364 raft_consensus.cc:2749] T dae2d9b5f45644a88789d3be4cfb9258 P b7e894c1e1974cdb962dda91f2dfa068 [term 0 FOLLOWER]: Leader pre-election lost for term 1. Reason: could not achieve majority
I20260709 14:47:59.097599 13261 raft_consensus.cc:359] T b9d181d7065d45df99b3550d7e89a07a P a9913697ae8b4a79b2107975779c3ebd [term 0 FOLLOWER]: Replica starting. Triggering 0 pending ops. Active config: opid_index: -1 OBSOLETE_local: false peers { permanent_uuid: "68db4da20f2f41e8ac68a1a39a501a21" member_type: VOTER last_known_addr { host: "127.11.176.193" port: 36657 } } peers { permanent_uuid: "b7e894c1e1974cdb962dda91f2dfa068" member_type: VOTER last_known_addr { host: "127.11.176.194" port: 44387 } } peers { permanent_uuid: "a9913697ae8b4a79b2107975779c3ebd" member_type: VOTER last_known_addr { host: "127.11.176.195" port: 44019 } }
I20260709 14:47:59.098328 13261 raft_consensus.cc:385] T b9d181d7065d45df99b3550d7e89a07a P a9913697ae8b4a79b2107975779c3ebd [term 0 FOLLOWER]: Consensus starting up: Expiring failure detector timer to make a prompt election more likely
I20260709 14:47:59.098580 13261 raft_consensus.cc:740] T b9d181d7065d45df99b3550d7e89a07a P a9913697ae8b4a79b2107975779c3ebd [term 0 FOLLOWER]: Becoming Follower/Learner. State: Replica: a9913697ae8b4a79b2107975779c3ebd, State: Initialized, Role: FOLLOWER
I20260709 14:47:59.099254 13261 consensus_queue.cc:260] T b9d181d7065d45df99b3550d7e89a07a P a9913697ae8b4a79b2107975779c3ebd [NON_LEADER]: Queue going to NON_LEADER mode. State: All replicated index: 0, Majority replicated index: 0, Committed index: 0, Last appended: 0.0, Last appended by leader: 0, Current term: 0, Majority size: -1, State: 0, Mode: NON_LEADER, active raft config: opid_index: -1 OBSOLETE_local: false peers { permanent_uuid: "68db4da20f2f41e8ac68a1a39a501a21" member_type: VOTER last_known_addr { host: "127.11.176.193" port: 36657 } } peers { permanent_uuid: "b7e894c1e1974cdb962dda91f2dfa068" member_type: VOTER last_known_addr { host: "127.11.176.194" port: 44387 } } peers { permanent_uuid: "a9913697ae8b4a79b2107975779c3ebd" member_type: VOTER last_known_addr { host: "127.11.176.195" port: 44019 } }
I20260709 14:47:59.103822 13260 tablet_bootstrap.cc:654] T 9d4184fc192642b2b79713777e8239a1 P b7e894c1e1974cdb962dda91f2dfa068: Neither blocks nor log segments found. Creating new log.
I20260709 14:47:59.108036 13303 consensus_queue.cc:1048] T cf5c7551140e437f88f7e61baa08e2ca P b7e894c1e1974cdb962dda91f2dfa068 [LEADER]: Connected to new peer: Peer: permanent_uuid: "a9913697ae8b4a79b2107975779c3ebd" member_type: VOTER last_known_addr { host: "127.11.176.195" port: 44019 }, Status: LMP_MISMATCH, Last received: 0.0, Next index: 1, Last known committed idx: 0, Time since last communication: 0.000s
I20260709 14:47:59.113919 13261 ts_tablet_manager.cc:1434] T b9d181d7065d45df99b3550d7e89a07a P a9913697ae8b4a79b2107975779c3ebd: Time spent starting tablet: real 0.019s	user 0.007s	sys 0.000s
I20260709 14:47:59.114857 13261 tablet_bootstrap.cc:492] T 0266341879054a5eac5c9c5cd5a34bd4 P a9913697ae8b4a79b2107975779c3ebd: Bootstrap starting.
I20260709 14:47:59.118971 12968 catalog_manager.cc:5697] T 617eda7f46454994a4af8b1c446a437d P a9913697ae8b4a79b2107975779c3ebd reported cstate change: term changed from 0 to 1, leader changed from <none> to a9913697ae8b4a79b2107975779c3ebd (127.11.176.195). New cstate: current_term: 1 leader_uuid: "a9913697ae8b4a79b2107975779c3ebd" committed_config { opid_index: -1 OBSOLETE_local: false peers { permanent_uuid: "68db4da20f2f41e8ac68a1a39a501a21" member_type: VOTER last_known_addr { host: "127.11.176.193" port: 36657 } health_report { overall_health: UNKNOWN } } peers { permanent_uuid: "b7e894c1e1974cdb962dda91f2dfa068" member_type: VOTER last_known_addr { host: "127.11.176.194" port: 44387 } health_report { overall_health: UNKNOWN } } peers { permanent_uuid: "a9913697ae8b4a79b2107975779c3ebd" member_type: VOTER last_known_addr { host: "127.11.176.195" port: 44019 } health_report { overall_health: HEALTHY } } }
I20260709 14:47:59.122474 13356 raft_consensus.cc:493] T b9d181d7065d45df99b3550d7e89a07a P a9913697ae8b4a79b2107975779c3ebd [term 0 FOLLOWER]: Starting pre-election (no leader contacted us within the election timeout)
I20260709 14:47:59.122989 13356 raft_consensus.cc:515] T b9d181d7065d45df99b3550d7e89a07a P a9913697ae8b4a79b2107975779c3ebd [term 0 FOLLOWER]: Starting pre-election with config: opid_index: -1 OBSOLETE_local: false peers { permanent_uuid: "68db4da20f2f41e8ac68a1a39a501a21" member_type: VOTER last_known_addr { host: "127.11.176.193" port: 36657 } } peers { permanent_uuid: "b7e894c1e1974cdb962dda91f2dfa068" member_type: VOTER last_known_addr { host: "127.11.176.194" port: 44387 } } peers { permanent_uuid: "a9913697ae8b4a79b2107975779c3ebd" member_type: VOTER last_known_addr { host: "127.11.176.195" port: 44019 } }
I20260709 14:47:59.120507 13261 tablet_bootstrap.cc:654] T 0266341879054a5eac5c9c5cd5a34bd4 P a9913697ae8b4a79b2107975779c3ebd: Neither blocks nor log segments found. Creating new log.
I20260709 14:47:59.149724 13262 tablet_bootstrap.cc:492] T cf5c7551140e437f88f7e61baa08e2ca P 68db4da20f2f41e8ac68a1a39a501a21: No bootstrap required, opened a new log
I20260709 14:47:59.172389 13262 ts_tablet_manager.cc:1403] T cf5c7551140e437f88f7e61baa08e2ca P 68db4da20f2f41e8ac68a1a39a501a21: Time spent bootstrapping tablet: real 0.137s	user 0.038s	sys 0.026s
I20260709 14:47:59.172161 13281 consensus_queue.cc:1048] T e354e7db316f4feba0289eb36ada4d8a P a9913697ae8b4a79b2107975779c3ebd [LEADER]: Connected to new peer: Peer: permanent_uuid: "b7e894c1e1974cdb962dda91f2dfa068" member_type: VOTER last_known_addr { host: "127.11.176.194" port: 44387 }, Status: LMP_MISMATCH, Last received: 0.0, Next index: 1, Last known committed idx: 0, Time since last communication: 0.001s
I20260709 14:47:59.133157 13298 consensus_queue.cc:1048] T d4aea9e56e8b46718dcceca86a70a476 P 68db4da20f2f41e8ac68a1a39a501a21 [LEADER]: Connected to new peer: Peer: permanent_uuid: "a9913697ae8b4a79b2107975779c3ebd" member_type: VOTER last_known_addr { host: "127.11.176.195" port: 44019 }, Status: LMP_MISMATCH, Last received: 0.0, Next index: 1, Last known committed idx: 0, Time since last communication: 0.040s
I20260709 14:47:59.160230 13071 tablet_service.cc:1917] Received RequestConsensusVote() RPC: tablet_id: "b9d181d7065d45df99b3550d7e89a07a" candidate_uuid: "a9913697ae8b4a79b2107975779c3ebd" candidate_term: 1 candidate_status { last_received { term: 0 index: 0 } } ignore_live_leader: false dest_uuid: "68db4da20f2f41e8ac68a1a39a501a21" is_pre_election: true
I20260709 14:47:59.188534 13356 leader_election.cc:290] T b9d181d7065d45df99b3550d7e89a07a P a9913697ae8b4a79b2107975779c3ebd [CANDIDATE]: Term 1 pre-election: Requested pre-vote from peers 68db4da20f2f41e8ac68a1a39a501a21 (127.11.176.193:36657), b7e894c1e1974cdb962dda91f2dfa068 (127.11.176.194:44387)
I20260709 14:47:59.200239 13145 tablet_service.cc:1917] Received RequestConsensusVote() RPC: tablet_id: "b9d181d7065d45df99b3550d7e89a07a" candidate_uuid: "a9913697ae8b4a79b2107975779c3ebd" candidate_term: 1 candidate_status { last_received { term: 0 index: 0 } } ignore_live_leader: false dest_uuid: "b7e894c1e1974cdb962dda91f2dfa068" is_pre_election: true
I20260709 14:47:59.201196 13145 raft_consensus.cc:2393] T b9d181d7065d45df99b3550d7e89a07a P b7e894c1e1974cdb962dda91f2dfa068 [term 1 FOLLOWER]: Leader pre-election vote request: Denying vote to candidate a9913697ae8b4a79b2107975779c3ebd in current term 1: Already voted for candidate 68db4da20f2f41e8ac68a1a39a501a21 in this term.
I20260709 14:47:59.202488 13303 consensus_queue.cc:1048] T 4164bec1973447768d95f0b763ee1deb P b7e894c1e1974cdb962dda91f2dfa068 [LEADER]: Connected to new peer: Peer: permanent_uuid: "68db4da20f2f41e8ac68a1a39a501a21" member_type: VOTER last_known_addr { host: "127.11.176.193" port: 36657 }, Status: LMP_MISMATCH, Last received: 0.0, Next index: 1, Last known committed idx: 0, Time since last communication: 0.000s
I20260709 14:47:59.208738 13262 raft_consensus.cc:359] T cf5c7551140e437f88f7e61baa08e2ca P 68db4da20f2f41e8ac68a1a39a501a21 [term 0 FOLLOWER]: Replica starting. Triggering 0 pending ops. Active config: opid_index: -1 OBSOLETE_local: false peers { permanent_uuid: "68db4da20f2f41e8ac68a1a39a501a21" member_type: VOTER last_known_addr { host: "127.11.176.193" port: 36657 } } peers { permanent_uuid: "b7e894c1e1974cdb962dda91f2dfa068" member_type: VOTER last_known_addr { host: "127.11.176.194" port: 44387 } } peers { permanent_uuid: "a9913697ae8b4a79b2107975779c3ebd" member_type: VOTER last_known_addr { host: "127.11.176.195" port: 44019 } }
I20260709 14:47:59.209404 13262 raft_consensus.cc:385] T cf5c7551140e437f88f7e61baa08e2ca P 68db4da20f2f41e8ac68a1a39a501a21 [term 0 FOLLOWER]: Consensus starting up: Expiring failure detector timer to make a prompt election more likely
I20260709 14:47:59.209331 13186 leader_election.cc:304] T b9d181d7065d45df99b3550d7e89a07a P a9913697ae8b4a79b2107975779c3ebd [CANDIDATE]: Term 1 pre-election: Election decided. Result: candidate lost. Election summary: received 3 responses out of 3 voters: 1 yes votes; 2 no votes. yes voters: a9913697ae8b4a79b2107975779c3ebd; no voters: 68db4da20f2f41e8ac68a1a39a501a21, b7e894c1e1974cdb962dda91f2dfa068
I20260709 14:47:59.209762 13262 raft_consensus.cc:740] T cf5c7551140e437f88f7e61baa08e2ca P 68db4da20f2f41e8ac68a1a39a501a21 [term 0 FOLLOWER]: Becoming Follower/Learner. State: Replica: 68db4da20f2f41e8ac68a1a39a501a21, State: Initialized, Role: FOLLOWER
I20260709 14:47:59.210177 13356 raft_consensus.cc:3060] T b9d181d7065d45df99b3550d7e89a07a P a9913697ae8b4a79b2107975779c3ebd [term 0 FOLLOWER]: Advancing to term 1
I20260709 14:47:59.210350 13262 consensus_queue.cc:260] T cf5c7551140e437f88f7e61baa08e2ca P 68db4da20f2f41e8ac68a1a39a501a21 [NON_LEADER]: Queue going to NON_LEADER mode. State: All replicated index: 0, Majority replicated index: 0, Committed index: 0, Last appended: 0.0, Last appended by leader: 0, Current term: 0, Majority size: -1, State: 0, Mode: NON_LEADER, active raft config: opid_index: -1 OBSOLETE_local: false peers { permanent_uuid: "68db4da20f2f41e8ac68a1a39a501a21" member_type: VOTER last_known_addr { host: "127.11.176.193" port: 36657 } } peers { permanent_uuid: "b7e894c1e1974cdb962dda91f2dfa068" member_type: VOTER last_known_addr { host: "127.11.176.194" port: 44387 } } peers { permanent_uuid: "a9913697ae8b4a79b2107975779c3ebd" member_type: VOTER last_known_addr { host: "127.11.176.195" port: 44019 } }
I20260709 14:47:59.212437 13311 consensus_queue.cc:1048] T 7e638d9006c144df86cc744a89729433 P a9913697ae8b4a79b2107975779c3ebd [LEADER]: Connected to new peer: Peer: permanent_uuid: "68db4da20f2f41e8ac68a1a39a501a21" member_type: VOTER last_known_addr { host: "127.11.176.193" port: 36657 }, Status: LMP_MISMATCH, Last received: 0.0, Next index: 1, Last known committed idx: 0, Time since last communication: 0.001s
I20260709 14:47:59.219897 13262 ts_tablet_manager.cc:1434] T cf5c7551140e437f88f7e61baa08e2ca P 68db4da20f2f41e8ac68a1a39a501a21: Time spent starting tablet: real 0.047s	user 0.006s	sys 0.000s
I20260709 14:47:59.220846 13262 tablet_bootstrap.cc:492] T 5152419337be4c878ddf11ef1553a07f P 68db4da20f2f41e8ac68a1a39a501a21: Bootstrap starting.
I20260709 14:47:59.253682 13356 raft_consensus.cc:2749] T b9d181d7065d45df99b3550d7e89a07a P a9913697ae8b4a79b2107975779c3ebd [term 1 FOLLOWER]: Leader pre-election lost for term 1. Reason: could not achieve majority
I20260709 14:47:59.276696 13260 tablet_bootstrap.cc:492] T 9d4184fc192642b2b79713777e8239a1 P b7e894c1e1974cdb962dda91f2dfa068: No bootstrap required, opened a new log
I20260709 14:47:59.277247 13260 ts_tablet_manager.cc:1403] T 9d4184fc192642b2b79713777e8239a1 P b7e894c1e1974cdb962dda91f2dfa068: Time spent bootstrapping tablet: real 0.197s	user 0.035s	sys 0.044s
I20260709 14:47:59.284116 13262 tablet_bootstrap.cc:654] T 5152419337be4c878ddf11ef1553a07f P 68db4da20f2f41e8ac68a1a39a501a21: Neither blocks nor log segments found. Creating new log.
I20260709 14:47:59.285213 13261 tablet_bootstrap.cc:492] T 0266341879054a5eac5c9c5cd5a34bd4 P a9913697ae8b4a79b2107975779c3ebd: No bootstrap required, opened a new log
I20260709 14:47:59.285647 13261 ts_tablet_manager.cc:1403] T 0266341879054a5eac5c9c5cd5a34bd4 P a9913697ae8b4a79b2107975779c3ebd: Time spent bootstrapping tablet: real 0.171s	user 0.011s	sys 0.013s
I20260709 14:47:59.280097 13260 raft_consensus.cc:359] T 9d4184fc192642b2b79713777e8239a1 P b7e894c1e1974cdb962dda91f2dfa068 [term 0 FOLLOWER]: Replica starting. Triggering 0 pending ops. Active config: opid_index: -1 OBSOLETE_local: false peers { permanent_uuid: "68db4da20f2f41e8ac68a1a39a501a21" member_type: VOTER last_known_addr { host: "127.11.176.193" port: 36657 } } peers { permanent_uuid: "b7e894c1e1974cdb962dda91f2dfa068" member_type: VOTER last_known_addr { host: "127.11.176.194" port: 44387 } } peers { permanent_uuid: "a9913697ae8b4a79b2107975779c3ebd" member_type: VOTER last_known_addr { host: "127.11.176.195" port: 44019 } }
I20260709 14:47:59.286801 13260 raft_consensus.cc:385] T 9d4184fc192642b2b79713777e8239a1 P b7e894c1e1974cdb962dda91f2dfa068 [term 0 FOLLOWER]: Consensus starting up: Expiring failure detector timer to make a prompt election more likely
I20260709 14:47:59.287065 13260 raft_consensus.cc:740] T 9d4184fc192642b2b79713777e8239a1 P b7e894c1e1974cdb962dda91f2dfa068 [term 0 FOLLOWER]: Becoming Follower/Learner. State: Replica: b7e894c1e1974cdb962dda91f2dfa068, State: Initialized, Role: FOLLOWER
I20260709 14:47:59.288372 13260 consensus_queue.cc:260] T 9d4184fc192642b2b79713777e8239a1 P b7e894c1e1974cdb962dda91f2dfa068 [NON_LEADER]: Queue going to NON_LEADER mode. State: All replicated index: 0, Majority replicated index: 0, Committed index: 0, Last appended: 0.0, Last appended by leader: 0, Current term: 0, Majority size: -1, State: 0, Mode: NON_LEADER, active raft config: opid_index: -1 OBSOLETE_local: false peers { permanent_uuid: "68db4da20f2f41e8ac68a1a39a501a21" member_type: VOTER last_known_addr { host: "127.11.176.193" port: 36657 } } peers { permanent_uuid: "b7e894c1e1974cdb962dda91f2dfa068" member_type: VOTER last_known_addr { host: "127.11.176.194" port: 44387 } } peers { permanent_uuid: "a9913697ae8b4a79b2107975779c3ebd" member_type: VOTER last_known_addr { host: "127.11.176.195" port: 44019 } }
I20260709 14:47:59.290553 13260 ts_tablet_manager.cc:1434] T 9d4184fc192642b2b79713777e8239a1 P b7e894c1e1974cdb962dda91f2dfa068: Time spent starting tablet: real 0.013s	user 0.006s	sys 0.000s
I20260709 14:47:59.290777 13347 consensus_queue.cc:1048] T 4164bec1973447768d95f0b763ee1deb P b7e894c1e1974cdb962dda91f2dfa068 [LEADER]: Connected to new peer: Peer: permanent_uuid: "a9913697ae8b4a79b2107975779c3ebd" member_type: VOTER last_known_addr { host: "127.11.176.195" port: 44019 }, Status: LMP_MISMATCH, Last received: 0.0, Next index: 1, Last known committed idx: 0, Time since last communication: 0.000s
I20260709 14:47:59.294660 13356 raft_consensus.cc:493] T e985fc0c44ab4f5e8f057f171e61eae1 P a9913697ae8b4a79b2107975779c3ebd [term 0 FOLLOWER]: Starting pre-election (no leader contacted us within the election timeout)
I20260709 14:47:59.295121 13356 raft_consensus.cc:515] T e985fc0c44ab4f5e8f057f171e61eae1 P a9913697ae8b4a79b2107975779c3ebd [term 0 FOLLOWER]: Starting pre-election with config: opid_index: -1 OBSOLETE_local: false peers { permanent_uuid: "68db4da20f2f41e8ac68a1a39a501a21" member_type: VOTER last_known_addr { host: "127.11.176.193" port: 36657 } } peers { permanent_uuid: "b7e894c1e1974cdb962dda91f2dfa068" member_type: VOTER last_known_addr { host: "127.11.176.194" port: 44387 } } peers { permanent_uuid: "a9913697ae8b4a79b2107975779c3ebd" member_type: VOTER last_known_addr { host: "127.11.176.195" port: 44019 } }
I20260709 14:47:59.297518 13261 raft_consensus.cc:359] T 0266341879054a5eac5c9c5cd5a34bd4 P a9913697ae8b4a79b2107975779c3ebd [term 0 FOLLOWER]: Replica starting. Triggering 0 pending ops. Active config: opid_index: -1 OBSOLETE_local: false peers { permanent_uuid: "68db4da20f2f41e8ac68a1a39a501a21" member_type: VOTER last_known_addr { host: "127.11.176.193" port: 36657 } } peers { permanent_uuid: "b7e894c1e1974cdb962dda91f2dfa068" member_type: VOTER last_known_addr { host: "127.11.176.194" port: 44387 } } peers { permanent_uuid: "a9913697ae8b4a79b2107975779c3ebd" member_type: VOTER last_known_addr { host: "127.11.176.195" port: 44019 } }
I20260709 14:47:59.298372 13261 raft_consensus.cc:385] T 0266341879054a5eac5c9c5cd5a34bd4 P a9913697ae8b4a79b2107975779c3ebd [term 0 FOLLOWER]: Consensus starting up: Expiring failure detector timer to make a prompt election more likely
I20260709 14:47:59.298671 13261 raft_consensus.cc:740] T 0266341879054a5eac5c9c5cd5a34bd4 P a9913697ae8b4a79b2107975779c3ebd [term 0 FOLLOWER]: Becoming Follower/Learner. State: Replica: a9913697ae8b4a79b2107975779c3ebd, State: Initialized, Role: FOLLOWER
I20260709 14:47:59.299417 13261 consensus_queue.cc:260] T 0266341879054a5eac5c9c5cd5a34bd4 P a9913697ae8b4a79b2107975779c3ebd [NON_LEADER]: Queue going to NON_LEADER mode. State: All replicated index: 0, Majority replicated index: 0, Committed index: 0, Last appended: 0.0, Last appended by leader: 0, Current term: 0, Majority size: -1, State: 0, Mode: NON_LEADER, active raft config: opid_index: -1 OBSOLETE_local: false peers { permanent_uuid: "68db4da20f2f41e8ac68a1a39a501a21" member_type: VOTER last_known_addr { host: "127.11.176.193" port: 36657 } } peers { permanent_uuid: "b7e894c1e1974cdb962dda91f2dfa068" member_type: VOTER last_known_addr { host: "127.11.176.194" port: 44387 } } peers { permanent_uuid: "a9913697ae8b4a79b2107975779c3ebd" member_type: VOTER last_known_addr { host: "127.11.176.195" port: 44019 } }
I20260709 14:47:59.301360 13261 ts_tablet_manager.cc:1434] T 0266341879054a5eac5c9c5cd5a34bd4 P a9913697ae8b4a79b2107975779c3ebd: Time spent starting tablet: real 0.015s	user 0.005s	sys 0.001s
I20260709 14:47:59.302237 13261 tablet_bootstrap.cc:492] T dae2d9b5f45644a88789d3be4cfb9258 P a9913697ae8b4a79b2107975779c3ebd: Bootstrap starting.
I20260709 14:47:59.302438 13356 leader_election.cc:290] T e985fc0c44ab4f5e8f057f171e61eae1 P a9913697ae8b4a79b2107975779c3ebd [CANDIDATE]: Term 1 pre-election: Requested pre-vote from peers 68db4da20f2f41e8ac68a1a39a501a21 (127.11.176.193:36657), b7e894c1e1974cdb962dda91f2dfa068 (127.11.176.194:44387)
I20260709 14:47:59.303968 13145 tablet_service.cc:1917] Received RequestConsensusVote() RPC: tablet_id: "e985fc0c44ab4f5e8f057f171e61eae1" candidate_uuid: "a9913697ae8b4a79b2107975779c3ebd" candidate_term: 1 candidate_status { last_received { term: 0 index: 0 } } ignore_live_leader: false dest_uuid: "b7e894c1e1974cdb962dda91f2dfa068" is_pre_election: true
I20260709 14:47:59.304596 13145 raft_consensus.cc:2468] T e985fc0c44ab4f5e8f057f171e61eae1 P b7e894c1e1974cdb962dda91f2dfa068 [term 0 FOLLOWER]: Leader pre-election vote request: Granting yes vote for candidate a9913697ae8b4a79b2107975779c3ebd in term 0.
I20260709 14:47:59.304984 13260 tablet_bootstrap.cc:492] T bb93188299db42dd8d98258d6ec97e25 P b7e894c1e1974cdb962dda91f2dfa068: Bootstrap starting.
I20260709 14:47:59.305792 13186 leader_election.cc:304] T e985fc0c44ab4f5e8f057f171e61eae1 P a9913697ae8b4a79b2107975779c3ebd [CANDIDATE]: Term 1 pre-election: Election decided. Result: candidate won. Election summary: received 2 responses out of 3 voters: 2 yes votes; 0 no votes. yes voters: a9913697ae8b4a79b2107975779c3ebd, b7e894c1e1974cdb962dda91f2dfa068; no voters: 
I20260709 14:47:59.307693 13261 tablet_bootstrap.cc:654] T dae2d9b5f45644a88789d3be4cfb9258 P a9913697ae8b4a79b2107975779c3ebd: Neither blocks nor log segments found. Creating new log.
I20260709 14:47:59.308220 13071 tablet_service.cc:1917] Received RequestConsensusVote() RPC: tablet_id: "e985fc0c44ab4f5e8f057f171e61eae1" candidate_uuid: "a9913697ae8b4a79b2107975779c3ebd" candidate_term: 1 candidate_status { last_received { term: 0 index: 0 } } ignore_live_leader: false dest_uuid: "68db4da20f2f41e8ac68a1a39a501a21" is_pre_election: true
W20260709 14:47:59.311496 13185 leader_election.cc:343] T e985fc0c44ab4f5e8f057f171e61eae1 P a9913697ae8b4a79b2107975779c3ebd [CANDIDATE]: Term 1 pre-election: Tablet error from VoteRequest() call to peer 68db4da20f2f41e8ac68a1a39a501a21 (127.11.176.193:36657): Illegal state: must be running to vote when last-logged opid is not known
I20260709 14:47:59.307792 13311 raft_consensus.cc:2804] T e985fc0c44ab4f5e8f057f171e61eae1 P a9913697ae8b4a79b2107975779c3ebd [term 0 FOLLOWER]: Leader pre-election won for term 1
I20260709 14:47:59.316565 13311 raft_consensus.cc:493] T e985fc0c44ab4f5e8f057f171e61eae1 P a9913697ae8b4a79b2107975779c3ebd [term 0 FOLLOWER]: Starting leader election (no leader contacted us within the election timeout)
I20260709 14:47:59.316951 13311 raft_consensus.cc:3060] T e985fc0c44ab4f5e8f057f171e61eae1 P a9913697ae8b4a79b2107975779c3ebd [term 0 FOLLOWER]: Advancing to term 1
I20260709 14:47:59.318485 13260 tablet_bootstrap.cc:654] T bb93188299db42dd8d98258d6ec97e25 P b7e894c1e1974cdb962dda91f2dfa068: Neither blocks nor log segments found. Creating new log.
I20260709 14:47:59.323298 13261 tablet_bootstrap.cc:492] T dae2d9b5f45644a88789d3be4cfb9258 P a9913697ae8b4a79b2107975779c3ebd: No bootstrap required, opened a new log
I20260709 14:47:59.323436 13311 raft_consensus.cc:515] T e985fc0c44ab4f5e8f057f171e61eae1 P a9913697ae8b4a79b2107975779c3ebd [term 1 FOLLOWER]: Starting leader election with config: opid_index: -1 OBSOLETE_local: false peers { permanent_uuid: "68db4da20f2f41e8ac68a1a39a501a21" member_type: VOTER last_known_addr { host: "127.11.176.193" port: 36657 } } peers { permanent_uuid: "b7e894c1e1974cdb962dda91f2dfa068" member_type: VOTER last_known_addr { host: "127.11.176.194" port: 44387 } } peers { permanent_uuid: "a9913697ae8b4a79b2107975779c3ebd" member_type: VOTER last_known_addr { host: "127.11.176.195" port: 44019 } }
I20260709 14:47:59.323801 13261 ts_tablet_manager.cc:1403] T dae2d9b5f45644a88789d3be4cfb9258 P a9913697ae8b4a79b2107975779c3ebd: Time spent bootstrapping tablet: real 0.022s	user 0.017s	sys 0.004s
I20260709 14:47:59.325184 13262 tablet_bootstrap.cc:492] T 5152419337be4c878ddf11ef1553a07f P 68db4da20f2f41e8ac68a1a39a501a21: No bootstrap required, opened a new log
I20260709 14:47:59.329540 13262 ts_tablet_manager.cc:1403] T 5152419337be4c878ddf11ef1553a07f P 68db4da20f2f41e8ac68a1a39a501a21: Time spent bootstrapping tablet: real 0.109s	user 0.008s	sys 0.002s
I20260709 14:47:59.331350 13069 tablet_service.cc:1917] Received RequestConsensusVote() RPC: tablet_id: "e985fc0c44ab4f5e8f057f171e61eae1" candidate_uuid: "a9913697ae8b4a79b2107975779c3ebd" candidate_term: 1 candidate_status { last_received { term: 0 index: 0 } } ignore_live_leader: false dest_uuid: "68db4da20f2f41e8ac68a1a39a501a21"
I20260709 14:47:59.332067 13261 raft_consensus.cc:359] T dae2d9b5f45644a88789d3be4cfb9258 P a9913697ae8b4a79b2107975779c3ebd [term 0 FOLLOWER]: Replica starting. Triggering 0 pending ops. Active config: opid_index: -1 OBSOLETE_local: false peers { permanent_uuid: "68db4da20f2f41e8ac68a1a39a501a21" member_type: VOTER last_known_addr { host: "127.11.176.193" port: 36657 } } peers { permanent_uuid: "b7e894c1e1974cdb962dda91f2dfa068" member_type: VOTER last_known_addr { host: "127.11.176.194" port: 44387 } } peers { permanent_uuid: "a9913697ae8b4a79b2107975779c3ebd" member_type: VOTER last_known_addr { host: "127.11.176.195" port: 44019 } }
W20260709 14:47:59.332892 13185 leader_election.cc:343] T e985fc0c44ab4f5e8f057f171e61eae1 P a9913697ae8b4a79b2107975779c3ebd [CANDIDATE]: Term 1 election: Tablet error from VoteRequest() call to peer 68db4da20f2f41e8ac68a1a39a501a21 (127.11.176.193:36657): Illegal state: must be running to vote when last-logged opid is not known
I20260709 14:47:59.332769 13261 raft_consensus.cc:385] T dae2d9b5f45644a88789d3be4cfb9258 P a9913697ae8b4a79b2107975779c3ebd [term 0 FOLLOWER]: Consensus starting up: Expiring failure detector timer to make a prompt election more likely
