I20260709 14:44:28.010212  1293 raft_consensus.cc:515] T c6515eb9edfb4fc89bc64c0a2421babd P 06363a639d264f70bc59508eeddef800 [term 1 FOLLOWER]: Starting leader election with config: opid_index: -1 OBSOLETE_local: false peers { permanent_uuid: "06363a639d264f70bc59508eeddef800" member_type: VOTER last_known_addr { host: "127.0.107.193" port: 46371 } } peers { permanent_uuid: "e2bbd559f8b4491bb63291d889b67025" member_type: VOTER last_known_addr { host: "127.0.107.194" port: 36087 } } peers { permanent_uuid: "c3a5349412494ae3a9b1f0ca3d890b7c" member_type: VOTER last_known_addr { host: "127.0.107.195" port: 32919 } }
I20260709 14:44:28.011693  1071 raft_consensus.cc:2393] T c6515eb9edfb4fc89bc64c0a2421babd P 06363a639d264f70bc59508eeddef800 [term 1 FOLLOWER]: Leader pre-election vote request: Denying vote to candidate e2bbd559f8b4491bb63291d889b67025 in current term 1: Already voted for candidate 06363a639d264f70bc59508eeddef800 in this term.
I20260709 14:44:27.996392  1286 raft_consensus.cc:697] T 37a2b5fba15848abb4a27e2b1f5fe3fe P e2bbd559f8b4491bb63291d889b67025 [term 1 LEADER]: Becoming Leader. State: Replica: e2bbd559f8b4491bb63291d889b67025, State: Running, Role: LEADER
I20260709 14:44:28.012876  1219 tablet_service.cc:1917] Received RequestConsensusVote() RPC: tablet_id: "c6515eb9edfb4fc89bc64c0a2421babd" candidate_uuid: "e2bbd559f8b4491bb63291d889b67025" candidate_term: 1 candidate_status { last_received { term: 0 index: 0 } } ignore_live_leader: false dest_uuid: "c3a5349412494ae3a9b1f0ca3d890b7c"
I20260709 14:44:28.013424  1219 raft_consensus.cc:3060] T c6515eb9edfb4fc89bc64c0a2421babd P c3a5349412494ae3a9b1f0ca3d890b7c [term 0 FOLLOWER]: Advancing to term 1
I20260709 14:44:28.007339  1218 raft_consensus.cc:2468] T 2697286078384c15b497e7d254126a1d P c3a5349412494ae3a9b1f0ca3d890b7c [term 1 FOLLOWER]: Leader election vote request: Granting yes vote for candidate 06363a639d264f70bc59508eeddef800 in term 1.
I20260709 14:44:28.010727  1070 tablet_service.cc:1917] Received RequestConsensusVote() RPC: tablet_id: "c6515eb9edfb4fc89bc64c0a2421babd" candidate_uuid: "e2bbd559f8b4491bb63291d889b67025" candidate_term: 1 candidate_status { last_received { term: 0 index: 0 } } ignore_live_leader: false dest_uuid: "06363a639d264f70bc59508eeddef800"
I20260709 14:44:28.005195  1262 tablet_bootstrap.cc:654] T f8c1f14e888743798fa6552d10b9b085 P e2bbd559f8b4491bb63291d889b67025: Neither blocks nor log segments found. Creating new log.
I20260709 14:44:28.015178  1070 raft_consensus.cc:2393] T c6515eb9edfb4fc89bc64c0a2421babd P 06363a639d264f70bc59508eeddef800 [term 1 FOLLOWER]: Leader election vote request: Denying vote to candidate e2bbd559f8b4491bb63291d889b67025 in current term 1: Already voted for candidate 06363a639d264f70bc59508eeddef800 in this term.
I20260709 14:44:28.015874  1293 leader_election.cc:290] T c6515eb9edfb4fc89bc64c0a2421babd P 06363a639d264f70bc59508eeddef800 [CANDIDATE]: Term 1 election: Requested vote from peers e2bbd559f8b4491bb63291d889b67025 (127.0.107.194:36087), c3a5349412494ae3a9b1f0ca3d890b7c (127.0.107.195:32919)
I20260709 14:44:28.018797  1293 raft_consensus.cc:2804] T f8c1f14e888743798fa6552d10b9b085 P 06363a639d264f70bc59508eeddef800 [term 0 FOLLOWER]: Leader pre-election won for term 1
I20260709 14:44:28.019193  1293 raft_consensus.cc:493] T f8c1f14e888743798fa6552d10b9b085 P 06363a639d264f70bc59508eeddef800 [term 0 FOLLOWER]: Starting leader election (no leader contacted us within the election timeout)
I20260709 14:44:28.004719  1266 leader_election.cc:290] T f3baef1396a6413b97737c1494b554d4 P 06363a639d264f70bc59508eeddef800 [CANDIDATE]: Term 1 pre-election: Requested pre-vote from peers e2bbd559f8b4491bb63291d889b67025 (127.0.107.194:36087), c3a5349412494ae3a9b1f0ca3d890b7c (127.0.107.195:32919)
I20260709 14:44:28.020223  1293 raft_consensus.cc:3060] T f8c1f14e888743798fa6552d10b9b085 P 06363a639d264f70bc59508eeddef800 [term 0 FOLLOWER]: Advancing to term 1
I20260709 14:44:28.020426  1266 raft_consensus.cc:2804] T f3baef1396a6413b97737c1494b554d4 P 06363a639d264f70bc59508eeddef800 [term 0 FOLLOWER]: Leader pre-election won for term 1
I20260709 14:44:28.020931  1266 raft_consensus.cc:493] T f3baef1396a6413b97737c1494b554d4 P 06363a639d264f70bc59508eeddef800 [term 0 FOLLOWER]: Starting leader election (no leader contacted us within the election timeout)
I20260709 14:44:28.021366  1266 raft_consensus.cc:3060] T f3baef1396a6413b97737c1494b554d4 P 06363a639d264f70bc59508eeddef800 [term 0 FOLLOWER]: Advancing to term 1
I20260709 14:44:28.021718  1219 raft_consensus.cc:2468] T c6515eb9edfb4fc89bc64c0a2421babd P c3a5349412494ae3a9b1f0ca3d890b7c [term 1 FOLLOWER]: Leader election vote request: Granting yes vote for candidate e2bbd559f8b4491bb63291d889b67025 in term 1.
I20260709 14:44:28.022984  1309 raft_consensus.cc:493] T f3baef1396a6413b97737c1494b554d4 P e2bbd559f8b4491bb63291d889b67025 [term 0 FOLLOWER]: Starting pre-election (no leader contacted us within the election timeout)
I20260709 14:44:28.023061  1111 leader_election.cc:304] T c6515eb9edfb4fc89bc64c0a2421babd P e2bbd559f8b4491bb63291d889b67025 [CANDIDATE]: Term 1 election: Election decided. Result: candidate won. Election summary: received 3 responses out of 3 voters: 2 yes votes; 1 no votes. yes voters: c3a5349412494ae3a9b1f0ca3d890b7c, e2bbd559f8b4491bb63291d889b67025; no voters: 06363a639d264f70bc59508eeddef800
I20260709 14:44:28.023855  1295 raft_consensus.cc:2804] T c6515eb9edfb4fc89bc64c0a2421babd P e2bbd559f8b4491bb63291d889b67025 [term 1 FOLLOWER]: Leader election won for term 1
I20260709 14:44:28.023613  1309 raft_consensus.cc:515] T f3baef1396a6413b97737c1494b554d4 P e2bbd559f8b4491bb63291d889b67025 [term 0 FOLLOWER]: Starting pre-election with config: opid_index: -1 OBSOLETE_local: false peers { permanent_uuid: "06363a639d264f70bc59508eeddef800" member_type: VOTER last_known_addr { host: "127.0.107.193" port: 46371 } } peers { permanent_uuid: "e2bbd559f8b4491bb63291d889b67025" member_type: VOTER last_known_addr { host: "127.0.107.194" port: 36087 } } peers { permanent_uuid: "c3a5349412494ae3a9b1f0ca3d890b7c" member_type: VOTER last_known_addr { host: "127.0.107.195" port: 32919 } }
I20260709 14:44:28.027065  1070 tablet_service.cc:1917] Received RequestConsensusVote() RPC: tablet_id: "f3baef1396a6413b97737c1494b554d4" candidate_uuid: "e2bbd559f8b4491bb63291d889b67025" candidate_term: 1 candidate_status { last_received { term: 0 index: 0 } } ignore_live_leader: false dest_uuid: "06363a639d264f70bc59508eeddef800" is_pre_election: true
I20260709 14:44:28.027087  1309 leader_election.cc:290] T f3baef1396a6413b97737c1494b554d4 P e2bbd559f8b4491bb63291d889b67025 [CANDIDATE]: Term 1 pre-election: Requested pre-vote from peers 06363a639d264f70bc59508eeddef800 (127.0.107.193:46371), c3a5349412494ae3a9b1f0ca3d890b7c (127.0.107.195:32919)
I20260709 14:44:28.028113  1295 raft_consensus.cc:697] T c6515eb9edfb4fc89bc64c0a2421babd P e2bbd559f8b4491bb63291d889b67025 [term 1 LEADER]: Becoming Leader. State: Replica: e2bbd559f8b4491bb63291d889b67025, State: Running, Role: LEADER
I20260709 14:44:28.029028  1295 consensus_queue.cc:237] T c6515eb9edfb4fc89bc64c0a2421babd P e2bbd559f8b4491bb63291d889b67025 [LEADER]: Queue going to LEADER mode. State: All replicated index: 0, Majority replicated index: 0, Committed index: 0, Last appended: 0.0, Last appended by leader: 0, Current term: 1, Majority size: 2, State: 0, Mode: LEADER, active raft config: opid_index: -1 OBSOLETE_local: false peers { permanent_uuid: "06363a639d264f70bc59508eeddef800" member_type: VOTER last_known_addr { host: "127.0.107.193" port: 46371 } } peers { permanent_uuid: "e2bbd559f8b4491bb63291d889b67025" member_type: VOTER last_known_addr { host: "127.0.107.194" port: 36087 } } peers { permanent_uuid: "c3a5349412494ae3a9b1f0ca3d890b7c" member_type: VOTER last_known_addr { host: "127.0.107.195" port: 32919 } }
I20260709 14:44:28.013418  1286 consensus_queue.cc:237] T 37a2b5fba15848abb4a27e2b1f5fe3fe P e2bbd559f8b4491bb63291d889b67025 [LEADER]: Queue going to LEADER mode. State: All replicated index: 0, Majority replicated index: 0, Committed index: 0, Last appended: 0.0, Last appended by leader: 0, Current term: 1, Majority size: 2, State: 0, Mode: LEADER, active raft config: opid_index: -1 OBSOLETE_local: false peers { permanent_uuid: "06363a639d264f70bc59508eeddef800" member_type: VOTER last_known_addr { host: "127.0.107.193" port: 46371 } } peers { permanent_uuid: "e2bbd559f8b4491bb63291d889b67025" member_type: VOTER last_known_addr { host: "127.0.107.194" port: 36087 } } peers { permanent_uuid: "c3a5349412494ae3a9b1f0ca3d890b7c" member_type: VOTER last_known_addr { host: "127.0.107.195" port: 32919 } }
I20260709 14:44:28.034634  1217 tablet_service.cc:1917] Received RequestConsensusVote() RPC: tablet_id: "c6515eb9edfb4fc89bc64c0a2421babd" candidate_uuid: "06363a639d264f70bc59508eeddef800" candidate_term: 1 candidate_status { last_received { term: 0 index: 0 } } ignore_live_leader: false dest_uuid: "c3a5349412494ae3a9b1f0ca3d890b7c"
I20260709 14:44:28.035732  1217 raft_consensus.cc:2393] T c6515eb9edfb4fc89bc64c0a2421babd P c3a5349412494ae3a9b1f0ca3d890b7c [term 1 FOLLOWER]: Leader election vote request: Denying vote to candidate 06363a639d264f70bc59508eeddef800 in current term 1: Already voted for candidate e2bbd559f8b4491bb63291d889b67025 in this term.
I20260709 14:44:28.037508  1036 leader_election.cc:304] T 2697286078384c15b497e7d254126a1d P 06363a639d264f70bc59508eeddef800 [CANDIDATE]: Term 1 election: Election decided. Result: candidate won. Election summary: received 2 responses out of 3 voters: 2 yes votes; 0 no votes. yes voters: 06363a639d264f70bc59508eeddef800, c3a5349412494ae3a9b1f0ca3d890b7c; no voters: 
I20260709 14:44:28.039149  1262 tablet_bootstrap.cc:492] T f8c1f14e888743798fa6552d10b9b085 P e2bbd559f8b4491bb63291d889b67025: No bootstrap required, opened a new log
I20260709 14:44:28.039970  1262 ts_tablet_manager.cc:1403] T f8c1f14e888743798fa6552d10b9b085 P e2bbd559f8b4491bb63291d889b67025: Time spent bootstrapping tablet: real 0.062s	user 0.010s	sys 0.003s
I20260709 14:44:28.040251  1267 leader_election.cc:290] T c6515eb9edfb4fc89bc64c0a2421babd P e2bbd559f8b4491bb63291d889b67025 [CANDIDATE]: Term 1 election: Requested vote from peers 06363a639d264f70bc59508eeddef800 (127.0.107.193:46371), c3a5349412494ae3a9b1f0ca3d890b7c (127.0.107.195:32919)
I20260709 14:44:28.040993  1314 raft_consensus.cc:2804] T 2697286078384c15b497e7d254126a1d P 06363a639d264f70bc59508eeddef800 [term 1 FOLLOWER]: Leader election won for term 1
I20260709 14:44:28.041077  1293 raft_consensus.cc:515] T f8c1f14e888743798fa6552d10b9b085 P 06363a639d264f70bc59508eeddef800 [term 1 FOLLOWER]: Starting leader election with config: opid_index: -1 OBSOLETE_local: false peers { permanent_uuid: "06363a639d264f70bc59508eeddef800" member_type: VOTER last_known_addr { host: "127.0.107.193" port: 46371 } } peers { permanent_uuid: "e2bbd559f8b4491bb63291d889b67025" member_type: VOTER last_known_addr { host: "127.0.107.194" port: 36087 } } peers { permanent_uuid: "c3a5349412494ae3a9b1f0ca3d890b7c" member_type: VOTER last_known_addr { host: "127.0.107.195" port: 32919 } }
I20260709 14:44:28.039762  1218 tablet_service.cc:1917] Received RequestConsensusVote() RPC: tablet_id: "f3baef1396a6413b97737c1494b554d4" candidate_uuid: "e2bbd559f8b4491bb63291d889b67025" candidate_term: 1 candidate_status { last_received { term: 0 index: 0 } } ignore_live_leader: false dest_uuid: "c3a5349412494ae3a9b1f0ca3d890b7c" is_pre_election: true
I20260709 14:44:28.045085  1218 raft_consensus.cc:2468] T f3baef1396a6413b97737c1494b554d4 P c3a5349412494ae3a9b1f0ca3d890b7c [term 0 FOLLOWER]: Leader pre-election vote request: Granting yes vote for candidate e2bbd559f8b4491bb63291d889b67025 in term 0.
I20260709 14:44:28.041764  1314 raft_consensus.cc:697] T 2697286078384c15b497e7d254126a1d P 06363a639d264f70bc59508eeddef800 [term 1 LEADER]: Becoming Leader. State: Replica: 06363a639d264f70bc59508eeddef800, State: Running, Role: LEADER
I20260709 14:44:28.044486  1293 leader_election.cc:290] T f8c1f14e888743798fa6552d10b9b085 P 06363a639d264f70bc59508eeddef800 [CANDIDATE]: Term 1 election: Requested vote from peers e2bbd559f8b4491bb63291d889b67025 (127.0.107.194:36087), c3a5349412494ae3a9b1f0ca3d890b7c (127.0.107.195:32919)
I20260709 14:44:28.047920  1262 raft_consensus.cc:359] T f8c1f14e888743798fa6552d10b9b085 P e2bbd559f8b4491bb63291d889b67025 [term 0 FOLLOWER]: Replica starting. Triggering 0 pending ops. Active config: opid_index: -1 OBSOLETE_local: false peers { permanent_uuid: "06363a639d264f70bc59508eeddef800" member_type: VOTER last_known_addr { host: "127.0.107.193" port: 46371 } } peers { permanent_uuid: "e2bbd559f8b4491bb63291d889b67025" member_type: VOTER last_known_addr { host: "127.0.107.194" port: 36087 } } peers { permanent_uuid: "c3a5349412494ae3a9b1f0ca3d890b7c" member_type: VOTER last_known_addr { host: "127.0.107.195" port: 32919 } }
I20260709 14:44:28.058307  1262 raft_consensus.cc:385] T f8c1f14e888743798fa6552d10b9b085 P e2bbd559f8b4491bb63291d889b67025 [term 0 FOLLOWER]: Consensus starting up: Expiring failure detector timer to make a prompt election more likely
I20260709 14:44:28.058969  1262 raft_consensus.cc:740] T f8c1f14e888743798fa6552d10b9b085 P e2bbd559f8b4491bb63291d889b67025 [term 0 FOLLOWER]: Becoming Follower/Learner. State: Replica: e2bbd559f8b4491bb63291d889b67025, State: Initialized, Role: FOLLOWER
I20260709 14:44:28.045625  1220 tablet_service.cc:1917] Received RequestConsensusVote() RPC: tablet_id: "f8c1f14e888743798fa6552d10b9b085" candidate_uuid: "06363a639d264f70bc59508eeddef800" candidate_term: 1 candidate_status { last_received { term: 0 index: 0 } } ignore_live_leader: false dest_uuid: "c3a5349412494ae3a9b1f0ca3d890b7c"
I20260709 14:44:28.046461  1111 leader_election.cc:304] T f3baef1396a6413b97737c1494b554d4 P e2bbd559f8b4491bb63291d889b67025 [CANDIDATE]: Term 1 pre-election: Election decided. Result: candidate won. Election summary: received 2 responses out of 3 voters: 2 yes votes; 0 no votes. yes voters: c3a5349412494ae3a9b1f0ca3d890b7c, e2bbd559f8b4491bb63291d889b67025; no voters: 
I20260709 14:44:28.063601  1267 raft_consensus.cc:2804] T f3baef1396a6413b97737c1494b554d4 P e2bbd559f8b4491bb63291d889b67025 [term 0 FOLLOWER]: Leader pre-election won for term 1
I20260709 14:44:28.064049  1267 raft_consensus.cc:493] T f3baef1396a6413b97737c1494b554d4 P e2bbd559f8b4491bb63291d889b67025 [term 0 FOLLOWER]: Starting leader election (no leader contacted us within the election timeout)
I20260709 14:44:28.064383  1267 raft_consensus.cc:3060] T f3baef1396a6413b97737c1494b554d4 P e2bbd559f8b4491bb63291d889b67025 [term 0 FOLLOWER]: Advancing to term 1
I20260709 14:44:28.065578  1146 tablet_service.cc:1917] Received RequestConsensusVote() RPC: tablet_id: "f3baef1396a6413b97737c1494b554d4" candidate_uuid: "06363a639d264f70bc59508eeddef800" candidate_term: 1 candidate_status { last_received { term: 0 index: 0 } } ignore_live_leader: false dest_uuid: "e2bbd559f8b4491bb63291d889b67025" is_pre_election: true
I20260709 14:44:28.065665  1145 tablet_service.cc:1917] Received RequestConsensusVote() RPC: tablet_id: "f8c1f14e888743798fa6552d10b9b085" candidate_uuid: "06363a639d264f70bc59508eeddef800" candidate_term: 1 candidate_status { last_received { term: 0 index: 0 } } ignore_live_leader: false dest_uuid: "e2bbd559f8b4491bb63291d889b67025" is_pre_election: true
I20260709 14:44:28.061458  1220 raft_consensus.cc:3060] T f8c1f14e888743798fa6552d10b9b085 P c3a5349412494ae3a9b1f0ca3d890b7c [term 0 FOLLOWER]: Advancing to term 1
I20260709 14:44:28.068501  1262 consensus_queue.cc:260] T f8c1f14e888743798fa6552d10b9b085 P e2bbd559f8b4491bb63291d889b67025 [NON_LEADER]: Queue going to NON_LEADER mode. State: All replicated index: 0, Majority replicated index: 0, Committed index: 0, Last appended: 0.0, Last appended by leader: 0, Current term: 0, Majority size: -1, State: 0, Mode: NON_LEADER, active raft config: opid_index: -1 OBSOLETE_local: false peers { permanent_uuid: "06363a639d264f70bc59508eeddef800" member_type: VOTER last_known_addr { host: "127.0.107.193" port: 46371 } } peers { permanent_uuid: "e2bbd559f8b4491bb63291d889b67025" member_type: VOTER last_known_addr { host: "127.0.107.194" port: 36087 } } peers { permanent_uuid: "c3a5349412494ae3a9b1f0ca3d890b7c" member_type: VOTER last_known_addr { host: "127.0.107.195" port: 32919 } }
I20260709 14:44:28.070178  1290 raft_consensus.cc:493] T cbd4865644744acd8dbe9ca9381f6f32 P 06363a639d264f70bc59508eeddef800 [term 0 FOLLOWER]: Starting pre-election (no leader contacted us within the election timeout)
I20260709 14:44:28.071153  1262 ts_tablet_manager.cc:1434] T f8c1f14e888743798fa6552d10b9b085 P e2bbd559f8b4491bb63291d889b67025: Time spent starting tablet: real 0.031s	user 0.014s	sys 0.002s
I20260709 14:44:28.070683  1290 raft_consensus.cc:515] T cbd4865644744acd8dbe9ca9381f6f32 P 06363a639d264f70bc59508eeddef800 [term 0 FOLLOWER]: Starting pre-election with config: opid_index: -1 OBSOLETE_local: false peers { permanent_uuid: "06363a639d264f70bc59508eeddef800" member_type: VOTER last_known_addr { host: "127.0.107.193" port: 46371 } } peers { permanent_uuid: "e2bbd559f8b4491bb63291d889b67025" member_type: VOTER last_known_addr { host: "127.0.107.194" port: 36087 } } peers { permanent_uuid: "c3a5349412494ae3a9b1f0ca3d890b7c" member_type: VOTER last_known_addr { host: "127.0.107.195" port: 32919 } }
I20260709 14:44:28.068411  1314 consensus_queue.cc:237] T 2697286078384c15b497e7d254126a1d P 06363a639d264f70bc59508eeddef800 [LEADER]: Queue going to LEADER mode. State: All replicated index: 0, Majority replicated index: 0, Committed index: 0, Last appended: 0.0, Last appended by leader: 0, Current term: 1, Majority size: 2, State: 0, Mode: LEADER, active raft config: opid_index: -1 OBSOLETE_local: false peers { permanent_uuid: "06363a639d264f70bc59508eeddef800" member_type: VOTER last_known_addr { host: "127.0.107.193" port: 46371 } } peers { permanent_uuid: "e2bbd559f8b4491bb63291d889b67025" member_type: VOTER last_known_addr { host: "127.0.107.194" port: 36087 } } peers { permanent_uuid: "c3a5349412494ae3a9b1f0ca3d890b7c" member_type: VOTER last_known_addr { host: "127.0.107.195" port: 32919 } }
I20260709 14:44:28.068229  1144 tablet_service.cc:1917] Received RequestConsensusVote() RPC: tablet_id: "c6515eb9edfb4fc89bc64c0a2421babd" candidate_uuid: "06363a639d264f70bc59508eeddef800" candidate_term: 1 candidate_status { last_received { term: 0 index: 0 } } ignore_live_leader: false dest_uuid: "e2bbd559f8b4491bb63291d889b67025"
I20260709 14:44:28.068066  1143 tablet_service.cc:1917] Received RequestConsensusVote() RPC: tablet_id: "f8c1f14e888743798fa6552d10b9b085" candidate_uuid: "06363a639d264f70bc59508eeddef800" candidate_term: 1 candidate_status { last_received { term: 0 index: 0 } } ignore_live_leader: false dest_uuid: "e2bbd559f8b4491bb63291d889b67025"
I20260709 14:44:28.075564  1142 tablet_service.cc:1917] Received RequestConsensusVote() RPC: tablet_id: "cbd4865644744acd8dbe9ca9381f6f32" candidate_uuid: "06363a639d264f70bc59508eeddef800" candidate_term: 1 candidate_status { last_received { term: 0 index: 0 } } ignore_live_leader: false dest_uuid: "e2bbd559f8b4491bb63291d889b67025" is_pre_election: true
I20260709 14:44:28.072769   967 catalog_manager.cc:5697] T 36098f45564b473882f61d9e0821f6ef P 06363a639d264f70bc59508eeddef800 reported cstate change: term changed from 0 to 1, leader changed from <none> to 06363a639d264f70bc59508eeddef800 (127.0.107.193). New cstate: current_term: 1 leader_uuid: "06363a639d264f70bc59508eeddef800" committed_config { opid_index: -1 OBSOLETE_local: false peers { permanent_uuid: "06363a639d264f70bc59508eeddef800" member_type: VOTER last_known_addr { host: "127.0.107.193" port: 46371 } health_report { overall_health: HEALTHY } } peers { permanent_uuid: "e2bbd559f8b4491bb63291d889b67025" member_type: VOTER last_known_addr { host: "127.0.107.194" port: 36087 } health_report { overall_health: UNKNOWN } } peers { permanent_uuid: "c3a5349412494ae3a9b1f0ca3d890b7c" member_type: VOTER last_known_addr { host: "127.0.107.195" port: 32919 } health_report { overall_health: UNKNOWN } } }
I20260709 14:44:28.077075  1218 tablet_service.cc:1917] Received RequestConsensusVote() RPC: tablet_id: "cbd4865644744acd8dbe9ca9381f6f32" candidate_uuid: "06363a639d264f70bc59508eeddef800" candidate_term: 1 candidate_status { last_received { term: 0 index: 0 } } ignore_live_leader: false dest_uuid: "c3a5349412494ae3a9b1f0ca3d890b7c" is_pre_election: true
I20260709 14:44:28.078940  1218 raft_consensus.cc:2393] T cbd4865644744acd8dbe9ca9381f6f32 P c3a5349412494ae3a9b1f0ca3d890b7c [term 1 FOLLOWER]: Leader pre-election vote request: Denying vote to candidate 06363a639d264f70bc59508eeddef800 in current term 1: Already voted for candidate e2bbd559f8b4491bb63291d889b67025 in this term.
I20260709 14:44:28.078903  1266 raft_consensus.cc:515] T f3baef1396a6413b97737c1494b554d4 P 06363a639d264f70bc59508eeddef800 [term 1 FOLLOWER]: Starting leader election with config: opid_index: -1 OBSOLETE_local: false peers { permanent_uuid: "06363a639d264f70bc59508eeddef800" member_type: VOTER last_known_addr { host: "127.0.107.193" port: 46371 } } peers { permanent_uuid: "e2bbd559f8b4491bb63291d889b67025" member_type: VOTER last_known_addr { host: "127.0.107.194" port: 36087 } } peers { permanent_uuid: "c3a5349412494ae3a9b1f0ca3d890b7c" member_type: VOTER last_known_addr { host: "127.0.107.195" port: 32919 } }
I20260709 14:44:28.076038  1290 leader_election.cc:290] T cbd4865644744acd8dbe9ca9381f6f32 P 06363a639d264f70bc59508eeddef800 [CANDIDATE]: Term 1 pre-election: Requested pre-vote from peers e2bbd559f8b4491bb63291d889b67025 (127.0.107.194:36087), c3a5349412494ae3a9b1f0ca3d890b7c (127.0.107.195:32919)
I20260709 14:44:28.072397  1145 raft_consensus.cc:2468] T f8c1f14e888743798fa6552d10b9b085 P e2bbd559f8b4491bb63291d889b67025 [term 0 FOLLOWER]: Leader pre-election vote request: Granting yes vote for candidate 06363a639d264f70bc59508eeddef800 in term 0.
I20260709 14:44:28.081108  1268 raft_consensus.cc:493] T 05e4a4b5ca364a139e729ae8c0bcf646 P c3a5349412494ae3a9b1f0ca3d890b7c [term 0 FOLLOWER]: Starting pre-election (no leader contacted us within the election timeout)
I20260709 14:44:28.086977  1070 raft_consensus.cc:2393] T f3baef1396a6413b97737c1494b554d4 P 06363a639d264f70bc59508eeddef800 [term 1 FOLLOWER]: Leader pre-election vote request: Denying vote to candidate e2bbd559f8b4491bb63291d889b67025 in current term 1: Already voted for candidate 06363a639d264f70bc59508eeddef800 in this term.
I20260709 14:44:28.087082  1268 raft_consensus.cc:515] T 05e4a4b5ca364a139e729ae8c0bcf646 P c3a5349412494ae3a9b1f0ca3d890b7c [term 0 FOLLOWER]: Starting pre-election with config: opid_index: -1 OBSOLETE_local: false peers { permanent_uuid: "06363a639d264f70bc59508eeddef800" member_type: VOTER last_known_addr { host: "127.0.107.193" port: 46371 } } peers { permanent_uuid: "e2bbd559f8b4491bb63291d889b67025" member_type: VOTER last_known_addr { host: "127.0.107.194" port: 36087 } } peers { permanent_uuid: "c3a5349412494ae3a9b1f0ca3d890b7c" member_type: VOTER last_known_addr { host: "127.0.107.195" port: 32919 } }
I20260709 14:44:28.089087  1268 leader_election.cc:290] T 05e4a4b5ca364a139e729ae8c0bcf646 P c3a5349412494ae3a9b1f0ca3d890b7c [CANDIDATE]: Term 1 pre-election: Requested pre-vote from peers 06363a639d264f70bc59508eeddef800 (127.0.107.193:46371), e2bbd559f8b4491bb63291d889b67025 (127.0.107.194:36087)
I20260709 14:44:28.089792  1070 tablet_service.cc:1917] Received RequestConsensusVote() RPC: tablet_id: "05e4a4b5ca364a139e729ae8c0bcf646" candidate_uuid: "c3a5349412494ae3a9b1f0ca3d890b7c" candidate_term: 1 candidate_status { last_received { term: 0 index: 0 } } ignore_live_leader: false dest_uuid: "06363a639d264f70bc59508eeddef800" is_pre_election: true
I20260709 14:44:28.090356  1070 raft_consensus.cc:2468] T 05e4a4b5ca364a139e729ae8c0bcf646 P 06363a639d264f70bc59508eeddef800 [term 0 FOLLOWER]: Leader pre-election vote request: Granting yes vote for candidate c3a5349412494ae3a9b1f0ca3d890b7c in term 0.
I20260709 14:44:28.091507  1185 leader_election.cc:304] T 05e4a4b5ca364a139e729ae8c0bcf646 P c3a5349412494ae3a9b1f0ca3d890b7c [CANDIDATE]: Term 1 pre-election: Election decided. Result: candidate won. Election summary: received 2 responses out of 3 voters: 2 yes votes; 0 no votes. yes voters: 06363a639d264f70bc59508eeddef800, c3a5349412494ae3a9b1f0ca3d890b7c; no voters: 
I20260709 14:44:28.082268   969 catalog_manager.cc:5697] T 37a2b5fba15848abb4a27e2b1f5fe3fe P e2bbd559f8b4491bb63291d889b67025 reported cstate change: term changed from 0 to 1, leader changed from <none> to e2bbd559f8b4491bb63291d889b67025 (127.0.107.194). New cstate: current_term: 1 leader_uuid: "e2bbd559f8b4491bb63291d889b67025" committed_config { opid_index: -1 OBSOLETE_local: false peers { permanent_uuid: "06363a639d264f70bc59508eeddef800" member_type: VOTER last_known_addr { host: "127.0.107.193" port: 46371 } health_report { overall_health: UNKNOWN } } peers { permanent_uuid: "e2bbd559f8b4491bb63291d889b67025" member_type: VOTER last_known_addr { host: "127.0.107.194" port: 36087 } health_report { overall_health: HEALTHY } } peers { permanent_uuid: "c3a5349412494ae3a9b1f0ca3d890b7c" member_type: VOTER last_known_addr { host: "127.0.107.195" port: 32919 } health_report { overall_health: UNKNOWN } } }
I20260709 14:44:28.085856  1035 leader_election.cc:304] T c6515eb9edfb4fc89bc64c0a2421babd P 06363a639d264f70bc59508eeddef800 [CANDIDATE]: Term 1 election: Election decided. Result: candidate lost. Election summary: received 3 responses out of 3 voters: 1 yes votes; 2 no votes. yes voters: 06363a639d264f70bc59508eeddef800; no voters: c3a5349412494ae3a9b1f0ca3d890b7c, e2bbd559f8b4491bb63291d889b67025
I20260709 14:44:28.095839  1035 leader_election.cc:304] T cbd4865644744acd8dbe9ca9381f6f32 P 06363a639d264f70bc59508eeddef800 [CANDIDATE]: Term 1 pre-election: Election decided. Result: candidate lost. Election summary: received 3 responses out of 3 voters: 1 yes votes; 2 no votes. yes voters: 06363a639d264f70bc59508eeddef800; no voters: c3a5349412494ae3a9b1f0ca3d890b7c, e2bbd559f8b4491bb63291d889b67025
I20260709 14:44:28.097209  1311 raft_consensus.cc:2749] T c6515eb9edfb4fc89bc64c0a2421babd P 06363a639d264f70bc59508eeddef800 [term 1 FOLLOWER]: Leader election lost for term 1. Reason: could not achieve majority
I20260709 14:44:28.098739  1142 tablet_service.cc:1917] Received RequestConsensusVote() RPC: tablet_id: "05e4a4b5ca364a139e729ae8c0bcf646" candidate_uuid: "c3a5349412494ae3a9b1f0ca3d890b7c" candidate_term: 1 candidate_status { last_received { term: 0 index: 0 } } ignore_live_leader: false dest_uuid: "e2bbd559f8b4491bb63291d889b67025" is_pre_election: true
I20260709 14:44:28.099640  1266 leader_election.cc:290] T f3baef1396a6413b97737c1494b554d4 P 06363a639d264f70bc59508eeddef800 [CANDIDATE]: Term 1 election: Requested vote from peers e2bbd559f8b4491bb63291d889b67025 (127.0.107.194:36087), c3a5349412494ae3a9b1f0ca3d890b7c (127.0.107.195:32919)
I20260709 14:44:28.099555  1142 raft_consensus.cc:2468] T 05e4a4b5ca364a139e729ae8c0bcf646 P e2bbd559f8b4491bb63291d889b67025 [term 0 FOLLOWER]: Leader pre-election vote request: Granting yes vote for candidate c3a5349412494ae3a9b1f0ca3d890b7c in term 0.
I20260709 14:44:28.101150  1290 raft_consensus.cc:3060] T cbd4865644744acd8dbe9ca9381f6f32 P 06363a639d264f70bc59508eeddef800 [term 0 FOLLOWER]: Advancing to term 1
I20260709 14:44:28.096704  1268 raft_consensus.cc:2804] T 05e4a4b5ca364a139e729ae8c0bcf646 P c3a5349412494ae3a9b1f0ca3d890b7c [term 0 FOLLOWER]: Leader pre-election won for term 1
I20260709 14:44:28.096809  1267 raft_consensus.cc:515] T f3baef1396a6413b97737c1494b554d4 P e2bbd559f8b4491bb63291d889b67025 [term 1 FOLLOWER]: Starting leader election with config: opid_index: -1 OBSOLETE_local: false peers { permanent_uuid: "06363a639d264f70bc59508eeddef800" member_type: VOTER last_known_addr { host: "127.0.107.193" port: 46371 } } peers { permanent_uuid: "e2bbd559f8b4491bb63291d889b67025" member_type: VOTER last_known_addr { host: "127.0.107.194" port: 36087 } } peers { permanent_uuid: "c3a5349412494ae3a9b1f0ca3d890b7c" member_type: VOTER last_known_addr { host: "127.0.107.195" port: 32919 } }
I20260709 14:44:28.106237  1218 tablet_service.cc:1917] Received RequestConsensusVote() RPC: tablet_id: "f3baef1396a6413b97737c1494b554d4" candidate_uuid: "06363a639d264f70bc59508eeddef800" candidate_term: 1 candidate_status { last_received { term: 0 index: 0 } } ignore_live_leader: false dest_uuid: "c3a5349412494ae3a9b1f0ca3d890b7c"
I20260709 14:44:28.106808  1218 raft_consensus.cc:3060] T f3baef1396a6413b97737c1494b554d4 P c3a5349412494ae3a9b1f0ca3d890b7c [term 0 FOLLOWER]: Advancing to term 1
I20260709 14:44:28.110252  1220 raft_consensus.cc:2468] T f8c1f14e888743798fa6552d10b9b085 P c3a5349412494ae3a9b1f0ca3d890b7c [term 1 FOLLOWER]: Leader election vote request: Granting yes vote for candidate 06363a639d264f70bc59508eeddef800 in term 1.
I20260709 14:44:28.111019  1142 tablet_service.cc:1917] Received RequestConsensusVote() RPC: tablet_id: "f3baef1396a6413b97737c1494b554d4" candidate_uuid: "06363a639d264f70bc59508eeddef800" candidate_term: 1 candidate_status { last_received { term: 0 index: 0 } } ignore_live_leader: false dest_uuid: "e2bbd559f8b4491bb63291d889b67025"
I20260709 14:44:28.111930  1290 raft_consensus.cc:2749] T cbd4865644744acd8dbe9ca9381f6f32 P 06363a639d264f70bc59508eeddef800 [term 1 FOLLOWER]: Leader pre-election lost for term 1. Reason: could not achieve majority
I20260709 14:44:28.104178  1268 raft_consensus.cc:493] T 05e4a4b5ca364a139e729ae8c0bcf646 P c3a5349412494ae3a9b1f0ca3d890b7c [term 0 FOLLOWER]: Starting leader election (no leader contacted us within the election timeout)
I20260709 14:44:28.112722  1268 raft_consensus.cc:3060] T 05e4a4b5ca364a139e729ae8c0bcf646 P c3a5349412494ae3a9b1f0ca3d890b7c [term 0 FOLLOWER]: Advancing to term 1
I20260709 14:44:28.115561  1146 raft_consensus.cc:2393] T f3baef1396a6413b97737c1494b554d4 P e2bbd559f8b4491bb63291d889b67025 [term 1 FOLLOWER]: Leader pre-election vote request: Denying vote to candidate 06363a639d264f70bc59508eeddef800 in current term 1: Already voted for candidate e2bbd559f8b4491bb63291d889b67025 in this term.
I20260709 14:44:28.115841   967 catalog_manager.cc:5697] T 2697286078384c15b497e7d254126a1d P 06363a639d264f70bc59508eeddef800 reported cstate change: term changed from 0 to 1, leader changed from <none> to 06363a639d264f70bc59508eeddef800 (127.0.107.193). New cstate: current_term: 1 leader_uuid: "06363a639d264f70bc59508eeddef800" committed_config { opid_index: -1 OBSOLETE_local: false peers { permanent_uuid: "06363a639d264f70bc59508eeddef800" member_type: VOTER last_known_addr { host: "127.0.107.193" port: 46371 } health_report { overall_health: HEALTHY } } peers { permanent_uuid: "e2bbd559f8b4491bb63291d889b67025" member_type: VOTER last_known_addr { host: "127.0.107.194" port: 36087 } health_report { overall_health: UNKNOWN } } peers { permanent_uuid: "c3a5349412494ae3a9b1f0ca3d890b7c" member_type: VOTER last_known_addr { host: "127.0.107.195" port: 32919 } health_report { overall_health: UNKNOWN } } }
I20260709 14:44:28.117538  1267 leader_election.cc:290] T f3baef1396a6413b97737c1494b554d4 P e2bbd559f8b4491bb63291d889b67025 [CANDIDATE]: Term 1 election: Requested vote from peers 06363a639d264f70bc59508eeddef800 (127.0.107.193:46371), c3a5349412494ae3a9b1f0ca3d890b7c (127.0.107.195:32919)
I20260709 14:44:28.119401  1220 tablet_service.cc:1917] Received RequestConsensusVote() RPC: tablet_id: "f3baef1396a6413b97737c1494b554d4" candidate_uuid: "e2bbd559f8b4491bb63291d889b67025" candidate_term: 1 candidate_status { last_received { term: 0 index: 0 } } ignore_live_leader: false dest_uuid: "c3a5349412494ae3a9b1f0ca3d890b7c"
I20260709 14:44:28.119751  1218 raft_consensus.cc:2468] T f3baef1396a6413b97737c1494b554d4 P c3a5349412494ae3a9b1f0ca3d890b7c [term 1 FOLLOWER]: Leader election vote request: Granting yes vote for candidate 06363a639d264f70bc59508eeddef800 in term 1.
I20260709 14:44:28.120471  1070 tablet_service.cc:1917] Received RequestConsensusVote() RPC: tablet_id: "f3baef1396a6413b97737c1494b554d4" candidate_uuid: "e2bbd559f8b4491bb63291d889b67025" candidate_term: 1 candidate_status { last_received { term: 0 index: 0 } } ignore_live_leader: false dest_uuid: "06363a639d264f70bc59508eeddef800"
I20260709 14:44:28.121672  1070 raft_consensus.cc:2393] T f3baef1396a6413b97737c1494b554d4 P 06363a639d264f70bc59508eeddef800 [term 1 FOLLOWER]: Leader election vote request: Denying vote to candidate e2bbd559f8b4491bb63291d889b67025 in current term 1: Already voted for candidate 06363a639d264f70bc59508eeddef800 in this term.
I20260709 14:44:28.122537  1111 leader_election.cc:304] T f3baef1396a6413b97737c1494b554d4 P e2bbd559f8b4491bb63291d889b67025 [CANDIDATE]: Term 1 election: Election decided. Result: candidate lost. Election summary: received 3 responses out of 3 voters: 1 yes votes; 2 no votes. yes voters: e2bbd559f8b4491bb63291d889b67025; no voters: 06363a639d264f70bc59508eeddef800, c3a5349412494ae3a9b1f0ca3d890b7c
I20260709 14:44:28.122797  1036 leader_election.cc:304] T f8c1f14e888743798fa6552d10b9b085 P 06363a639d264f70bc59508eeddef800 [CANDIDATE]: Term 1 election: Election decided. Result: candidate won. Election summary: received 3 responses out of 3 voters: 2 yes votes; 1 no votes. yes voters: 06363a639d264f70bc59508eeddef800, c3a5349412494ae3a9b1f0ca3d890b7c; no voters: e2bbd559f8b4491bb63291d889b67025
I20260709 14:44:28.123587  1267 raft_consensus.cc:2749] T f3baef1396a6413b97737c1494b554d4 P e2bbd559f8b4491bb63291d889b67025 [term 1 FOLLOWER]: Leader election lost for term 1. Reason: could not achieve majority
I20260709 14:44:28.123893  1036 leader_election.cc:304] T f3baef1396a6413b97737c1494b554d4 P 06363a639d264f70bc59508eeddef800 [CANDIDATE]: Term 1 election: Election decided. Result: candidate won. Election summary: received 3 responses out of 3 voters: 2 yes votes; 1 no votes. yes voters: 06363a639d264f70bc59508eeddef800, c3a5349412494ae3a9b1f0ca3d890b7c; no voters: e2bbd559f8b4491bb63291d889b67025
I20260709 14:44:28.124650  1314 raft_consensus.cc:2804] T f8c1f14e888743798fa6552d10b9b085 P 06363a639d264f70bc59508eeddef800 [term 1 FOLLOWER]: Leader election won for term 1
I20260709 14:44:28.125267  1266 raft_consensus.cc:2804] T f3baef1396a6413b97737c1494b554d4 P 06363a639d264f70bc59508eeddef800 [term 1 FOLLOWER]: Leader election won for term 1
I20260709 14:44:28.125744  1266 raft_consensus.cc:697] T f3baef1396a6413b97737c1494b554d4 P 06363a639d264f70bc59508eeddef800 [term 1 LEADER]: Becoming Leader. State: Replica: 06363a639d264f70bc59508eeddef800, State: Running, Role: LEADER
I20260709 14:44:28.125476   969 catalog_manager.cc:5697] T c6515eb9edfb4fc89bc64c0a2421babd P e2bbd559f8b4491bb63291d889b67025 reported cstate change: term changed from 0 to 1, leader changed from <none> to e2bbd559f8b4491bb63291d889b67025 (127.0.107.194). New cstate: current_term: 1 leader_uuid: "e2bbd559f8b4491bb63291d889b67025" committed_config { opid_index: -1 OBSOLETE_local: false peers { permanent_uuid: "06363a639d264f70bc59508eeddef800" member_type: VOTER last_known_addr { host: "127.0.107.193" port: 46371 } health_report { overall_health: UNKNOWN } } peers { permanent_uuid: "e2bbd559f8b4491bb63291d889b67025" member_type: VOTER last_known_addr { host: "127.0.107.194" port: 36087 } health_report { overall_health: HEALTHY } } peers { permanent_uuid: "c3a5349412494ae3a9b1f0ca3d890b7c" member_type: VOTER last_known_addr { host: "127.0.107.195" port: 32919 } health_report { overall_health: UNKNOWN } } }
I20260709 14:44:28.126555  1266 consensus_queue.cc:237] T f3baef1396a6413b97737c1494b554d4 P 06363a639d264f70bc59508eeddef800 [LEADER]: Queue going to LEADER mode. State: All replicated index: 0, Majority replicated index: 0, Committed index: 0, Last appended: 0.0, Last appended by leader: 0, Current term: 1, Majority size: 2, State: 0, Mode: LEADER, active raft config: opid_index: -1 OBSOLETE_local: false peers { permanent_uuid: "06363a639d264f70bc59508eeddef800" member_type: VOTER last_known_addr { host: "127.0.107.193" port: 46371 } } peers { permanent_uuid: "e2bbd559f8b4491bb63291d889b67025" member_type: VOTER last_known_addr { host: "127.0.107.194" port: 36087 } } peers { permanent_uuid: "c3a5349412494ae3a9b1f0ca3d890b7c" member_type: VOTER last_known_addr { host: "127.0.107.195" port: 32919 } }
I20260709 14:44:28.129571  1268 raft_consensus.cc:515] T 05e4a4b5ca364a139e729ae8c0bcf646 P c3a5349412494ae3a9b1f0ca3d890b7c [term 1 FOLLOWER]: Starting leader election with config: opid_index: -1 OBSOLETE_local: false peers { permanent_uuid: "06363a639d264f70bc59508eeddef800" member_type: VOTER last_known_addr { host: "127.0.107.193" port: 46371 } } peers { permanent_uuid: "e2bbd559f8b4491bb63291d889b67025" member_type: VOTER last_known_addr { host: "127.0.107.194" port: 36087 } } peers { permanent_uuid: "c3a5349412494ae3a9b1f0ca3d890b7c" member_type: VOTER last_known_addr { host: "127.0.107.195" port: 32919 } }
I20260709 14:44:28.130733  1314 raft_consensus.cc:697] T f8c1f14e888743798fa6552d10b9b085 P 06363a639d264f70bc59508eeddef800 [term 1 LEADER]: Becoming Leader. State: Replica: 06363a639d264f70bc59508eeddef800, State: Running, Role: LEADER
I20260709 14:44:28.131999  1314 consensus_queue.cc:237] T f8c1f14e888743798fa6552d10b9b085 P 06363a639d264f70bc59508eeddef800 [LEADER]: Queue going to LEADER mode. State: All replicated index: 0, Majority replicated index: 0, Committed index: 0, Last appended: 0.0, Last appended by leader: 0, Current term: 1, Majority size: 2, State: 0, Mode: LEADER, active raft config: opid_index: -1 OBSOLETE_local: false peers { permanent_uuid: "06363a639d264f70bc59508eeddef800" member_type: VOTER last_known_addr { host: "127.0.107.193" port: 46371 } } peers { permanent_uuid: "e2bbd559f8b4491bb63291d889b67025" member_type: VOTER last_known_addr { host: "127.0.107.194" port: 36087 } } peers { permanent_uuid: "c3a5349412494ae3a9b1f0ca3d890b7c" member_type: VOTER last_known_addr { host: "127.0.107.195" port: 32919 } }
I20260709 14:44:28.132396  1070 tablet_service.cc:1917] Received RequestConsensusVote() RPC: tablet_id: "05e4a4b5ca364a139e729ae8c0bcf646" candidate_uuid: "c3a5349412494ae3a9b1f0ca3d890b7c" candidate_term: 1 candidate_status { last_received { term: 0 index: 0 } } ignore_live_leader: false dest_uuid: "06363a639d264f70bc59508eeddef800"
I20260709 14:44:28.133168  1070 raft_consensus.cc:3060] T 05e4a4b5ca364a139e729ae8c0bcf646 P 06363a639d264f70bc59508eeddef800 [term 0 FOLLOWER]: Advancing to term 1
I20260709 14:44:28.134289  1146 tablet_service.cc:1917] Received RequestConsensusVote() RPC: tablet_id: "05e4a4b5ca364a139e729ae8c0bcf646" candidate_uuid: "c3a5349412494ae3a9b1f0ca3d890b7c" candidate_term: 1 candidate_status { last_received { term: 0 index: 0 } } ignore_live_leader: false dest_uuid: "e2bbd559f8b4491bb63291d889b67025"
I20260709 14:44:28.134895  1146 raft_consensus.cc:3060] T 05e4a4b5ca364a139e729ae8c0bcf646 P e2bbd559f8b4491bb63291d889b67025 [term 0 FOLLOWER]: Advancing to term 1
I20260709 14:44:28.138803  1268 leader_election.cc:290] T 05e4a4b5ca364a139e729ae8c0bcf646 P c3a5349412494ae3a9b1f0ca3d890b7c [CANDIDATE]: Term 1 election: Requested vote from peers 06363a639d264f70bc59508eeddef800 (127.0.107.193:46371), e2bbd559f8b4491bb63291d889b67025 (127.0.107.194:36087)
I20260709 14:44:28.141057  1070 raft_consensus.cc:2468] T 05e4a4b5ca364a139e729ae8c0bcf646 P 06363a639d264f70bc59508eeddef800 [term 1 FOLLOWER]: Leader election vote request: Granting yes vote for candidate c3a5349412494ae3a9b1f0ca3d890b7c in term 1.
I20260709 14:44:28.142266  1146 raft_consensus.cc:2468] T 05e4a4b5ca364a139e729ae8c0bcf646 P e2bbd559f8b4491bb63291d889b67025 [term 1 FOLLOWER]: Leader election vote request: Granting yes vote for candidate c3a5349412494ae3a9b1f0ca3d890b7c in term 1.
I20260709 14:44:28.143157  1184 leader_election.cc:304] T 05e4a4b5ca364a139e729ae8c0bcf646 P c3a5349412494ae3a9b1f0ca3d890b7c [CANDIDATE]: Term 1 election: Election decided. Result: candidate won. Election summary: received 2 responses out of 3 voters: 2 yes votes; 0 no votes. yes voters: c3a5349412494ae3a9b1f0ca3d890b7c, e2bbd559f8b4491bb63291d889b67025; no voters: 
I20260709 14:44:28.144081  1268 raft_consensus.cc:2804] T 05e4a4b5ca364a139e729ae8c0bcf646 P c3a5349412494ae3a9b1f0ca3d890b7c [term 1 FOLLOWER]: Leader election won for term 1
I20260709 14:44:28.144979  1268 raft_consensus.cc:697] T 05e4a4b5ca364a139e729ae8c0bcf646 P c3a5349412494ae3a9b1f0ca3d890b7c [term 1 LEADER]: Becoming Leader. State: Replica: c3a5349412494ae3a9b1f0ca3d890b7c, State: Running, Role: LEADER
I20260709 14:44:28.145816  1268 consensus_queue.cc:237] T 05e4a4b5ca364a139e729ae8c0bcf646 P c3a5349412494ae3a9b1f0ca3d890b7c [LEADER]: Queue going to LEADER mode. State: All replicated index: 0, Majority replicated index: 0, Committed index: 0, Last appended: 0.0, Last appended by leader: 0, Current term: 1, Majority size: 2, State: 0, Mode: LEADER, active raft config: opid_index: -1 OBSOLETE_local: false peers { permanent_uuid: "06363a639d264f70bc59508eeddef800" member_type: VOTER last_known_addr { host: "127.0.107.193" port: 46371 } } peers { permanent_uuid: "e2bbd559f8b4491bb63291d889b67025" member_type: VOTER last_known_addr { host: "127.0.107.194" port: 36087 } } peers { permanent_uuid: "c3a5349412494ae3a9b1f0ca3d890b7c" member_type: VOTER last_known_addr { host: "127.0.107.195" port: 32919 } }
I20260709 14:44:28.146345   969 catalog_manager.cc:5697] T f3baef1396a6413b97737c1494b554d4 P 06363a639d264f70bc59508eeddef800 reported cstate change: term changed from 0 to 1, leader changed from <none> to 06363a639d264f70bc59508eeddef800 (127.0.107.193). New cstate: current_term: 1 leader_uuid: "06363a639d264f70bc59508eeddef800" committed_config { opid_index: -1 OBSOLETE_local: false peers { permanent_uuid: "06363a639d264f70bc59508eeddef800" member_type: VOTER last_known_addr { host: "127.0.107.193" port: 46371 } health_report { overall_health: HEALTHY } } peers { permanent_uuid: "e2bbd559f8b4491bb63291d889b67025" member_type: VOTER last_known_addr { host: "127.0.107.194" port: 36087 } health_report { overall_health: UNKNOWN } } peers { permanent_uuid: "c3a5349412494ae3a9b1f0ca3d890b7c" member_type: VOTER last_known_addr { host: "127.0.107.195" port: 32919 } health_report { overall_health: UNKNOWN } } }
I20260709 14:44:28.148092   969 catalog_manager.cc:5697] T f8c1f14e888743798fa6552d10b9b085 P 06363a639d264f70bc59508eeddef800 reported cstate change: term changed from 0 to 1, leader changed from <none> to 06363a639d264f70bc59508eeddef800 (127.0.107.193). New cstate: current_term: 1 leader_uuid: "06363a639d264f70bc59508eeddef800" committed_config { opid_index: -1 OBSOLETE_local: false peers { permanent_uuid: "06363a639d264f70bc59508eeddef800" member_type: VOTER last_known_addr { host: "127.0.107.193" port: 46371 } health_report { overall_health: HEALTHY } } peers { permanent_uuid: "e2bbd559f8b4491bb63291d889b67025" member_type: VOTER last_known_addr { host: "127.0.107.194" port: 36087 } health_report { overall_health: UNKNOWN } } peers { permanent_uuid: "c3a5349412494ae3a9b1f0ca3d890b7c" member_type: VOTER last_known_addr { host: "127.0.107.195" port: 32919 } health_report { overall_health: UNKNOWN } } }
I20260709 14:44:28.153712   967 catalog_manager.cc:5697] T 05e4a4b5ca364a139e729ae8c0bcf646 P c3a5349412494ae3a9b1f0ca3d890b7c reported cstate change: term changed from 0 to 1, leader changed from <none> to c3a5349412494ae3a9b1f0ca3d890b7c (127.0.107.195). New cstate: current_term: 1 leader_uuid: "c3a5349412494ae3a9b1f0ca3d890b7c" committed_config { opid_index: -1 OBSOLETE_local: false peers { permanent_uuid: "06363a639d264f70bc59508eeddef800" member_type: VOTER last_known_addr { host: "127.0.107.193" port: 46371 } health_report { overall_health: UNKNOWN } } peers { permanent_uuid: "e2bbd559f8b4491bb63291d889b67025" member_type: VOTER last_known_addr { host: "127.0.107.194" port: 36087 } health_report { overall_health: UNKNOWN } } peers { permanent_uuid: "c3a5349412494ae3a9b1f0ca3d890b7c" member_type: VOTER last_known_addr { host: "127.0.107.195" port: 32919 } health_report { overall_health: HEALTHY } } }
I20260709 14:44:28.172465  1267 raft_consensus.cc:493] T 095c6d24d1054497968823390b5c7255 P e2bbd559f8b4491bb63291d889b67025 [term 0 FOLLOWER]: Starting pre-election (no leader contacted us within the election timeout)
I20260709 14:44:28.172942  1267 raft_consensus.cc:515] T 095c6d24d1054497968823390b5c7255 P e2bbd559f8b4491bb63291d889b67025 [term 0 FOLLOWER]: Starting pre-election with config: opid_index: -1 OBSOLETE_local: false peers { permanent_uuid: "c3a5349412494ae3a9b1f0ca3d890b7c" member_type: VOTER last_known_addr { host: "127.0.107.195" port: 32919 } } peers { permanent_uuid: "e2bbd559f8b4491bb63291d889b67025" member_type: VOTER last_known_addr { host: "127.0.107.194" port: 36087 } } peers { permanent_uuid: "06363a639d264f70bc59508eeddef800" member_type: VOTER last_known_addr { host: "127.0.107.193" port: 46371 } }
I20260709 14:44:28.174469  1267 leader_election.cc:290] T 095c6d24d1054497968823390b5c7255 P e2bbd559f8b4491bb63291d889b67025 [CANDIDATE]: Term 1 pre-election: Requested pre-vote from peers c3a5349412494ae3a9b1f0ca3d890b7c (127.0.107.195:32919), 06363a639d264f70bc59508eeddef800 (127.0.107.193:46371)
I20260709 14:44:28.175287  1218 tablet_service.cc:1917] Received RequestConsensusVote() RPC: tablet_id: "095c6d24d1054497968823390b5c7255" candidate_uuid: "e2bbd559f8b4491bb63291d889b67025" candidate_term: 1 candidate_status { last_received { term: 0 index: 0 } } ignore_live_leader: false dest_uuid: "c3a5349412494ae3a9b1f0ca3d890b7c" is_pre_election: true
I20260709 14:44:28.175549  1070 tablet_service.cc:1917] Received RequestConsensusVote() RPC: tablet_id: "095c6d24d1054497968823390b5c7255" candidate_uuid: "e2bbd559f8b4491bb63291d889b67025" candidate_term: 1 candidate_status { last_received { term: 0 index: 0 } } ignore_live_leader: false dest_uuid: "06363a639d264f70bc59508eeddef800" is_pre_election: true
I20260709 14:44:28.175787  1218 raft_consensus.cc:2468] T 095c6d24d1054497968823390b5c7255 P c3a5349412494ae3a9b1f0ca3d890b7c [term 0 FOLLOWER]: Leader pre-election vote request: Granting yes vote for candidate e2bbd559f8b4491bb63291d889b67025 in term 0.
I20260709 14:44:28.176115  1070 raft_consensus.cc:2468] T 095c6d24d1054497968823390b5c7255 P 06363a639d264f70bc59508eeddef800 [term 0 FOLLOWER]: Leader pre-election vote request: Granting yes vote for candidate e2bbd559f8b4491bb63291d889b67025 in term 0.
I20260709 14:44:28.176712  1111 leader_election.cc:304] T 095c6d24d1054497968823390b5c7255 P e2bbd559f8b4491bb63291d889b67025 [CANDIDATE]: Term 1 pre-election: Election decided. Result: candidate won. Election summary: received 2 responses out of 3 voters: 2 yes votes; 0 no votes. yes voters: c3a5349412494ae3a9b1f0ca3d890b7c, e2bbd559f8b4491bb63291d889b67025; no voters: 
I20260709 14:44:28.177320  1267 raft_consensus.cc:2804] T 095c6d24d1054497968823390b5c7255 P e2bbd559f8b4491bb63291d889b67025 [term 0 FOLLOWER]: Leader pre-election won for term 1
I20260709 14:44:28.177597  1267 raft_consensus.cc:493] T 095c6d24d1054497968823390b5c7255 P e2bbd559f8b4491bb63291d889b67025 [term 0 FOLLOWER]: Starting leader election (no leader contacted us within the election timeout)
I20260709 14:44:28.177878  1267 raft_consensus.cc:3060] T 095c6d24d1054497968823390b5c7255 P e2bbd559f8b4491bb63291d889b67025 [term 0 FOLLOWER]: Advancing to term 1
I20260709 14:44:28.182065  1267 raft_consensus.cc:515] T 095c6d24d1054497968823390b5c7255 P e2bbd559f8b4491bb63291d889b67025 [term 1 FOLLOWER]: Starting leader election with config: opid_index: -1 OBSOLETE_local: false peers { permanent_uuid: "c3a5349412494ae3a9b1f0ca3d890b7c" member_type: VOTER last_known_addr { host: "127.0.107.195" port: 32919 } } peers { permanent_uuid: "e2bbd559f8b4491bb63291d889b67025" member_type: VOTER last_known_addr { host: "127.0.107.194" port: 36087 } } peers { permanent_uuid: "06363a639d264f70bc59508eeddef800" member_type: VOTER last_known_addr { host: "127.0.107.193" port: 46371 } }
I20260709 14:44:28.183516  1267 leader_election.cc:290] T 095c6d24d1054497968823390b5c7255 P e2bbd559f8b4491bb63291d889b67025 [CANDIDATE]: Term 1 election: Requested vote from peers c3a5349412494ae3a9b1f0ca3d890b7c (127.0.107.195:32919), 06363a639d264f70bc59508eeddef800 (127.0.107.193:46371)
I20260709 14:44:28.184289  1218 tablet_service.cc:1917] Received RequestConsensusVote() RPC: tablet_id: "095c6d24d1054497968823390b5c7255" candidate_uuid: "e2bbd559f8b4491bb63291d889b67025" candidate_term: 1 candidate_status { last_received { term: 0 index: 0 } } ignore_live_leader: false dest_uuid: "c3a5349412494ae3a9b1f0ca3d890b7c"
I20260709 14:44:28.184443  1070 tablet_service.cc:1917] Received RequestConsensusVote() RPC: tablet_id: "095c6d24d1054497968823390b5c7255" candidate_uuid: "e2bbd559f8b4491bb63291d889b67025" candidate_term: 1 candidate_status { last_received { term: 0 index: 0 } } ignore_live_leader: false dest_uuid: "06363a639d264f70bc59508eeddef800"
I20260709 14:44:28.184752  1218 raft_consensus.cc:3060] T 095c6d24d1054497968823390b5c7255 P c3a5349412494ae3a9b1f0ca3d890b7c [term 0 FOLLOWER]: Advancing to term 1
I20260709 14:44:28.184948  1070 raft_consensus.cc:3060] T 095c6d24d1054497968823390b5c7255 P 06363a639d264f70bc59508eeddef800 [term 0 FOLLOWER]: Advancing to term 1
I20260709 14:44:28.189476  1218 raft_consensus.cc:2468] T 095c6d24d1054497968823390b5c7255 P c3a5349412494ae3a9b1f0ca3d890b7c [term 1 FOLLOWER]: Leader election vote request: Granting yes vote for candidate e2bbd559f8b4491bb63291d889b67025 in term 1.
