I20260709 14:47:55.407739 11799 raft_consensus.cc:2749] T 5e4e4545de074603b973a9f88cb17b73 P f88e6fa6d33148948a96cb5534b0daa3 [term 1 FOLLOWER]: Leader pre-election lost for term 1. Reason: could not achieve majority
I20260709 14:47:55.410370 11671 tablet_service.cc:1917] Received RequestConsensusVote() RPC: tablet_id: "d7ba4c981a8e41e589d7dd246a82d441" candidate_uuid: "25687eb992bc4c70bd618e5a9678475b" candidate_term: 1 candidate_status { last_received { term: 0 index: 0 } } ignore_live_leader: false dest_uuid: "f88e6fa6d33148948a96cb5534b0daa3" is_pre_election: true
I20260709 14:47:55.412209 11850 raft_consensus.cc:515] T dec979a7a06b42fa87cbd336240a9900 P 25687eb992bc4c70bd618e5a9678475b [term 1 FOLLOWER]: Starting leader election with config: opid_index: -1 OBSOLETE_local: false peers { permanent_uuid: "25687eb992bc4c70bd618e5a9678475b" member_type: VOTER last_known_addr { host: "127.10.65.1" port: 41833 } } peers { permanent_uuid: "f88e6fa6d33148948a96cb5534b0daa3" member_type: VOTER last_known_addr { host: "127.10.65.2" port: 43849 } } peers { permanent_uuid: "a21ea4055f634f03b2ccc04fc91857f4" member_type: VOTER last_known_addr { host: "127.10.65.3" port: 39993 } }
I20260709 14:47:55.416079 11850 leader_election.cc:290] T dec979a7a06b42fa87cbd336240a9900 P 25687eb992bc4c70bd618e5a9678475b [CANDIDATE]: Term 1 election: Requested vote from peers f88e6fa6d33148948a96cb5534b0daa3 (127.10.65.2:43849), a21ea4055f634f03b2ccc04fc91857f4 (127.10.65.3:39993)
I20260709 14:47:55.414310 11597 tablet_service.cc:1917] Received RequestConsensusVote() RPC: tablet_id: "b6df886f7b0a42c39b314bc783a5e347" candidate_uuid: "a21ea4055f634f03b2ccc04fc91857f4" candidate_term: 1 candidate_status { last_received { term: 0 index: 0 } } ignore_live_leader: false dest_uuid: "25687eb992bc4c70bd618e5a9678475b" is_pre_election: true
W20260709 14:47:55.416610 11562 leader_election.cc:343] T d7ba4c981a8e41e589d7dd246a82d441 P 25687eb992bc4c70bd618e5a9678475b [CANDIDATE]: Term 1 pre-election: Tablet error from VoteRequest() call to peer f88e6fa6d33148948a96cb5534b0daa3 (127.10.65.2:43849): Illegal state: must be running to vote when last-logged opid is not known
I20260709 14:47:55.416751 11597 raft_consensus.cc:2468] T b6df886f7b0a42c39b314bc783a5e347 P 25687eb992bc4c70bd618e5a9678475b [term 0 FOLLOWER]: Leader pre-election vote request: Granting yes vote for candidate a21ea4055f634f03b2ccc04fc91857f4 in term 0.
I20260709 14:47:55.393164 11789 raft_consensus.cc:359] T d7ba4c981a8e41e589d7dd246a82d441 P a21ea4055f634f03b2ccc04fc91857f4 [term 0 FOLLOWER]: Replica starting. Triggering 0 pending ops. Active config: opid_index: -1 OBSOLETE_local: false peers { permanent_uuid: "25687eb992bc4c70bd618e5a9678475b" member_type: VOTER last_known_addr { host: "127.10.65.1" port: 41833 } } peers { permanent_uuid: "f88e6fa6d33148948a96cb5534b0daa3" member_type: VOTER last_known_addr { host: "127.10.65.2" port: 43849 } } peers { permanent_uuid: "a21ea4055f634f03b2ccc04fc91857f4" member_type: VOTER last_known_addr { host: "127.10.65.3" port: 39993 } }
I20260709 14:47:55.413714 11563 leader_election.cc:304] T 89b525cf8f4f426281e7c042872fc2b1 P 25687eb992bc4c70bd618e5a9678475b [CANDIDATE]: Term 1 pre-election: Election decided. Result: candidate won. Election summary: received 3 responses out of 3 voters: 2 yes votes; 1 no votes. yes voters: 25687eb992bc4c70bd618e5a9678475b, a21ea4055f634f03b2ccc04fc91857f4; no voters: f88e6fa6d33148948a96cb5534b0daa3
I20260709 14:47:55.417694 11671 tablet_service.cc:1917] Received RequestConsensusVote() RPC: tablet_id: "dec979a7a06b42fa87cbd336240a9900" candidate_uuid: "25687eb992bc4c70bd618e5a9678475b" candidate_term: 1 candidate_status { last_received { term: 0 index: 0 } } ignore_live_leader: false dest_uuid: "f88e6fa6d33148948a96cb5534b0daa3"
I20260709 14:47:55.417716 11789 raft_consensus.cc:385] T d7ba4c981a8e41e589d7dd246a82d441 P a21ea4055f634f03b2ccc04fc91857f4 [term 0 FOLLOWER]: Consensus starting up: Expiring failure detector timer to make a prompt election more likely
I20260709 14:47:55.418534 11671 raft_consensus.cc:3060] T dec979a7a06b42fa87cbd336240a9900 P f88e6fa6d33148948a96cb5534b0daa3 [term 0 FOLLOWER]: Advancing to term 1
I20260709 14:47:55.419247 11821 raft_consensus.cc:2804] T 89b525cf8f4f426281e7c042872fc2b1 P 25687eb992bc4c70bd618e5a9678475b [term 0 FOLLOWER]: Leader pre-election won for term 1
I20260709 14:47:55.419651 11821 raft_consensus.cc:493] T 89b525cf8f4f426281e7c042872fc2b1 P 25687eb992bc4c70bd618e5a9678475b [term 0 FOLLOWER]: Starting leader election (no leader contacted us within the election timeout)
I20260709 14:47:55.419961 11821 raft_consensus.cc:3060] T 89b525cf8f4f426281e7c042872fc2b1 P 25687eb992bc4c70bd618e5a9678475b [term 0 FOLLOWER]: Advancing to term 1
I20260709 14:47:55.418535 11789 raft_consensus.cc:740] T d7ba4c981a8e41e589d7dd246a82d441 P a21ea4055f634f03b2ccc04fc91857f4 [term 0 FOLLOWER]: Becoming Follower/Learner. State: Replica: a21ea4055f634f03b2ccc04fc91857f4, State: Initialized, Role: FOLLOWER
I20260709 14:47:55.424221 11789 consensus_queue.cc:260] T d7ba4c981a8e41e589d7dd246a82d441 P a21ea4055f634f03b2ccc04fc91857f4 [NON_LEADER]: Queue going to NON_LEADER mode. State: All replicated index: 0, Majority replicated index: 0, Committed index: 0, Last appended: 0.0, Last appended by leader: 0, Current term: 0, Majority size: -1, State: 0, Mode: NON_LEADER, active raft config: opid_index: -1 OBSOLETE_local: false peers { permanent_uuid: "25687eb992bc4c70bd618e5a9678475b" member_type: VOTER last_known_addr { host: "127.10.65.1" port: 41833 } } peers { permanent_uuid: "f88e6fa6d33148948a96cb5534b0daa3" member_type: VOTER last_known_addr { host: "127.10.65.2" port: 43849 } } peers { permanent_uuid: "a21ea4055f634f03b2ccc04fc91857f4" member_type: VOTER last_known_addr { host: "127.10.65.3" port: 39993 } }
I20260709 14:47:55.425537 11671 raft_consensus.cc:2468] T dec979a7a06b42fa87cbd336240a9900 P f88e6fa6d33148948a96cb5534b0daa3 [term 1 FOLLOWER]: Leader election vote request: Granting yes vote for candidate 25687eb992bc4c70bd618e5a9678475b in term 1.
I20260709 14:47:55.426214 11908 consensus_queue.cc:1048] T 756b48400c3341d7a105f607fd6b13df P a21ea4055f634f03b2ccc04fc91857f4 [LEADER]: Connected to new peer: Peer: permanent_uuid: "f88e6fa6d33148948a96cb5534b0daa3" member_type: VOTER last_known_addr { host: "127.10.65.2" port: 43849 }, Status: LMP_MISMATCH, Last received: 0.0, Next index: 1, Last known committed idx: 0, Time since last communication: 0.000s
I20260709 14:47:55.426530 11562 leader_election.cc:304] T dec979a7a06b42fa87cbd336240a9900 P 25687eb992bc4c70bd618e5a9678475b [CANDIDATE]: Term 1 election: Election decided. Result: candidate won. Election summary: received 2 responses out of 3 voters: 2 yes votes; 0 no votes. yes voters: 25687eb992bc4c70bd618e5a9678475b, f88e6fa6d33148948a96cb5534b0daa3; no voters: 
I20260709 14:47:55.427074 11821 raft_consensus.cc:515] T 89b525cf8f4f426281e7c042872fc2b1 P 25687eb992bc4c70bd618e5a9678475b [term 1 FOLLOWER]: Starting leader election with config: opid_index: -1 OBSOLETE_local: false peers { permanent_uuid: "25687eb992bc4c70bd618e5a9678475b" member_type: VOTER last_known_addr { host: "127.10.65.1" port: 41833 } } peers { permanent_uuid: "f88e6fa6d33148948a96cb5534b0daa3" member_type: VOTER last_known_addr { host: "127.10.65.2" port: 43849 } } peers { permanent_uuid: "a21ea4055f634f03b2ccc04fc91857f4" member_type: VOTER last_known_addr { host: "127.10.65.3" port: 39993 } }
W20260709 14:47:55.427834 11711 leader_election.cc:343] T b6df886f7b0a42c39b314bc783a5e347 P a21ea4055f634f03b2ccc04fc91857f4 [CANDIDATE]: Term 1 pre-election: Tablet error from VoteRequest() call to peer f88e6fa6d33148948a96cb5534b0daa3 (127.10.65.2:43849): Illegal state: must be running to vote when last-logged opid is not known
I20260709 14:47:55.432031 11789 ts_tablet_manager.cc:1434] T d7ba4c981a8e41e589d7dd246a82d441 P a21ea4055f634f03b2ccc04fc91857f4: Time spent starting tablet: real 0.058s	user 0.008s	sys 0.001s
I20260709 14:47:55.432947 11789 tablet_bootstrap.cc:492] T 49a58072cd6e44abaa3226871a54ce96 P a21ea4055f634f03b2ccc04fc91857f4: Bootstrap starting.
I20260709 14:47:55.434451 11920 raft_consensus.cc:2804] T dec979a7a06b42fa87cbd336240a9900 P 25687eb992bc4c70bd618e5a9678475b [term 1 FOLLOWER]: Leader election won for term 1
I20260709 14:47:55.435770 11673 tablet_service.cc:1917] Received RequestConsensusVote() RPC: tablet_id: "89b525cf8f4f426281e7c042872fc2b1" candidate_uuid: "25687eb992bc4c70bd618e5a9678475b" candidate_term: 1 candidate_status { last_received { term: 0 index: 0 } } ignore_live_leader: false dest_uuid: "f88e6fa6d33148948a96cb5534b0daa3"
I20260709 14:47:55.389503 11788 raft_consensus.cc:359] T 966eba2d24f74fe989aa27e9e8ad47ca P 25687eb992bc4c70bd618e5a9678475b [term 0 FOLLOWER]: Replica starting. Triggering 0 pending ops. Active config: opid_index: -1 OBSOLETE_local: false peers { permanent_uuid: "25687eb992bc4c70bd618e5a9678475b" member_type: VOTER last_known_addr { host: "127.10.65.1" port: 41833 } } peers { permanent_uuid: "f88e6fa6d33148948a96cb5534b0daa3" member_type: VOTER last_known_addr { host: "127.10.65.2" port: 43849 } } peers { permanent_uuid: "a21ea4055f634f03b2ccc04fc91857f4" member_type: VOTER last_known_addr { host: "127.10.65.3" port: 39993 } }
I20260709 14:47:55.437572 11788 raft_consensus.cc:385] T 966eba2d24f74fe989aa27e9e8ad47ca P 25687eb992bc4c70bd618e5a9678475b [term 0 FOLLOWER]: Consensus starting up: Expiring failure detector timer to make a prompt election more likely
I20260709 14:47:55.437866 11788 raft_consensus.cc:740] T 966eba2d24f74fe989aa27e9e8ad47ca P 25687eb992bc4c70bd618e5a9678475b [term 0 FOLLOWER]: Becoming Follower/Learner. State: Replica: 25687eb992bc4c70bd618e5a9678475b, State: Initialized, Role: FOLLOWER
I20260709 14:47:55.438548 11788 consensus_queue.cc:260] T 966eba2d24f74fe989aa27e9e8ad47ca P 25687eb992bc4c70bd618e5a9678475b [NON_LEADER]: Queue going to NON_LEADER mode. State: All replicated index: 0, Majority replicated index: 0, Committed index: 0, Last appended: 0.0, Last appended by leader: 0, Current term: 0, Majority size: -1, State: 0, Mode: NON_LEADER, active raft config: opid_index: -1 OBSOLETE_local: false peers { permanent_uuid: "25687eb992bc4c70bd618e5a9678475b" member_type: VOTER last_known_addr { host: "127.10.65.1" port: 41833 } } peers { permanent_uuid: "f88e6fa6d33148948a96cb5534b0daa3" member_type: VOTER last_known_addr { host: "127.10.65.2" port: 43849 } } peers { permanent_uuid: "a21ea4055f634f03b2ccc04fc91857f4" member_type: VOTER last_known_addr { host: "127.10.65.3" port: 39993 } }
W20260709 14:47:55.439731 11562 leader_election.cc:343] T 89b525cf8f4f426281e7c042872fc2b1 P 25687eb992bc4c70bd618e5a9678475b [CANDIDATE]: Term 1 election: Tablet error from VoteRequest() call to peer f88e6fa6d33148948a96cb5534b0daa3 (127.10.65.2:43849): Illegal state: must be running to vote when last-logged opid is not known
I20260709 14:47:55.440771 11920 raft_consensus.cc:697] T dec979a7a06b42fa87cbd336240a9900 P 25687eb992bc4c70bd618e5a9678475b [term 1 LEADER]: Becoming Leader. State: Replica: 25687eb992bc4c70bd618e5a9678475b, State: Running, Role: LEADER
I20260709 14:47:55.441895 11821 leader_election.cc:290] T 89b525cf8f4f426281e7c042872fc2b1 P 25687eb992bc4c70bd618e5a9678475b [CANDIDATE]: Term 1 election: Requested vote from peers f88e6fa6d33148948a96cb5534b0daa3 (127.10.65.2:43849), a21ea4055f634f03b2ccc04fc91857f4 (127.10.65.3:39993)
I20260709 14:47:55.441682 11920 consensus_queue.cc:237] T dec979a7a06b42fa87cbd336240a9900 P 25687eb992bc4c70bd618e5a9678475b [LEADER]: Queue going to LEADER mode. State: All replicated index: 0, Majority replicated index: 0, Committed index: 0, Last appended: 0.0, Last appended by leader: 0, Current term: 1, Majority size: 2, State: 0, Mode: LEADER, active raft config: opid_index: -1 OBSOLETE_local: false peers { permanent_uuid: "25687eb992bc4c70bd618e5a9678475b" member_type: VOTER last_known_addr { host: "127.10.65.1" port: 41833 } } peers { permanent_uuid: "f88e6fa6d33148948a96cb5534b0daa3" member_type: VOTER last_known_addr { host: "127.10.65.2" port: 43849 } } peers { permanent_uuid: "a21ea4055f634f03b2ccc04fc91857f4" member_type: VOTER last_known_addr { host: "127.10.65.3" port: 39993 } }
I20260709 14:47:55.444423 11746 tablet_service.cc:1917] Received RequestConsensusVote() RPC: tablet_id: "d7ba4c981a8e41e589d7dd246a82d441" candidate_uuid: "25687eb992bc4c70bd618e5a9678475b" candidate_term: 1 candidate_status { last_received { term: 0 index: 0 } } ignore_live_leader: false dest_uuid: "a21ea4055f634f03b2ccc04fc91857f4" is_pre_election: true
I20260709 14:47:55.445016 11746 raft_consensus.cc:2468] T d7ba4c981a8e41e589d7dd246a82d441 P a21ea4055f634f03b2ccc04fc91857f4 [term 0 FOLLOWER]: Leader pre-election vote request: Granting yes vote for candidate 25687eb992bc4c70bd618e5a9678475b in term 0.
I20260709 14:47:55.446229 11746 tablet_service.cc:1917] Received RequestConsensusVote() RPC: tablet_id: "dec979a7a06b42fa87cbd336240a9900" candidate_uuid: "25687eb992bc4c70bd618e5a9678475b" candidate_term: 1 candidate_status { last_received { term: 0 index: 0 } } ignore_live_leader: false dest_uuid: "a21ea4055f634f03b2ccc04fc91857f4"
I20260709 14:47:55.446834 11746 raft_consensus.cc:3060] T dec979a7a06b42fa87cbd336240a9900 P a21ea4055f634f03b2ccc04fc91857f4 [term 0 FOLLOWER]: Advancing to term 1
I20260709 14:47:55.449709 11788 ts_tablet_manager.cc:1434] T 966eba2d24f74fe989aa27e9e8ad47ca P 25687eb992bc4c70bd618e5a9678475b: Time spent starting tablet: real 0.087s	user 0.006s	sys 0.000s
I20260709 14:47:55.450623 11788 tablet_bootstrap.cc:492] T f818c52053014e80b2b1f97559f6ca20 P 25687eb992bc4c70bd618e5a9678475b: Bootstrap starting.
I20260709 14:47:55.453997 11746 raft_consensus.cc:2468] T dec979a7a06b42fa87cbd336240a9900 P a21ea4055f634f03b2ccc04fc91857f4 [term 1 FOLLOWER]: Leader election vote request: Granting yes vote for candidate 25687eb992bc4c70bd618e5a9678475b in term 1.
I20260709 14:47:55.455674 11713 leader_election.cc:304] T 5e4e4545de074603b973a9f88cb17b73 P a21ea4055f634f03b2ccc04fc91857f4 [CANDIDATE]: Term 1 election: Election decided. Result: candidate won. Election summary: received 3 responses out of 3 voters: 2 yes votes; 1 no votes. yes voters: 25687eb992bc4c70bd618e5a9678475b, a21ea4055f634f03b2ccc04fc91857f4; no voters: f88e6fa6d33148948a96cb5534b0daa3
I20260709 14:47:55.456617 11748 tablet_service.cc:1917] Received RequestConsensusVote() RPC: tablet_id: "89b525cf8f4f426281e7c042872fc2b1" candidate_uuid: "25687eb992bc4c70bd618e5a9678475b" candidate_term: 1 candidate_status { last_received { term: 0 index: 0 } } ignore_live_leader: false dest_uuid: "a21ea4055f634f03b2ccc04fc91857f4"
I20260709 14:47:55.457159 11748 raft_consensus.cc:3060] T 89b525cf8f4f426281e7c042872fc2b1 P a21ea4055f634f03b2ccc04fc91857f4 [term 0 FOLLOWER]: Advancing to term 1
I20260709 14:47:55.458361 11788 tablet_bootstrap.cc:654] T f818c52053014e80b2b1f97559f6ca20 P 25687eb992bc4c70bd618e5a9678475b: Neither blocks nor log segments found. Creating new log.
I20260709 14:47:55.460599 11908 raft_consensus.cc:2804] T 5e4e4545de074603b973a9f88cb17b73 P a21ea4055f634f03b2ccc04fc91857f4 [term 1 FOLLOWER]: Leader election won for term 1
I20260709 14:47:55.461064 11908 raft_consensus.cc:697] T 5e4e4545de074603b973a9f88cb17b73 P a21ea4055f634f03b2ccc04fc91857f4 [term 1 LEADER]: Becoming Leader. State: Replica: a21ea4055f634f03b2ccc04fc91857f4, State: Running, Role: LEADER
I20260709 14:47:55.461841 11908 consensus_queue.cc:237] T 5e4e4545de074603b973a9f88cb17b73 P a21ea4055f634f03b2ccc04fc91857f4 [LEADER]: Queue going to LEADER mode. State: All replicated index: 0, Majority replicated index: 0, Committed index: 0, Last appended: 0.0, Last appended by leader: 0, Current term: 1, Majority size: 2, State: 0, Mode: LEADER, active raft config: opid_index: -1 OBSOLETE_local: false peers { permanent_uuid: "25687eb992bc4c70bd618e5a9678475b" member_type: VOTER last_known_addr { host: "127.10.65.1" port: 41833 } } peers { permanent_uuid: "f88e6fa6d33148948a96cb5534b0daa3" member_type: VOTER last_known_addr { host: "127.10.65.2" port: 43849 } } peers { permanent_uuid: "a21ea4055f634f03b2ccc04fc91857f4" member_type: VOTER last_known_addr { host: "127.10.65.3" port: 39993 } }
I20260709 14:47:55.462610 11497 catalog_manager.cc:5697] T dec979a7a06b42fa87cbd336240a9900 P 25687eb992bc4c70bd618e5a9678475b reported cstate change: term changed from 0 to 1, leader changed from <none> to 25687eb992bc4c70bd618e5a9678475b (127.10.65.1). New cstate: current_term: 1 leader_uuid: "25687eb992bc4c70bd618e5a9678475b" committed_config { opid_index: -1 OBSOLETE_local: false peers { permanent_uuid: "25687eb992bc4c70bd618e5a9678475b" member_type: VOTER last_known_addr { host: "127.10.65.1" port: 41833 } health_report { overall_health: HEALTHY } } peers { permanent_uuid: "f88e6fa6d33148948a96cb5534b0daa3" member_type: VOTER last_known_addr { host: "127.10.65.2" port: 43849 } health_report { overall_health: UNKNOWN } } peers { permanent_uuid: "a21ea4055f634f03b2ccc04fc91857f4" member_type: VOTER last_known_addr { host: "127.10.65.3" port: 39993 } health_report { overall_health: UNKNOWN } } }
I20260709 14:47:55.469722 11788 tablet_bootstrap.cc:492] T f818c52053014e80b2b1f97559f6ca20 P 25687eb992bc4c70bd618e5a9678475b: No bootstrap required, opened a new log
I20260709 14:47:55.471130 11713 leader_election.cc:304] T 89b525cf8f4f426281e7c042872fc2b1 P a21ea4055f634f03b2ccc04fc91857f4 [CANDIDATE]: Term 1 pre-election: Election decided. Result: candidate won. Election summary: received 3 responses out of 3 voters: 2 yes votes; 1 no votes. yes voters: 25687eb992bc4c70bd618e5a9678475b, a21ea4055f634f03b2ccc04fc91857f4; no voters: f88e6fa6d33148948a96cb5534b0daa3
I20260709 14:47:55.471333 11788 ts_tablet_manager.cc:1403] T f818c52053014e80b2b1f97559f6ca20 P 25687eb992bc4c70bd618e5a9678475b: Time spent bootstrapping tablet: real 0.021s	user 0.008s	sys 0.008s
I20260709 14:47:55.474593 11788 raft_consensus.cc:359] T f818c52053014e80b2b1f97559f6ca20 P 25687eb992bc4c70bd618e5a9678475b [term 0 FOLLOWER]: Replica starting. Triggering 0 pending ops. Active config: opid_index: -1 OBSOLETE_local: false peers { permanent_uuid: "25687eb992bc4c70bd618e5a9678475b" member_type: VOTER last_known_addr { host: "127.10.65.1" port: 41833 } } peers { permanent_uuid: "f88e6fa6d33148948a96cb5534b0daa3" member_type: VOTER last_known_addr { host: "127.10.65.2" port: 43849 } } peers { permanent_uuid: "a21ea4055f634f03b2ccc04fc91857f4" member_type: VOTER last_known_addr { host: "127.10.65.3" port: 39993 } }
I20260709 14:47:55.475220 11788 raft_consensus.cc:385] T f818c52053014e80b2b1f97559f6ca20 P 25687eb992bc4c70bd618e5a9678475b [term 0 FOLLOWER]: Consensus starting up: Expiring failure detector timer to make a prompt election more likely
I20260709 14:47:55.475487 11788 raft_consensus.cc:740] T f818c52053014e80b2b1f97559f6ca20 P 25687eb992bc4c70bd618e5a9678475b [term 0 FOLLOWER]: Becoming Follower/Learner. State: Replica: 25687eb992bc4c70bd618e5a9678475b, State: Initialized, Role: FOLLOWER
I20260709 14:47:55.478777 11789 tablet_bootstrap.cc:654] T 49a58072cd6e44abaa3226871a54ce96 P a21ea4055f634f03b2ccc04fc91857f4: Neither blocks nor log segments found. Creating new log.
I20260709 14:47:55.483870 11874 consensus_queue.cc:1048] T 756b48400c3341d7a105f607fd6b13df P a21ea4055f634f03b2ccc04fc91857f4 [LEADER]: Connected to new peer: Peer: permanent_uuid: "25687eb992bc4c70bd618e5a9678475b" member_type: VOTER last_known_addr { host: "127.10.65.1" port: 41833 }, Status: LMP_MISMATCH, Last received: 0.0, Next index: 1, Last known committed idx: 0, Time since last communication: 0.000s
I20260709 14:47:55.485401 11713 leader_election.cc:304] T b6df886f7b0a42c39b314bc783a5e347 P a21ea4055f634f03b2ccc04fc91857f4 [CANDIDATE]: Term 1 pre-election: Election decided. Result: candidate won. Election summary: received 3 responses out of 3 voters: 2 yes votes; 1 no votes. yes voters: 25687eb992bc4c70bd618e5a9678475b, a21ea4055f634f03b2ccc04fc91857f4; no voters: f88e6fa6d33148948a96cb5534b0daa3
I20260709 14:47:55.486092 11874 raft_consensus.cc:2804] T b6df886f7b0a42c39b314bc783a5e347 P a21ea4055f634f03b2ccc04fc91857f4 [term 0 FOLLOWER]: Leader pre-election won for term 1
I20260709 14:47:55.486407 11874 raft_consensus.cc:493] T b6df886f7b0a42c39b314bc783a5e347 P a21ea4055f634f03b2ccc04fc91857f4 [term 0 FOLLOWER]: Starting leader election (no leader contacted us within the election timeout)
I20260709 14:47:55.486670 11874 raft_consensus.cc:3060] T b6df886f7b0a42c39b314bc783a5e347 P a21ea4055f634f03b2ccc04fc91857f4 [term 0 FOLLOWER]: Advancing to term 1
I20260709 14:47:55.492988 11874 raft_consensus.cc:515] T b6df886f7b0a42c39b314bc783a5e347 P a21ea4055f634f03b2ccc04fc91857f4 [term 1 FOLLOWER]: Starting leader election with config: opid_index: -1 OBSOLETE_local: false peers { permanent_uuid: "25687eb992bc4c70bd618e5a9678475b" member_type: VOTER last_known_addr { host: "127.10.65.1" port: 41833 } } peers { permanent_uuid: "f88e6fa6d33148948a96cb5534b0daa3" member_type: VOTER last_known_addr { host: "127.10.65.2" port: 43849 } } peers { permanent_uuid: "a21ea4055f634f03b2ccc04fc91857f4" member_type: VOTER last_known_addr { host: "127.10.65.3" port: 39993 } }
I20260709 14:47:55.476115 11788 consensus_queue.cc:260] T f818c52053014e80b2b1f97559f6ca20 P 25687eb992bc4c70bd618e5a9678475b [NON_LEADER]: Queue going to NON_LEADER mode. State: All replicated index: 0, Majority replicated index: 0, Committed index: 0, Last appended: 0.0, Last appended by leader: 0, Current term: 0, Majority size: -1, State: 0, Mode: NON_LEADER, active raft config: opid_index: -1 OBSOLETE_local: false peers { permanent_uuid: "25687eb992bc4c70bd618e5a9678475b" member_type: VOTER last_known_addr { host: "127.10.65.1" port: 41833 } } peers { permanent_uuid: "f88e6fa6d33148948a96cb5534b0daa3" member_type: VOTER last_known_addr { host: "127.10.65.2" port: 43849 } } peers { permanent_uuid: "a21ea4055f634f03b2ccc04fc91857f4" member_type: VOTER last_known_addr { host: "127.10.65.3" port: 39993 } }
I20260709 14:47:55.496135 11788 ts_tablet_manager.cc:1434] T f818c52053014e80b2b1f97559f6ca20 P 25687eb992bc4c70bd618e5a9678475b: Time spent starting tablet: real 0.024s	user 0.005s	sys 0.000s
I20260709 14:47:55.497320 11788 tablet_bootstrap.cc:492] T 52b4ad5f39204b08bf8cc36c5c41358a P 25687eb992bc4c70bd618e5a9678475b: Bootstrap starting.
I20260709 14:47:55.503221 11671 tablet_service.cc:1917] Received RequestConsensusVote() RPC: tablet_id: "b6df886f7b0a42c39b314bc783a5e347" candidate_uuid: "a21ea4055f634f03b2ccc04fc91857f4" candidate_term: 1 candidate_status { last_received { term: 0 index: 0 } } ignore_live_leader: false dest_uuid: "f88e6fa6d33148948a96cb5534b0daa3"
I20260709 14:47:55.503547 11788 tablet_bootstrap.cc:654] T 52b4ad5f39204b08bf8cc36c5c41358a P 25687eb992bc4c70bd618e5a9678475b: Neither blocks nor log segments found. Creating new log.
I20260709 14:47:55.503986 11748 raft_consensus.cc:2468] T 89b525cf8f4f426281e7c042872fc2b1 P a21ea4055f634f03b2ccc04fc91857f4 [term 1 FOLLOWER]: Leader election vote request: Granting yes vote for candidate 25687eb992bc4c70bd618e5a9678475b in term 1.
I20260709 14:47:55.504462 11835 raft_consensus.cc:2764] T 89b525cf8f4f426281e7c042872fc2b1 P a21ea4055f634f03b2ccc04fc91857f4 [term 1 FOLLOWER]: Leader pre-election decision vote started in defunct term 0: won
W20260709 14:47:55.504699 11711 leader_election.cc:343] T b6df886f7b0a42c39b314bc783a5e347 P a21ea4055f634f03b2ccc04fc91857f4 [CANDIDATE]: Term 1 election: Tablet error from VoteRequest() call to peer f88e6fa6d33148948a96cb5534b0daa3 (127.10.65.2:43849): Illegal state: must be running to vote when last-logged opid is not known
I20260709 14:47:55.501286 11874 leader_election.cc:290] T b6df886f7b0a42c39b314bc783a5e347 P a21ea4055f634f03b2ccc04fc91857f4 [CANDIDATE]: Term 1 election: Requested vote from peers 25687eb992bc4c70bd618e5a9678475b (127.10.65.1:41833), f88e6fa6d33148948a96cb5534b0daa3 (127.10.65.2:43849)
I20260709 14:47:55.506528 11563 leader_election.cc:304] T d7ba4c981a8e41e589d7dd246a82d441 P 25687eb992bc4c70bd618e5a9678475b [CANDIDATE]: Term 1 pre-election: Election decided. Result: candidate won. Election summary: received 3 responses out of 3 voters: 2 yes votes; 1 no votes. yes voters: 25687eb992bc4c70bd618e5a9678475b, a21ea4055f634f03b2ccc04fc91857f4; no voters: f88e6fa6d33148948a96cb5534b0daa3
I20260709 14:47:55.507536 11920 raft_consensus.cc:2804] T d7ba4c981a8e41e589d7dd246a82d441 P 25687eb992bc4c70bd618e5a9678475b [term 0 FOLLOWER]: Leader pre-election won for term 1
I20260709 14:47:55.515659 11920 raft_consensus.cc:493] T d7ba4c981a8e41e589d7dd246a82d441 P 25687eb992bc4c70bd618e5a9678475b [term 0 FOLLOWER]: Starting leader election (no leader contacted us within the election timeout)
I20260709 14:47:55.516062 11920 raft_consensus.cc:3060] T d7ba4c981a8e41e589d7dd246a82d441 P 25687eb992bc4c70bd618e5a9678475b [term 0 FOLLOWER]: Advancing to term 1
I20260709 14:47:55.520643 11598 tablet_service.cc:1917] Received RequestConsensusVote() RPC: tablet_id: "b6df886f7b0a42c39b314bc783a5e347" candidate_uuid: "a21ea4055f634f03b2ccc04fc91857f4" candidate_term: 1 candidate_status { last_received { term: 0 index: 0 } } ignore_live_leader: false dest_uuid: "25687eb992bc4c70bd618e5a9678475b"
I20260709 14:47:55.521262 11598 raft_consensus.cc:3060] T b6df886f7b0a42c39b314bc783a5e347 P 25687eb992bc4c70bd618e5a9678475b [term 0 FOLLOWER]: Advancing to term 1
I20260709 14:47:55.523114 11599 raft_consensus.cc:1275] T 620a2e3c7a0a4641b3f7068117f9fb89 P 25687eb992bc4c70bd618e5a9678475b [term 2 FOLLOWER]: Refusing update from remote peer a21ea4055f634f03b2ccc04fc91857f4: Log matching property violated. Preceding OpId in replica: term: 0 index: 0. Preceding OpId from leader: term: 2 index: 1. (index mismatch)
I20260709 14:47:55.525729 11794 tablet_bootstrap.cc:492] T b6df886f7b0a42c39b314bc783a5e347 P f88e6fa6d33148948a96cb5534b0daa3: No bootstrap required, opened a new log
I20260709 14:47:55.527992 11563 leader_election.cc:304] T 89b525cf8f4f426281e7c042872fc2b1 P 25687eb992bc4c70bd618e5a9678475b [CANDIDATE]: Term 1 election: Election decided. Result: candidate won. Election summary: received 3 responses out of 3 voters: 2 yes votes; 1 no votes. yes voters: 25687eb992bc4c70bd618e5a9678475b, a21ea4055f634f03b2ccc04fc91857f4; no voters: f88e6fa6d33148948a96cb5534b0daa3
I20260709 14:47:55.528740 11794 ts_tablet_manager.cc:1403] T b6df886f7b0a42c39b314bc783a5e347 P f88e6fa6d33148948a96cb5534b0daa3: Time spent bootstrapping tablet: real 0.153s	user 0.057s	sys 0.056s
I20260709 14:47:55.529292 11921 raft_consensus.cc:2804] T 89b525cf8f4f426281e7c042872fc2b1 P 25687eb992bc4c70bd618e5a9678475b [term 1 FOLLOWER]: Leader election won for term 1
I20260709 14:47:55.531262 11874 consensus_queue.cc:1048] T 620a2e3c7a0a4641b3f7068117f9fb89 P a21ea4055f634f03b2ccc04fc91857f4 [LEADER]: Connected to new peer: Peer: permanent_uuid: "25687eb992bc4c70bd618e5a9678475b" member_type: VOTER last_known_addr { host: "127.10.65.1" port: 41833 }, Status: LMP_MISMATCH, Last received: 0.0, Next index: 1, Last known committed idx: 0, Time since last communication: 0.000s
I20260709 14:47:55.531744 11921 raft_consensus.cc:697] T 89b525cf8f4f426281e7c042872fc2b1 P 25687eb992bc4c70bd618e5a9678475b [term 1 LEADER]: Becoming Leader. State: Replica: 25687eb992bc4c70bd618e5a9678475b, State: Running, Role: LEADER
I20260709 14:47:55.532521 11921 consensus_queue.cc:237] T 89b525cf8f4f426281e7c042872fc2b1 P 25687eb992bc4c70bd618e5a9678475b [LEADER]: Queue going to LEADER mode. State: All replicated index: 0, Majority replicated index: 0, Committed index: 0, Last appended: 0.0, Last appended by leader: 0, Current term: 1, Majority size: 2, State: 0, Mode: LEADER, active raft config: opid_index: -1 OBSOLETE_local: false peers { permanent_uuid: "25687eb992bc4c70bd618e5a9678475b" member_type: VOTER last_known_addr { host: "127.10.65.1" port: 41833 } } peers { permanent_uuid: "f88e6fa6d33148948a96cb5534b0daa3" member_type: VOTER last_known_addr { host: "127.10.65.2" port: 43849 } } peers { permanent_uuid: "a21ea4055f634f03b2ccc04fc91857f4" member_type: VOTER last_known_addr { host: "127.10.65.3" port: 39993 } }
I20260709 14:47:55.536729 11789 tablet_bootstrap.cc:492] T 49a58072cd6e44abaa3226871a54ce96 P a21ea4055f634f03b2ccc04fc91857f4: No bootstrap required, opened a new log
I20260709 14:47:55.537137 11789 ts_tablet_manager.cc:1403] T 49a58072cd6e44abaa3226871a54ce96 P a21ea4055f634f03b2ccc04fc91857f4: Time spent bootstrapping tablet: real 0.104s	user 0.008s	sys 0.001s
I20260709 14:47:55.537173 11794 raft_consensus.cc:359] T b6df886f7b0a42c39b314bc783a5e347 P f88e6fa6d33148948a96cb5534b0daa3 [term 0 FOLLOWER]: Replica starting. Triggering 0 pending ops. Active config: opid_index: -1 OBSOLETE_local: false peers { permanent_uuid: "25687eb992bc4c70bd618e5a9678475b" member_type: VOTER last_known_addr { host: "127.10.65.1" port: 41833 } } peers { permanent_uuid: "f88e6fa6d33148948a96cb5534b0daa3" member_type: VOTER last_known_addr { host: "127.10.65.2" port: 43849 } } peers { permanent_uuid: "a21ea4055f634f03b2ccc04fc91857f4" member_type: VOTER last_known_addr { host: "127.10.65.3" port: 39993 } }
I20260709 14:47:55.538482 11794 raft_consensus.cc:385] T b6df886f7b0a42c39b314bc783a5e347 P f88e6fa6d33148948a96cb5534b0daa3 [term 0 FOLLOWER]: Consensus starting up: Expiring failure detector timer to make a prompt election more likely
I20260709 14:47:55.538803 11794 raft_consensus.cc:740] T b6df886f7b0a42c39b314bc783a5e347 P f88e6fa6d33148948a96cb5534b0daa3 [term 0 FOLLOWER]: Becoming Follower/Learner. State: Replica: f88e6fa6d33148948a96cb5534b0daa3, State: Initialized, Role: FOLLOWER
I20260709 14:47:55.539631 11789 raft_consensus.cc:359] T 49a58072cd6e44abaa3226871a54ce96 P a21ea4055f634f03b2ccc04fc91857f4 [term 0 FOLLOWER]: Replica starting. Triggering 0 pending ops. Active config: opid_index: -1 OBSOLETE_local: false peers { permanent_uuid: "25687eb992bc4c70bd618e5a9678475b" member_type: VOTER last_known_addr { host: "127.10.65.1" port: 41833 } } peers { permanent_uuid: "f88e6fa6d33148948a96cb5534b0daa3" member_type: VOTER last_known_addr { host: "127.10.65.2" port: 43849 } } peers { permanent_uuid: "a21ea4055f634f03b2ccc04fc91857f4" member_type: VOTER last_known_addr { host: "127.10.65.3" port: 39993 } }
I20260709 14:47:55.539582 11794 consensus_queue.cc:260] T b6df886f7b0a42c39b314bc783a5e347 P f88e6fa6d33148948a96cb5534b0daa3 [NON_LEADER]: Queue going to NON_LEADER mode. State: All replicated index: 0, Majority replicated index: 0, Committed index: 0, Last appended: 0.0, Last appended by leader: 0, Current term: 0, Majority size: -1, State: 0, Mode: NON_LEADER, active raft config: opid_index: -1 OBSOLETE_local: false peers { permanent_uuid: "25687eb992bc4c70bd618e5a9678475b" member_type: VOTER last_known_addr { host: "127.10.65.1" port: 41833 } } peers { permanent_uuid: "f88e6fa6d33148948a96cb5534b0daa3" member_type: VOTER last_known_addr { host: "127.10.65.2" port: 43849 } } peers { permanent_uuid: "a21ea4055f634f03b2ccc04fc91857f4" member_type: VOTER last_known_addr { host: "127.10.65.3" port: 39993 } }
I20260709 14:47:55.540266 11789 raft_consensus.cc:385] T 49a58072cd6e44abaa3226871a54ce96 P a21ea4055f634f03b2ccc04fc91857f4 [term 0 FOLLOWER]: Consensus starting up: Expiring failure detector timer to make a prompt election more likely
I20260709 14:47:55.541682 11794 ts_tablet_manager.cc:1434] T b6df886f7b0a42c39b314bc783a5e347 P f88e6fa6d33148948a96cb5534b0daa3: Time spent starting tablet: real 0.010s	user 0.005s	sys 0.000s
I20260709 14:47:55.542395 11788 tablet_bootstrap.cc:492] T 52b4ad5f39204b08bf8cc36c5c41358a P 25687eb992bc4c70bd618e5a9678475b: No bootstrap required, opened a new log
I20260709 14:47:55.542557 11794 tablet_bootstrap.cc:492] T 89b525cf8f4f426281e7c042872fc2b1 P f88e6fa6d33148948a96cb5534b0daa3: Bootstrap starting.
I20260709 14:47:55.542802 11788 ts_tablet_manager.cc:1403] T 52b4ad5f39204b08bf8cc36c5c41358a P 25687eb992bc4c70bd618e5a9678475b: Time spent bootstrapping tablet: real 0.046s	user 0.025s	sys 0.012s
I20260709 14:47:55.545190 11788 raft_consensus.cc:359] T 52b4ad5f39204b08bf8cc36c5c41358a P 25687eb992bc4c70bd618e5a9678475b [term 0 FOLLOWER]: Replica starting. Triggering 0 pending ops. Active config: opid_index: -1 OBSOLETE_local: false peers { permanent_uuid: "25687eb992bc4c70bd618e5a9678475b" member_type: VOTER last_known_addr { host: "127.10.65.1" port: 41833 } } peers { permanent_uuid: "f88e6fa6d33148948a96cb5534b0daa3" member_type: VOTER last_known_addr { host: "127.10.65.2" port: 43849 } } peers { permanent_uuid: "a21ea4055f634f03b2ccc04fc91857f4" member_type: VOTER last_known_addr { host: "127.10.65.3" port: 39993 } }
I20260709 14:47:55.545791 11788 raft_consensus.cc:385] T 52b4ad5f39204b08bf8cc36c5c41358a P 25687eb992bc4c70bd618e5a9678475b [term 0 FOLLOWER]: Consensus starting up: Expiring failure detector timer to make a prompt election more likely
I20260709 14:47:55.546044 11788 raft_consensus.cc:740] T 52b4ad5f39204b08bf8cc36c5c41358a P 25687eb992bc4c70bd618e5a9678475b [term 0 FOLLOWER]: Becoming Follower/Learner. State: Replica: 25687eb992bc4c70bd618e5a9678475b, State: Initialized, Role: FOLLOWER
I20260709 14:47:55.540548 11789 raft_consensus.cc:740] T 49a58072cd6e44abaa3226871a54ce96 P a21ea4055f634f03b2ccc04fc91857f4 [term 0 FOLLOWER]: Becoming Follower/Learner. State: Replica: a21ea4055f634f03b2ccc04fc91857f4, State: Initialized, Role: FOLLOWER
I20260709 14:47:55.547001 11789 consensus_queue.cc:260] T 49a58072cd6e44abaa3226871a54ce96 P a21ea4055f634f03b2ccc04fc91857f4 [NON_LEADER]: Queue going to NON_LEADER mode. State: All replicated index: 0, Majority replicated index: 0, Committed index: 0, Last appended: 0.0, Last appended by leader: 0, Current term: 0, Majority size: -1, State: 0, Mode: NON_LEADER, active raft config: opid_index: -1 OBSOLETE_local: false peers { permanent_uuid: "25687eb992bc4c70bd618e5a9678475b" member_type: VOTER last_known_addr { host: "127.10.65.1" port: 41833 } } peers { permanent_uuid: "f88e6fa6d33148948a96cb5534b0daa3" member_type: VOTER last_known_addr { host: "127.10.65.2" port: 43849 } } peers { permanent_uuid: "a21ea4055f634f03b2ccc04fc91857f4" member_type: VOTER last_known_addr { host: "127.10.65.3" port: 39993 } }
I20260709 14:47:55.548415 11794 tablet_bootstrap.cc:654] T 89b525cf8f4f426281e7c042872fc2b1 P f88e6fa6d33148948a96cb5534b0daa3: Neither blocks nor log segments found. Creating new log.
I20260709 14:47:55.549388 11789 ts_tablet_manager.cc:1434] T 49a58072cd6e44abaa3226871a54ce96 P a21ea4055f634f03b2ccc04fc91857f4: Time spent starting tablet: real 0.012s	user 0.006s	sys 0.000s
I20260709 14:47:55.549775 11671 raft_consensus.cc:1275] T 620a2e3c7a0a4641b3f7068117f9fb89 P f88e6fa6d33148948a96cb5534b0daa3 [term 2 FOLLOWER]: Refusing update from remote peer a21ea4055f634f03b2ccc04fc91857f4: Log matching property violated. Preceding OpId in replica: term: 0 index: 0. Preceding OpId from leader: term: 2 index: 1. (index mismatch)
I20260709 14:47:55.550218 11789 tablet_bootstrap.cc:492] T 52b4ad5f39204b08bf8cc36c5c41358a P a21ea4055f634f03b2ccc04fc91857f4: Bootstrap starting.
I20260709 14:47:55.551240 11792 consensus_queue.cc:1048] T 620a2e3c7a0a4641b3f7068117f9fb89 P a21ea4055f634f03b2ccc04fc91857f4 [LEADER]: Connected to new peer: Peer: permanent_uuid: "f88e6fa6d33148948a96cb5534b0daa3" member_type: VOTER last_known_addr { host: "127.10.65.2" port: 43849 }, Status: LMP_MISMATCH, Last received: 0.0, Next index: 1, Last known committed idx: 0, Time since last communication: 0.000s
I20260709 14:47:55.555812 11788 consensus_queue.cc:260] T 52b4ad5f39204b08bf8cc36c5c41358a P 25687eb992bc4c70bd618e5a9678475b [NON_LEADER]: Queue going to NON_LEADER mode. State: All replicated index: 0, Majority replicated index: 0, Committed index: 0, Last appended: 0.0, Last appended by leader: 0, Current term: 0, Majority size: -1, State: 0, Mode: NON_LEADER, active raft config: opid_index: -1 OBSOLETE_local: false peers { permanent_uuid: "25687eb992bc4c70bd618e5a9678475b" member_type: VOTER last_known_addr { host: "127.10.65.1" port: 41833 } } peers { permanent_uuid: "f88e6fa6d33148948a96cb5534b0daa3" member_type: VOTER last_known_addr { host: "127.10.65.2" port: 43849 } } peers { permanent_uuid: "a21ea4055f634f03b2ccc04fc91857f4" member_type: VOTER last_known_addr { host: "127.10.65.3" port: 39993 } }
I20260709 14:47:55.557847 11788 ts_tablet_manager.cc:1434] T 52b4ad5f39204b08bf8cc36c5c41358a P 25687eb992bc4c70bd618e5a9678475b: Time spent starting tablet: real 0.015s	user 0.005s	sys 0.001s
I20260709 14:47:55.557474 11496 catalog_manager.cc:5697] T 5e4e4545de074603b973a9f88cb17b73 P a21ea4055f634f03b2ccc04fc91857f4 reported cstate change: term changed from 0 to 1, leader changed from <none> to a21ea4055f634f03b2ccc04fc91857f4 (127.10.65.3). New cstate: current_term: 1 leader_uuid: "a21ea4055f634f03b2ccc04fc91857f4" committed_config { opid_index: -1 OBSOLETE_local: false peers { permanent_uuid: "25687eb992bc4c70bd618e5a9678475b" member_type: VOTER last_known_addr { host: "127.10.65.1" port: 41833 } health_report { overall_health: UNKNOWN } } peers { permanent_uuid: "f88e6fa6d33148948a96cb5534b0daa3" member_type: VOTER last_known_addr { host: "127.10.65.2" port: 43849 } health_report { overall_health: UNKNOWN } } peers { permanent_uuid: "a21ea4055f634f03b2ccc04fc91857f4" member_type: VOTER last_known_addr { host: "127.10.65.3" port: 39993 } health_report { overall_health: HEALTHY } } }
I20260709 14:47:55.558750 11788 tablet_bootstrap.cc:492] T 09a8df863f9d47268717a364ff3bac69 P 25687eb992bc4c70bd618e5a9678475b: Bootstrap starting.
I20260709 14:47:55.564615 11788 tablet_bootstrap.cc:654] T 09a8df863f9d47268717a364ff3bac69 P 25687eb992bc4c70bd618e5a9678475b: Neither blocks nor log segments found. Creating new log.
I20260709 14:47:55.568221 11789 tablet_bootstrap.cc:654] T 52b4ad5f39204b08bf8cc36c5c41358a P a21ea4055f634f03b2ccc04fc91857f4: Neither blocks nor log segments found. Creating new log.
I20260709 14:47:55.530143 11598 raft_consensus.cc:2468] T b6df886f7b0a42c39b314bc783a5e347 P 25687eb992bc4c70bd618e5a9678475b [term 1 FOLLOWER]: Leader election vote request: Granting yes vote for candidate a21ea4055f634f03b2ccc04fc91857f4 in term 1.
I20260709 14:47:55.572175 11799 raft_consensus.cc:493] T b6df886f7b0a42c39b314bc783a5e347 P f88e6fa6d33148948a96cb5534b0daa3 [term 0 FOLLOWER]: Starting pre-election (no leader contacted us within the election timeout)
I20260709 14:47:55.572278 11713 leader_election.cc:304] T b6df886f7b0a42c39b314bc783a5e347 P a21ea4055f634f03b2ccc04fc91857f4 [CANDIDATE]: Term 1 election: Election decided. Result: candidate won. Election summary: received 3 responses out of 3 voters: 2 yes votes; 1 no votes. yes voters: 25687eb992bc4c70bd618e5a9678475b, a21ea4055f634f03b2ccc04fc91857f4; no voters: f88e6fa6d33148948a96cb5534b0daa3
I20260709 14:47:55.572647 11799 raft_consensus.cc:515] T b6df886f7b0a42c39b314bc783a5e347 P f88e6fa6d33148948a96cb5534b0daa3 [term 0 FOLLOWER]: Starting pre-election with config: opid_index: -1 OBSOLETE_local: false peers { permanent_uuid: "25687eb992bc4c70bd618e5a9678475b" member_type: VOTER last_known_addr { host: "127.10.65.1" port: 41833 } } peers { permanent_uuid: "f88e6fa6d33148948a96cb5534b0daa3" member_type: VOTER last_known_addr { host: "127.10.65.2" port: 43849 } } peers { permanent_uuid: "a21ea4055f634f03b2ccc04fc91857f4" member_type: VOTER last_known_addr { host: "127.10.65.3" port: 39993 } }
I20260709 14:47:55.573307 11792 raft_consensus.cc:2804] T b6df886f7b0a42c39b314bc783a5e347 P a21ea4055f634f03b2ccc04fc91857f4 [term 1 FOLLOWER]: Leader election won for term 1
I20260709 14:47:55.573747 11792 raft_consensus.cc:697] T b6df886f7b0a42c39b314bc783a5e347 P a21ea4055f634f03b2ccc04fc91857f4 [term 1 LEADER]: Becoming Leader. State: Replica: a21ea4055f634f03b2ccc04fc91857f4, State: Running, Role: LEADER
I20260709 14:47:55.574595 11799 leader_election.cc:290] T b6df886f7b0a42c39b314bc783a5e347 P f88e6fa6d33148948a96cb5534b0daa3 [CANDIDATE]: Term 1 pre-election: Requested pre-vote from peers 25687eb992bc4c70bd618e5a9678475b (127.10.65.1:41833), a21ea4055f634f03b2ccc04fc91857f4 (127.10.65.3:39993)
I20260709 14:47:55.574530 11792 consensus_queue.cc:237] T b6df886f7b0a42c39b314bc783a5e347 P a21ea4055f634f03b2ccc04fc91857f4 [LEADER]: Queue going to LEADER mode. State: All replicated index: 0, Majority replicated index: 0, Committed index: 0, Last appended: 0.0, Last appended by leader: 0, Current term: 1, Majority size: 2, State: 0, Mode: LEADER, active raft config: opid_index: -1 OBSOLETE_local: false peers { permanent_uuid: "25687eb992bc4c70bd618e5a9678475b" member_type: VOTER last_known_addr { host: "127.10.65.1" port: 41833 } } peers { permanent_uuid: "f88e6fa6d33148948a96cb5534b0daa3" member_type: VOTER last_known_addr { host: "127.10.65.2" port: 43849 } } peers { permanent_uuid: "a21ea4055f634f03b2ccc04fc91857f4" member_type: VOTER last_known_addr { host: "127.10.65.3" port: 39993 } }
I20260709 14:47:55.576056 11748 tablet_service.cc:1917] Received RequestConsensusVote() RPC: tablet_id: "b6df886f7b0a42c39b314bc783a5e347" candidate_uuid: "f88e6fa6d33148948a96cb5534b0daa3" candidate_term: 1 candidate_status { last_received { term: 0 index: 0 } } ignore_live_leader: false dest_uuid: "a21ea4055f634f03b2ccc04fc91857f4" is_pre_election: true
I20260709 14:47:55.577078 11908 raft_consensus.cc:493] T 49a58072cd6e44abaa3226871a54ce96 P a21ea4055f634f03b2ccc04fc91857f4 [term 0 FOLLOWER]: Starting pre-election (no leader contacted us within the election timeout)
I20260709 14:47:55.577564 11908 raft_consensus.cc:515] T 49a58072cd6e44abaa3226871a54ce96 P a21ea4055f634f03b2ccc04fc91857f4 [term 0 FOLLOWER]: Starting pre-election with config: opid_index: -1 OBSOLETE_local: false peers { permanent_uuid: "25687eb992bc4c70bd618e5a9678475b" member_type: VOTER last_known_addr { host: "127.10.65.1" port: 41833 } } peers { permanent_uuid: "f88e6fa6d33148948a96cb5534b0daa3" member_type: VOTER last_known_addr { host: "127.10.65.2" port: 43849 } } peers { permanent_uuid: "a21ea4055f634f03b2ccc04fc91857f4" member_type: VOTER last_known_addr { host: "127.10.65.3" port: 39993 } }
I20260709 14:47:55.578049 11599 tablet_service.cc:1917] Received RequestConsensusVote() RPC: tablet_id: "b6df886f7b0a42c39b314bc783a5e347" candidate_uuid: "f88e6fa6d33148948a96cb5534b0daa3" candidate_term: 1 candidate_status { last_received { term: 0 index: 0 } } ignore_live_leader: false dest_uuid: "25687eb992bc4c70bd618e5a9678475b" is_pre_election: true
I20260709 14:47:55.578766 11599 raft_consensus.cc:2393] T b6df886f7b0a42c39b314bc783a5e347 P 25687eb992bc4c70bd618e5a9678475b [term 1 FOLLOWER]: Leader pre-election vote request: Denying vote to candidate f88e6fa6d33148948a96cb5534b0daa3 in current term 1: Already voted for candidate a21ea4055f634f03b2ccc04fc91857f4 in this term.
I20260709 14:47:55.581194 11638 leader_election.cc:304] T b6df886f7b0a42c39b314bc783a5e347 P f88e6fa6d33148948a96cb5534b0daa3 [CANDIDATE]: Term 1 pre-election: Election decided. Result: candidate lost. Election summary: received 3 responses out of 3 voters: 1 yes votes; 2 no votes. yes voters: f88e6fa6d33148948a96cb5534b0daa3; no voters: 25687eb992bc4c70bd618e5a9678475b, a21ea4055f634f03b2ccc04fc91857f4
I20260709 14:47:55.583164 11599 tablet_service.cc:1917] Received RequestConsensusVote() RPC: tablet_id: "49a58072cd6e44abaa3226871a54ce96" candidate_uuid: "a21ea4055f634f03b2ccc04fc91857f4" candidate_term: 1 candidate_status { last_received { term: 0 index: 0 } } ignore_live_leader: false dest_uuid: "25687eb992bc4c70bd618e5a9678475b" is_pre_election: true
I20260709 14:47:55.583349 11908 leader_election.cc:290] T 49a58072cd6e44abaa3226871a54ce96 P a21ea4055f634f03b2ccc04fc91857f4 [CANDIDATE]: Term 1 pre-election: Requested pre-vote from peers 25687eb992bc4c70bd618e5a9678475b (127.10.65.1:41833), f88e6fa6d33148948a96cb5534b0daa3 (127.10.65.2:43849)
W20260709 14:47:55.584537 11713 leader_election.cc:343] T 49a58072cd6e44abaa3226871a54ce96 P a21ea4055f634f03b2ccc04fc91857f4 [CANDIDATE]: Term 1 pre-election: Tablet error from VoteRequest() call to peer 25687eb992bc4c70bd618e5a9678475b (127.10.65.1:41833): Illegal state: must be running to vote when last-logged opid is not known
I20260709 14:47:55.584733 11673 tablet_service.cc:1917] Received RequestConsensusVote() RPC: tablet_id: "49a58072cd6e44abaa3226871a54ce96" candidate_uuid: "a21ea4055f634f03b2ccc04fc91857f4" candidate_term: 1 candidate_status { last_received { term: 0 index: 0 } } ignore_live_leader: false dest_uuid: "f88e6fa6d33148948a96cb5534b0daa3" is_pre_election: true
W20260709 14:47:55.586783 11711 leader_election.cc:343] T 49a58072cd6e44abaa3226871a54ce96 P a21ea4055f634f03b2ccc04fc91857f4 [CANDIDATE]: Term 1 pre-election: Tablet error from VoteRequest() call to peer f88e6fa6d33148948a96cb5534b0daa3 (127.10.65.2:43849): Illegal state: must be running to vote when last-logged opid is not known
I20260709 14:47:55.587195 11711 leader_election.cc:304] T 49a58072cd6e44abaa3226871a54ce96 P a21ea4055f634f03b2ccc04fc91857f4 [CANDIDATE]: Term 1 pre-election: Election decided. Result: candidate lost. Election summary: received 3 responses out of 3 voters: 1 yes votes; 2 no votes. yes voters: a21ea4055f634f03b2ccc04fc91857f4; no voters: 25687eb992bc4c70bd618e5a9678475b, f88e6fa6d33148948a96cb5534b0daa3
I20260709 14:47:55.588173 11835 raft_consensus.cc:2749] T 49a58072cd6e44abaa3226871a54ce96 P a21ea4055f634f03b2ccc04fc91857f4 [term 0 FOLLOWER]: Leader pre-election lost for term 1. Reason: could not achieve majority
I20260709 14:47:55.592541 11799 raft_consensus.cc:3060] T b6df886f7b0a42c39b314bc783a5e347 P f88e6fa6d33148948a96cb5534b0daa3 [term 0 FOLLOWER]: Advancing to term 1
I20260709 14:47:55.600757 11794 tablet_bootstrap.cc:492] T 89b525cf8f4f426281e7c042872fc2b1 P f88e6fa6d33148948a96cb5534b0daa3: No bootstrap required, opened a new log
I20260709 14:47:55.601496 11794 ts_tablet_manager.cc:1403] T 89b525cf8f4f426281e7c042872fc2b1 P f88e6fa6d33148948a96cb5534b0daa3: Time spent bootstrapping tablet: real 0.059s	user 0.031s	sys 0.017s
I20260709 14:47:55.601962 11799 raft_consensus.cc:2749] T b6df886f7b0a42c39b314bc783a5e347 P f88e6fa6d33148948a96cb5534b0daa3 [term 1 FOLLOWER]: Leader pre-election lost for term 1. Reason: could not achieve majority
I20260709 14:47:55.604115 11794 raft_consensus.cc:359] T 89b525cf8f4f426281e7c042872fc2b1 P f88e6fa6d33148948a96cb5534b0daa3 [term 0 FOLLOWER]: Replica starting. Triggering 0 pending ops. Active config: opid_index: -1 OBSOLETE_local: false peers { permanent_uuid: "25687eb992bc4c70bd618e5a9678475b" member_type: VOTER last_known_addr { host: "127.10.65.1" port: 41833 } } peers { permanent_uuid: "f88e6fa6d33148948a96cb5534b0daa3" member_type: VOTER last_known_addr { host: "127.10.65.2" port: 43849 } } peers { permanent_uuid: "a21ea4055f634f03b2ccc04fc91857f4" member_type: VOTER last_known_addr { host: "127.10.65.3" port: 39993 } }
I20260709 14:47:55.605306 11794 raft_consensus.cc:385] T 89b525cf8f4f426281e7c042872fc2b1 P f88e6fa6d33148948a96cb5534b0daa3 [term 0 FOLLOWER]: Consensus starting up: Expiring failure detector timer to make a prompt election more likely
I20260709 14:47:55.605643 11794 raft_consensus.cc:740] T 89b525cf8f4f426281e7c042872fc2b1 P f88e6fa6d33148948a96cb5534b0daa3 [term 0 FOLLOWER]: Becoming Follower/Learner. State: Replica: f88e6fa6d33148948a96cb5534b0daa3, State: Initialized, Role: FOLLOWER
I20260709 14:47:55.606405 11794 consensus_queue.cc:260] T 89b525cf8f4f426281e7c042872fc2b1 P f88e6fa6d33148948a96cb5534b0daa3 [NON_LEADER]: Queue going to NON_LEADER mode. State: All replicated index: 0, Majority replicated index: 0, Committed index: 0, Last appended: 0.0, Last appended by leader: 0, Current term: 0, Majority size: -1, State: 0, Mode: NON_LEADER, active raft config: opid_index: -1 OBSOLETE_local: false peers { permanent_uuid: "25687eb992bc4c70bd618e5a9678475b" member_type: VOTER last_known_addr { host: "127.10.65.1" port: 41833 } } peers { permanent_uuid: "f88e6fa6d33148948a96cb5534b0daa3" member_type: VOTER last_known_addr { host: "127.10.65.2" port: 43849 } } peers { permanent_uuid: "a21ea4055f634f03b2ccc04fc91857f4" member_type: VOTER last_known_addr { host: "127.10.65.3" port: 39993 } }
I20260709 14:47:55.607353 11799 raft_consensus.cc:493] T 0fbe93c0918247e9bb5aecfb681d02b2 P f88e6fa6d33148948a96cb5534b0daa3 [term 0 FOLLOWER]: Starting pre-election (no leader contacted us within the election timeout)
I20260709 14:47:55.608062 11799 raft_consensus.cc:515] T 0fbe93c0918247e9bb5aecfb681d02b2 P f88e6fa6d33148948a96cb5534b0daa3 [term 0 FOLLOWER]: Starting pre-election with config: opid_index: -1 OBSOLETE_local: false peers { permanent_uuid: "25687eb992bc4c70bd618e5a9678475b" member_type: VOTER last_known_addr { host: "127.10.65.1" port: 41833 } } peers { permanent_uuid: "f88e6fa6d33148948a96cb5534b0daa3" member_type: VOTER last_known_addr { host: "127.10.65.2" port: 43849 } } peers { permanent_uuid: "a21ea4055f634f03b2ccc04fc91857f4" member_type: VOTER last_known_addr { host: "127.10.65.3" port: 39993 } }
I20260709 14:47:55.612061 11598 tablet_service.cc:1917] Received RequestConsensusVote() RPC: tablet_id: "0fbe93c0918247e9bb5aecfb681d02b2" candidate_uuid: "f88e6fa6d33148948a96cb5534b0daa3" candidate_term: 1 candidate_status { last_received { term: 0 index: 0 } } ignore_live_leader: false dest_uuid: "25687eb992bc4c70bd618e5a9678475b" is_pre_election: true
I20260709 14:47:55.615116 11748 tablet_service.cc:1917] Received RequestConsensusVote() RPC: tablet_id: "0fbe93c0918247e9bb5aecfb681d02b2" candidate_uuid: "f88e6fa6d33148948a96cb5534b0daa3" candidate_term: 1 candidate_status { last_received { term: 0 index: 0 } } ignore_live_leader: false dest_uuid: "a21ea4055f634f03b2ccc04fc91857f4" is_pre_election: true
