I20260709 14:47:56.897658 11563 leader_election.cc:304] T 3d0c73d03b2d47d1a8f27ff7c483584b P 25687eb992bc4c70bd618e5a9678475b [CANDIDATE]: Term 1 pre-election: Election decided. Result: candidate lost. Election summary: received 3 responses out of 3 voters: 1 yes votes; 2 no votes. yes voters: 25687eb992bc4c70bd618e5a9678475b; no voters: a21ea4055f634f03b2ccc04fc91857f4, f88e6fa6d33148948a96cb5534b0daa3
I20260709 14:47:56.898612 11850 raft_consensus.cc:2749] T 3d0c73d03b2d47d1a8f27ff7c483584b P 25687eb992bc4c70bd618e5a9678475b [term 0 FOLLOWER]: Leader pre-election lost for term 1. Reason: could not achieve majority
I20260709 14:47:56.899531 11671 tablet_service.cc:1917] Received RequestConsensusVote() RPC: tablet_id: "0334d387bbb14a578c94574dee42a107" candidate_uuid: "a21ea4055f634f03b2ccc04fc91857f4" candidate_term: 1 candidate_status { last_received { term: 0 index: 0 } } ignore_live_leader: false dest_uuid: "f88e6fa6d33148948a96cb5534b0daa3"
W20260709 14:47:56.900708 11711 leader_election.cc:343] T 0334d387bbb14a578c94574dee42a107 P a21ea4055f634f03b2ccc04fc91857f4 [CANDIDATE]: Term 1 election: Tablet error from VoteRequest() call to peer f88e6fa6d33148948a96cb5534b0daa3 (127.10.65.2:43849): Illegal state: must be running to vote when last-logged opid is not known
I20260709 14:47:56.901458 11969 leader_election.cc:290] T 0334d387bbb14a578c94574dee42a107 P a21ea4055f634f03b2ccc04fc91857f4 [CANDIDATE]: Term 1 election: Requested vote from peers 25687eb992bc4c70bd618e5a9678475b (127.10.65.1:41833), f88e6fa6d33148948a96cb5534b0daa3 (127.10.65.2:43849)
I20260709 14:47:56.906893 11794 tablet_bootstrap.cc:492] T db89fbae777a455a97607ad51718b1a6 P f88e6fa6d33148948a96cb5534b0daa3: No bootstrap required, opened a new log
I20260709 14:47:56.907325 11794 ts_tablet_manager.cc:1403] T db89fbae777a455a97607ad51718b1a6 P f88e6fa6d33148948a96cb5534b0daa3: Time spent bootstrapping tablet: real 0.023s	user 0.010s	sys 0.004s
I20260709 14:47:56.909735 11794 raft_consensus.cc:359] T db89fbae777a455a97607ad51718b1a6 P f88e6fa6d33148948a96cb5534b0daa3 [term 0 FOLLOWER]: Replica starting. Triggering 0 pending ops. Active config: opid_index: -1 OBSOLETE_local: false peers { permanent_uuid: "25687eb992bc4c70bd618e5a9678475b" member_type: VOTER last_known_addr { host: "127.10.65.1" port: 41833 } } peers { permanent_uuid: "f88e6fa6d33148948a96cb5534b0daa3" member_type: VOTER last_known_addr { host: "127.10.65.2" port: 43849 } } peers { permanent_uuid: "a21ea4055f634f03b2ccc04fc91857f4" member_type: VOTER last_known_addr { host: "127.10.65.3" port: 39993 } }
I20260709 14:47:56.910360 11794 raft_consensus.cc:385] T db89fbae777a455a97607ad51718b1a6 P f88e6fa6d33148948a96cb5534b0daa3 [term 0 FOLLOWER]: Consensus starting up: Expiring failure detector timer to make a prompt election more likely
I20260709 14:47:56.910610 11794 raft_consensus.cc:740] T db89fbae777a455a97607ad51718b1a6 P f88e6fa6d33148948a96cb5534b0daa3 [term 0 FOLLOWER]: Becoming Follower/Learner. State: Replica: f88e6fa6d33148948a96cb5534b0daa3, State: Initialized, Role: FOLLOWER
I20260709 14:47:56.911185 11794 consensus_queue.cc:260] T db89fbae777a455a97607ad51718b1a6 P f88e6fa6d33148948a96cb5534b0daa3 [NON_LEADER]: Queue going to NON_LEADER mode. State: All replicated index: 0, Majority replicated index: 0, Committed index: 0, Last appended: 0.0, Last appended by leader: 0, Current term: 0, Majority size: -1, State: 0, Mode: NON_LEADER, active raft config: opid_index: -1 OBSOLETE_local: false peers { permanent_uuid: "25687eb992bc4c70bd618e5a9678475b" member_type: VOTER last_known_addr { host: "127.10.65.1" port: 41833 } } peers { permanent_uuid: "f88e6fa6d33148948a96cb5534b0daa3" member_type: VOTER last_known_addr { host: "127.10.65.2" port: 43849 } } peers { permanent_uuid: "a21ea4055f634f03b2ccc04fc91857f4" member_type: VOTER last_known_addr { host: "127.10.65.3" port: 39993 } }
I20260709 14:47:56.913087 11794 ts_tablet_manager.cc:1434] T db89fbae777a455a97607ad51718b1a6 P f88e6fa6d33148948a96cb5534b0daa3: Time spent starting tablet: real 0.005s	user 0.004s	sys 0.000s
I20260709 14:47:56.914685 11794 tablet_bootstrap.cc:492] T 3d0c73d03b2d47d1a8f27ff7c483584b P f88e6fa6d33148948a96cb5534b0daa3: Bootstrap starting.
I20260709 14:47:56.919852 11794 tablet_bootstrap.cc:654] T 3d0c73d03b2d47d1a8f27ff7c483584b P f88e6fa6d33148948a96cb5534b0daa3: Neither blocks nor log segments found. Creating new log.
I20260709 14:47:56.923870 11496 catalog_manager.cc:5697] T 0334d387bbb14a578c94574dee42a107 P a21ea4055f634f03b2ccc04fc91857f4 reported cstate change: term changed from 0 to 1, leader changed from <none> to a21ea4055f634f03b2ccc04fc91857f4 (127.10.65.3). New cstate: current_term: 1 leader_uuid: "a21ea4055f634f03b2ccc04fc91857f4" committed_config { opid_index: -1 OBSOLETE_local: false peers { permanent_uuid: "25687eb992bc4c70bd618e5a9678475b" member_type: VOTER last_known_addr { host: "127.10.65.1" port: 41833 } health_report { overall_health: UNKNOWN } } peers { permanent_uuid: "f88e6fa6d33148948a96cb5534b0daa3" member_type: VOTER last_known_addr { host: "127.10.65.2" port: 43849 } health_report { overall_health: UNKNOWN } } peers { permanent_uuid: "a21ea4055f634f03b2ccc04fc91857f4" member_type: VOTER last_known_addr { host: "127.10.65.3" port: 39993 } health_report { overall_health: HEALTHY } } }
I20260709 14:47:56.926545 11789 tablet_bootstrap.cc:492] T bf043a887b6244de94becf192ce892c1 P a21ea4055f634f03b2ccc04fc91857f4: No bootstrap required, opened a new log
I20260709 14:47:56.926954 11789 ts_tablet_manager.cc:1403] T bf043a887b6244de94becf192ce892c1 P a21ea4055f634f03b2ccc04fc91857f4: Time spent bootstrapping tablet: real 0.043s	user 0.014s	sys 0.006s
I20260709 14:47:56.927371 11788 tablet_bootstrap.cc:492] T adc4b13fcacd4b09bfc9afeb51cb98b7 P 25687eb992bc4c70bd618e5a9678475b: No bootstrap required, opened a new log
I20260709 14:47:56.927855 11788 ts_tablet_manager.cc:1403] T adc4b13fcacd4b09bfc9afeb51cb98b7 P 25687eb992bc4c70bd618e5a9678475b: Time spent bootstrapping tablet: real 0.072s	user 0.012s	sys 0.009s
I20260709 14:47:56.929382 11789 raft_consensus.cc:359] T bf043a887b6244de94becf192ce892c1 P a21ea4055f634f03b2ccc04fc91857f4 [term 0 FOLLOWER]: Replica starting. Triggering 0 pending ops. Active config: opid_index: -1 OBSOLETE_local: false peers { permanent_uuid: "25687eb992bc4c70bd618e5a9678475b" member_type: VOTER last_known_addr { host: "127.10.65.1" port: 41833 } } peers { permanent_uuid: "f88e6fa6d33148948a96cb5534b0daa3" member_type: VOTER last_known_addr { host: "127.10.65.2" port: 43849 } } peers { permanent_uuid: "a21ea4055f634f03b2ccc04fc91857f4" member_type: VOTER last_known_addr { host: "127.10.65.3" port: 39993 } }
I20260709 14:47:56.930006 11789 raft_consensus.cc:385] T bf043a887b6244de94becf192ce892c1 P a21ea4055f634f03b2ccc04fc91857f4 [term 0 FOLLOWER]: Consensus starting up: Expiring failure detector timer to make a prompt election more likely
I20260709 14:47:56.930272 11789 raft_consensus.cc:740] T bf043a887b6244de94becf192ce892c1 P a21ea4055f634f03b2ccc04fc91857f4 [term 0 FOLLOWER]: Becoming Follower/Learner. State: Replica: a21ea4055f634f03b2ccc04fc91857f4, State: Initialized, Role: FOLLOWER
I20260709 14:47:56.930373 11788 raft_consensus.cc:359] T adc4b13fcacd4b09bfc9afeb51cb98b7 P 25687eb992bc4c70bd618e5a9678475b [term 0 FOLLOWER]: Replica starting. Triggering 0 pending ops. Active config: opid_index: -1 OBSOLETE_local: false peers { permanent_uuid: "25687eb992bc4c70bd618e5a9678475b" member_type: VOTER last_known_addr { host: "127.10.65.1" port: 41833 } } peers { permanent_uuid: "f88e6fa6d33148948a96cb5534b0daa3" member_type: VOTER last_known_addr { host: "127.10.65.2" port: 43849 } } peers { permanent_uuid: "a21ea4055f634f03b2ccc04fc91857f4" member_type: VOTER last_known_addr { host: "127.10.65.3" port: 39993 } }
I20260709 14:47:56.931277 11788 raft_consensus.cc:385] T adc4b13fcacd4b09bfc9afeb51cb98b7 P 25687eb992bc4c70bd618e5a9678475b [term 0 FOLLOWER]: Consensus starting up: Expiring failure detector timer to make a prompt election more likely
I20260709 14:47:56.930922 11789 consensus_queue.cc:260] T bf043a887b6244de94becf192ce892c1 P a21ea4055f634f03b2ccc04fc91857f4 [NON_LEADER]: Queue going to NON_LEADER mode. State: All replicated index: 0, Majority replicated index: 0, Committed index: 0, Last appended: 0.0, Last appended by leader: 0, Current term: 0, Majority size: -1, State: 0, Mode: NON_LEADER, active raft config: opid_index: -1 OBSOLETE_local: false peers { permanent_uuid: "25687eb992bc4c70bd618e5a9678475b" member_type: VOTER last_known_addr { host: "127.10.65.1" port: 41833 } } peers { permanent_uuid: "f88e6fa6d33148948a96cb5534b0daa3" member_type: VOTER last_known_addr { host: "127.10.65.2" port: 43849 } } peers { permanent_uuid: "a21ea4055f634f03b2ccc04fc91857f4" member_type: VOTER last_known_addr { host: "127.10.65.3" port: 39993 } }
I20260709 14:47:56.931660 11788 raft_consensus.cc:740] T adc4b13fcacd4b09bfc9afeb51cb98b7 P 25687eb992bc4c70bd618e5a9678475b [term 0 FOLLOWER]: Becoming Follower/Learner. State: Replica: 25687eb992bc4c70bd618e5a9678475b, State: Initialized, Role: FOLLOWER
I20260709 14:47:56.932432 11788 consensus_queue.cc:260] T adc4b13fcacd4b09bfc9afeb51cb98b7 P 25687eb992bc4c70bd618e5a9678475b [NON_LEADER]: Queue going to NON_LEADER mode. State: All replicated index: 0, Majority replicated index: 0, Committed index: 0, Last appended: 0.0, Last appended by leader: 0, Current term: 0, Majority size: -1, State: 0, Mode: NON_LEADER, active raft config: opid_index: -1 OBSOLETE_local: false peers { permanent_uuid: "25687eb992bc4c70bd618e5a9678475b" member_type: VOTER last_known_addr { host: "127.10.65.1" port: 41833 } } peers { permanent_uuid: "f88e6fa6d33148948a96cb5534b0daa3" member_type: VOTER last_known_addr { host: "127.10.65.2" port: 43849 } } peers { permanent_uuid: "a21ea4055f634f03b2ccc04fc91857f4" member_type: VOTER last_known_addr { host: "127.10.65.3" port: 39993 } }
I20260709 14:47:56.933166 11789 ts_tablet_manager.cc:1434] T bf043a887b6244de94becf192ce892c1 P a21ea4055f634f03b2ccc04fc91857f4: Time spent starting tablet: real 0.006s	user 0.006s	sys 0.001s
I20260709 14:47:56.933974 11789 tablet_bootstrap.cc:492] T 5c02ea5327744b4eab8e08a4809c7e37 P a21ea4055f634f03b2ccc04fc91857f4: Bootstrap starting.
I20260709 14:47:56.934535 11788 ts_tablet_manager.cc:1434] T adc4b13fcacd4b09bfc9afeb51cb98b7 P 25687eb992bc4c70bd618e5a9678475b: Time spent starting tablet: real 0.006s	user 0.004s	sys 0.000s
I20260709 14:47:56.935349 11788 tablet_bootstrap.cc:492] T bf043a887b6244de94becf192ce892c1 P 25687eb992bc4c70bd618e5a9678475b: Bootstrap starting.
I20260709 14:47:56.940730 11788 tablet_bootstrap.cc:654] T bf043a887b6244de94becf192ce892c1 P 25687eb992bc4c70bd618e5a9678475b: Neither blocks nor log segments found. Creating new log.
I20260709 14:47:56.941601 11794 tablet_bootstrap.cc:492] T 3d0c73d03b2d47d1a8f27ff7c483584b P f88e6fa6d33148948a96cb5534b0daa3: No bootstrap required, opened a new log
I20260709 14:47:56.942008 11794 ts_tablet_manager.cc:1403] T 3d0c73d03b2d47d1a8f27ff7c483584b P f88e6fa6d33148948a96cb5534b0daa3: Time spent bootstrapping tablet: real 0.027s	user 0.008s	sys 0.000s
I20260709 14:47:56.944146 11794 raft_consensus.cc:359] T 3d0c73d03b2d47d1a8f27ff7c483584b P f88e6fa6d33148948a96cb5534b0daa3 [term 0 FOLLOWER]: Replica starting. Triggering 0 pending ops. Active config: opid_index: -1 OBSOLETE_local: false peers { permanent_uuid: "25687eb992bc4c70bd618e5a9678475b" member_type: VOTER last_known_addr { host: "127.10.65.1" port: 41833 } } peers { permanent_uuid: "f88e6fa6d33148948a96cb5534b0daa3" member_type: VOTER last_known_addr { host: "127.10.65.2" port: 43849 } } peers { permanent_uuid: "a21ea4055f634f03b2ccc04fc91857f4" member_type: VOTER last_known_addr { host: "127.10.65.3" port: 39993 } }
I20260709 14:47:56.944674 11794 raft_consensus.cc:385] T 3d0c73d03b2d47d1a8f27ff7c483584b P f88e6fa6d33148948a96cb5534b0daa3 [term 0 FOLLOWER]: Consensus starting up: Expiring failure detector timer to make a prompt election more likely
I20260709 14:47:56.944947 11794 raft_consensus.cc:740] T 3d0c73d03b2d47d1a8f27ff7c483584b P f88e6fa6d33148948a96cb5534b0daa3 [term 0 FOLLOWER]: Becoming Follower/Learner. State: Replica: f88e6fa6d33148948a96cb5534b0daa3, State: Initialized, Role: FOLLOWER
I20260709 14:47:56.945479 11794 consensus_queue.cc:260] T 3d0c73d03b2d47d1a8f27ff7c483584b P f88e6fa6d33148948a96cb5534b0daa3 [NON_LEADER]: Queue going to NON_LEADER mode. State: All replicated index: 0, Majority replicated index: 0, Committed index: 0, Last appended: 0.0, Last appended by leader: 0, Current term: 0, Majority size: -1, State: 0, Mode: NON_LEADER, active raft config: opid_index: -1 OBSOLETE_local: false peers { permanent_uuid: "25687eb992bc4c70bd618e5a9678475b" member_type: VOTER last_known_addr { host: "127.10.65.1" port: 41833 } } peers { permanent_uuid: "f88e6fa6d33148948a96cb5534b0daa3" member_type: VOTER last_known_addr { host: "127.10.65.2" port: 43849 } } peers { permanent_uuid: "a21ea4055f634f03b2ccc04fc91857f4" member_type: VOTER last_known_addr { host: "127.10.65.3" port: 39993 } }
I20260709 14:47:56.947005 11789 tablet_bootstrap.cc:654] T 5c02ea5327744b4eab8e08a4809c7e37 P a21ea4055f634f03b2ccc04fc91857f4: Neither blocks nor log segments found. Creating new log.
I20260709 14:47:56.947336 11794 ts_tablet_manager.cc:1434] T 3d0c73d03b2d47d1a8f27ff7c483584b P f88e6fa6d33148948a96cb5534b0daa3: Time spent starting tablet: real 0.005s	user 0.003s	sys 0.000s
I20260709 14:47:56.948555 11794 tablet_bootstrap.cc:492] T bf043a887b6244de94becf192ce892c1 P f88e6fa6d33148948a96cb5534b0daa3: Bootstrap starting.
I20260709 14:47:56.951990 11789 tablet_bootstrap.cc:492] T 5c02ea5327744b4eab8e08a4809c7e37 P a21ea4055f634f03b2ccc04fc91857f4: No bootstrap required, opened a new log
I20260709 14:47:56.952323 11789 ts_tablet_manager.cc:1403] T 5c02ea5327744b4eab8e08a4809c7e37 P a21ea4055f634f03b2ccc04fc91857f4: Time spent bootstrapping tablet: real 0.019s	user 0.006s	sys 0.004s
I20260709 14:47:56.953634 11794 tablet_bootstrap.cc:654] T bf043a887b6244de94becf192ce892c1 P f88e6fa6d33148948a96cb5534b0daa3: Neither blocks nor log segments found. Creating new log.
I20260709 14:47:56.953979 11789 raft_consensus.cc:359] T 5c02ea5327744b4eab8e08a4809c7e37 P a21ea4055f634f03b2ccc04fc91857f4 [term 0 FOLLOWER]: Replica starting. Triggering 0 pending ops. Active config: opid_index: -1 OBSOLETE_local: false peers { permanent_uuid: "25687eb992bc4c70bd618e5a9678475b" member_type: VOTER last_known_addr { host: "127.10.65.1" port: 41833 } } peers { permanent_uuid: "f88e6fa6d33148948a96cb5534b0daa3" member_type: VOTER last_known_addr { host: "127.10.65.2" port: 43849 } } peers { permanent_uuid: "a21ea4055f634f03b2ccc04fc91857f4" member_type: VOTER last_known_addr { host: "127.10.65.3" port: 39993 } }
I20260709 14:47:56.954443 11789 raft_consensus.cc:385] T 5c02ea5327744b4eab8e08a4809c7e37 P a21ea4055f634f03b2ccc04fc91857f4 [term 0 FOLLOWER]: Consensus starting up: Expiring failure detector timer to make a prompt election more likely
I20260709 14:47:56.954632 11789 raft_consensus.cc:740] T 5c02ea5327744b4eab8e08a4809c7e37 P a21ea4055f634f03b2ccc04fc91857f4 [term 0 FOLLOWER]: Becoming Follower/Learner. State: Replica: a21ea4055f634f03b2ccc04fc91857f4, State: Initialized, Role: FOLLOWER
I20260709 14:47:56.955152 11789 consensus_queue.cc:260] T 5c02ea5327744b4eab8e08a4809c7e37 P a21ea4055f634f03b2ccc04fc91857f4 [NON_LEADER]: Queue going to NON_LEADER mode. State: All replicated index: 0, Majority replicated index: 0, Committed index: 0, Last appended: 0.0, Last appended by leader: 0, Current term: 0, Majority size: -1, State: 0, Mode: NON_LEADER, active raft config: opid_index: -1 OBSOLETE_local: false peers { permanent_uuid: "25687eb992bc4c70bd618e5a9678475b" member_type: VOTER last_known_addr { host: "127.10.65.1" port: 41833 } } peers { permanent_uuid: "f88e6fa6d33148948a96cb5534b0daa3" member_type: VOTER last_known_addr { host: "127.10.65.2" port: 43849 } } peers { permanent_uuid: "a21ea4055f634f03b2ccc04fc91857f4" member_type: VOTER last_known_addr { host: "127.10.65.3" port: 39993 } }
I20260709 14:47:56.956557 11789 ts_tablet_manager.cc:1434] T 5c02ea5327744b4eab8e08a4809c7e37 P a21ea4055f634f03b2ccc04fc91857f4: Time spent starting tablet: real 0.004s	user 0.004s	sys 0.000s
I20260709 14:47:56.957156 11789 tablet_bootstrap.cc:492] T c1b5e83090df4d568bf5d7540e368de0 P a21ea4055f634f03b2ccc04fc91857f4: Bootstrap starting.
I20260709 14:47:56.964871 11789 tablet_bootstrap.cc:654] T c1b5e83090df4d568bf5d7540e368de0 P a21ea4055f634f03b2ccc04fc91857f4: Neither blocks nor log segments found. Creating new log.
I20260709 14:47:56.968618 11794 tablet_bootstrap.cc:492] T bf043a887b6244de94becf192ce892c1 P f88e6fa6d33148948a96cb5534b0daa3: No bootstrap required, opened a new log
I20260709 14:47:56.969017 11794 ts_tablet_manager.cc:1403] T bf043a887b6244de94becf192ce892c1 P f88e6fa6d33148948a96cb5534b0daa3: Time spent bootstrapping tablet: real 0.021s	user 0.008s	sys 0.004s
I20260709 14:47:56.970362 11789 tablet_bootstrap.cc:492] T c1b5e83090df4d568bf5d7540e368de0 P a21ea4055f634f03b2ccc04fc91857f4: No bootstrap required, opened a new log
I20260709 14:47:56.970533 11788 tablet_bootstrap.cc:492] T bf043a887b6244de94becf192ce892c1 P 25687eb992bc4c70bd618e5a9678475b: No bootstrap required, opened a new log
I20260709 14:47:56.970994 11788 ts_tablet_manager.cc:1403] T bf043a887b6244de94becf192ce892c1 P 25687eb992bc4c70bd618e5a9678475b: Time spent bootstrapping tablet: real 0.036s	user 0.014s	sys 0.002s
I20260709 14:47:56.971496 11794 raft_consensus.cc:359] T bf043a887b6244de94becf192ce892c1 P f88e6fa6d33148948a96cb5534b0daa3 [term 0 FOLLOWER]: Replica starting. Triggering 0 pending ops. Active config: opid_index: -1 OBSOLETE_local: false peers { permanent_uuid: "25687eb992bc4c70bd618e5a9678475b" member_type: VOTER last_known_addr { host: "127.10.65.1" port: 41833 } } peers { permanent_uuid: "f88e6fa6d33148948a96cb5534b0daa3" member_type: VOTER last_known_addr { host: "127.10.65.2" port: 43849 } } peers { permanent_uuid: "a21ea4055f634f03b2ccc04fc91857f4" member_type: VOTER last_known_addr { host: "127.10.65.3" port: 39993 } }
I20260709 14:47:56.972124 11794 raft_consensus.cc:385] T bf043a887b6244de94becf192ce892c1 P f88e6fa6d33148948a96cb5534b0daa3 [term 0 FOLLOWER]: Consensus starting up: Expiring failure detector timer to make a prompt election more likely
I20260709 14:47:56.972378 11794 raft_consensus.cc:740] T bf043a887b6244de94becf192ce892c1 P f88e6fa6d33148948a96cb5534b0daa3 [term 0 FOLLOWER]: Becoming Follower/Learner. State: Replica: f88e6fa6d33148948a96cb5534b0daa3, State: Initialized, Role: FOLLOWER
I20260709 14:47:56.972958 11794 consensus_queue.cc:260] T bf043a887b6244de94becf192ce892c1 P f88e6fa6d33148948a96cb5534b0daa3 [NON_LEADER]: Queue going to NON_LEADER mode. State: All replicated index: 0, Majority replicated index: 0, Committed index: 0, Last appended: 0.0, Last appended by leader: 0, Current term: 0, Majority size: -1, State: 0, Mode: NON_LEADER, active raft config: opid_index: -1 OBSOLETE_local: false peers { permanent_uuid: "25687eb992bc4c70bd618e5a9678475b" member_type: VOTER last_known_addr { host: "127.10.65.1" port: 41833 } } peers { permanent_uuid: "f88e6fa6d33148948a96cb5534b0daa3" member_type: VOTER last_known_addr { host: "127.10.65.2" port: 43849 } } peers { permanent_uuid: "a21ea4055f634f03b2ccc04fc91857f4" member_type: VOTER last_known_addr { host: "127.10.65.3" port: 39993 } }
I20260709 14:47:56.973310 11789 ts_tablet_manager.cc:1403] T c1b5e83090df4d568bf5d7540e368de0 P a21ea4055f634f03b2ccc04fc91857f4: Time spent bootstrapping tablet: real 0.016s	user 0.003s	sys 0.007s
I20260709 14:47:56.973345 11788 raft_consensus.cc:359] T bf043a887b6244de94becf192ce892c1 P 25687eb992bc4c70bd618e5a9678475b [term 0 FOLLOWER]: Replica starting. Triggering 0 pending ops. Active config: opid_index: -1 OBSOLETE_local: false peers { permanent_uuid: "25687eb992bc4c70bd618e5a9678475b" member_type: VOTER last_known_addr { host: "127.10.65.1" port: 41833 } } peers { permanent_uuid: "f88e6fa6d33148948a96cb5534b0daa3" member_type: VOTER last_known_addr { host: "127.10.65.2" port: 43849 } } peers { permanent_uuid: "a21ea4055f634f03b2ccc04fc91857f4" member_type: VOTER last_known_addr { host: "127.10.65.3" port: 39993 } }
I20260709 14:47:56.974186 11788 raft_consensus.cc:385] T bf043a887b6244de94becf192ce892c1 P 25687eb992bc4c70bd618e5a9678475b [term 0 FOLLOWER]: Consensus starting up: Expiring failure detector timer to make a prompt election more likely
I20260709 14:47:56.974436 11788 raft_consensus.cc:740] T bf043a887b6244de94becf192ce892c1 P 25687eb992bc4c70bd618e5a9678475b [term 0 FOLLOWER]: Becoming Follower/Learner. State: Replica: 25687eb992bc4c70bd618e5a9678475b, State: Initialized, Role: FOLLOWER
I20260709 14:47:56.975013 11788 consensus_queue.cc:260] T bf043a887b6244de94becf192ce892c1 P 25687eb992bc4c70bd618e5a9678475b [NON_LEADER]: Queue going to NON_LEADER mode. State: All replicated index: 0, Majority replicated index: 0, Committed index: 0, Last appended: 0.0, Last appended by leader: 0, Current term: 0, Majority size: -1, State: 0, Mode: NON_LEADER, active raft config: opid_index: -1 OBSOLETE_local: false peers { permanent_uuid: "25687eb992bc4c70bd618e5a9678475b" member_type: VOTER last_known_addr { host: "127.10.65.1" port: 41833 } } peers { permanent_uuid: "f88e6fa6d33148948a96cb5534b0daa3" member_type: VOTER last_known_addr { host: "127.10.65.2" port: 43849 } } peers { permanent_uuid: "a21ea4055f634f03b2ccc04fc91857f4" member_type: VOTER last_known_addr { host: "127.10.65.3" port: 39993 } }
I20260709 14:47:56.976918 11788 ts_tablet_manager.cc:1434] T bf043a887b6244de94becf192ce892c1 P 25687eb992bc4c70bd618e5a9678475b: Time spent starting tablet: real 0.006s	user 0.002s	sys 0.002s
I20260709 14:47:56.978024 11794 ts_tablet_manager.cc:1434] T bf043a887b6244de94becf192ce892c1 P f88e6fa6d33148948a96cb5534b0daa3: Time spent starting tablet: real 0.009s	user 0.005s	sys 0.001s
I20260709 14:47:56.978844 11794 tablet_bootstrap.cc:492] T c1b5e83090df4d568bf5d7540e368de0 P f88e6fa6d33148948a96cb5534b0daa3: Bootstrap starting.
I20260709 14:47:56.981455 11788 tablet_bootstrap.cc:492] T 0628e736370a4caaa7a08c90a7e66b23 P 25687eb992bc4c70bd618e5a9678475b: Bootstrap starting.
I20260709 14:47:56.983713 11908 raft_consensus.cc:493] T adc4b13fcacd4b09bfc9afeb51cb98b7 P a21ea4055f634f03b2ccc04fc91857f4 [term 0 FOLLOWER]: Starting pre-election (no leader contacted us within the election timeout)
I20260709 14:47:56.984079 11794 tablet_bootstrap.cc:654] T c1b5e83090df4d568bf5d7540e368de0 P f88e6fa6d33148948a96cb5534b0daa3: Neither blocks nor log segments found. Creating new log.
I20260709 14:47:56.984136 11908 raft_consensus.cc:515] T adc4b13fcacd4b09bfc9afeb51cb98b7 P a21ea4055f634f03b2ccc04fc91857f4 [term 0 FOLLOWER]: Starting pre-election with config: opid_index: -1 OBSOLETE_local: false peers { permanent_uuid: "25687eb992bc4c70bd618e5a9678475b" member_type: VOTER last_known_addr { host: "127.10.65.1" port: 41833 } } peers { permanent_uuid: "f88e6fa6d33148948a96cb5534b0daa3" member_type: VOTER last_known_addr { host: "127.10.65.2" port: 43849 } } peers { permanent_uuid: "a21ea4055f634f03b2ccc04fc91857f4" member_type: VOTER last_known_addr { host: "127.10.65.3" port: 39993 } }
I20260709 14:47:56.986091 11908 leader_election.cc:290] T adc4b13fcacd4b09bfc9afeb51cb98b7 P a21ea4055f634f03b2ccc04fc91857f4 [CANDIDATE]: Term 1 pre-election: Requested pre-vote from peers 25687eb992bc4c70bd618e5a9678475b (127.10.65.1:41833), f88e6fa6d33148948a96cb5534b0daa3 (127.10.65.2:43849)
I20260709 14:47:56.986889 11788 tablet_bootstrap.cc:654] T 0628e736370a4caaa7a08c90a7e66b23 P 25687eb992bc4c70bd618e5a9678475b: Neither blocks nor log segments found. Creating new log.
I20260709 14:47:56.987844 11671 tablet_service.cc:1917] Received RequestConsensusVote() RPC: tablet_id: "adc4b13fcacd4b09bfc9afeb51cb98b7" candidate_uuid: "a21ea4055f634f03b2ccc04fc91857f4" candidate_term: 1 candidate_status { last_received { term: 0 index: 0 } } ignore_live_leader: false dest_uuid: "f88e6fa6d33148948a96cb5534b0daa3" is_pre_election: true
I20260709 14:47:56.990270 11597 tablet_service.cc:1917] Received RequestConsensusVote() RPC: tablet_id: "adc4b13fcacd4b09bfc9afeb51cb98b7" candidate_uuid: "a21ea4055f634f03b2ccc04fc91857f4" candidate_term: 1 candidate_status { last_received { term: 0 index: 0 } } ignore_live_leader: false dest_uuid: "25687eb992bc4c70bd618e5a9678475b" is_pre_election: true
I20260709 14:47:56.990830 11597 raft_consensus.cc:2468] T adc4b13fcacd4b09bfc9afeb51cb98b7 P 25687eb992bc4c70bd618e5a9678475b [term 0 FOLLOWER]: Leader pre-election vote request: Granting yes vote for candidate a21ea4055f634f03b2ccc04fc91857f4 in term 0.
W20260709 14:47:56.994777 11711 leader_election.cc:343] T adc4b13fcacd4b09bfc9afeb51cb98b7 P a21ea4055f634f03b2ccc04fc91857f4 [CANDIDATE]: Term 1 pre-election: Tablet error from VoteRequest() call to peer f88e6fa6d33148948a96cb5534b0daa3 (127.10.65.2:43849): Illegal state: must be running to vote when last-logged opid is not known
I20260709 14:47:56.995946 11809 raft_consensus.cc:493] T 5c02ea5327744b4eab8e08a4809c7e37 P 25687eb992bc4c70bd618e5a9678475b [term 0 FOLLOWER]: Starting pre-election (no leader contacted us within the election timeout)
I20260709 14:47:56.996352 11809 raft_consensus.cc:515] T 5c02ea5327744b4eab8e08a4809c7e37 P 25687eb992bc4c70bd618e5a9678475b [term 0 FOLLOWER]: Starting pre-election with config: opid_index: -1 OBSOLETE_local: false peers { permanent_uuid: "25687eb992bc4c70bd618e5a9678475b" member_type: VOTER last_known_addr { host: "127.10.65.1" port: 41833 } } peers { permanent_uuid: "f88e6fa6d33148948a96cb5534b0daa3" member_type: VOTER last_known_addr { host: "127.10.65.2" port: 43849 } } peers { permanent_uuid: "a21ea4055f634f03b2ccc04fc91857f4" member_type: VOTER last_known_addr { host: "127.10.65.3" port: 39993 } }
I20260709 14:47:56.997937 11809 leader_election.cc:290] T 5c02ea5327744b4eab8e08a4809c7e37 P 25687eb992bc4c70bd618e5a9678475b [CANDIDATE]: Term 1 pre-election: Requested pre-vote from peers f88e6fa6d33148948a96cb5534b0daa3 (127.10.65.2:43849), a21ea4055f634f03b2ccc04fc91857f4 (127.10.65.3:39993)
I20260709 14:47:56.999454 11746 tablet_service.cc:1917] Received RequestConsensusVote() RPC: tablet_id: "5c02ea5327744b4eab8e08a4809c7e37" candidate_uuid: "25687eb992bc4c70bd618e5a9678475b" candidate_term: 1 candidate_status { last_received { term: 0 index: 0 } } ignore_live_leader: false dest_uuid: "a21ea4055f634f03b2ccc04fc91857f4" is_pre_election: true
I20260709 14:47:56.999827 11788 tablet_bootstrap.cc:492] T 0628e736370a4caaa7a08c90a7e66b23 P 25687eb992bc4c70bd618e5a9678475b: No bootstrap required, opened a new log
I20260709 14:47:57.000020 11746 raft_consensus.cc:2468] T 5c02ea5327744b4eab8e08a4809c7e37 P a21ea4055f634f03b2ccc04fc91857f4 [term 0 FOLLOWER]: Leader pre-election vote request: Granting yes vote for candidate 25687eb992bc4c70bd618e5a9678475b in term 0.
I20260709 14:47:57.000294 11788 ts_tablet_manager.cc:1403] T 0628e736370a4caaa7a08c90a7e66b23 P 25687eb992bc4c70bd618e5a9678475b: Time spent bootstrapping tablet: real 0.019s	user 0.004s	sys 0.011s
I20260709 14:47:57.001526 11921 consensus_queue.cc:1048] T f4235033029140dd877f188465d8b6a8 P 25687eb992bc4c70bd618e5a9678475b [LEADER]: Connected to new peer: Peer: permanent_uuid: "a21ea4055f634f03b2ccc04fc91857f4" member_type: VOTER last_known_addr { host: "127.10.65.3" port: 39993 }, Status: LMP_MISMATCH, Last received: 0.0, Next index: 1, Last known committed idx: 0, Time since last communication: 0.000s
I20260709 14:47:57.002920 11788 raft_consensus.cc:359] T 0628e736370a4caaa7a08c90a7e66b23 P 25687eb992bc4c70bd618e5a9678475b [term 0 FOLLOWER]: Replica starting. Triggering 0 pending ops. Active config: opid_index: -1 OBSOLETE_local: false peers { permanent_uuid: "25687eb992bc4c70bd618e5a9678475b" member_type: VOTER last_known_addr { host: "127.10.65.1" port: 41833 } } peers { permanent_uuid: "f88e6fa6d33148948a96cb5534b0daa3" member_type: VOTER last_known_addr { host: "127.10.65.2" port: 43849 } } peers { permanent_uuid: "a21ea4055f634f03b2ccc04fc91857f4" member_type: VOTER last_known_addr { host: "127.10.65.3" port: 39993 } }
I20260709 14:47:57.003360 11713 leader_election.cc:304] T adc4b13fcacd4b09bfc9afeb51cb98b7 P a21ea4055f634f03b2ccc04fc91857f4 [CANDIDATE]: Term 1 pre-election: Election decided. Result: candidate won. Election summary: received 3 responses out of 3 voters: 2 yes votes; 1 no votes. yes voters: 25687eb992bc4c70bd618e5a9678475b, a21ea4055f634f03b2ccc04fc91857f4; no voters: f88e6fa6d33148948a96cb5534b0daa3
I20260709 14:47:57.003607 11788 raft_consensus.cc:385] T 0628e736370a4caaa7a08c90a7e66b23 P 25687eb992bc4c70bd618e5a9678475b [term 0 FOLLOWER]: Consensus starting up: Expiring failure detector timer to make a prompt election more likely
I20260709 14:47:57.003929 11788 raft_consensus.cc:740] T 0628e736370a4caaa7a08c90a7e66b23 P 25687eb992bc4c70bd618e5a9678475b [term 0 FOLLOWER]: Becoming Follower/Learner. State: Replica: 25687eb992bc4c70bd618e5a9678475b, State: Initialized, Role: FOLLOWER
I20260709 14:47:57.004565 11788 consensus_queue.cc:260] T 0628e736370a4caaa7a08c90a7e66b23 P 25687eb992bc4c70bd618e5a9678475b [NON_LEADER]: Queue going to NON_LEADER mode. State: All replicated index: 0, Majority replicated index: 0, Committed index: 0, Last appended: 0.0, Last appended by leader: 0, Current term: 0, Majority size: -1, State: 0, Mode: NON_LEADER, active raft config: opid_index: -1 OBSOLETE_local: false peers { permanent_uuid: "25687eb992bc4c70bd618e5a9678475b" member_type: VOTER last_known_addr { host: "127.10.65.1" port: 41833 } } peers { permanent_uuid: "f88e6fa6d33148948a96cb5534b0daa3" member_type: VOTER last_known_addr { host: "127.10.65.2" port: 43849 } } peers { permanent_uuid: "a21ea4055f634f03b2ccc04fc91857f4" member_type: VOTER last_known_addr { host: "127.10.65.3" port: 39993 } }
I20260709 14:47:57.006904 11788 ts_tablet_manager.cc:1434] T 0628e736370a4caaa7a08c90a7e66b23 P 25687eb992bc4c70bd618e5a9678475b: Time spent starting tablet: real 0.006s	user 0.006s	sys 0.000s
I20260709 14:47:57.006937 11669 raft_consensus.cc:3060] T f4235033029140dd877f188465d8b6a8 P f88e6fa6d33148948a96cb5534b0daa3 [term 0 FOLLOWER]: Advancing to term 1
I20260709 14:47:57.008471 11788 tablet_bootstrap.cc:492] T 01f7c10a6fe6486bb3bf2db7d848e9e2 P 25687eb992bc4c70bd618e5a9678475b: Bootstrap starting.
I20260709 14:47:57.010165 11969 raft_consensus.cc:2804] T adc4b13fcacd4b09bfc9afeb51cb98b7 P a21ea4055f634f03b2ccc04fc91857f4 [term 0 FOLLOWER]: Leader pre-election won for term 1
I20260709 14:47:57.010524 11969 raft_consensus.cc:493] T adc4b13fcacd4b09bfc9afeb51cb98b7 P a21ea4055f634f03b2ccc04fc91857f4 [term 0 FOLLOWER]: Starting leader election (no leader contacted us within the election timeout)
I20260709 14:47:57.006855 11674 tablet_service.cc:1917] Received RequestConsensusVote() RPC: tablet_id: "5c02ea5327744b4eab8e08a4809c7e37" candidate_uuid: "25687eb992bc4c70bd618e5a9678475b" candidate_term: 1 candidate_status { last_received { term: 0 index: 0 } } ignore_live_leader: false dest_uuid: "f88e6fa6d33148948a96cb5534b0daa3" is_pre_election: true
I20260709 14:47:57.010897 11969 raft_consensus.cc:3060] T adc4b13fcacd4b09bfc9afeb51cb98b7 P a21ea4055f634f03b2ccc04fc91857f4 [term 0 FOLLOWER]: Advancing to term 1
I20260709 14:47:57.011320 11674 raft_consensus.cc:2468] T 5c02ea5327744b4eab8e08a4809c7e37 P f88e6fa6d33148948a96cb5534b0daa3 [term 0 FOLLOWER]: Leader pre-election vote request: Granting yes vote for candidate 25687eb992bc4c70bd618e5a9678475b in term 0.
I20260709 14:47:57.012537 11563 leader_election.cc:304] T 5c02ea5327744b4eab8e08a4809c7e37 P 25687eb992bc4c70bd618e5a9678475b [CANDIDATE]: Term 1 pre-election: Election decided. Result: candidate won. Election summary: received 2 responses out of 3 voters: 2 yes votes; 0 no votes. yes voters: 25687eb992bc4c70bd618e5a9678475b, a21ea4055f634f03b2ccc04fc91857f4; no voters: 
I20260709 14:47:57.013312 11809 raft_consensus.cc:2804] T 5c02ea5327744b4eab8e08a4809c7e37 P 25687eb992bc4c70bd618e5a9678475b [term 0 FOLLOWER]: Leader pre-election won for term 1
I20260709 14:47:57.013612 11809 raft_consensus.cc:493] T 5c02ea5327744b4eab8e08a4809c7e37 P 25687eb992bc4c70bd618e5a9678475b [term 0 FOLLOWER]: Starting leader election (no leader contacted us within the election timeout)
I20260709 14:47:57.013892 11809 raft_consensus.cc:3060] T 5c02ea5327744b4eab8e08a4809c7e37 P 25687eb992bc4c70bd618e5a9678475b [term 0 FOLLOWER]: Advancing to term 1
I20260709 14:47:57.014304 11788 tablet_bootstrap.cc:654] T 01f7c10a6fe6486bb3bf2db7d848e9e2 P 25687eb992bc4c70bd618e5a9678475b: Neither blocks nor log segments found. Creating new log.
I20260709 14:47:57.016954 11969 raft_consensus.cc:515] T adc4b13fcacd4b09bfc9afeb51cb98b7 P a21ea4055f634f03b2ccc04fc91857f4 [term 1 FOLLOWER]: Starting leader election with config: opid_index: -1 OBSOLETE_local: false peers { permanent_uuid: "25687eb992bc4c70bd618e5a9678475b" member_type: VOTER last_known_addr { host: "127.10.65.1" port: 41833 } } peers { permanent_uuid: "f88e6fa6d33148948a96cb5534b0daa3" member_type: VOTER last_known_addr { host: "127.10.65.2" port: 43849 } } peers { permanent_uuid: "a21ea4055f634f03b2ccc04fc91857f4" member_type: VOTER last_known_addr { host: "127.10.65.3" port: 39993 } }
I20260709 14:47:57.021317 11597 tablet_service.cc:1917] Received RequestConsensusVote() RPC: tablet_id: "adc4b13fcacd4b09bfc9afeb51cb98b7" candidate_uuid: "a21ea4055f634f03b2ccc04fc91857f4" candidate_term: 1 candidate_status { last_received { term: 0 index: 0 } } ignore_live_leader: false dest_uuid: "25687eb992bc4c70bd618e5a9678475b"
I20260709 14:47:57.021839 11597 raft_consensus.cc:3060] T adc4b13fcacd4b09bfc9afeb51cb98b7 P 25687eb992bc4c70bd618e5a9678475b [term 0 FOLLOWER]: Advancing to term 1
I20260709 14:47:57.024679 11969 leader_election.cc:290] T adc4b13fcacd4b09bfc9afeb51cb98b7 P a21ea4055f634f03b2ccc04fc91857f4 [CANDIDATE]: Term 1 election: Requested vote from peers 25687eb992bc4c70bd618e5a9678475b (127.10.65.1:41833), f88e6fa6d33148948a96cb5534b0daa3 (127.10.65.2:43849)
I20260709 14:47:57.025420 11788 tablet_bootstrap.cc:492] T 01f7c10a6fe6486bb3bf2db7d848e9e2 P 25687eb992bc4c70bd618e5a9678475b: No bootstrap required, opened a new log
I20260709 14:47:57.025875 11788 ts_tablet_manager.cc:1403] T 01f7c10a6fe6486bb3bf2db7d848e9e2 P 25687eb992bc4c70bd618e5a9678475b: Time spent bootstrapping tablet: real 0.018s	user 0.007s	sys 0.008s
I20260709 14:47:57.026211 11674 tablet_service.cc:1917] Received RequestConsensusVote() RPC: tablet_id: "adc4b13fcacd4b09bfc9afeb51cb98b7" candidate_uuid: "a21ea4055f634f03b2ccc04fc91857f4" candidate_term: 1 candidate_status { last_received { term: 0 index: 0 } } ignore_live_leader: false dest_uuid: "f88e6fa6d33148948a96cb5534b0daa3"
W20260709 14:47:57.027137 11711 leader_election.cc:343] T adc4b13fcacd4b09bfc9afeb51cb98b7 P a21ea4055f634f03b2ccc04fc91857f4 [CANDIDATE]: Term 1 election: Tablet error from VoteRequest() call to peer f88e6fa6d33148948a96cb5534b0daa3 (127.10.65.2:43849): Illegal state: must be running to vote when last-logged opid is not known
I20260709 14:47:57.028405 11788 raft_consensus.cc:359] T 01f7c10a6fe6486bb3bf2db7d848e9e2 P 25687eb992bc4c70bd618e5a9678475b [term 0 FOLLOWER]: Replica starting. Triggering 0 pending ops. Active config: opid_index: -1 OBSOLETE_local: false peers { permanent_uuid: "25687eb992bc4c70bd618e5a9678475b" member_type: VOTER last_known_addr { host: "127.10.65.1" port: 41833 } } peers { permanent_uuid: "f88e6fa6d33148948a96cb5534b0daa3" member_type: VOTER last_known_addr { host: "127.10.65.2" port: 43849 } } peers { permanent_uuid: "a21ea4055f634f03b2ccc04fc91857f4" member_type: VOTER last_known_addr { host: "127.10.65.3" port: 39993 } }
I20260709 14:47:57.029069 11788 raft_consensus.cc:385] T 01f7c10a6fe6486bb3bf2db7d848e9e2 P 25687eb992bc4c70bd618e5a9678475b [term 0 FOLLOWER]: Consensus starting up: Expiring failure detector timer to make a prompt election more likely
I20260709 14:47:57.029311 11788 raft_consensus.cc:740] T 01f7c10a6fe6486bb3bf2db7d848e9e2 P 25687eb992bc4c70bd618e5a9678475b [term 0 FOLLOWER]: Becoming Follower/Learner. State: Replica: 25687eb992bc4c70bd618e5a9678475b, State: Initialized, Role: FOLLOWER
I20260709 14:47:57.029631 11850 consensus_queue.cc:1048] T f4235033029140dd877f188465d8b6a8 P 25687eb992bc4c70bd618e5a9678475b [LEADER]: Connected to new peer: Peer: permanent_uuid: "f88e6fa6d33148948a96cb5534b0daa3" member_type: VOTER last_known_addr { host: "127.10.65.2" port: 43849 }, Status: LMP_MISMATCH, Last received: 0.0, Next index: 1, Last known committed idx: 0, Time since last communication: 0.000s
I20260709 14:47:57.029877 11788 consensus_queue.cc:260] T 01f7c10a6fe6486bb3bf2db7d848e9e2 P 25687eb992bc4c70bd618e5a9678475b [NON_LEADER]: Queue going to NON_LEADER mode. State: All replicated index: 0, Majority replicated index: 0, Committed index: 0, Last appended: 0.0, Last appended by leader: 0, Current term: 0, Majority size: -1, State: 0, Mode: NON_LEADER, active raft config: opid_index: -1 OBSOLETE_local: false peers { permanent_uuid: "25687eb992bc4c70bd618e5a9678475b" member_type: VOTER last_known_addr { host: "127.10.65.1" port: 41833 } } peers { permanent_uuid: "f88e6fa6d33148948a96cb5534b0daa3" member_type: VOTER last_known_addr { host: "127.10.65.2" port: 43849 } } peers { permanent_uuid: "a21ea4055f634f03b2ccc04fc91857f4" member_type: VOTER last_known_addr { host: "127.10.65.3" port: 39993 } }
I20260709 14:47:57.032042 11788 ts_tablet_manager.cc:1434] T 01f7c10a6fe6486bb3bf2db7d848e9e2 P 25687eb992bc4c70bd618e5a9678475b: Time spent starting tablet: real 0.006s	user 0.006s	sys 0.001s
I20260709 14:47:57.032927 11788 tablet_bootstrap.cc:492] T 38baca16018543ff973fd5cf9a3022ca P 25687eb992bc4c70bd618e5a9678475b: Bootstrap starting.
I20260709 14:47:57.038839 11788 tablet_bootstrap.cc:654] T 38baca16018543ff973fd5cf9a3022ca P 25687eb992bc4c70bd618e5a9678475b: Neither blocks nor log segments found. Creating new log.
I20260709 14:47:57.047115 11809 raft_consensus.cc:515] T 5c02ea5327744b4eab8e08a4809c7e37 P 25687eb992bc4c70bd618e5a9678475b [term 1 FOLLOWER]: Starting leader election with config: opid_index: -1 OBSOLETE_local: false peers { permanent_uuid: "25687eb992bc4c70bd618e5a9678475b" member_type: VOTER last_known_addr { host: "127.10.65.1" port: 41833 } } peers { permanent_uuid: "f88e6fa6d33148948a96cb5534b0daa3" member_type: VOTER last_known_addr { host: "127.10.65.2" port: 43849 } } peers { permanent_uuid: "a21ea4055f634f03b2ccc04fc91857f4" member_type: VOTER last_known_addr { host: "127.10.65.3" port: 39993 } }
I20260709 14:47:57.049153 11597 raft_consensus.cc:2468] T adc4b13fcacd4b09bfc9afeb51cb98b7 P 25687eb992bc4c70bd618e5a9678475b [term 1 FOLLOWER]: Leader election vote request: Granting yes vote for candidate a21ea4055f634f03b2ccc04fc91857f4 in term 1.
I20260709 14:47:57.049633 11904 raft_consensus.cc:493] T 3d0c73d03b2d47d1a8f27ff7c483584b P f88e6fa6d33148948a96cb5534b0daa3 [term 0 FOLLOWER]: Starting pre-election (no leader contacted us within the election timeout)
I20260709 14:47:57.050156 11788 tablet_bootstrap.cc:492] T 38baca16018543ff973fd5cf9a3022ca P 25687eb992bc4c70bd618e5a9678475b: No bootstrap required, opened a new log
I20260709 14:47:57.050045 11904 raft_consensus.cc:515] T 3d0c73d03b2d47d1a8f27ff7c483584b P f88e6fa6d33148948a96cb5534b0daa3 [term 0 FOLLOWER]: Starting pre-election with config: opid_index: -1 OBSOLETE_local: false peers { permanent_uuid: "25687eb992bc4c70bd618e5a9678475b" member_type: VOTER last_known_addr { host: "127.10.65.1" port: 41833 } } peers { permanent_uuid: "f88e6fa6d33148948a96cb5534b0daa3" member_type: VOTER last_known_addr { host: "127.10.65.2" port: 43849 } } peers { permanent_uuid: "a21ea4055f634f03b2ccc04fc91857f4" member_type: VOTER last_known_addr { host: "127.10.65.3" port: 39993 } }
I20260709 14:47:57.050588 11788 ts_tablet_manager.cc:1403] T 38baca16018543ff973fd5cf9a3022ca P 25687eb992bc4c70bd618e5a9678475b: Time spent bootstrapping tablet: real 0.018s	user 0.012s	sys 0.002s
I20260709 14:47:57.051283 11671 tablet_service.cc:1917] Received RequestConsensusVote() RPC: tablet_id: "5c02ea5327744b4eab8e08a4809c7e37" candidate_uuid: "25687eb992bc4c70bd618e5a9678475b" candidate_term: 1 candidate_status { last_received { term: 0 index: 0 } } ignore_live_leader: false dest_uuid: "f88e6fa6d33148948a96cb5534b0daa3"
I20260709 14:47:57.051900 11671 raft_consensus.cc:3060] T 5c02ea5327744b4eab8e08a4809c7e37 P f88e6fa6d33148948a96cb5534b0daa3 [term 0 FOLLOWER]: Advancing to term 1
I20260709 14:47:57.053068 11788 raft_consensus.cc:359] T 38baca16018543ff973fd5cf9a3022ca P 25687eb992bc4c70bd618e5a9678475b [term 0 FOLLOWER]: Replica starting. Triggering 0 pending ops. Active config: opid_index: -1 OBSOLETE_local: false peers { permanent_uuid: "25687eb992bc4c70bd618e5a9678475b" member_type: VOTER last_known_addr { host: "127.10.65.1" port: 41833 } } peers { permanent_uuid: "f88e6fa6d33148948a96cb5534b0daa3" member_type: VOTER last_known_addr { host: "127.10.65.2" port: 43849 } } peers { permanent_uuid: "a21ea4055f634f03b2ccc04fc91857f4" member_type: VOTER last_known_addr { host: "127.10.65.3" port: 39993 } }
I20260709 14:47:57.053718 11788 raft_consensus.cc:385] T 38baca16018543ff973fd5cf9a3022ca P 25687eb992bc4c70bd618e5a9678475b [term 0 FOLLOWER]: Consensus starting up: Expiring failure detector timer to make a prompt election more likely
I20260709 14:47:57.053980 11788 raft_consensus.cc:740] T 38baca16018543ff973fd5cf9a3022ca P 25687eb992bc4c70bd618e5a9678475b [term 0 FOLLOWER]: Becoming Follower/Learner. State: Replica: 25687eb992bc4c70bd618e5a9678475b, State: Initialized, Role: FOLLOWER
I20260709 14:47:57.054786 11788 consensus_queue.cc:260] T 38baca16018543ff973fd5cf9a3022ca P 25687eb992bc4c70bd618e5a9678475b [NON_LEADER]: Queue going to NON_LEADER mode. State: All replicated index: 0, Majority replicated index: 0, Committed index: 0, Last appended: 0.0, Last appended by leader: 0, Current term: 0, Majority size: -1, State: 0, Mode: NON_LEADER, active raft config: opid_index: -1 OBSOLETE_local: false peers { permanent_uuid: "25687eb992bc4c70bd618e5a9678475b" member_type: VOTER last_known_addr { host: "127.10.65.1" port: 41833 } } peers { permanent_uuid: "f88e6fa6d33148948a96cb5534b0daa3" member_type: VOTER last_known_addr { host: "127.10.65.2" port: 43849 } } peers { permanent_uuid: "a21ea4055f634f03b2ccc04fc91857f4" member_type: VOTER last_known_addr { host: "127.10.65.3" port: 39993 } }
I20260709 14:47:57.056504 11788 ts_tablet_manager.cc:1434] T 38baca16018543ff973fd5cf9a3022ca P 25687eb992bc4c70bd618e5a9678475b: Time spent starting tablet: real 0.006s	user 0.003s	sys 0.003s
I20260709 14:47:57.057096 11713 leader_election.cc:304] T adc4b13fcacd4b09bfc9afeb51cb98b7 P a21ea4055f634f03b2ccc04fc91857f4 [CANDIDATE]: Term 1 election: Election decided. Result: candidate won. Election summary: received 3 responses out of 3 voters: 2 yes votes; 1 no votes. yes voters: 25687eb992bc4c70bd618e5a9678475b, a21ea4055f634f03b2ccc04fc91857f4; no voters: f88e6fa6d33148948a96cb5534b0daa3
I20260709 14:47:57.058126 11674 raft_consensus.cc:3060] T 0a8a7436047c4f6492babe8b03b27fcd P f88e6fa6d33148948a96cb5534b0daa3 [term 0 FOLLOWER]: Advancing to term 1
I20260709 14:47:57.059456 11789 raft_consensus.cc:359] T c1b5e83090df4d568bf5d7540e368de0 P a21ea4055f634f03b2ccc04fc91857f4 [term 0 FOLLOWER]: Replica starting. Triggering 0 pending ops. Active config: opid_index: -1 OBSOLETE_local: false peers { permanent_uuid: "25687eb992bc4c70bd618e5a9678475b" member_type: VOTER last_known_addr { host: "127.10.65.1" port: 41833 } } peers { permanent_uuid: "f88e6fa6d33148948a96cb5534b0daa3" member_type: VOTER last_known_addr { host: "127.10.65.2" port: 43849 } } peers { permanent_uuid: "a21ea4055f634f03b2ccc04fc91857f4" member_type: VOTER last_known_addr { host: "127.10.65.3" port: 39993 } }
I20260709 14:47:57.059728 11908 consensus_queue.cc:1048] T 9df78c62b20942a6bfb438113e7f9510 P a21ea4055f634f03b2ccc04fc91857f4 [LEADER]: Connected to new peer: Peer: permanent_uuid: "f88e6fa6d33148948a96cb5534b0daa3" member_type: VOTER last_known_addr { host: "127.10.65.2" port: 43849 }, Status: LMP_MISMATCH, Last received: 0.0, Next index: 1, Last known committed idx: 0, Time since last communication: 0.000s
I20260709 14:47:57.060650 11788 tablet_bootstrap.cc:492] T 35ecba0f6cd64df785b4e0768996eb22 P 25687eb992bc4c70bd618e5a9678475b: Bootstrap starting.
I20260709 14:47:57.061306 11809 leader_election.cc:290] T 5c02ea5327744b4eab8e08a4809c7e37 P 25687eb992bc4c70bd618e5a9678475b [CANDIDATE]: Term 1 election: Requested vote from peers f88e6fa6d33148948a96cb5534b0daa3 (127.10.65.2:43849), a21ea4055f634f03b2ccc04fc91857f4 (127.10.65.3:39993)
I20260709 14:47:57.067206 11671 raft_consensus.cc:2468] T 5c02ea5327744b4eab8e08a4809c7e37 P f88e6fa6d33148948a96cb5534b0daa3 [term 1 FOLLOWER]: Leader election vote request: Granting yes vote for candidate 25687eb992bc4c70bd618e5a9678475b in term 1.
I20260709 14:47:57.074816 11747 tablet_service.cc:1917] Received RequestConsensusVote() RPC: tablet_id: "3d0c73d03b2d47d1a8f27ff7c483584b" candidate_uuid: "f88e6fa6d33148948a96cb5534b0daa3" candidate_term: 1 candidate_status { last_received { term: 0 index: 0 } } ignore_live_leader: false dest_uuid: "a21ea4055f634f03b2ccc04fc91857f4" is_pre_election: true
W20260709 14:47:57.101959 11638 leader_election.cc:343] T 3d0c73d03b2d47d1a8f27ff7c483584b P f88e6fa6d33148948a96cb5534b0daa3 [CANDIDATE]: Term 1 pre-election: Tablet error from VoteRequest() call to peer a21ea4055f634f03b2ccc04fc91857f4 (127.10.65.3:39993): Illegal state: must be running to vote when last-logged opid is not known
I20260709 14:47:57.102443 11562 leader_election.cc:304] T 5c02ea5327744b4eab8e08a4809c7e37 P 25687eb992bc4c70bd618e5a9678475b [CANDIDATE]: Term 1 election: Election decided. Result: candidate won. Election summary: received 2 responses out of 3 voters: 2 yes votes; 0 no votes. yes voters: 25687eb992bc4c70bd618e5a9678475b, f88e6fa6d33148948a96cb5534b0daa3; no voters: 
I20260709 14:47:57.102618 11789 raft_consensus.cc:385] T c1b5e83090df4d568bf5d7540e368de0 P a21ea4055f634f03b2ccc04fc91857f4 [term 0 FOLLOWER]: Consensus starting up: Expiring failure detector timer to make a prompt election more likely
I20260709 14:47:57.103371 11789 raft_consensus.cc:740] T c1b5e83090df4d568bf5d7540e368de0 P a21ea4055f634f03b2ccc04fc91857f4 [term 0 FOLLOWER]: Becoming Follower/Learner. State: Replica: a21ea4055f634f03b2ccc04fc91857f4, State: Initialized, Role: FOLLOWER
I20260709 14:47:57.103907 11794 tablet_bootstrap.cc:492] T c1b5e83090df4d568bf5d7540e368de0 P f88e6fa6d33148948a96cb5534b0daa3: No bootstrap required, opened a new log
I20260709 14:47:57.104314 11794 ts_tablet_manager.cc:1403] T c1b5e83090df4d568bf5d7540e368de0 P f88e6fa6d33148948a96cb5534b0daa3: Time spent bootstrapping tablet: real 0.126s	user 0.025s	sys 0.079s
I20260709 14:47:57.105196 11789 consensus_queue.cc:260] T c1b5e83090df4d568bf5d7540e368de0 P a21ea4055f634f03b2ccc04fc91857f4 [NON_LEADER]: Queue going to NON_LEADER mode. State: All replicated index: 0, Majority replicated index: 0, Committed index: 0, Last appended: 0.0, Last appended by leader: 0, Current term: 0, Majority size: -1, State: 0, Mode: NON_LEADER, active raft config: opid_index: -1 OBSOLETE_local: false peers { permanent_uuid: "25687eb992bc4c70bd618e5a9678475b" member_type: VOTER last_known_addr { host: "127.10.65.1" port: 41833 } } peers { permanent_uuid: "f88e6fa6d33148948a96cb5534b0daa3" member_type: VOTER last_known_addr { host: "127.10.65.2" port: 43849 } } peers { permanent_uuid: "a21ea4055f634f03b2ccc04fc91857f4" member_type: VOTER last_known_addr { host: "127.10.65.3" port: 39993 } }
I20260709 14:47:57.094625 11597 tablet_service.cc:1917] Received RequestConsensusVote() RPC: tablet_id: "3d0c73d03b2d47d1a8f27ff7c483584b" candidate_uuid: "f88e6fa6d33148948a96cb5534b0daa3" candidate_term: 1 candidate_status { last_received { term: 0 index: 0 } } ignore_live_leader: false dest_uuid: "25687eb992bc4c70bd618e5a9678475b" is_pre_election: true
I20260709 14:47:57.106737 11794 raft_consensus.cc:359] T c1b5e83090df4d568bf5d7540e368de0 P f88e6fa6d33148948a96cb5534b0daa3 [term 0 FOLLOWER]: Replica starting. Triggering 0 pending ops. Active config: opid_index: -1 OBSOLETE_local: false peers { permanent_uuid: "25687eb992bc4c70bd618e5a9678475b" member_type: VOTER last_known_addr { host: "127.10.65.1" port: 41833 } } peers { permanent_uuid: "f88e6fa6d33148948a96cb5534b0daa3" member_type: VOTER last_known_addr { host: "127.10.65.2" port: 43849 } } peers { permanent_uuid: "a21ea4055f634f03b2ccc04fc91857f4" member_type: VOTER last_known_addr { host: "127.10.65.3" port: 39993 } }
I20260709 14:47:57.107383 11794 raft_consensus.cc:385] T c1b5e83090df4d568bf5d7540e368de0 P f88e6fa6d33148948a96cb5534b0daa3 [term 0 FOLLOWER]: Consensus starting up: Expiring failure detector timer to make a prompt election more likely
I20260709 14:47:57.107709 11794 raft_consensus.cc:740] T c1b5e83090df4d568bf5d7540e368de0 P f88e6fa6d33148948a96cb5534b0daa3 [term 0 FOLLOWER]: Becoming Follower/Learner. State: Replica: f88e6fa6d33148948a96cb5534b0daa3, State: Initialized, Role: FOLLOWER
I20260709 14:47:57.107106 11597 raft_consensus.cc:2468] T 3d0c73d03b2d47d1a8f27ff7c483584b P 25687eb992bc4c70bd618e5a9678475b [term 0 FOLLOWER]: Leader pre-election vote request: Granting yes vote for candidate f88e6fa6d33148948a96cb5534b0daa3 in term 0.
