I20260709 14:47:57.616369 11789 tablet_bootstrap.cc:492] T 3d0c73d03b2d47d1a8f27ff7c483584b P a21ea4055f634f03b2ccc04fc91857f4: No bootstrap required, opened a new log
I20260709 14:47:57.616670 11789 ts_tablet_manager.cc:1403] T 3d0c73d03b2d47d1a8f27ff7c483584b P a21ea4055f634f03b2ccc04fc91857f4: Time spent bootstrapping tablet: real 0.057s	user 0.012s	sys 0.000s
I20260709 14:47:57.617997 11794 tablet_bootstrap.cc:492] T 01f7c10a6fe6486bb3bf2db7d848e9e2 P f88e6fa6d33148948a96cb5534b0daa3: No bootstrap required, opened a new log
I20260709 14:47:57.618402 11794 ts_tablet_manager.cc:1403] T 01f7c10a6fe6486bb3bf2db7d848e9e2 P f88e6fa6d33148948a96cb5534b0daa3: Time spent bootstrapping tablet: real 0.064s	user 0.023s	sys 0.036s
I20260709 14:47:57.619067 11789 raft_consensus.cc:359] T 3d0c73d03b2d47d1a8f27ff7c483584b P a21ea4055f634f03b2ccc04fc91857f4 [term 0 FOLLOWER]: Replica starting. Triggering 0 pending ops. Active config: opid_index: -1 OBSOLETE_local: false peers { permanent_uuid: "25687eb992bc4c70bd618e5a9678475b" member_type: VOTER last_known_addr { host: "127.10.65.1" port: 41833 } } peers { permanent_uuid: "f88e6fa6d33148948a96cb5534b0daa3" member_type: VOTER last_known_addr { host: "127.10.65.2" port: 43849 } } peers { permanent_uuid: "a21ea4055f634f03b2ccc04fc91857f4" member_type: VOTER last_known_addr { host: "127.10.65.3" port: 39993 } }
I20260709 14:47:57.619745 11789 raft_consensus.cc:385] T 3d0c73d03b2d47d1a8f27ff7c483584b P a21ea4055f634f03b2ccc04fc91857f4 [term 0 FOLLOWER]: Consensus starting up: Expiring failure detector timer to make a prompt election more likely
I20260709 14:47:57.620008 11789 raft_consensus.cc:740] T 3d0c73d03b2d47d1a8f27ff7c483584b P a21ea4055f634f03b2ccc04fc91857f4 [term 0 FOLLOWER]: Becoming Follower/Learner. State: Replica: a21ea4055f634f03b2ccc04fc91857f4, State: Initialized, Role: FOLLOWER
I20260709 14:47:57.620693 11747 raft_consensus.cc:2468] T 01f7c10a6fe6486bb3bf2db7d848e9e2 P a21ea4055f634f03b2ccc04fc91857f4 [term 1 FOLLOWER]: Leader election vote request: Granting yes vote for candidate 25687eb992bc4c70bd618e5a9678475b in term 1.
I20260709 14:47:57.620654 11794 raft_consensus.cc:359] T 01f7c10a6fe6486bb3bf2db7d848e9e2 P f88e6fa6d33148948a96cb5534b0daa3 [term 0 FOLLOWER]: Replica starting. Triggering 0 pending ops. Active config: opid_index: -1 OBSOLETE_local: false peers { permanent_uuid: "25687eb992bc4c70bd618e5a9678475b" member_type: VOTER last_known_addr { host: "127.10.65.1" port: 41833 } } peers { permanent_uuid: "f88e6fa6d33148948a96cb5534b0daa3" member_type: VOTER last_known_addr { host: "127.10.65.2" port: 43849 } } peers { permanent_uuid: "a21ea4055f634f03b2ccc04fc91857f4" member_type: VOTER last_known_addr { host: "127.10.65.3" port: 39993 } }
I20260709 14:47:57.621361 11794 raft_consensus.cc:385] T 01f7c10a6fe6486bb3bf2db7d848e9e2 P f88e6fa6d33148948a96cb5534b0daa3 [term 0 FOLLOWER]: Consensus starting up: Expiring failure detector timer to make a prompt election more likely
I20260709 14:47:57.621618 11794 raft_consensus.cc:740] T 01f7c10a6fe6486bb3bf2db7d848e9e2 P f88e6fa6d33148948a96cb5534b0daa3 [term 0 FOLLOWER]: Becoming Follower/Learner. State: Replica: f88e6fa6d33148948a96cb5534b0daa3, State: Initialized, Role: FOLLOWER
I20260709 14:47:57.621991 11788 ts_tablet_manager.cc:1434] T 003a266baf95483591732afdbb381585 P 25687eb992bc4c70bd618e5a9678475b: Time spent starting tablet: real 0.015s	user 0.004s	sys 0.002s
I20260709 14:47:57.620620 11789 consensus_queue.cc:260] T 3d0c73d03b2d47d1a8f27ff7c483584b P a21ea4055f634f03b2ccc04fc91857f4 [NON_LEADER]: Queue going to NON_LEADER mode. State: All replicated index: 0, Majority replicated index: 0, Committed index: 0, Last appended: 0.0, Last appended by leader: 0, Current term: 0, Majority size: -1, State: 0, Mode: NON_LEADER, active raft config: opid_index: -1 OBSOLETE_local: false peers { permanent_uuid: "25687eb992bc4c70bd618e5a9678475b" member_type: VOTER last_known_addr { host: "127.10.65.1" port: 41833 } } peers { permanent_uuid: "f88e6fa6d33148948a96cb5534b0daa3" member_type: VOTER last_known_addr { host: "127.10.65.2" port: 43849 } } peers { permanent_uuid: "a21ea4055f634f03b2ccc04fc91857f4" member_type: VOTER last_known_addr { host: "127.10.65.3" port: 39993 } }
I20260709 14:47:57.622324 11794 consensus_queue.cc:260] T 01f7c10a6fe6486bb3bf2db7d848e9e2 P f88e6fa6d33148948a96cb5534b0daa3 [NON_LEADER]: Queue going to NON_LEADER mode. State: All replicated index: 0, Majority replicated index: 0, Committed index: 0, Last appended: 0.0, Last appended by leader: 0, Current term: 0, Majority size: -1, State: 0, Mode: NON_LEADER, active raft config: opid_index: -1 OBSOLETE_local: false peers { permanent_uuid: "25687eb992bc4c70bd618e5a9678475b" member_type: VOTER last_known_addr { host: "127.10.65.1" port: 41833 } } peers { permanent_uuid: "f88e6fa6d33148948a96cb5534b0daa3" member_type: VOTER last_known_addr { host: "127.10.65.2" port: 43849 } } peers { permanent_uuid: "a21ea4055f634f03b2ccc04fc91857f4" member_type: VOTER last_known_addr { host: "127.10.65.3" port: 39993 } }
I20260709 14:47:57.623071 11670 tablet_service.cc:1917] Received RequestConsensusVote() RPC: tablet_id: "b8d76623408f4ff98077914f516a3584" candidate_uuid: "a21ea4055f634f03b2ccc04fc91857f4" candidate_term: 1 candidate_status { last_received { term: 0 index: 0 } } ignore_live_leader: false dest_uuid: "f88e6fa6d33148948a96cb5534b0daa3"
I20260709 14:47:57.624116 11789 ts_tablet_manager.cc:1434] T 3d0c73d03b2d47d1a8f27ff7c483584b P a21ea4055f634f03b2ccc04fc91857f4: Time spent starting tablet: real 0.007s	user 0.006s	sys 0.000s
I20260709 14:47:57.624476 11794 ts_tablet_manager.cc:1434] T 01f7c10a6fe6486bb3bf2db7d848e9e2 P f88e6fa6d33148948a96cb5534b0daa3: Time spent starting tablet: real 0.006s	user 0.006s	sys 0.001s
I20260709 14:47:57.622640 11494 catalog_manager.cc:5697] T 38baca16018543ff973fd5cf9a3022ca P f88e6fa6d33148948a96cb5534b0daa3 reported cstate change: term changed from 0 to 1, leader changed from <none> to f88e6fa6d33148948a96cb5534b0daa3 (127.10.65.2). New cstate: current_term: 1 leader_uuid: "f88e6fa6d33148948a96cb5534b0daa3" committed_config { opid_index: -1 OBSOLETE_local: false peers { permanent_uuid: "25687eb992bc4c70bd618e5a9678475b" member_type: VOTER last_known_addr { host: "127.10.65.1" port: 41833 } health_report { overall_health: UNKNOWN } } peers { permanent_uuid: "f88e6fa6d33148948a96cb5534b0daa3" member_type: VOTER last_known_addr { host: "127.10.65.2" port: 43849 } health_report { overall_health: HEALTHY } } peers { permanent_uuid: "a21ea4055f634f03b2ccc04fc91857f4" member_type: VOTER last_known_addr { host: "127.10.65.3" port: 39993 } health_report { overall_health: UNKNOWN } } }
I20260709 14:47:57.624954 11789 tablet_bootstrap.cc:492] T 1e1666f149394ed5ba9aa78d9fb38e2c P a21ea4055f634f03b2ccc04fc91857f4: Bootstrap starting.
I20260709 14:47:57.625196 11794 tablet_bootstrap.cc:492] T adc4b13fcacd4b09bfc9afeb51cb98b7 P f88e6fa6d33148948a96cb5534b0daa3: Bootstrap starting.
W20260709 14:47:57.624209 11711 leader_election.cc:343] T b8d76623408f4ff98077914f516a3584 P a21ea4055f634f03b2ccc04fc91857f4 [CANDIDATE]: Term 1 election: Tablet error from VoteRequest() call to peer f88e6fa6d33148948a96cb5534b0daa3 (127.10.65.2:43849): Illegal state: must be running to vote when last-logged opid is not known
I20260709 14:47:57.630724 11789 tablet_bootstrap.cc:654] T 1e1666f149394ed5ba9aa78d9fb38e2c P a21ea4055f634f03b2ccc04fc91857f4: Neither blocks nor log segments found. Creating new log.
I20260709 14:47:57.631009 11563 leader_election.cc:304] T 01f7c10a6fe6486bb3bf2db7d848e9e2 P 25687eb992bc4c70bd618e5a9678475b [CANDIDATE]: Term 1 election: Election decided. Result: candidate won. Election summary: received 3 responses out of 3 voters: 2 yes votes; 1 no votes. yes voters: 25687eb992bc4c70bd618e5a9678475b, a21ea4055f634f03b2ccc04fc91857f4; no voters: f88e6fa6d33148948a96cb5534b0daa3
I20260709 14:47:57.631657 11788 tablet_bootstrap.cc:492] T b0c60ba829e94b92bfe3e373a1346c38 P 25687eb992bc4c70bd618e5a9678475b: Bootstrap starting.
I20260709 14:47:57.632089 11920 raft_consensus.cc:2804] T 01f7c10a6fe6486bb3bf2db7d848e9e2 P 25687eb992bc4c70bd618e5a9678475b [term 1 FOLLOWER]: Leader election won for term 1
I20260709 14:47:57.632540 11920 raft_consensus.cc:697] T 01f7c10a6fe6486bb3bf2db7d848e9e2 P 25687eb992bc4c70bd618e5a9678475b [term 1 LEADER]: Becoming Leader. State: Replica: 25687eb992bc4c70bd618e5a9678475b, State: Running, Role: LEADER
I20260709 14:47:57.633265 11920 consensus_queue.cc:237] T 01f7c10a6fe6486bb3bf2db7d848e9e2 P 25687eb992bc4c70bd618e5a9678475b [LEADER]: Queue going to LEADER mode. State: All replicated index: 0, Majority replicated index: 0, Committed index: 0, Last appended: 0.0, Last appended by leader: 0, Current term: 1, Majority size: 2, State: 0, Mode: LEADER, active raft config: opid_index: -1 OBSOLETE_local: false peers { permanent_uuid: "25687eb992bc4c70bd618e5a9678475b" member_type: VOTER last_known_addr { host: "127.10.65.1" port: 41833 } } peers { permanent_uuid: "f88e6fa6d33148948a96cb5534b0daa3" member_type: VOTER last_known_addr { host: "127.10.65.2" port: 43849 } } peers { permanent_uuid: "a21ea4055f634f03b2ccc04fc91857f4" member_type: VOTER last_known_addr { host: "127.10.65.3" port: 39993 } }
I20260709 14:47:57.634995 11599 tablet_service.cc:1917] Received RequestConsensusVote() RPC: tablet_id: "b8d76623408f4ff98077914f516a3584" candidate_uuid: "a21ea4055f634f03b2ccc04fc91857f4" candidate_term: 1 candidate_status { last_received { term: 0 index: 0 } } ignore_live_leader: false dest_uuid: "25687eb992bc4c70bd618e5a9678475b"
I20260709 14:47:57.637953 11599 raft_consensus.cc:3060] T b8d76623408f4ff98077914f516a3584 P 25687eb992bc4c70bd618e5a9678475b [term 0 FOLLOWER]: Advancing to term 1
I20260709 14:47:57.648270 11599 raft_consensus.cc:2468] T b8d76623408f4ff98077914f516a3584 P 25687eb992bc4c70bd618e5a9678475b [term 1 FOLLOWER]: Leader election vote request: Granting yes vote for candidate a21ea4055f634f03b2ccc04fc91857f4 in term 1.
I20260709 14:47:57.649303 11713 leader_election.cc:304] T b8d76623408f4ff98077914f516a3584 P a21ea4055f634f03b2ccc04fc91857f4 [CANDIDATE]: Term 1 election: Election decided. Result: candidate won. Election summary: received 3 responses out of 3 voters: 2 yes votes; 1 no votes. yes voters: 25687eb992bc4c70bd618e5a9678475b, a21ea4055f634f03b2ccc04fc91857f4; no voters: f88e6fa6d33148948a96cb5534b0daa3
I20260709 14:47:57.650094 11908 raft_consensus.cc:2804] T b8d76623408f4ff98077914f516a3584 P a21ea4055f634f03b2ccc04fc91857f4 [term 1 FOLLOWER]: Leader election won for term 1
I20260709 14:47:57.650543 11908 raft_consensus.cc:697] T b8d76623408f4ff98077914f516a3584 P a21ea4055f634f03b2ccc04fc91857f4 [term 1 LEADER]: Becoming Leader. State: Replica: a21ea4055f634f03b2ccc04fc91857f4, State: Running, Role: LEADER
I20260709 14:47:57.651291 11908 consensus_queue.cc:237] T b8d76623408f4ff98077914f516a3584 P a21ea4055f634f03b2ccc04fc91857f4 [LEADER]: Queue going to LEADER mode. State: All replicated index: 0, Majority replicated index: 0, Committed index: 0, Last appended: 0.0, Last appended by leader: 0, Current term: 1, Majority size: 2, State: 0, Mode: LEADER, active raft config: opid_index: -1 OBSOLETE_local: false peers { permanent_uuid: "25687eb992bc4c70bd618e5a9678475b" member_type: VOTER last_known_addr { host: "127.10.65.1" port: 41833 } } peers { permanent_uuid: "f88e6fa6d33148948a96cb5534b0daa3" member_type: VOTER last_known_addr { host: "127.10.65.2" port: 43849 } } peers { permanent_uuid: "a21ea4055f634f03b2ccc04fc91857f4" member_type: VOTER last_known_addr { host: "127.10.65.3" port: 39993 } }
I20260709 14:47:57.631002 11794 tablet_bootstrap.cc:654] T adc4b13fcacd4b09bfc9afeb51cb98b7 P f88e6fa6d33148948a96cb5534b0daa3: Neither blocks nor log segments found. Creating new log.
I20260709 14:47:57.658690 11788 tablet_bootstrap.cc:654] T b0c60ba829e94b92bfe3e373a1346c38 P 25687eb992bc4c70bd618e5a9678475b: Neither blocks nor log segments found. Creating new log.
I20260709 14:47:57.669663 11794 tablet_bootstrap.cc:492] T adc4b13fcacd4b09bfc9afeb51cb98b7 P f88e6fa6d33148948a96cb5534b0daa3: No bootstrap required, opened a new log
I20260709 14:47:57.670135 11794 ts_tablet_manager.cc:1403] T adc4b13fcacd4b09bfc9afeb51cb98b7 P f88e6fa6d33148948a96cb5534b0daa3: Time spent bootstrapping tablet: real 0.045s	user 0.008s	sys 0.002s
I20260709 14:47:57.672252 11969 raft_consensus.cc:493] T 003a266baf95483591732afdbb381585 P a21ea4055f634f03b2ccc04fc91857f4 [term 0 FOLLOWER]: Starting pre-election (no leader contacted us within the election timeout)
I20260709 14:47:57.672839 11969 raft_consensus.cc:515] T 003a266baf95483591732afdbb381585 P a21ea4055f634f03b2ccc04fc91857f4 [term 0 FOLLOWER]: Starting pre-election with config: opid_index: -1 OBSOLETE_local: false peers { permanent_uuid: "25687eb992bc4c70bd618e5a9678475b" member_type: VOTER last_known_addr { host: "127.10.65.1" port: 41833 } } peers { permanent_uuid: "f88e6fa6d33148948a96cb5534b0daa3" member_type: VOTER last_known_addr { host: "127.10.65.2" port: 43849 } } peers { permanent_uuid: "a21ea4055f634f03b2ccc04fc91857f4" member_type: VOTER last_known_addr { host: "127.10.65.3" port: 39993 } }
I20260709 14:47:57.675837 11670 tablet_service.cc:1917] Received RequestConsensusVote() RPC: tablet_id: "003a266baf95483591732afdbb381585" candidate_uuid: "a21ea4055f634f03b2ccc04fc91857f4" candidate_term: 1 candidate_status { last_received { term: 0 index: 0 } } ignore_live_leader: false dest_uuid: "f88e6fa6d33148948a96cb5534b0daa3" is_pre_election: true
I20260709 14:47:57.672310 11497 catalog_manager.cc:5697] T 01f7c10a6fe6486bb3bf2db7d848e9e2 P 25687eb992bc4c70bd618e5a9678475b reported cstate change: term changed from 0 to 1, leader changed from <none> to 25687eb992bc4c70bd618e5a9678475b (127.10.65.1). New cstate: current_term: 1 leader_uuid: "25687eb992bc4c70bd618e5a9678475b" committed_config { opid_index: -1 OBSOLETE_local: false peers { permanent_uuid: "25687eb992bc4c70bd618e5a9678475b" member_type: VOTER last_known_addr { host: "127.10.65.1" port: 41833 } health_report { overall_health: HEALTHY } } peers { permanent_uuid: "f88e6fa6d33148948a96cb5534b0daa3" member_type: VOTER last_known_addr { host: "127.10.65.2" port: 43849 } health_report { overall_health: UNKNOWN } } peers { permanent_uuid: "a21ea4055f634f03b2ccc04fc91857f4" member_type: VOTER last_known_addr { host: "127.10.65.3" port: 39993 } health_report { overall_health: UNKNOWN } } }
W20260709 14:47:57.677107 11711 leader_election.cc:343] T 003a266baf95483591732afdbb381585 P a21ea4055f634f03b2ccc04fc91857f4 [CANDIDATE]: Term 1 pre-election: Tablet error from VoteRequest() call to peer f88e6fa6d33148948a96cb5534b0daa3 (127.10.65.2:43849): Illegal state: must be running to vote when last-logged opid is not known
I20260709 14:47:57.677925 11969 leader_election.cc:290] T 003a266baf95483591732afdbb381585 P a21ea4055f634f03b2ccc04fc91857f4 [CANDIDATE]: Term 1 pre-election: Requested pre-vote from peers 25687eb992bc4c70bd618e5a9678475b (127.10.65.1:41833), f88e6fa6d33148948a96cb5534b0daa3 (127.10.65.2:43849)
I20260709 14:47:57.679930 11599 tablet_service.cc:1917] Received RequestConsensusVote() RPC: tablet_id: "003a266baf95483591732afdbb381585" candidate_uuid: "a21ea4055f634f03b2ccc04fc91857f4" candidate_term: 1 candidate_status { last_received { term: 0 index: 0 } } ignore_live_leader: false dest_uuid: "25687eb992bc4c70bd618e5a9678475b" is_pre_election: true
I20260709 14:47:57.682724 11794 raft_consensus.cc:359] T adc4b13fcacd4b09bfc9afeb51cb98b7 P f88e6fa6d33148948a96cb5534b0daa3 [term 0 FOLLOWER]: Replica starting. Triggering 0 pending ops. Active config: opid_index: -1 OBSOLETE_local: false peers { permanent_uuid: "25687eb992bc4c70bd618e5a9678475b" member_type: VOTER last_known_addr { host: "127.10.65.1" port: 41833 } } peers { permanent_uuid: "f88e6fa6d33148948a96cb5534b0daa3" member_type: VOTER last_known_addr { host: "127.10.65.2" port: 43849 } } peers { permanent_uuid: "a21ea4055f634f03b2ccc04fc91857f4" member_type: VOTER last_known_addr { host: "127.10.65.3" port: 39993 } }
I20260709 14:47:57.683423 11794 raft_consensus.cc:385] T adc4b13fcacd4b09bfc9afeb51cb98b7 P f88e6fa6d33148948a96cb5534b0daa3 [term 0 FOLLOWER]: Consensus starting up: Expiring failure detector timer to make a prompt election more likely
I20260709 14:47:57.683751 11794 raft_consensus.cc:740] T adc4b13fcacd4b09bfc9afeb51cb98b7 P f88e6fa6d33148948a96cb5534b0daa3 [term 0 FOLLOWER]: Becoming Follower/Learner. State: Replica: f88e6fa6d33148948a96cb5534b0daa3, State: Initialized, Role: FOLLOWER
I20260709 14:47:57.684525 11794 consensus_queue.cc:260] T adc4b13fcacd4b09bfc9afeb51cb98b7 P f88e6fa6d33148948a96cb5534b0daa3 [NON_LEADER]: Queue going to NON_LEADER mode. State: All replicated index: 0, Majority replicated index: 0, Committed index: 0, Last appended: 0.0, Last appended by leader: 0, Current term: 0, Majority size: -1, State: 0, Mode: NON_LEADER, active raft config: opid_index: -1 OBSOLETE_local: false peers { permanent_uuid: "25687eb992bc4c70bd618e5a9678475b" member_type: VOTER last_known_addr { host: "127.10.65.1" port: 41833 } } peers { permanent_uuid: "f88e6fa6d33148948a96cb5534b0daa3" member_type: VOTER last_known_addr { host: "127.10.65.2" port: 43849 } } peers { permanent_uuid: "a21ea4055f634f03b2ccc04fc91857f4" member_type: VOTER last_known_addr { host: "127.10.65.3" port: 39993 } }
I20260709 14:47:57.685364 11789 tablet_bootstrap.cc:492] T 1e1666f149394ed5ba9aa78d9fb38e2c P a21ea4055f634f03b2ccc04fc91857f4: No bootstrap required, opened a new log
I20260709 14:47:57.685776 11789 ts_tablet_manager.cc:1403] T 1e1666f149394ed5ba9aa78d9fb38e2c P a21ea4055f634f03b2ccc04fc91857f4: Time spent bootstrapping tablet: real 0.061s	user 0.024s	sys 0.034s
I20260709 14:47:57.686434 11794 ts_tablet_manager.cc:1434] T adc4b13fcacd4b09bfc9afeb51cb98b7 P f88e6fa6d33148948a96cb5534b0daa3: Time spent starting tablet: real 0.016s	user 0.004s	sys 0.000s
I20260709 14:47:57.688316 11794 tablet_bootstrap.cc:492] T 003a266baf95483591732afdbb381585 P f88e6fa6d33148948a96cb5534b0daa3: Bootstrap starting.
I20260709 14:47:57.689013 11921 consensus_queue.cc:1048] T 5c02ea5327744b4eab8e08a4809c7e37 P 25687eb992bc4c70bd618e5a9678475b [LEADER]: Connected to new peer: Peer: permanent_uuid: "f88e6fa6d33148948a96cb5534b0daa3" member_type: VOTER last_known_addr { host: "127.10.65.2" port: 43849 }, Status: LMP_MISMATCH, Last received: 0.0, Next index: 1, Last known committed idx: 0, Time since last communication: 0.000s
I20260709 14:47:57.687181 11599 raft_consensus.cc:2468] T 003a266baf95483591732afdbb381585 P 25687eb992bc4c70bd618e5a9678475b [term 0 FOLLOWER]: Leader pre-election vote request: Granting yes vote for candidate a21ea4055f634f03b2ccc04fc91857f4 in term 0.
I20260709 14:47:57.696388 11713 leader_election.cc:304] T 003a266baf95483591732afdbb381585 P a21ea4055f634f03b2ccc04fc91857f4 [CANDIDATE]: Term 1 pre-election: Election decided. Result: candidate won. Election summary: received 3 responses out of 3 voters: 2 yes votes; 1 no votes. yes voters: 25687eb992bc4c70bd618e5a9678475b, a21ea4055f634f03b2ccc04fc91857f4; no voters: f88e6fa6d33148948a96cb5534b0daa3
I20260709 14:47:57.697891 11908 raft_consensus.cc:2804] T 003a266baf95483591732afdbb381585 P a21ea4055f634f03b2ccc04fc91857f4 [term 0 FOLLOWER]: Leader pre-election won for term 1
I20260709 14:47:57.696272 11789 raft_consensus.cc:359] T 1e1666f149394ed5ba9aa78d9fb38e2c P a21ea4055f634f03b2ccc04fc91857f4 [term 0 FOLLOWER]: Replica starting. Triggering 0 pending ops. Active config: opid_index: -1 OBSOLETE_local: false peers { permanent_uuid: "25687eb992bc4c70bd618e5a9678475b" member_type: VOTER last_known_addr { host: "127.10.65.1" port: 41833 } } peers { permanent_uuid: "f88e6fa6d33148948a96cb5534b0daa3" member_type: VOTER last_known_addr { host: "127.10.65.2" port: 43849 } } peers { permanent_uuid: "a21ea4055f634f03b2ccc04fc91857f4" member_type: VOTER last_known_addr { host: "127.10.65.3" port: 39993 } }
I20260709 14:47:57.699435 11789 raft_consensus.cc:385] T 1e1666f149394ed5ba9aa78d9fb38e2c P a21ea4055f634f03b2ccc04fc91857f4 [term 0 FOLLOWER]: Consensus starting up: Expiring failure detector timer to make a prompt election more likely
I20260709 14:47:57.699750 11789 raft_consensus.cc:740] T 1e1666f149394ed5ba9aa78d9fb38e2c P a21ea4055f634f03b2ccc04fc91857f4 [term 0 FOLLOWER]: Becoming Follower/Learner. State: Replica: a21ea4055f634f03b2ccc04fc91857f4, State: Initialized, Role: FOLLOWER
I20260709 14:47:57.700011 11788 tablet_bootstrap.cc:492] T b0c60ba829e94b92bfe3e373a1346c38 P 25687eb992bc4c70bd618e5a9678475b: No bootstrap required, opened a new log
I20260709 14:47:57.700410 11788 ts_tablet_manager.cc:1403] T b0c60ba829e94b92bfe3e373a1346c38 P 25687eb992bc4c70bd618e5a9678475b: Time spent bootstrapping tablet: real 0.069s	user 0.009s	sys 0.001s
I20260709 14:47:57.700358 11789 consensus_queue.cc:260] T 1e1666f149394ed5ba9aa78d9fb38e2c P a21ea4055f634f03b2ccc04fc91857f4 [NON_LEADER]: Queue going to NON_LEADER mode. State: All replicated index: 0, Majority replicated index: 0, Committed index: 0, Last appended: 0.0, Last appended by leader: 0, Current term: 0, Majority size: -1, State: 0, Mode: NON_LEADER, active raft config: opid_index: -1 OBSOLETE_local: false peers { permanent_uuid: "25687eb992bc4c70bd618e5a9678475b" member_type: VOTER last_known_addr { host: "127.10.65.1" port: 41833 } } peers { permanent_uuid: "f88e6fa6d33148948a96cb5534b0daa3" member_type: VOTER last_known_addr { host: "127.10.65.2" port: 43849 } } peers { permanent_uuid: "a21ea4055f634f03b2ccc04fc91857f4" member_type: VOTER last_known_addr { host: "127.10.65.3" port: 39993 } }
I20260709 14:47:57.702399 11789 ts_tablet_manager.cc:1434] T 1e1666f149394ed5ba9aa78d9fb38e2c P a21ea4055f634f03b2ccc04fc91857f4: Time spent starting tablet: real 0.016s	user 0.005s	sys 0.000s
I20260709 14:47:57.703212 11789 tablet_bootstrap.cc:492] T 38baca16018543ff973fd5cf9a3022ca P a21ea4055f634f03b2ccc04fc91857f4: Bootstrap starting.
I20260709 14:47:57.704334 11921 consensus_queue.cc:1048] T 5c02ea5327744b4eab8e08a4809c7e37 P 25687eb992bc4c70bd618e5a9678475b [LEADER]: Connected to new peer: Peer: permanent_uuid: "a21ea4055f634f03b2ccc04fc91857f4" member_type: VOTER last_known_addr { host: "127.10.65.3" port: 39993 }, Status: LMP_MISMATCH, Last received: 0.0, Next index: 1, Last known committed idx: 0, Time since last communication: 0.000s
I20260709 14:47:57.704555 11908 raft_consensus.cc:493] T 003a266baf95483591732afdbb381585 P a21ea4055f634f03b2ccc04fc91857f4 [term 0 FOLLOWER]: Starting leader election (no leader contacted us within the election timeout)
I20260709 14:47:57.705053 11908 raft_consensus.cc:3060] T 003a266baf95483591732afdbb381585 P a21ea4055f634f03b2ccc04fc91857f4 [term 0 FOLLOWER]: Advancing to term 1
I20260709 14:47:57.706369 11794 tablet_bootstrap.cc:654] T 003a266baf95483591732afdbb381585 P f88e6fa6d33148948a96cb5534b0daa3: Neither blocks nor log segments found. Creating new log.
I20260709 14:47:57.705189 11788 raft_consensus.cc:359] T b0c60ba829e94b92bfe3e373a1346c38 P 25687eb992bc4c70bd618e5a9678475b [term 0 FOLLOWER]: Replica starting. Triggering 0 pending ops. Active config: opid_index: -1 OBSOLETE_local: false peers { permanent_uuid: "25687eb992bc4c70bd618e5a9678475b" member_type: VOTER last_known_addr { host: "127.10.65.1" port: 41833 } } peers { permanent_uuid: "f88e6fa6d33148948a96cb5534b0daa3" member_type: VOTER last_known_addr { host: "127.10.65.2" port: 43849 } } peers { permanent_uuid: "a21ea4055f634f03b2ccc04fc91857f4" member_type: VOTER last_known_addr { host: "127.10.65.3" port: 39993 } }
I20260709 14:47:57.706761 11788 raft_consensus.cc:385] T b0c60ba829e94b92bfe3e373a1346c38 P 25687eb992bc4c70bd618e5a9678475b [term 0 FOLLOWER]: Consensus starting up: Expiring failure detector timer to make a prompt election more likely
I20260709 14:47:57.711642 11788 raft_consensus.cc:740] T b0c60ba829e94b92bfe3e373a1346c38 P 25687eb992bc4c70bd618e5a9678475b [term 0 FOLLOWER]: Becoming Follower/Learner. State: Replica: 25687eb992bc4c70bd618e5a9678475b, State: Initialized, Role: FOLLOWER
I20260709 14:47:57.706513 11496 catalog_manager.cc:5697] T b8d76623408f4ff98077914f516a3584 P a21ea4055f634f03b2ccc04fc91857f4 reported cstate change: term changed from 0 to 1, leader changed from <none> to a21ea4055f634f03b2ccc04fc91857f4 (127.10.65.3). New cstate: current_term: 1 leader_uuid: "a21ea4055f634f03b2ccc04fc91857f4" committed_config { opid_index: -1 OBSOLETE_local: false peers { permanent_uuid: "25687eb992bc4c70bd618e5a9678475b" member_type: VOTER last_known_addr { host: "127.10.65.1" port: 41833 } health_report { overall_health: UNKNOWN } } peers { permanent_uuid: "f88e6fa6d33148948a96cb5534b0daa3" member_type: VOTER last_known_addr { host: "127.10.65.2" port: 43849 } health_report { overall_health: UNKNOWN } } peers { permanent_uuid: "a21ea4055f634f03b2ccc04fc91857f4" member_type: VOTER last_known_addr { host: "127.10.65.3" port: 39993 } health_report { overall_health: HEALTHY } } }
I20260709 14:47:57.712491 11788 consensus_queue.cc:260] T b0c60ba829e94b92bfe3e373a1346c38 P 25687eb992bc4c70bd618e5a9678475b [NON_LEADER]: Queue going to NON_LEADER mode. State: All replicated index: 0, Majority replicated index: 0, Committed index: 0, Last appended: 0.0, Last appended by leader: 0, Current term: 0, Majority size: -1, State: 0, Mode: NON_LEADER, active raft config: opid_index: -1 OBSOLETE_local: false peers { permanent_uuid: "25687eb992bc4c70bd618e5a9678475b" member_type: VOTER last_known_addr { host: "127.10.65.1" port: 41833 } } peers { permanent_uuid: "f88e6fa6d33148948a96cb5534b0daa3" member_type: VOTER last_known_addr { host: "127.10.65.2" port: 43849 } } peers { permanent_uuid: "a21ea4055f634f03b2ccc04fc91857f4" member_type: VOTER last_known_addr { host: "127.10.65.3" port: 39993 } }
I20260709 14:47:57.714216 11789 tablet_bootstrap.cc:654] T 38baca16018543ff973fd5cf9a3022ca P a21ea4055f634f03b2ccc04fc91857f4: Neither blocks nor log segments found. Creating new log.
I20260709 14:47:57.727335 11788 ts_tablet_manager.cc:1434] T b0c60ba829e94b92bfe3e373a1346c38 P 25687eb992bc4c70bd618e5a9678475b: Time spent starting tablet: real 0.027s	user 0.003s	sys 0.004s
I20260709 14:47:57.736091 11788 tablet_bootstrap.cc:492] T 690068baa42047eebbdd12c6e31ce638 P 25687eb992bc4c70bd618e5a9678475b: Bootstrap starting.
I20260709 14:47:57.741708 11788 tablet_bootstrap.cc:654] T 690068baa42047eebbdd12c6e31ce638 P 25687eb992bc4c70bd618e5a9678475b: Neither blocks nor log segments found. Creating new log.
I20260709 14:47:57.744210 11908 raft_consensus.cc:515] T 003a266baf95483591732afdbb381585 P a21ea4055f634f03b2ccc04fc91857f4 [term 1 FOLLOWER]: Starting leader election with config: opid_index: -1 OBSOLETE_local: false peers { permanent_uuid: "25687eb992bc4c70bd618e5a9678475b" member_type: VOTER last_known_addr { host: "127.10.65.1" port: 41833 } } peers { permanent_uuid: "f88e6fa6d33148948a96cb5534b0daa3" member_type: VOTER last_known_addr { host: "127.10.65.2" port: 43849 } } peers { permanent_uuid: "a21ea4055f634f03b2ccc04fc91857f4" member_type: VOTER last_known_addr { host: "127.10.65.3" port: 39993 } }
I20260709 14:47:57.744947 11968 consensus_queue.cc:1048] T bf043a887b6244de94becf192ce892c1 P a21ea4055f634f03b2ccc04fc91857f4 [LEADER]: Connected to new peer: Peer: permanent_uuid: "f88e6fa6d33148948a96cb5534b0daa3" member_type: VOTER last_known_addr { host: "127.10.65.2" port: 43849 }, Status: LMP_MISMATCH, Last received: 0.0, Next index: 1, Last known committed idx: 0, Time since last communication: 0.000s
I20260709 14:47:57.748070 12042 consensus_queue.cc:1048] T 3d0c73d03b2d47d1a8f27ff7c483584b P f88e6fa6d33148948a96cb5534b0daa3 [LEADER]: Connected to new peer: Peer: permanent_uuid: "25687eb992bc4c70bd618e5a9678475b" member_type: VOTER last_known_addr { host: "127.10.65.1" port: 41833 }, Status: LMP_MISMATCH, Last received: 0.0, Next index: 1, Last known committed idx: 0, Time since last communication: 0.000s
I20260709 14:47:57.750170 11835 raft_consensus.cc:493] T 1e1666f149394ed5ba9aa78d9fb38e2c P a21ea4055f634f03b2ccc04fc91857f4 [term 0 FOLLOWER]: Starting pre-election (no leader contacted us within the election timeout)
I20260709 14:47:57.750653 11835 raft_consensus.cc:515] T 1e1666f149394ed5ba9aa78d9fb38e2c P a21ea4055f634f03b2ccc04fc91857f4 [term 0 FOLLOWER]: Starting pre-election with config: opid_index: -1 OBSOLETE_local: false peers { permanent_uuid: "25687eb992bc4c70bd618e5a9678475b" member_type: VOTER last_known_addr { host: "127.10.65.1" port: 41833 } } peers { permanent_uuid: "f88e6fa6d33148948a96cb5534b0daa3" member_type: VOTER last_known_addr { host: "127.10.65.2" port: 43849 } } peers { permanent_uuid: "a21ea4055f634f03b2ccc04fc91857f4" member_type: VOTER last_known_addr { host: "127.10.65.3" port: 39993 } }
I20260709 14:47:57.754912 11835 leader_election.cc:290] T 1e1666f149394ed5ba9aa78d9fb38e2c P a21ea4055f634f03b2ccc04fc91857f4 [CANDIDATE]: Term 1 pre-election: Requested pre-vote from peers 25687eb992bc4c70bd618e5a9678475b (127.10.65.1:41833), f88e6fa6d33148948a96cb5534b0daa3 (127.10.65.2:43849)
I20260709 14:47:57.756389 11674 tablet_service.cc:1917] Received RequestConsensusVote() RPC: tablet_id: "1e1666f149394ed5ba9aa78d9fb38e2c" candidate_uuid: "a21ea4055f634f03b2ccc04fc91857f4" candidate_term: 1 candidate_status { last_received { term: 0 index: 0 } } ignore_live_leader: false dest_uuid: "f88e6fa6d33148948a96cb5534b0daa3" is_pre_election: true
I20260709 14:47:57.757025 11674 raft_consensus.cc:2468] T 1e1666f149394ed5ba9aa78d9fb38e2c P f88e6fa6d33148948a96cb5534b0daa3 [term 0 FOLLOWER]: Leader pre-election vote request: Granting yes vote for candidate a21ea4055f634f03b2ccc04fc91857f4 in term 0.
I20260709 14:47:57.758136 11711 leader_election.cc:304] T 1e1666f149394ed5ba9aa78d9fb38e2c P a21ea4055f634f03b2ccc04fc91857f4 [CANDIDATE]: Term 1 pre-election: Election decided. Result: candidate won. Election summary: received 2 responses out of 3 voters: 2 yes votes; 0 no votes. yes voters: a21ea4055f634f03b2ccc04fc91857f4, f88e6fa6d33148948a96cb5534b0daa3; no voters: 
I20260709 14:47:57.758339 11598 tablet_service.cc:1917] Received RequestConsensusVote() RPC: tablet_id: "1e1666f149394ed5ba9aa78d9fb38e2c" candidate_uuid: "a21ea4055f634f03b2ccc04fc91857f4" candidate_term: 1 candidate_status { last_received { term: 0 index: 0 } } ignore_live_leader: false dest_uuid: "25687eb992bc4c70bd618e5a9678475b" is_pre_election: true
I20260709 14:47:57.758955 11598 raft_consensus.cc:2468] T 1e1666f149394ed5ba9aa78d9fb38e2c P 25687eb992bc4c70bd618e5a9678475b [term 0 FOLLOWER]: Leader pre-election vote request: Granting yes vote for candidate a21ea4055f634f03b2ccc04fc91857f4 in term 0.
I20260709 14:47:57.759152 11968 raft_consensus.cc:2804] T 1e1666f149394ed5ba9aa78d9fb38e2c P a21ea4055f634f03b2ccc04fc91857f4 [term 0 FOLLOWER]: Leader pre-election won for term 1
I20260709 14:47:57.759538 11968 raft_consensus.cc:493] T 1e1666f149394ed5ba9aa78d9fb38e2c P a21ea4055f634f03b2ccc04fc91857f4 [term 0 FOLLOWER]: Starting leader election (no leader contacted us within the election timeout)
I20260709 14:47:57.759948 11968 raft_consensus.cc:3060] T 1e1666f149394ed5ba9aa78d9fb38e2c P a21ea4055f634f03b2ccc04fc91857f4 [term 0 FOLLOWER]: Advancing to term 1
I20260709 14:47:57.766862 11968 raft_consensus.cc:515] T 1e1666f149394ed5ba9aa78d9fb38e2c P a21ea4055f634f03b2ccc04fc91857f4 [term 1 FOLLOWER]: Starting leader election with config: opid_index: -1 OBSOLETE_local: false peers { permanent_uuid: "25687eb992bc4c70bd618e5a9678475b" member_type: VOTER last_known_addr { host: "127.10.65.1" port: 41833 } } peers { permanent_uuid: "f88e6fa6d33148948a96cb5534b0daa3" member_type: VOTER last_known_addr { host: "127.10.65.2" port: 43849 } } peers { permanent_uuid: "a21ea4055f634f03b2ccc04fc91857f4" member_type: VOTER last_known_addr { host: "127.10.65.3" port: 39993 } }
I20260709 14:47:57.778292 11968 leader_election.cc:290] T 1e1666f149394ed5ba9aa78d9fb38e2c P a21ea4055f634f03b2ccc04fc91857f4 [CANDIDATE]: Term 1 election: Requested vote from peers 25687eb992bc4c70bd618e5a9678475b (127.10.65.1:41833), f88e6fa6d33148948a96cb5534b0daa3 (127.10.65.2:43849)
I20260709 14:47:57.772770 11908 leader_election.cc:290] T 003a266baf95483591732afdbb381585 P a21ea4055f634f03b2ccc04fc91857f4 [CANDIDATE]: Term 1 election: Requested vote from peers 25687eb992bc4c70bd618e5a9678475b (127.10.65.1:41833), f88e6fa6d33148948a96cb5534b0daa3 (127.10.65.2:43849)
I20260709 14:47:57.774752 11598 tablet_service.cc:1917] Received RequestConsensusVote() RPC: tablet_id: "003a266baf95483591732afdbb381585" candidate_uuid: "a21ea4055f634f03b2ccc04fc91857f4" candidate_term: 1 candidate_status { last_received { term: 0 index: 0 } } ignore_live_leader: false dest_uuid: "25687eb992bc4c70bd618e5a9678475b"
I20260709 14:47:57.782148 11598 raft_consensus.cc:3060] T 003a266baf95483591732afdbb381585 P 25687eb992bc4c70bd618e5a9678475b [term 0 FOLLOWER]: Advancing to term 1
I20260709 14:47:57.792936 11598 raft_consensus.cc:2468] T 003a266baf95483591732afdbb381585 P 25687eb992bc4c70bd618e5a9678475b [term 1 FOLLOWER]: Leader election vote request: Granting yes vote for candidate a21ea4055f634f03b2ccc04fc91857f4 in term 1.
I20260709 14:47:57.771054 11835 consensus_queue.cc:1048] T bf043a887b6244de94becf192ce892c1 P a21ea4055f634f03b2ccc04fc91857f4 [LEADER]: Connected to new peer: Peer: permanent_uuid: "25687eb992bc4c70bd618e5a9678475b" member_type: VOTER last_known_addr { host: "127.10.65.1" port: 41833 }, Status: LMP_MISMATCH, Last received: 0.0, Next index: 1, Last known committed idx: 0, Time since last communication: 0.000s
I20260709 14:47:57.779583 11596 tablet_service.cc:1917] Received RequestConsensusVote() RPC: tablet_id: "1e1666f149394ed5ba9aa78d9fb38e2c" candidate_uuid: "a21ea4055f634f03b2ccc04fc91857f4" candidate_term: 1 candidate_status { last_received { term: 0 index: 0 } } ignore_live_leader: false dest_uuid: "25687eb992bc4c70bd618e5a9678475b"
I20260709 14:47:57.794097 11596 raft_consensus.cc:3060] T 1e1666f149394ed5ba9aa78d9fb38e2c P 25687eb992bc4c70bd618e5a9678475b [term 0 FOLLOWER]: Advancing to term 1
I20260709 14:47:57.798629 11745 raft_consensus.cc:3060] T 3d0c73d03b2d47d1a8f27ff7c483584b P a21ea4055f634f03b2ccc04fc91857f4 [term 0 FOLLOWER]: Advancing to term 1
I20260709 14:47:57.802398 11596 raft_consensus.cc:2468] T 1e1666f149394ed5ba9aa78d9fb38e2c P 25687eb992bc4c70bd618e5a9678475b [term 1 FOLLOWER]: Leader election vote request: Granting yes vote for candidate a21ea4055f634f03b2ccc04fc91857f4 in term 1.
I20260709 14:47:57.806483 11713 leader_election.cc:304] T 003a266baf95483591732afdbb381585 P a21ea4055f634f03b2ccc04fc91857f4 [CANDIDATE]: Term 1 election: Election decided. Result: candidate won. Election summary: received 2 responses out of 3 voters: 2 yes votes; 0 no votes. yes voters: 25687eb992bc4c70bd618e5a9678475b, a21ea4055f634f03b2ccc04fc91857f4; no voters: 
I20260709 14:47:57.807351 11713 leader_election.cc:304] T 1e1666f149394ed5ba9aa78d9fb38e2c P a21ea4055f634f03b2ccc04fc91857f4 [CANDIDATE]: Term 1 election: Election decided. Result: candidate won. Election summary: received 2 responses out of 3 voters: 2 yes votes; 0 no votes. yes voters: 25687eb992bc4c70bd618e5a9678475b, a21ea4055f634f03b2ccc04fc91857f4; no voters: 
I20260709 14:47:57.809484 11789 tablet_bootstrap.cc:492] T 38baca16018543ff973fd5cf9a3022ca P a21ea4055f634f03b2ccc04fc91857f4: No bootstrap required, opened a new log
I20260709 14:47:57.809623 12070 raft_consensus.cc:2804] T 1e1666f149394ed5ba9aa78d9fb38e2c P a21ea4055f634f03b2ccc04fc91857f4 [term 1 FOLLOWER]: Leader election won for term 1
I20260709 14:47:57.809948 11789 ts_tablet_manager.cc:1403] T 38baca16018543ff973fd5cf9a3022ca P a21ea4055f634f03b2ccc04fc91857f4: Time spent bootstrapping tablet: real 0.107s	user 0.027s	sys 0.019s
I20260709 14:47:57.810047 12070 raft_consensus.cc:697] T 1e1666f149394ed5ba9aa78d9fb38e2c P a21ea4055f634f03b2ccc04fc91857f4 [term 1 LEADER]: Becoming Leader. State: Replica: a21ea4055f634f03b2ccc04fc91857f4, State: Running, Role: LEADER
I20260709 14:47:57.810823 12070 consensus_queue.cc:237] T 1e1666f149394ed5ba9aa78d9fb38e2c P a21ea4055f634f03b2ccc04fc91857f4 [LEADER]: Queue going to LEADER mode. State: All replicated index: 0, Majority replicated index: 0, Committed index: 0, Last appended: 0.0, Last appended by leader: 0, Current term: 1, Majority size: 2, State: 0, Mode: LEADER, active raft config: opid_index: -1 OBSOLETE_local: false peers { permanent_uuid: "25687eb992bc4c70bd618e5a9678475b" member_type: VOTER last_known_addr { host: "127.10.65.1" port: 41833 } } peers { permanent_uuid: "f88e6fa6d33148948a96cb5534b0daa3" member_type: VOTER last_known_addr { host: "127.10.65.2" port: 43849 } } peers { permanent_uuid: "a21ea4055f634f03b2ccc04fc91857f4" member_type: VOTER last_known_addr { host: "127.10.65.3" port: 39993 } }
I20260709 14:47:57.812346 11789 raft_consensus.cc:359] T 38baca16018543ff973fd5cf9a3022ca P a21ea4055f634f03b2ccc04fc91857f4 [term 0 FOLLOWER]: Replica starting. Triggering 0 pending ops. Active config: opid_index: -1 OBSOLETE_local: false peers { permanent_uuid: "25687eb992bc4c70bd618e5a9678475b" member_type: VOTER last_known_addr { host: "127.10.65.1" port: 41833 } } peers { permanent_uuid: "f88e6fa6d33148948a96cb5534b0daa3" member_type: VOTER last_known_addr { host: "127.10.65.2" port: 43849 } } peers { permanent_uuid: "a21ea4055f634f03b2ccc04fc91857f4" member_type: VOTER last_known_addr { host: "127.10.65.3" port: 39993 } }
I20260709 14:47:57.812963 11789 raft_consensus.cc:385] T 38baca16018543ff973fd5cf9a3022ca P a21ea4055f634f03b2ccc04fc91857f4 [term 0 FOLLOWER]: Consensus starting up: Expiring failure detector timer to make a prompt election more likely
I20260709 14:47:57.813201 11789 raft_consensus.cc:740] T 38baca16018543ff973fd5cf9a3022ca P a21ea4055f634f03b2ccc04fc91857f4 [term 0 FOLLOWER]: Becoming Follower/Learner. State: Replica: a21ea4055f634f03b2ccc04fc91857f4, State: Initialized, Role: FOLLOWER
I20260709 14:47:57.813759 11789 consensus_queue.cc:260] T 38baca16018543ff973fd5cf9a3022ca P a21ea4055f634f03b2ccc04fc91857f4 [NON_LEADER]: Queue going to NON_LEADER mode. State: All replicated index: 0, Majority replicated index: 0, Committed index: 0, Last appended: 0.0, Last appended by leader: 0, Current term: 0, Majority size: -1, State: 0, Mode: NON_LEADER, active raft config: opid_index: -1 OBSOLETE_local: false peers { permanent_uuid: "25687eb992bc4c70bd618e5a9678475b" member_type: VOTER last_known_addr { host: "127.10.65.1" port: 41833 } } peers { permanent_uuid: "f88e6fa6d33148948a96cb5534b0daa3" member_type: VOTER last_known_addr { host: "127.10.65.2" port: 43849 } } peers { permanent_uuid: "a21ea4055f634f03b2ccc04fc91857f4" member_type: VOTER last_known_addr { host: "127.10.65.3" port: 39993 } }
I20260709 14:47:57.815703 11789 ts_tablet_manager.cc:1434] T 38baca16018543ff973fd5cf9a3022ca P a21ea4055f634f03b2ccc04fc91857f4: Time spent starting tablet: real 0.005s	user 0.007s	sys 0.001s
I20260709 14:47:57.816109 11904 consensus_queue.cc:1048] T 3d0c73d03b2d47d1a8f27ff7c483584b P f88e6fa6d33148948a96cb5534b0daa3 [LEADER]: Connected to new peer: Peer: permanent_uuid: "a21ea4055f634f03b2ccc04fc91857f4" member_type: VOTER last_known_addr { host: "127.10.65.3" port: 39993 }, Status: LMP_MISMATCH, Last received: 0.0, Next index: 1, Last known committed idx: 0, Time since last communication: 0.000s
I20260709 14:47:57.816496 11789 tablet_bootstrap.cc:492] T 0628e736370a4caaa7a08c90a7e66b23 P a21ea4055f634f03b2ccc04fc91857f4: Bootstrap starting.
I20260709 14:47:57.818171 11788 tablet_bootstrap.cc:492] T 690068baa42047eebbdd12c6e31ce638 P 25687eb992bc4c70bd618e5a9678475b: No bootstrap required, opened a new log
I20260709 14:47:57.818576 11788 ts_tablet_manager.cc:1403] T 690068baa42047eebbdd12c6e31ce638 P 25687eb992bc4c70bd618e5a9678475b: Time spent bootstrapping tablet: real 0.083s	user 0.002s	sys 0.011s
I20260709 14:47:57.818486 11670 tablet_service.cc:1917] Received RequestConsensusVote() RPC: tablet_id: "003a266baf95483591732afdbb381585" candidate_uuid: "a21ea4055f634f03b2ccc04fc91857f4" candidate_term: 1 candidate_status { last_received { term: 0 index: 0 } } ignore_live_leader: false dest_uuid: "f88e6fa6d33148948a96cb5534b0daa3"
I20260709 14:47:57.818890 11674 tablet_service.cc:1917] Received RequestConsensusVote() RPC: tablet_id: "1e1666f149394ed5ba9aa78d9fb38e2c" candidate_uuid: "a21ea4055f634f03b2ccc04fc91857f4" candidate_term: 1 candidate_status { last_received { term: 0 index: 0 } } ignore_live_leader: false dest_uuid: "f88e6fa6d33148948a96cb5534b0daa3"
I20260709 14:47:57.819466 11674 raft_consensus.cc:3060] T 1e1666f149394ed5ba9aa78d9fb38e2c P f88e6fa6d33148948a96cb5534b0daa3 [term 0 FOLLOWER]: Advancing to term 1
I20260709 14:47:57.821677 11788 raft_consensus.cc:359] T 690068baa42047eebbdd12c6e31ce638 P 25687eb992bc4c70bd618e5a9678475b [term 0 FOLLOWER]: Replica starting. Triggering 0 pending ops. Active config: opid_index: -1 OBSOLETE_local: false peers { permanent_uuid: "25687eb992bc4c70bd618e5a9678475b" member_type: VOTER last_known_addr { host: "127.10.65.1" port: 41833 } } peers { permanent_uuid: "f88e6fa6d33148948a96cb5534b0daa3" member_type: VOTER last_known_addr { host: "127.10.65.2" port: 43849 } } peers { permanent_uuid: "a21ea4055f634f03b2ccc04fc91857f4" member_type: VOTER last_known_addr { host: "127.10.65.3" port: 39993 } }
I20260709 14:47:57.822391 11788 raft_consensus.cc:385] T 690068baa42047eebbdd12c6e31ce638 P 25687eb992bc4c70bd618e5a9678475b [term 0 FOLLOWER]: Consensus starting up: Expiring failure detector timer to make a prompt election more likely
I20260709 14:47:57.822965 11789 tablet_bootstrap.cc:654] T 0628e736370a4caaa7a08c90a7e66b23 P a21ea4055f634f03b2ccc04fc91857f4: Neither blocks nor log segments found. Creating new log.
I20260709 14:47:57.822945 11788 raft_consensus.cc:740] T 690068baa42047eebbdd12c6e31ce638 P 25687eb992bc4c70bd618e5a9678475b [term 0 FOLLOWER]: Becoming Follower/Learner. State: Replica: 25687eb992bc4c70bd618e5a9678475b, State: Initialized, Role: FOLLOWER
I20260709 14:47:57.823948 11788 consensus_queue.cc:260] T 690068baa42047eebbdd12c6e31ce638 P 25687eb992bc4c70bd618e5a9678475b [NON_LEADER]: Queue going to NON_LEADER mode. State: All replicated index: 0, Majority replicated index: 0, Committed index: 0, Last appended: 0.0, Last appended by leader: 0, Current term: 0, Majority size: -1, State: 0, Mode: NON_LEADER, active raft config: opid_index: -1 OBSOLETE_local: false peers { permanent_uuid: "25687eb992bc4c70bd618e5a9678475b" member_type: VOTER last_known_addr { host: "127.10.65.1" port: 41833 } } peers { permanent_uuid: "f88e6fa6d33148948a96cb5534b0daa3" member_type: VOTER last_known_addr { host: "127.10.65.2" port: 43849 } } peers { permanent_uuid: "a21ea4055f634f03b2ccc04fc91857f4" member_type: VOTER last_known_addr { host: "127.10.65.3" port: 39993 } }
I20260709 14:47:57.826381 11788 ts_tablet_manager.cc:1434] T 690068baa42047eebbdd12c6e31ce638 P 25687eb992bc4c70bd618e5a9678475b: Time spent starting tablet: real 0.007s	user 0.006s	sys 0.001s
I20260709 14:47:57.827351 11788 tablet_bootstrap.cc:492] T a70fa7d44f8548dab0f370855f3061d2 P 25687eb992bc4c70bd618e5a9678475b: Bootstrap starting.
I20260709 14:47:57.827891 11674 raft_consensus.cc:2468] T 1e1666f149394ed5ba9aa78d9fb38e2c P f88e6fa6d33148948a96cb5534b0daa3 [term 1 FOLLOWER]: Leader election vote request: Granting yes vote for candidate a21ea4055f634f03b2ccc04fc91857f4 in term 1.
I20260709 14:47:57.828817 11904 raft_consensus.cc:493] T 01f7c10a6fe6486bb3bf2db7d848e9e2 P f88e6fa6d33148948a96cb5534b0daa3 [term 0 FOLLOWER]: Starting pre-election (no leader contacted us within the election timeout)
I20260709 14:47:57.829293 11904 raft_consensus.cc:515] T 01f7c10a6fe6486bb3bf2db7d848e9e2 P f88e6fa6d33148948a96cb5534b0daa3 [term 0 FOLLOWER]: Starting pre-election with config: opid_index: -1 OBSOLETE_local: false peers { permanent_uuid: "25687eb992bc4c70bd618e5a9678475b" member_type: VOTER last_known_addr { host: "127.10.65.1" port: 41833 } } peers { permanent_uuid: "f88e6fa6d33148948a96cb5534b0daa3" member_type: VOTER last_known_addr { host: "127.10.65.2" port: 43849 } } peers { permanent_uuid: "a21ea4055f634f03b2ccc04fc91857f4" member_type: VOTER last_known_addr { host: "127.10.65.3" port: 39993 } }
I20260709 14:47:57.831212 11904 leader_election.cc:290] T 01f7c10a6fe6486bb3bf2db7d848e9e2 P f88e6fa6d33148948a96cb5534b0daa3 [CANDIDATE]: Term 1 pre-election: Requested pre-vote from peers 25687eb992bc4c70bd618e5a9678475b (127.10.65.1:41833), a21ea4055f634f03b2ccc04fc91857f4 (127.10.65.3:39993)
I20260709 14:47:57.832427 11747 tablet_service.cc:1917] Received RequestConsensusVote() RPC: tablet_id: "01f7c10a6fe6486bb3bf2db7d848e9e2" candidate_uuid: "f88e6fa6d33148948a96cb5534b0daa3" candidate_term: 1 candidate_status { last_received { term: 0 index: 0 } } ignore_live_leader: false dest_uuid: "a21ea4055f634f03b2ccc04fc91857f4" is_pre_election: true
I20260709 14:47:57.833127 11747 raft_consensus.cc:2393] T 01f7c10a6fe6486bb3bf2db7d848e9e2 P a21ea4055f634f03b2ccc04fc91857f4 [term 1 FOLLOWER]: Leader pre-election vote request: Denying vote to candidate f88e6fa6d33148948a96cb5534b0daa3 in current term 1: Already voted for candidate 25687eb992bc4c70bd618e5a9678475b in this term.
I20260709 14:47:57.833528 11596 tablet_service.cc:1917] Received RequestConsensusVote() RPC: tablet_id: "01f7c10a6fe6486bb3bf2db7d848e9e2" candidate_uuid: "f88e6fa6d33148948a96cb5534b0daa3" candidate_term: 1 candidate_status { last_received { term: 0 index: 0 } } ignore_live_leader: false dest_uuid: "25687eb992bc4c70bd618e5a9678475b" is_pre_election: true
I20260709 14:47:57.834823 11639 leader_election.cc:304] T 01f7c10a6fe6486bb3bf2db7d848e9e2 P f88e6fa6d33148948a96cb5534b0daa3 [CANDIDATE]: Term 1 pre-election: Election decided. Result: candidate lost. Election summary: received 3 responses out of 3 voters: 1 yes votes; 2 no votes. yes voters: f88e6fa6d33148948a96cb5534b0daa3; no voters: 25687eb992bc4c70bd618e5a9678475b, a21ea4055f634f03b2ccc04fc91857f4
I20260709 14:47:57.835886 11904 raft_consensus.cc:3060] T 01f7c10a6fe6486bb3bf2db7d848e9e2 P f88e6fa6d33148948a96cb5534b0daa3 [term 0 FOLLOWER]: Advancing to term 1
I20260709 14:47:57.836675 11788 tablet_bootstrap.cc:654] T a70fa7d44f8548dab0f370855f3061d2 P 25687eb992bc4c70bd618e5a9678475b: Neither blocks nor log segments found. Creating new log.
I20260709 14:47:57.842092 11904 raft_consensus.cc:2749] T 01f7c10a6fe6486bb3bf2db7d848e9e2 P f88e6fa6d33148948a96cb5534b0daa3 [term 1 FOLLOWER]: Leader pre-election lost for term 1. Reason: could not achieve majority
W20260709 14:47:57.846261 11711 leader_election.cc:343] T 003a266baf95483591732afdbb381585 P a21ea4055f634f03b2ccc04fc91857f4 [CANDIDATE]: Term 1 election: Tablet error from VoteRequest() call to peer f88e6fa6d33148948a96cb5534b0daa3 (127.10.65.2:43849): Illegal state: must be running to vote when last-logged opid is not known
I20260709 14:47:57.847395 11788 tablet_bootstrap.cc:492] T a70fa7d44f8548dab0f370855f3061d2 P 25687eb992bc4c70bd618e5a9678475b: No bootstrap required, opened a new log
I20260709 14:47:57.847913 11788 ts_tablet_manager.cc:1403] T a70fa7d44f8548dab0f370855f3061d2 P 25687eb992bc4c70bd618e5a9678475b: Time spent bootstrapping tablet: real 0.021s	user 0.007s	sys 0.009s
I20260709 14:47:57.850911 11788 raft_consensus.cc:359] T a70fa7d44f8548dab0f370855f3061d2 P 25687eb992bc4c70bd618e5a9678475b [term 0 FOLLOWER]: Replica starting. Triggering 0 pending ops. Active config: opid_index: -1 OBSOLETE_local: false peers { permanent_uuid: "25687eb992bc4c70bd618e5a9678475b" member_type: VOTER last_known_addr { host: "127.10.65.1" port: 41833 } } peers { permanent_uuid: "f88e6fa6d33148948a96cb5534b0daa3" member_type: VOTER last_known_addr { host: "127.10.65.2" port: 43849 } } peers { permanent_uuid: "a21ea4055f634f03b2ccc04fc91857f4" member_type: VOTER last_known_addr { host: "127.10.65.3" port: 39993 } }
I20260709 14:47:57.851651 11788 raft_consensus.cc:385] T a70fa7d44f8548dab0f370855f3061d2 P 25687eb992bc4c70bd618e5a9678475b [term 0 FOLLOWER]: Consensus starting up: Expiring failure detector timer to make a prompt election more likely
I20260709 14:47:57.851969 11788 raft_consensus.cc:740] T a70fa7d44f8548dab0f370855f3061d2 P 25687eb992bc4c70bd618e5a9678475b [term 0 FOLLOWER]: Becoming Follower/Learner. State: Replica: 25687eb992bc4c70bd618e5a9678475b, State: Initialized, Role: FOLLOWER
I20260709 14:47:57.852726 11788 consensus_queue.cc:260] T a70fa7d44f8548dab0f370855f3061d2 P 25687eb992bc4c70bd618e5a9678475b [NON_LEADER]: Queue going to NON_LEADER mode. State: All replicated index: 0, Majority replicated index: 0, Committed index: 0, Last appended: 0.0, Last appended by leader: 0, Current term: 0, Majority size: -1, State: 0, Mode: NON_LEADER, active raft config: opid_index: -1 OBSOLETE_local: false peers { permanent_uuid: "25687eb992bc4c70bd618e5a9678475b" member_type: VOTER last_known_addr { host: "127.10.65.1" port: 41833 } } peers { permanent_uuid: "f88e6fa6d33148948a96cb5534b0daa3" member_type: VOTER last_known_addr { host: "127.10.65.2" port: 43849 } } peers { permanent_uuid: "a21ea4055f634f03b2ccc04fc91857f4" member_type: VOTER last_known_addr { host: "127.10.65.3" port: 39993 } }
I20260709 14:47:57.808545 11794 tablet_bootstrap.cc:492] T 003a266baf95483591732afdbb381585 P f88e6fa6d33148948a96cb5534b0daa3: No bootstrap required, opened a new log
I20260709 14:47:57.853659 11794 ts_tablet_manager.cc:1403] T 003a266baf95483591732afdbb381585 P f88e6fa6d33148948a96cb5534b0daa3: Time spent bootstrapping tablet: real 0.166s	user 0.021s	sys 0.019s
