I20260709 14:47:41.950208  7093 catalog_manager.cc:5697] T ad86ab18746545c59a9a305998a1bc35 P 781d6c4fd55b47e2a7a32f7b65250acd reported cstate change: term changed from 0 to 1, leader changed from <none> to 781d6c4fd55b47e2a7a32f7b65250acd (127.5.244.1). New cstate: current_term: 1 leader_uuid: "781d6c4fd55b47e2a7a32f7b65250acd" committed_config { opid_index: -1 OBSOLETE_local: false peers { permanent_uuid: "781d6c4fd55b47e2a7a32f7b65250acd" member_type: VOTER last_known_addr { host: "127.5.244.1" port: 46105 } health_report { overall_health: HEALTHY } } peers { permanent_uuid: "3d753d4219fc4f2a876349985b2b9b54" member_type: VOTER last_known_addr { host: "127.5.244.2" port: 42319 } health_report { overall_health: UNKNOWN } } peers { permanent_uuid: "1188fd75d3d74a3c89c9d7bb3f72af36" member_type: VOTER last_known_addr { host: "127.5.244.3" port: 43187 } health_report { overall_health: UNKNOWN } } }
I20260709 14:47:41.951980  7387 tablet_bootstrap.cc:654] T 713e68b5315d4f04aab6a44803427ac7 P 781d6c4fd55b47e2a7a32f7b65250acd: Neither blocks nor log segments found. Creating new log.
I20260709 14:47:41.953243  7386 raft_consensus.cc:359] T 8cabc5252e2e428c9188be5157bfd871 P 3d753d4219fc4f2a876349985b2b9b54 [term 0 FOLLOWER]: Replica starting. Triggering 0 pending ops. Active config: opid_index: -1 OBSOLETE_local: false peers { permanent_uuid: "781d6c4fd55b47e2a7a32f7b65250acd" member_type: VOTER last_known_addr { host: "127.5.244.1" port: 46105 } } peers { permanent_uuid: "3d753d4219fc4f2a876349985b2b9b54" member_type: VOTER last_known_addr { host: "127.5.244.2" port: 42319 } } peers { permanent_uuid: "1188fd75d3d74a3c89c9d7bb3f72af36" member_type: VOTER last_known_addr { host: "127.5.244.3" port: 43187 } }
I20260709 14:47:41.953881  7386 raft_consensus.cc:385] T 8cabc5252e2e428c9188be5157bfd871 P 3d753d4219fc4f2a876349985b2b9b54 [term 0 FOLLOWER]: Consensus starting up: Expiring failure detector timer to make a prompt election more likely
I20260709 14:47:41.954141  7386 raft_consensus.cc:740] T 8cabc5252e2e428c9188be5157bfd871 P 3d753d4219fc4f2a876349985b2b9b54 [term 0 FOLLOWER]: Becoming Follower/Learner. State: Replica: 3d753d4219fc4f2a876349985b2b9b54, State: Initialized, Role: FOLLOWER
I20260709 14:47:41.954931  7386 consensus_queue.cc:260] T 8cabc5252e2e428c9188be5157bfd871 P 3d753d4219fc4f2a876349985b2b9b54 [NON_LEADER]: Queue going to NON_LEADER mode. State: All replicated index: 0, Majority replicated index: 0, Committed index: 0, Last appended: 0.0, Last appended by leader: 0, Current term: 0, Majority size: -1, State: 0, Mode: NON_LEADER, active raft config: opid_index: -1 OBSOLETE_local: false peers { permanent_uuid: "781d6c4fd55b47e2a7a32f7b65250acd" member_type: VOTER last_known_addr { host: "127.5.244.1" port: 46105 } } peers { permanent_uuid: "3d753d4219fc4f2a876349985b2b9b54" member_type: VOTER last_known_addr { host: "127.5.244.2" port: 42319 } } peers { permanent_uuid: "1188fd75d3d74a3c89c9d7bb3f72af36" member_type: VOTER last_known_addr { host: "127.5.244.3" port: 43187 } }
I20260709 14:47:41.955471  7388 tablet_bootstrap.cc:492] T ceebf36fc05b432e99b6bb6c3c440484 P 1188fd75d3d74a3c89c9d7bb3f72af36: No bootstrap required, opened a new log
I20260709 14:47:41.956038  7388 ts_tablet_manager.cc:1403] T ceebf36fc05b432e99b6bb6c3c440484 P 1188fd75d3d74a3c89c9d7bb3f72af36: Time spent bootstrapping tablet: real 0.122s	user 0.011s	sys 0.030s
I20260709 14:47:41.956935  7386 ts_tablet_manager.cc:1434] T 8cabc5252e2e428c9188be5157bfd871 P 3d753d4219fc4f2a876349985b2b9b54: Time spent starting tablet: real 0.006s	user 0.004s	sys 0.000s
I20260709 14:47:41.956496  7092 catalog_manager.cc:5697] T 7bed288e8d824a66be302d31fa972baf P 1188fd75d3d74a3c89c9d7bb3f72af36 reported cstate change: term changed from 0 to 1, leader changed from <none> to 1188fd75d3d74a3c89c9d7bb3f72af36 (127.5.244.3). New cstate: current_term: 1 leader_uuid: "1188fd75d3d74a3c89c9d7bb3f72af36" committed_config { opid_index: -1 OBSOLETE_local: false peers { permanent_uuid: "781d6c4fd55b47e2a7a32f7b65250acd" member_type: VOTER last_known_addr { host: "127.5.244.1" port: 46105 } health_report { overall_health: UNKNOWN } } peers { permanent_uuid: "3d753d4219fc4f2a876349985b2b9b54" member_type: VOTER last_known_addr { host: "127.5.244.2" port: 42319 } health_report { overall_health: UNKNOWN } } peers { permanent_uuid: "1188fd75d3d74a3c89c9d7bb3f72af36" member_type: VOTER last_known_addr { host: "127.5.244.3" port: 43187 } health_report { overall_health: HEALTHY } } }
I20260709 14:47:41.958149  7386 tablet_bootstrap.cc:492] T a013cabb677244548330b14e9677e7d4 P 3d753d4219fc4f2a876349985b2b9b54: Bootstrap starting.
I20260709 14:47:41.958616  7388 raft_consensus.cc:359] T ceebf36fc05b432e99b6bb6c3c440484 P 1188fd75d3d74a3c89c9d7bb3f72af36 [term 0 FOLLOWER]: Replica starting. Triggering 0 pending ops. Active config: opid_index: -1 OBSOLETE_local: false peers { permanent_uuid: "781d6c4fd55b47e2a7a32f7b65250acd" member_type: VOTER last_known_addr { host: "127.5.244.1" port: 46105 } } peers { permanent_uuid: "3d753d4219fc4f2a876349985b2b9b54" member_type: VOTER last_known_addr { host: "127.5.244.2" port: 42319 } } peers { permanent_uuid: "1188fd75d3d74a3c89c9d7bb3f72af36" member_type: VOTER last_known_addr { host: "127.5.244.3" port: 43187 } }
I20260709 14:47:41.959276  7388 raft_consensus.cc:385] T ceebf36fc05b432e99b6bb6c3c440484 P 1188fd75d3d74a3c89c9d7bb3f72af36 [term 0 FOLLOWER]: Consensus starting up: Expiring failure detector timer to make a prompt election more likely
I20260709 14:47:41.959558  7388 raft_consensus.cc:740] T ceebf36fc05b432e99b6bb6c3c440484 P 1188fd75d3d74a3c89c9d7bb3f72af36 [term 0 FOLLOWER]: Becoming Follower/Learner. State: Replica: 1188fd75d3d74a3c89c9d7bb3f72af36, State: Initialized, Role: FOLLOWER
I20260709 14:47:41.960212  7388 consensus_queue.cc:260] T ceebf36fc05b432e99b6bb6c3c440484 P 1188fd75d3d74a3c89c9d7bb3f72af36 [NON_LEADER]: Queue going to NON_LEADER mode. State: All replicated index: 0, Majority replicated index: 0, Committed index: 0, Last appended: 0.0, Last appended by leader: 0, Current term: 0, Majority size: -1, State: 0, Mode: NON_LEADER, active raft config: opid_index: -1 OBSOLETE_local: false peers { permanent_uuid: "781d6c4fd55b47e2a7a32f7b65250acd" member_type: VOTER last_known_addr { host: "127.5.244.1" port: 46105 } } peers { permanent_uuid: "3d753d4219fc4f2a876349985b2b9b54" member_type: VOTER last_known_addr { host: "127.5.244.2" port: 42319 } } peers { permanent_uuid: "1188fd75d3d74a3c89c9d7bb3f72af36" member_type: VOTER last_known_addr { host: "127.5.244.3" port: 43187 } }
I20260709 14:47:41.962324  7388 ts_tablet_manager.cc:1434] T ceebf36fc05b432e99b6bb6c3c440484 P 1188fd75d3d74a3c89c9d7bb3f72af36: Time spent starting tablet: real 0.006s	user 0.005s	sys 0.000s
I20260709 14:47:41.963184  7388 tablet_bootstrap.cc:492] T a97e242a13454613a005da3521868e93 P 1188fd75d3d74a3c89c9d7bb3f72af36: Bootstrap starting.
I20260709 14:47:41.965286  7386 tablet_bootstrap.cc:654] T a013cabb677244548330b14e9677e7d4 P 3d753d4219fc4f2a876349985b2b9b54: Neither blocks nor log segments found. Creating new log.
I20260709 14:47:41.967923  7387 tablet_bootstrap.cc:492] T 713e68b5315d4f04aab6a44803427ac7 P 781d6c4fd55b47e2a7a32f7b65250acd: No bootstrap required, opened a new log
I20260709 14:47:41.968357  7387 ts_tablet_manager.cc:1403] T 713e68b5315d4f04aab6a44803427ac7 P 781d6c4fd55b47e2a7a32f7b65250acd: Time spent bootstrapping tablet: real 0.022s	user 0.011s	sys 0.004s
I20260709 14:47:41.969776  7388 tablet_bootstrap.cc:654] T a97e242a13454613a005da3521868e93 P 1188fd75d3d74a3c89c9d7bb3f72af36: Neither blocks nor log segments found. Creating new log.
I20260709 14:47:41.970917  7387 raft_consensus.cc:359] T 713e68b5315d4f04aab6a44803427ac7 P 781d6c4fd55b47e2a7a32f7b65250acd [term 0 FOLLOWER]: Replica starting. Triggering 0 pending ops. Active config: opid_index: -1 OBSOLETE_local: false peers { permanent_uuid: "781d6c4fd55b47e2a7a32f7b65250acd" member_type: VOTER last_known_addr { host: "127.5.244.1" port: 46105 } } peers { permanent_uuid: "3d753d4219fc4f2a876349985b2b9b54" member_type: VOTER last_known_addr { host: "127.5.244.2" port: 42319 } } peers { permanent_uuid: "1188fd75d3d74a3c89c9d7bb3f72af36" member_type: VOTER last_known_addr { host: "127.5.244.3" port: 43187 } }
I20260709 14:47:41.971648  7387 raft_consensus.cc:385] T 713e68b5315d4f04aab6a44803427ac7 P 781d6c4fd55b47e2a7a32f7b65250acd [term 0 FOLLOWER]: Consensus starting up: Expiring failure detector timer to make a prompt election more likely
I20260709 14:47:41.971908  7387 raft_consensus.cc:740] T 713e68b5315d4f04aab6a44803427ac7 P 781d6c4fd55b47e2a7a32f7b65250acd [term 0 FOLLOWER]: Becoming Follower/Learner. State: Replica: 781d6c4fd55b47e2a7a32f7b65250acd, State: Initialized, Role: FOLLOWER
I20260709 14:47:41.972697  7387 consensus_queue.cc:260] T 713e68b5315d4f04aab6a44803427ac7 P 781d6c4fd55b47e2a7a32f7b65250acd [NON_LEADER]: Queue going to NON_LEADER mode. State: All replicated index: 0, Majority replicated index: 0, Committed index: 0, Last appended: 0.0, Last appended by leader: 0, Current term: 0, Majority size: -1, State: 0, Mode: NON_LEADER, active raft config: opid_index: -1 OBSOLETE_local: false peers { permanent_uuid: "781d6c4fd55b47e2a7a32f7b65250acd" member_type: VOTER last_known_addr { host: "127.5.244.1" port: 46105 } } peers { permanent_uuid: "3d753d4219fc4f2a876349985b2b9b54" member_type: VOTER last_known_addr { host: "127.5.244.2" port: 42319 } } peers { permanent_uuid: "1188fd75d3d74a3c89c9d7bb3f72af36" member_type: VOTER last_known_addr { host: "127.5.244.3" port: 43187 } }
I20260709 14:47:41.974996  7387 ts_tablet_manager.cc:1434] T 713e68b5315d4f04aab6a44803427ac7 P 781d6c4fd55b47e2a7a32f7b65250acd: Time spent starting tablet: real 0.006s	user 0.007s	sys 0.000s
I20260709 14:47:41.975867  7387 tablet_bootstrap.cc:492] T ceebf36fc05b432e99b6bb6c3c440484 P 781d6c4fd55b47e2a7a32f7b65250acd: Bootstrap starting.
I20260709 14:47:41.976433  7386 tablet_bootstrap.cc:492] T a013cabb677244548330b14e9677e7d4 P 3d753d4219fc4f2a876349985b2b9b54: No bootstrap required, opened a new log
I20260709 14:47:41.976882  7386 ts_tablet_manager.cc:1403] T a013cabb677244548330b14e9677e7d4 P 3d753d4219fc4f2a876349985b2b9b54: Time spent bootstrapping tablet: real 0.019s	user 0.014s	sys 0.003s
I20260709 14:47:41.979427  7386 raft_consensus.cc:359] T a013cabb677244548330b14e9677e7d4 P 3d753d4219fc4f2a876349985b2b9b54 [term 0 FOLLOWER]: Replica starting. Triggering 0 pending ops. Active config: opid_index: -1 OBSOLETE_local: false peers { permanent_uuid: "781d6c4fd55b47e2a7a32f7b65250acd" member_type: VOTER last_known_addr { host: "127.5.244.1" port: 46105 } } peers { permanent_uuid: "3d753d4219fc4f2a876349985b2b9b54" member_type: VOTER last_known_addr { host: "127.5.244.2" port: 42319 } } peers { permanent_uuid: "1188fd75d3d74a3c89c9d7bb3f72af36" member_type: VOTER last_known_addr { host: "127.5.244.3" port: 43187 } }
I20260709 14:47:41.980226  7386 raft_consensus.cc:385] T a013cabb677244548330b14e9677e7d4 P 3d753d4219fc4f2a876349985b2b9b54 [term 0 FOLLOWER]: Consensus starting up: Expiring failure detector timer to make a prompt election more likely
I20260709 14:47:41.980513  7386 raft_consensus.cc:740] T a013cabb677244548330b14e9677e7d4 P 3d753d4219fc4f2a876349985b2b9b54 [term 0 FOLLOWER]: Becoming Follower/Learner. State: Replica: 3d753d4219fc4f2a876349985b2b9b54, State: Initialized, Role: FOLLOWER
I20260709 14:47:41.981552  7388 tablet_bootstrap.cc:492] T a97e242a13454613a005da3521868e93 P 1188fd75d3d74a3c89c9d7bb3f72af36: No bootstrap required, opened a new log
I20260709 14:47:41.981231  7386 consensus_queue.cc:260] T a013cabb677244548330b14e9677e7d4 P 3d753d4219fc4f2a876349985b2b9b54 [NON_LEADER]: Queue going to NON_LEADER mode. State: All replicated index: 0, Majority replicated index: 0, Committed index: 0, Last appended: 0.0, Last appended by leader: 0, Current term: 0, Majority size: -1, State: 0, Mode: NON_LEADER, active raft config: opid_index: -1 OBSOLETE_local: false peers { permanent_uuid: "781d6c4fd55b47e2a7a32f7b65250acd" member_type: VOTER last_known_addr { host: "127.5.244.1" port: 46105 } } peers { permanent_uuid: "3d753d4219fc4f2a876349985b2b9b54" member_type: VOTER last_known_addr { host: "127.5.244.2" port: 42319 } } peers { permanent_uuid: "1188fd75d3d74a3c89c9d7bb3f72af36" member_type: VOTER last_known_addr { host: "127.5.244.3" port: 43187 } }
I20260709 14:47:41.981703  7387 tablet_bootstrap.cc:654] T ceebf36fc05b432e99b6bb6c3c440484 P 781d6c4fd55b47e2a7a32f7b65250acd: Neither blocks nor log segments found. Creating new log.
I20260709 14:47:41.982148  7388 ts_tablet_manager.cc:1403] T a97e242a13454613a005da3521868e93 P 1188fd75d3d74a3c89c9d7bb3f72af36: Time spent bootstrapping tablet: real 0.019s	user 0.010s	sys 0.006s
I20260709 14:47:41.983579  7386 ts_tablet_manager.cc:1434] T a013cabb677244548330b14e9677e7d4 P 3d753d4219fc4f2a876349985b2b9b54: Time spent starting tablet: real 0.006s	user 0.004s	sys 0.000s
I20260709 14:47:41.984457  7386 tablet_bootstrap.cc:492] T cd1506853efd4f268250c0ca78569c2e P 3d753d4219fc4f2a876349985b2b9b54: Bootstrap starting.
I20260709 14:47:41.984797  7388 raft_consensus.cc:359] T a97e242a13454613a005da3521868e93 P 1188fd75d3d74a3c89c9d7bb3f72af36 [term 0 FOLLOWER]: Replica starting. Triggering 0 pending ops. Active config: opid_index: -1 OBSOLETE_local: false peers { permanent_uuid: "781d6c4fd55b47e2a7a32f7b65250acd" member_type: VOTER last_known_addr { host: "127.5.244.1" port: 46105 } } peers { permanent_uuid: "3d753d4219fc4f2a876349985b2b9b54" member_type: VOTER last_known_addr { host: "127.5.244.2" port: 42319 } } peers { permanent_uuid: "1188fd75d3d74a3c89c9d7bb3f72af36" member_type: VOTER last_known_addr { host: "127.5.244.3" port: 43187 } }
I20260709 14:47:41.985482  7388 raft_consensus.cc:385] T a97e242a13454613a005da3521868e93 P 1188fd75d3d74a3c89c9d7bb3f72af36 [term 0 FOLLOWER]: Consensus starting up: Expiring failure detector timer to make a prompt election more likely
I20260709 14:47:41.985775  7388 raft_consensus.cc:740] T a97e242a13454613a005da3521868e93 P 1188fd75d3d74a3c89c9d7bb3f72af36 [term 0 FOLLOWER]: Becoming Follower/Learner. State: Replica: 1188fd75d3d74a3c89c9d7bb3f72af36, State: Initialized, Role: FOLLOWER
I20260709 14:47:41.986503  7388 consensus_queue.cc:260] T a97e242a13454613a005da3521868e93 P 1188fd75d3d74a3c89c9d7bb3f72af36 [NON_LEADER]: Queue going to NON_LEADER mode. State: All replicated index: 0, Majority replicated index: 0, Committed index: 0, Last appended: 0.0, Last appended by leader: 0, Current term: 0, Majority size: -1, State: 0, Mode: NON_LEADER, active raft config: opid_index: -1 OBSOLETE_local: false peers { permanent_uuid: "781d6c4fd55b47e2a7a32f7b65250acd" member_type: VOTER last_known_addr { host: "127.5.244.1" port: 46105 } } peers { permanent_uuid: "3d753d4219fc4f2a876349985b2b9b54" member_type: VOTER last_known_addr { host: "127.5.244.2" port: 42319 } } peers { permanent_uuid: "1188fd75d3d74a3c89c9d7bb3f72af36" member_type: VOTER last_known_addr { host: "127.5.244.3" port: 43187 } }
I20260709 14:47:41.988646  7388 ts_tablet_manager.cc:1434] T a97e242a13454613a005da3521868e93 P 1188fd75d3d74a3c89c9d7bb3f72af36: Time spent starting tablet: real 0.006s	user 0.004s	sys 0.000s
I20260709 14:47:41.989508  7388 tablet_bootstrap.cc:492] T 8cabc5252e2e428c9188be5157bfd871 P 1188fd75d3d74a3c89c9d7bb3f72af36: Bootstrap starting.
I20260709 14:47:41.990682  7386 tablet_bootstrap.cc:654] T cd1506853efd4f268250c0ca78569c2e P 3d753d4219fc4f2a876349985b2b9b54: Neither blocks nor log segments found. Creating new log.
I20260709 14:47:41.994283  7461 consensus_queue.cc:1048] T c3a7c66edf6f40c3b1ef166cb609cf35 P 781d6c4fd55b47e2a7a32f7b65250acd [LEADER]: Connected to new peer: Peer: permanent_uuid: "1188fd75d3d74a3c89c9d7bb3f72af36" member_type: VOTER last_known_addr { host: "127.5.244.3" port: 43187 }, Status: LMP_MISMATCH, Last received: 0.0, Next index: 1, Last known committed idx: 0, Time since last communication: 0.000s
I20260709 14:47:41.994792  7388 tablet_bootstrap.cc:654] T 8cabc5252e2e428c9188be5157bfd871 P 1188fd75d3d74a3c89c9d7bb3f72af36: Neither blocks nor log segments found. Creating new log.
I20260709 14:47:42.002146  7387 tablet_bootstrap.cc:492] T ceebf36fc05b432e99b6bb6c3c440484 P 781d6c4fd55b47e2a7a32f7b65250acd: No bootstrap required, opened a new log
I20260709 14:47:42.002496  7387 ts_tablet_manager.cc:1403] T ceebf36fc05b432e99b6bb6c3c440484 P 781d6c4fd55b47e2a7a32f7b65250acd: Time spent bootstrapping tablet: real 0.027s	user 0.006s	sys 0.012s
I20260709 14:47:42.004177  7387 raft_consensus.cc:359] T ceebf36fc05b432e99b6bb6c3c440484 P 781d6c4fd55b47e2a7a32f7b65250acd [term 0 FOLLOWER]: Replica starting. Triggering 0 pending ops. Active config: opid_index: -1 OBSOLETE_local: false peers { permanent_uuid: "781d6c4fd55b47e2a7a32f7b65250acd" member_type: VOTER last_known_addr { host: "127.5.244.1" port: 46105 } } peers { permanent_uuid: "3d753d4219fc4f2a876349985b2b9b54" member_type: VOTER last_known_addr { host: "127.5.244.2" port: 42319 } } peers { permanent_uuid: "1188fd75d3d74a3c89c9d7bb3f72af36" member_type: VOTER last_known_addr { host: "127.5.244.3" port: 43187 } }
I20260709 14:47:42.004631  7387 raft_consensus.cc:385] T ceebf36fc05b432e99b6bb6c3c440484 P 781d6c4fd55b47e2a7a32f7b65250acd [term 0 FOLLOWER]: Consensus starting up: Expiring failure detector timer to make a prompt election more likely
I20260709 14:47:42.004889  7387 raft_consensus.cc:740] T ceebf36fc05b432e99b6bb6c3c440484 P 781d6c4fd55b47e2a7a32f7b65250acd [term 0 FOLLOWER]: Becoming Follower/Learner. State: Replica: 781d6c4fd55b47e2a7a32f7b65250acd, State: Initialized, Role: FOLLOWER
I20260709 14:47:42.005599  7387 consensus_queue.cc:260] T ceebf36fc05b432e99b6bb6c3c440484 P 781d6c4fd55b47e2a7a32f7b65250acd [NON_LEADER]: Queue going to NON_LEADER mode. State: All replicated index: 0, Majority replicated index: 0, Committed index: 0, Last appended: 0.0, Last appended by leader: 0, Current term: 0, Majority size: -1, State: 0, Mode: NON_LEADER, active raft config: opid_index: -1 OBSOLETE_local: false peers { permanent_uuid: "781d6c4fd55b47e2a7a32f7b65250acd" member_type: VOTER last_known_addr { host: "127.5.244.1" port: 46105 } } peers { permanent_uuid: "3d753d4219fc4f2a876349985b2b9b54" member_type: VOTER last_known_addr { host: "127.5.244.2" port: 42319 } } peers { permanent_uuid: "1188fd75d3d74a3c89c9d7bb3f72af36" member_type: VOTER last_known_addr { host: "127.5.244.3" port: 43187 } }
I20260709 14:47:42.007030  7387 ts_tablet_manager.cc:1434] T ceebf36fc05b432e99b6bb6c3c440484 P 781d6c4fd55b47e2a7a32f7b65250acd: Time spent starting tablet: real 0.004s	user 0.002s	sys 0.001s
I20260709 14:47:42.007872  7387 tablet_bootstrap.cc:492] T a013cabb677244548330b14e9677e7d4 P 781d6c4fd55b47e2a7a32f7b65250acd: Bootstrap starting.
I20260709 14:47:42.009724  7388 tablet_bootstrap.cc:492] T 8cabc5252e2e428c9188be5157bfd871 P 1188fd75d3d74a3c89c9d7bb3f72af36: No bootstrap required, opened a new log
I20260709 14:47:42.010181  7388 ts_tablet_manager.cc:1403] T 8cabc5252e2e428c9188be5157bfd871 P 1188fd75d3d74a3c89c9d7bb3f72af36: Time spent bootstrapping tablet: real 0.021s	user 0.012s	sys 0.004s
I20260709 14:47:42.013077  7387 tablet_bootstrap.cc:654] T a013cabb677244548330b14e9677e7d4 P 781d6c4fd55b47e2a7a32f7b65250acd: Neither blocks nor log segments found. Creating new log.
I20260709 14:47:42.013903  7455 consensus_queue.cc:1048] T c3a7c66edf6f40c3b1ef166cb609cf35 P 781d6c4fd55b47e2a7a32f7b65250acd [LEADER]: Connected to new peer: Peer: permanent_uuid: "3d753d4219fc4f2a876349985b2b9b54" member_type: VOTER last_known_addr { host: "127.5.244.2" port: 42319 }, Status: LMP_MISMATCH, Last received: 0.0, Next index: 1, Last known committed idx: 0, Time since last communication: 0.000s
I20260709 14:47:42.014243  7388 raft_consensus.cc:359] T 8cabc5252e2e428c9188be5157bfd871 P 1188fd75d3d74a3c89c9d7bb3f72af36 [term 0 FOLLOWER]: Replica starting. Triggering 0 pending ops. Active config: opid_index: -1 OBSOLETE_local: false peers { permanent_uuid: "781d6c4fd55b47e2a7a32f7b65250acd" member_type: VOTER last_known_addr { host: "127.5.244.1" port: 46105 } } peers { permanent_uuid: "3d753d4219fc4f2a876349985b2b9b54" member_type: VOTER last_known_addr { host: "127.5.244.2" port: 42319 } } peers { permanent_uuid: "1188fd75d3d74a3c89c9d7bb3f72af36" member_type: VOTER last_known_addr { host: "127.5.244.3" port: 43187 } }
I20260709 14:47:42.015633  7388 raft_consensus.cc:385] T 8cabc5252e2e428c9188be5157bfd871 P 1188fd75d3d74a3c89c9d7bb3f72af36 [term 0 FOLLOWER]: Consensus starting up: Expiring failure detector timer to make a prompt election more likely
I20260709 14:47:42.015452  7421 consensus_queue.cc:1048] T 2b78932e80cc4a64a0cfc173979086bc P 1188fd75d3d74a3c89c9d7bb3f72af36 [LEADER]: Connected to new peer: Peer: permanent_uuid: "781d6c4fd55b47e2a7a32f7b65250acd" member_type: VOTER last_known_addr { host: "127.5.244.1" port: 46105 }, Status: LMP_MISMATCH, Last received: 0.0, Next index: 1, Last known committed idx: 0, Time since last communication: 0.000s
I20260709 14:47:42.015939  7388 raft_consensus.cc:740] T 8cabc5252e2e428c9188be5157bfd871 P 1188fd75d3d74a3c89c9d7bb3f72af36 [term 0 FOLLOWER]: Becoming Follower/Learner. State: Replica: 1188fd75d3d74a3c89c9d7bb3f72af36, State: Initialized, Role: FOLLOWER
I20260709 14:47:42.016741  7388 consensus_queue.cc:260] T 8cabc5252e2e428c9188be5157bfd871 P 1188fd75d3d74a3c89c9d7bb3f72af36 [NON_LEADER]: Queue going to NON_LEADER mode. State: All replicated index: 0, Majority replicated index: 0, Committed index: 0, Last appended: 0.0, Last appended by leader: 0, Current term: 0, Majority size: -1, State: 0, Mode: NON_LEADER, active raft config: opid_index: -1 OBSOLETE_local: false peers { permanent_uuid: "781d6c4fd55b47e2a7a32f7b65250acd" member_type: VOTER last_known_addr { host: "127.5.244.1" port: 46105 } } peers { permanent_uuid: "3d753d4219fc4f2a876349985b2b9b54" member_type: VOTER last_known_addr { host: "127.5.244.2" port: 42319 } } peers { permanent_uuid: "1188fd75d3d74a3c89c9d7bb3f72af36" member_type: VOTER last_known_addr { host: "127.5.244.3" port: 43187 } }
I20260709 14:47:42.017513  7479 raft_consensus.cc:493] T a013cabb677244548330b14e9677e7d4 P 3d753d4219fc4f2a876349985b2b9b54 [term 0 FOLLOWER]: Starting pre-election (no leader contacted us within the election timeout)
I20260709 14:47:42.018004  7479 raft_consensus.cc:515] T a013cabb677244548330b14e9677e7d4 P 3d753d4219fc4f2a876349985b2b9b54 [term 0 FOLLOWER]: Starting pre-election with config: opid_index: -1 OBSOLETE_local: false peers { permanent_uuid: "781d6c4fd55b47e2a7a32f7b65250acd" member_type: VOTER last_known_addr { host: "127.5.244.1" port: 46105 } } peers { permanent_uuid: "3d753d4219fc4f2a876349985b2b9b54" member_type: VOTER last_known_addr { host: "127.5.244.2" port: 42319 } } peers { permanent_uuid: "1188fd75d3d74a3c89c9d7bb3f72af36" member_type: VOTER last_known_addr { host: "127.5.244.3" port: 43187 } }
I20260709 14:47:42.019582  7388 ts_tablet_manager.cc:1434] T 8cabc5252e2e428c9188be5157bfd871 P 1188fd75d3d74a3c89c9d7bb3f72af36: Time spent starting tablet: real 0.009s	user 0.005s	sys 0.000s
I20260709 14:47:42.020015  7479 leader_election.cc:290] T a013cabb677244548330b14e9677e7d4 P 3d753d4219fc4f2a876349985b2b9b54 [CANDIDATE]: Term 1 pre-election: Requested pre-vote from peers 781d6c4fd55b47e2a7a32f7b65250acd (127.5.244.1:46105), 1188fd75d3d74a3c89c9d7bb3f72af36 (127.5.244.3:43187)
I20260709 14:47:42.020393  7388 tablet_bootstrap.cc:492] T 725e1c2591474008a1c0bf843580e686 P 1188fd75d3d74a3c89c9d7bb3f72af36: Bootstrap starting.
I20260709 14:47:42.022058  7343 tablet_service.cc:1917] Received RequestConsensusVote() RPC: tablet_id: "a013cabb677244548330b14e9677e7d4" candidate_uuid: "3d753d4219fc4f2a876349985b2b9b54" candidate_term: 1 candidate_status { last_received { term: 0 index: 0 } } ignore_live_leader: false dest_uuid: "1188fd75d3d74a3c89c9d7bb3f72af36" is_pre_election: true
W20260709 14:47:42.023535  7236 leader_election.cc:343] T a013cabb677244548330b14e9677e7d4 P 3d753d4219fc4f2a876349985b2b9b54 [CANDIDATE]: Term 1 pre-election: Tablet error from VoteRequest() call to peer 1188fd75d3d74a3c89c9d7bb3f72af36 (127.5.244.3:43187): Illegal state: must be running to vote when last-logged opid is not known
I20260709 14:47:42.024766  7194 tablet_service.cc:1917] Received RequestConsensusVote() RPC: tablet_id: "a013cabb677244548330b14e9677e7d4" candidate_uuid: "3d753d4219fc4f2a876349985b2b9b54" candidate_term: 1 candidate_status { last_received { term: 0 index: 0 } } ignore_live_leader: false dest_uuid: "781d6c4fd55b47e2a7a32f7b65250acd" is_pre_election: true
I20260709 14:47:42.026477  7420 raft_consensus.cc:493] T a97e242a13454613a005da3521868e93 P 3d753d4219fc4f2a876349985b2b9b54 [term 0 FOLLOWER]: Starting pre-election (no leader contacted us within the election timeout)
I20260709 14:47:42.026953  7420 raft_consensus.cc:515] T a97e242a13454613a005da3521868e93 P 3d753d4219fc4f2a876349985b2b9b54 [term 0 FOLLOWER]: Starting pre-election with config: opid_index: -1 OBSOLETE_local: false peers { permanent_uuid: "781d6c4fd55b47e2a7a32f7b65250acd" member_type: VOTER last_known_addr { host: "127.5.244.1" port: 46105 } } peers { permanent_uuid: "3d753d4219fc4f2a876349985b2b9b54" member_type: VOTER last_known_addr { host: "127.5.244.2" port: 42319 } } peers { permanent_uuid: "1188fd75d3d74a3c89c9d7bb3f72af36" member_type: VOTER last_known_addr { host: "127.5.244.3" port: 43187 } }
I20260709 14:47:42.028363  7388 tablet_bootstrap.cc:654] T 725e1c2591474008a1c0bf843580e686 P 1188fd75d3d74a3c89c9d7bb3f72af36: Neither blocks nor log segments found. Creating new log.
I20260709 14:47:42.033193  7387 tablet_bootstrap.cc:492] T a013cabb677244548330b14e9677e7d4 P 781d6c4fd55b47e2a7a32f7b65250acd: No bootstrap required, opened a new log
I20260709 14:47:42.033293  7345 tablet_service.cc:1917] Received RequestConsensusVote() RPC: tablet_id: "a97e242a13454613a005da3521868e93" candidate_uuid: "3d753d4219fc4f2a876349985b2b9b54" candidate_term: 1 candidate_status { last_received { term: 0 index: 0 } } ignore_live_leader: false dest_uuid: "1188fd75d3d74a3c89c9d7bb3f72af36" is_pre_election: true
I20260709 14:47:42.033665  7387 ts_tablet_manager.cc:1403] T a013cabb677244548330b14e9677e7d4 P 781d6c4fd55b47e2a7a32f7b65250acd: Time spent bootstrapping tablet: real 0.026s	user 0.013s	sys 0.008s
I20260709 14:47:42.033887  7345 raft_consensus.cc:2468] T a97e242a13454613a005da3521868e93 P 1188fd75d3d74a3c89c9d7bb3f72af36 [term 0 FOLLOWER]: Leader pre-election vote request: Granting yes vote for candidate 3d753d4219fc4f2a876349985b2b9b54 in term 0.
W20260709 14:47:42.034775  7238 leader_election.cc:343] T a013cabb677244548330b14e9677e7d4 P 3d753d4219fc4f2a876349985b2b9b54 [CANDIDATE]: Term 1 pre-election: Tablet error from VoteRequest() call to peer 781d6c4fd55b47e2a7a32f7b65250acd (127.5.244.1:46105): Illegal state: must be running to vote when last-logged opid is not known
I20260709 14:47:42.035248  7236 leader_election.cc:304] T a97e242a13454613a005da3521868e93 P 3d753d4219fc4f2a876349985b2b9b54 [CANDIDATE]: Term 1 pre-election: Election decided. Result: candidate won. Election summary: received 2 responses out of 3 voters: 2 yes votes; 0 no votes. yes voters: 1188fd75d3d74a3c89c9d7bb3f72af36, 3d753d4219fc4f2a876349985b2b9b54; no voters: 
I20260709 14:47:42.036067  7387 raft_consensus.cc:359] T a013cabb677244548330b14e9677e7d4 P 781d6c4fd55b47e2a7a32f7b65250acd [term 0 FOLLOWER]: Replica starting. Triggering 0 pending ops. Active config: opid_index: -1 OBSOLETE_local: false peers { permanent_uuid: "781d6c4fd55b47e2a7a32f7b65250acd" member_type: VOTER last_known_addr { host: "127.5.244.1" port: 46105 } } peers { permanent_uuid: "3d753d4219fc4f2a876349985b2b9b54" member_type: VOTER last_known_addr { host: "127.5.244.2" port: 42319 } } peers { permanent_uuid: "1188fd75d3d74a3c89c9d7bb3f72af36" member_type: VOTER last_known_addr { host: "127.5.244.3" port: 43187 } }
I20260709 14:47:42.036381  7478 raft_consensus.cc:2804] T a97e242a13454613a005da3521868e93 P 3d753d4219fc4f2a876349985b2b9b54 [term 0 FOLLOWER]: Leader pre-election won for term 1
I20260709 14:47:42.036801  7478 raft_consensus.cc:493] T a97e242a13454613a005da3521868e93 P 3d753d4219fc4f2a876349985b2b9b54 [term 0 FOLLOWER]: Starting leader election (no leader contacted us within the election timeout)
I20260709 14:47:42.037158  7478 raft_consensus.cc:3060] T a97e242a13454613a005da3521868e93 P 3d753d4219fc4f2a876349985b2b9b54 [term 0 FOLLOWER]: Advancing to term 1
I20260709 14:47:42.039582  7194 tablet_service.cc:1917] Received RequestConsensusVote() RPC: tablet_id: "a97e242a13454613a005da3521868e93" candidate_uuid: "3d753d4219fc4f2a876349985b2b9b54" candidate_term: 1 candidate_status { last_received { term: 0 index: 0 } } ignore_live_leader: false dest_uuid: "781d6c4fd55b47e2a7a32f7b65250acd" is_pre_election: true
I20260709 14:47:42.028795  7420 leader_election.cc:290] T a97e242a13454613a005da3521868e93 P 3d753d4219fc4f2a876349985b2b9b54 [CANDIDATE]: Term 1 pre-election: Requested pre-vote from peers 781d6c4fd55b47e2a7a32f7b65250acd (127.5.244.1:46105), 1188fd75d3d74a3c89c9d7bb3f72af36 (127.5.244.3:43187)
I20260709 14:47:42.043496  7478 raft_consensus.cc:515] T a97e242a13454613a005da3521868e93 P 3d753d4219fc4f2a876349985b2b9b54 [term 1 FOLLOWER]: Starting leader election with config: opid_index: -1 OBSOLETE_local: false peers { permanent_uuid: "781d6c4fd55b47e2a7a32f7b65250acd" member_type: VOTER last_known_addr { host: "127.5.244.1" port: 46105 } } peers { permanent_uuid: "3d753d4219fc4f2a876349985b2b9b54" member_type: VOTER last_known_addr { host: "127.5.244.2" port: 42319 } } peers { permanent_uuid: "1188fd75d3d74a3c89c9d7bb3f72af36" member_type: VOTER last_known_addr { host: "127.5.244.3" port: 43187 } }
I20260709 14:47:42.045416  7478 leader_election.cc:290] T a97e242a13454613a005da3521868e93 P 3d753d4219fc4f2a876349985b2b9b54 [CANDIDATE]: Term 1 election: Requested vote from peers 781d6c4fd55b47e2a7a32f7b65250acd (127.5.244.1:46105), 1188fd75d3d74a3c89c9d7bb3f72af36 (127.5.244.3:43187)
I20260709 14:47:42.045882  7387 raft_consensus.cc:385] T a013cabb677244548330b14e9677e7d4 P 781d6c4fd55b47e2a7a32f7b65250acd [term 0 FOLLOWER]: Consensus starting up: Expiring failure detector timer to make a prompt election more likely
I20260709 14:47:42.035187  7238 leader_election.cc:304] T a013cabb677244548330b14e9677e7d4 P 3d753d4219fc4f2a876349985b2b9b54 [CANDIDATE]: Term 1 pre-election: Election decided. Result: candidate lost. Election summary: received 3 responses out of 3 voters: 1 yes votes; 2 no votes. yes voters: 3d753d4219fc4f2a876349985b2b9b54; no voters: 1188fd75d3d74a3c89c9d7bb3f72af36, 781d6c4fd55b47e2a7a32f7b65250acd
I20260709 14:47:42.046190  7387 raft_consensus.cc:740] T a013cabb677244548330b14e9677e7d4 P 781d6c4fd55b47e2a7a32f7b65250acd [term 0 FOLLOWER]: Becoming Follower/Learner. State: Replica: 781d6c4fd55b47e2a7a32f7b65250acd, State: Initialized, Role: FOLLOWER
I20260709 14:47:42.046785  7345 tablet_service.cc:1917] Received RequestConsensusVote() RPC: tablet_id: "a97e242a13454613a005da3521868e93" candidate_uuid: "3d753d4219fc4f2a876349985b2b9b54" candidate_term: 1 candidate_status { last_received { term: 0 index: 0 } } ignore_live_leader: false dest_uuid: "1188fd75d3d74a3c89c9d7bb3f72af36"
W20260709 14:47:42.047195  7238 leader_election.cc:343] T a97e242a13454613a005da3521868e93 P 3d753d4219fc4f2a876349985b2b9b54 [CANDIDATE]: Term 1 pre-election: Tablet error from VoteRequest() call to peer 781d6c4fd55b47e2a7a32f7b65250acd (127.5.244.1:46105): Illegal state: must be running to vote when last-logged opid is not known
I20260709 14:47:42.046995  7387 consensus_queue.cc:260] T a013cabb677244548330b14e9677e7d4 P 781d6c4fd55b47e2a7a32f7b65250acd [NON_LEADER]: Queue going to NON_LEADER mode. State: All replicated index: 0, Majority replicated index: 0, Committed index: 0, Last appended: 0.0, Last appended by leader: 0, Current term: 0, Majority size: -1, State: 0, Mode: NON_LEADER, active raft config: opid_index: -1 OBSOLETE_local: false peers { permanent_uuid: "781d6c4fd55b47e2a7a32f7b65250acd" member_type: VOTER last_known_addr { host: "127.5.244.1" port: 46105 } } peers { permanent_uuid: "3d753d4219fc4f2a876349985b2b9b54" member_type: VOTER last_known_addr { host: "127.5.244.2" port: 42319 } } peers { permanent_uuid: "1188fd75d3d74a3c89c9d7bb3f72af36" member_type: VOTER last_known_addr { host: "127.5.244.3" port: 43187 } }
I20260709 14:47:42.047392  7345 raft_consensus.cc:3060] T a97e242a13454613a005da3521868e93 P 1188fd75d3d74a3c89c9d7bb3f72af36 [term 0 FOLLOWER]: Advancing to term 1
I20260709 14:47:42.047942  7499 consensus_queue.cc:1048] T 2b78932e80cc4a64a0cfc173979086bc P 1188fd75d3d74a3c89c9d7bb3f72af36 [LEADER]: Connected to new peer: Peer: permanent_uuid: "3d753d4219fc4f2a876349985b2b9b54" member_type: VOTER last_known_addr { host: "127.5.244.2" port: 42319 }, Status: LMP_MISMATCH, Last received: 0.0, Next index: 1, Last known committed idx: 0, Time since last communication: 0.001s
I20260709 14:47:42.049196  7195 tablet_service.cc:1917] Received RequestConsensusVote() RPC: tablet_id: "a97e242a13454613a005da3521868e93" candidate_uuid: "3d753d4219fc4f2a876349985b2b9b54" candidate_term: 1 candidate_status { last_received { term: 0 index: 0 } } ignore_live_leader: false dest_uuid: "781d6c4fd55b47e2a7a32f7b65250acd"
W20260709 14:47:42.051342  7238 leader_election.cc:343] T a97e242a13454613a005da3521868e93 P 3d753d4219fc4f2a876349985b2b9b54 [CANDIDATE]: Term 1 election: Tablet error from VoteRequest() call to peer 781d6c4fd55b47e2a7a32f7b65250acd (127.5.244.1:46105): Illegal state: must be running to vote when last-logged opid is not known
I20260709 14:47:42.053808  7345 raft_consensus.cc:2468] T a97e242a13454613a005da3521868e93 P 1188fd75d3d74a3c89c9d7bb3f72af36 [term 1 FOLLOWER]: Leader election vote request: Granting yes vote for candidate 3d753d4219fc4f2a876349985b2b9b54 in term 1.
I20260709 14:47:42.055003  7236 leader_election.cc:304] T a97e242a13454613a005da3521868e93 P 3d753d4219fc4f2a876349985b2b9b54 [CANDIDATE]: Term 1 election: Election decided. Result: candidate won. Election summary: received 3 responses out of 3 voters: 2 yes votes; 1 no votes. yes voters: 1188fd75d3d74a3c89c9d7bb3f72af36, 3d753d4219fc4f2a876349985b2b9b54; no voters: 781d6c4fd55b47e2a7a32f7b65250acd
I20260709 14:47:42.055830  7479 raft_consensus.cc:2804] T a97e242a13454613a005da3521868e93 P 3d753d4219fc4f2a876349985b2b9b54 [term 1 FOLLOWER]: Leader election won for term 1
I20260709 14:47:42.056360  7479 raft_consensus.cc:697] T a97e242a13454613a005da3521868e93 P 3d753d4219fc4f2a876349985b2b9b54 [term 1 LEADER]: Becoming Leader. State: Replica: 3d753d4219fc4f2a876349985b2b9b54, State: Running, Role: LEADER
I20260709 14:47:42.057247  7479 consensus_queue.cc:237] T a97e242a13454613a005da3521868e93 P 3d753d4219fc4f2a876349985b2b9b54 [LEADER]: Queue going to LEADER mode. State: All replicated index: 0, Majority replicated index: 0, Committed index: 0, Last appended: 0.0, Last appended by leader: 0, Current term: 1, Majority size: 2, State: 0, Mode: LEADER, active raft config: opid_index: -1 OBSOLETE_local: false peers { permanent_uuid: "781d6c4fd55b47e2a7a32f7b65250acd" member_type: VOTER last_known_addr { host: "127.5.244.1" port: 46105 } } peers { permanent_uuid: "3d753d4219fc4f2a876349985b2b9b54" member_type: VOTER last_known_addr { host: "127.5.244.2" port: 42319 } } peers { permanent_uuid: "1188fd75d3d74a3c89c9d7bb3f72af36" member_type: VOTER last_known_addr { host: "127.5.244.3" port: 43187 } }
I20260709 14:47:42.058233  7387 ts_tablet_manager.cc:1434] T a013cabb677244548330b14e9677e7d4 P 781d6c4fd55b47e2a7a32f7b65250acd: Time spent starting tablet: real 0.024s	user 0.005s	sys 0.001s
I20260709 14:47:42.059190  7387 tablet_bootstrap.cc:492] T a97e242a13454613a005da3521868e93 P 781d6c4fd55b47e2a7a32f7b65250acd: Bootstrap starting.
I20260709 14:47:42.046805  7478 raft_consensus.cc:2749] T a013cabb677244548330b14e9677e7d4 P 3d753d4219fc4f2a876349985b2b9b54 [term 0 FOLLOWER]: Leader pre-election lost for term 1. Reason: could not achieve majority
I20260709 14:47:42.069765  7387 tablet_bootstrap.cc:654] T a97e242a13454613a005da3521868e93 P 781d6c4fd55b47e2a7a32f7b65250acd: Neither blocks nor log segments found. Creating new log.
I20260709 14:47:42.090365  7386 tablet_bootstrap.cc:492] T cd1506853efd4f268250c0ca78569c2e P 3d753d4219fc4f2a876349985b2b9b54: No bootstrap required, opened a new log
I20260709 14:47:42.090744  7386 ts_tablet_manager.cc:1403] T cd1506853efd4f268250c0ca78569c2e P 3d753d4219fc4f2a876349985b2b9b54: Time spent bootstrapping tablet: real 0.106s	user 0.012s	sys 0.008s
I20260709 14:47:42.097841  7386 raft_consensus.cc:359] T cd1506853efd4f268250c0ca78569c2e P 3d753d4219fc4f2a876349985b2b9b54 [term 0 FOLLOWER]: Replica starting. Triggering 0 pending ops. Active config: opid_index: -1 OBSOLETE_local: false peers { permanent_uuid: "781d6c4fd55b47e2a7a32f7b65250acd" member_type: VOTER last_known_addr { host: "127.5.244.1" port: 46105 } } peers { permanent_uuid: "3d753d4219fc4f2a876349985b2b9b54" member_type: VOTER last_known_addr { host: "127.5.244.2" port: 42319 } } peers { permanent_uuid: "1188fd75d3d74a3c89c9d7bb3f72af36" member_type: VOTER last_known_addr { host: "127.5.244.3" port: 43187 } }
I20260709 14:47:42.098479  7386 raft_consensus.cc:385] T cd1506853efd4f268250c0ca78569c2e P 3d753d4219fc4f2a876349985b2b9b54 [term 0 FOLLOWER]: Consensus starting up: Expiring failure detector timer to make a prompt election more likely
I20260709 14:47:42.098737  7386 raft_consensus.cc:740] T cd1506853efd4f268250c0ca78569c2e P 3d753d4219fc4f2a876349985b2b9b54 [term 0 FOLLOWER]: Becoming Follower/Learner. State: Replica: 3d753d4219fc4f2a876349985b2b9b54, State: Initialized, Role: FOLLOWER
I20260709 14:47:42.102108  7386 consensus_queue.cc:260] T cd1506853efd4f268250c0ca78569c2e P 3d753d4219fc4f2a876349985b2b9b54 [NON_LEADER]: Queue going to NON_LEADER mode. State: All replicated index: 0, Majority replicated index: 0, Committed index: 0, Last appended: 0.0, Last appended by leader: 0, Current term: 0, Majority size: -1, State: 0, Mode: NON_LEADER, active raft config: opid_index: -1 OBSOLETE_local: false peers { permanent_uuid: "781d6c4fd55b47e2a7a32f7b65250acd" member_type: VOTER last_known_addr { host: "127.5.244.1" port: 46105 } } peers { permanent_uuid: "3d753d4219fc4f2a876349985b2b9b54" member_type: VOTER last_known_addr { host: "127.5.244.2" port: 42319 } } peers { permanent_uuid: "1188fd75d3d74a3c89c9d7bb3f72af36" member_type: VOTER last_known_addr { host: "127.5.244.3" port: 43187 } }
I20260709 14:47:42.105645  7386 ts_tablet_manager.cc:1434] T cd1506853efd4f268250c0ca78569c2e P 3d753d4219fc4f2a876349985b2b9b54: Time spent starting tablet: real 0.015s	user 0.006s	sys 0.001s
I20260709 14:47:42.105199  7515 consensus_queue.cc:1048] T 90e56d69b4a14b239963818a16850277 P 781d6c4fd55b47e2a7a32f7b65250acd [LEADER]: Connected to new peer: Peer: permanent_uuid: "1188fd75d3d74a3c89c9d7bb3f72af36" member_type: VOTER last_known_addr { host: "127.5.244.3" port: 43187 }, Status: LMP_MISMATCH, Last received: 0.0, Next index: 1, Last known committed idx: 0, Time since last communication: 0.001s
I20260709 14:47:42.107499  7455 raft_consensus.cc:493] T a013cabb677244548330b14e9677e7d4 P 781d6c4fd55b47e2a7a32f7b65250acd [term 0 FOLLOWER]: Starting pre-election (no leader contacted us within the election timeout)
I20260709 14:47:42.107975  7386 tablet_bootstrap.cc:492] T 746c9c36b8fd43d29e182c34c596547a P 3d753d4219fc4f2a876349985b2b9b54: Bootstrap starting.
I20260709 14:47:42.107942  7455 raft_consensus.cc:515] T a013cabb677244548330b14e9677e7d4 P 781d6c4fd55b47e2a7a32f7b65250acd [term 0 FOLLOWER]: Starting pre-election with config: opid_index: -1 OBSOLETE_local: false peers { permanent_uuid: "781d6c4fd55b47e2a7a32f7b65250acd" member_type: VOTER last_known_addr { host: "127.5.244.1" port: 46105 } } peers { permanent_uuid: "3d753d4219fc4f2a876349985b2b9b54" member_type: VOTER last_known_addr { host: "127.5.244.2" port: 42319 } } peers { permanent_uuid: "1188fd75d3d74a3c89c9d7bb3f72af36" member_type: VOTER last_known_addr { host: "127.5.244.3" port: 43187 } }
I20260709 14:47:42.115722  7455 leader_election.cc:290] T a013cabb677244548330b14e9677e7d4 P 781d6c4fd55b47e2a7a32f7b65250acd [CANDIDATE]: Term 1 pre-election: Requested pre-vote from peers 3d753d4219fc4f2a876349985b2b9b54 (127.5.244.2:42319), 1188fd75d3d74a3c89c9d7bb3f72af36 (127.5.244.3:43187)
I20260709 14:47:42.116669  7388 tablet_bootstrap.cc:492] T 725e1c2591474008a1c0bf843580e686 P 1188fd75d3d74a3c89c9d7bb3f72af36: No bootstrap required, opened a new log
I20260709 14:47:42.116777  7343 tablet_service.cc:1917] Received RequestConsensusVote() RPC: tablet_id: "a013cabb677244548330b14e9677e7d4" candidate_uuid: "781d6c4fd55b47e2a7a32f7b65250acd" candidate_term: 1 candidate_status { last_received { term: 0 index: 0 } } ignore_live_leader: false dest_uuid: "1188fd75d3d74a3c89c9d7bb3f72af36" is_pre_election: true
W20260709 14:47:42.118300  7161 leader_election.cc:343] T a013cabb677244548330b14e9677e7d4 P 781d6c4fd55b47e2a7a32f7b65250acd [CANDIDATE]: Term 1 pre-election: Tablet error from VoteRequest() call to peer 1188fd75d3d74a3c89c9d7bb3f72af36 (127.5.244.3:43187): Illegal state: must be running to vote when last-logged opid is not known
I20260709 14:47:42.118743  7388 ts_tablet_manager.cc:1403] T 725e1c2591474008a1c0bf843580e686 P 1188fd75d3d74a3c89c9d7bb3f72af36: Time spent bootstrapping tablet: real 0.099s	user 0.040s	sys 0.037s
I20260709 14:47:42.119225  7269 tablet_service.cc:1917] Received RequestConsensusVote() RPC: tablet_id: "a013cabb677244548330b14e9677e7d4" candidate_uuid: "781d6c4fd55b47e2a7a32f7b65250acd" candidate_term: 1 candidate_status { last_received { term: 0 index: 0 } } ignore_live_leader: false dest_uuid: "3d753d4219fc4f2a876349985b2b9b54" is_pre_election: true
I20260709 14:47:42.120795  7455 raft_consensus.cc:493] T 8cabc5252e2e428c9188be5157bfd871 P 781d6c4fd55b47e2a7a32f7b65250acd [term 0 FOLLOWER]: Starting pre-election (no leader contacted us within the election timeout)
I20260709 14:47:42.121093  7269 raft_consensus.cc:2468] T a013cabb677244548330b14e9677e7d4 P 3d753d4219fc4f2a876349985b2b9b54 [term 0 FOLLOWER]: Leader pre-election vote request: Granting yes vote for candidate 781d6c4fd55b47e2a7a32f7b65250acd in term 0.
I20260709 14:47:42.121322  7455 raft_consensus.cc:515] T 8cabc5252e2e428c9188be5157bfd871 P 781d6c4fd55b47e2a7a32f7b65250acd [term 0 FOLLOWER]: Starting pre-election with config: opid_index: -1 OBSOLETE_local: false peers { permanent_uuid: "781d6c4fd55b47e2a7a32f7b65250acd" member_type: VOTER last_known_addr { host: "127.5.244.1" port: 46105 } } peers { permanent_uuid: "3d753d4219fc4f2a876349985b2b9b54" member_type: VOTER last_known_addr { host: "127.5.244.2" port: 42319 } } peers { permanent_uuid: "1188fd75d3d74a3c89c9d7bb3f72af36" member_type: VOTER last_known_addr { host: "127.5.244.3" port: 43187 } }
I20260709 14:47:42.123368  7455 leader_election.cc:290] T 8cabc5252e2e428c9188be5157bfd871 P 781d6c4fd55b47e2a7a32f7b65250acd [CANDIDATE]: Term 1 pre-election: Requested pre-vote from peers 3d753d4219fc4f2a876349985b2b9b54 (127.5.244.2:42319), 1188fd75d3d74a3c89c9d7bb3f72af36 (127.5.244.3:43187)
I20260709 14:47:42.125453  7343 tablet_service.cc:1917] Received RequestConsensusVote() RPC: tablet_id: "8cabc5252e2e428c9188be5157bfd871" candidate_uuid: "781d6c4fd55b47e2a7a32f7b65250acd" candidate_term: 1 candidate_status { last_received { term: 0 index: 0 } } ignore_live_leader: false dest_uuid: "1188fd75d3d74a3c89c9d7bb3f72af36" is_pre_election: true
I20260709 14:47:42.125703  7162 leader_election.cc:304] T a013cabb677244548330b14e9677e7d4 P 781d6c4fd55b47e2a7a32f7b65250acd [CANDIDATE]: Term 1 pre-election: Election decided. Result: candidate won. Election summary: received 3 responses out of 3 voters: 2 yes votes; 1 no votes. yes voters: 3d753d4219fc4f2a876349985b2b9b54, 781d6c4fd55b47e2a7a32f7b65250acd; no voters: 1188fd75d3d74a3c89c9d7bb3f72af36
I20260709 14:47:42.126797  7455 raft_consensus.cc:2804] T a013cabb677244548330b14e9677e7d4 P 781d6c4fd55b47e2a7a32f7b65250acd [term 0 FOLLOWER]: Leader pre-election won for term 1
I20260709 14:47:42.127130  7269 tablet_service.cc:1917] Received RequestConsensusVote() RPC: tablet_id: "8cabc5252e2e428c9188be5157bfd871" candidate_uuid: "781d6c4fd55b47e2a7a32f7b65250acd" candidate_term: 1 candidate_status { last_received { term: 0 index: 0 } } ignore_live_leader: false dest_uuid: "3d753d4219fc4f2a876349985b2b9b54" is_pre_election: true
I20260709 14:47:42.127714  7269 raft_consensus.cc:2468] T 8cabc5252e2e428c9188be5157bfd871 P 3d753d4219fc4f2a876349985b2b9b54 [term 0 FOLLOWER]: Leader pre-election vote request: Granting yes vote for candidate 781d6c4fd55b47e2a7a32f7b65250acd in term 0.
I20260709 14:47:42.127789  7455 raft_consensus.cc:493] T a013cabb677244548330b14e9677e7d4 P 781d6c4fd55b47e2a7a32f7b65250acd [term 0 FOLLOWER]: Starting leader election (no leader contacted us within the election timeout)
I20260709 14:47:42.129341  7386 tablet_bootstrap.cc:654] T 746c9c36b8fd43d29e182c34c596547a P 3d753d4219fc4f2a876349985b2b9b54: Neither blocks nor log segments found. Creating new log.
I20260709 14:47:42.129561  7455 raft_consensus.cc:3060] T a013cabb677244548330b14e9677e7d4 P 781d6c4fd55b47e2a7a32f7b65250acd [term 0 FOLLOWER]: Advancing to term 1
I20260709 14:47:42.130043  7461 raft_consensus.cc:493] T 725e1c2591474008a1c0bf843580e686 P 781d6c4fd55b47e2a7a32f7b65250acd [term 0 FOLLOWER]: Starting pre-election (no leader contacted us within the election timeout)
I20260709 14:47:42.130482  7461 raft_consensus.cc:515] T 725e1c2591474008a1c0bf843580e686 P 781d6c4fd55b47e2a7a32f7b65250acd [term 0 FOLLOWER]: Starting pre-election with config: opid_index: -1 OBSOLETE_local: false peers { permanent_uuid: "781d6c4fd55b47e2a7a32f7b65250acd" member_type: VOTER last_known_addr { host: "127.5.244.1" port: 46105 } } peers { permanent_uuid: "3d753d4219fc4f2a876349985b2b9b54" member_type: VOTER last_known_addr { host: "127.5.244.2" port: 42319 } } peers { permanent_uuid: "1188fd75d3d74a3c89c9d7bb3f72af36" member_type: VOTER last_known_addr { host: "127.5.244.3" port: 43187 } }
I20260709 14:47:42.131178  7343 raft_consensus.cc:2468] T 8cabc5252e2e428c9188be5157bfd871 P 1188fd75d3d74a3c89c9d7bb3f72af36 [term 0 FOLLOWER]: Leader pre-election vote request: Granting yes vote for candidate 781d6c4fd55b47e2a7a32f7b65250acd in term 0.
I20260709 14:47:42.132050  7388 raft_consensus.cc:359] T 725e1c2591474008a1c0bf843580e686 P 1188fd75d3d74a3c89c9d7bb3f72af36 [term 0 FOLLOWER]: Replica starting. Triggering 0 pending ops. Active config: opid_index: -1 OBSOLETE_local: false peers { permanent_uuid: "781d6c4fd55b47e2a7a32f7b65250acd" member_type: VOTER last_known_addr { host: "127.5.244.1" port: 46105 } } peers { permanent_uuid: "3d753d4219fc4f2a876349985b2b9b54" member_type: VOTER last_known_addr { host: "127.5.244.2" port: 42319 } } peers { permanent_uuid: "1188fd75d3d74a3c89c9d7bb3f72af36" member_type: VOTER last_known_addr { host: "127.5.244.3" port: 43187 } }
I20260709 14:47:42.132652  7461 leader_election.cc:290] T 725e1c2591474008a1c0bf843580e686 P 781d6c4fd55b47e2a7a32f7b65250acd [CANDIDATE]: Term 1 pre-election: Requested pre-vote from peers 3d753d4219fc4f2a876349985b2b9b54 (127.5.244.2:42319), 1188fd75d3d74a3c89c9d7bb3f72af36 (127.5.244.3:43187)
I20260709 14:47:42.133769  7161 leader_election.cc:304] T 8cabc5252e2e428c9188be5157bfd871 P 781d6c4fd55b47e2a7a32f7b65250acd [CANDIDATE]: Term 1 pre-election: Election decided. Result: candidate won. Election summary: received 2 responses out of 3 voters: 2 yes votes; 0 no votes. yes voters: 1188fd75d3d74a3c89c9d7bb3f72af36, 781d6c4fd55b47e2a7a32f7b65250acd; no voters: 
I20260709 14:47:42.134161  7343 tablet_service.cc:1917] Received RequestConsensusVote() RPC: tablet_id: "725e1c2591474008a1c0bf843580e686" candidate_uuid: "781d6c4fd55b47e2a7a32f7b65250acd" candidate_term: 1 candidate_status { last_received { term: 0 index: 0 } } ignore_live_leader: false dest_uuid: "1188fd75d3d74a3c89c9d7bb3f72af36" is_pre_election: true
I20260709 14:47:42.134852  7461 raft_consensus.cc:2804] T 8cabc5252e2e428c9188be5157bfd871 P 781d6c4fd55b47e2a7a32f7b65250acd [term 0 FOLLOWER]: Leader pre-election won for term 1
I20260709 14:47:42.135317  7461 raft_consensus.cc:493] T 8cabc5252e2e428c9188be5157bfd871 P 781d6c4fd55b47e2a7a32f7b65250acd [term 0 FOLLOWER]: Starting leader election (no leader contacted us within the election timeout)
I20260709 14:47:42.135663  7461 raft_consensus.cc:3060] T 8cabc5252e2e428c9188be5157bfd871 P 781d6c4fd55b47e2a7a32f7b65250acd [term 0 FOLLOWER]: Advancing to term 1
I20260709 14:47:42.132680  7388 raft_consensus.cc:385] T 725e1c2591474008a1c0bf843580e686 P 1188fd75d3d74a3c89c9d7bb3f72af36 [term 0 FOLLOWER]: Consensus starting up: Expiring failure detector timer to make a prompt election more likely
I20260709 14:47:42.137120  7388 raft_consensus.cc:740] T 725e1c2591474008a1c0bf843580e686 P 1188fd75d3d74a3c89c9d7bb3f72af36 [term 0 FOLLOWER]: Becoming Follower/Learner. State: Replica: 1188fd75d3d74a3c89c9d7bb3f72af36, State: Initialized, Role: FOLLOWER
