I20260709 14:47:29.026475  7231 consensus_queue.cc:260] T 3cf98f6ae79f47d0a5c1d8443aa83d12 P 617ae571cea64864bf1fe7d2e1dbad2a [NON_LEADER]: Queue going to NON_LEADER mode. State: All replicated index: 0, Majority replicated index: 0, Committed index: 0, Last appended: 0.0, Last appended by leader: 0, Current term: 0, Majority size: -1, State: 0, Mode: NON_LEADER, active raft config: opid_index: -1 OBSOLETE_local: false peers { permanent_uuid: "617ae571cea64864bf1fe7d2e1dbad2a" member_type: VOTER last_known_addr { host: "127.6.65.129" port: 34399 } } peers { permanent_uuid: "b83974fb05ad4e3a951a87c1537e7b0f" member_type: VOTER last_known_addr { host: "127.6.65.130" port: 46171 } } peers { permanent_uuid: "61ac9217c22c423683bed72601b75403" member_type: VOTER last_known_addr { host: "127.6.65.131" port: 34757 } }
I20260709 14:47:29.029964  7231 ts_tablet_manager.cc:1434] T 3cf98f6ae79f47d0a5c1d8443aa83d12 P 617ae571cea64864bf1fe7d2e1dbad2a: Time spent starting tablet: real 0.010s	user 0.008s	sys 0.000s
I20260709 14:47:29.031401  7231 tablet_bootstrap.cc:492] T ecd3c93f82d646e7b4ca98b74d3f58ff P 617ae571cea64864bf1fe7d2e1dbad2a: Bootstrap starting.
I20260709 14:47:29.035100  7233 tablet_bootstrap.cc:492] T 562de7d256554889b4c30939e69ac425 P b83974fb05ad4e3a951a87c1537e7b0f: No bootstrap required, opened a new log
I20260709 14:47:29.035804  7233 ts_tablet_manager.cc:1403] T 562de7d256554889b4c30939e69ac425 P b83974fb05ad4e3a951a87c1537e7b0f: Time spent bootstrapping tablet: real 0.027s	user 0.014s	sys 0.012s
I20260709 14:47:29.038707  7231 tablet_bootstrap.cc:654] T ecd3c93f82d646e7b4ca98b74d3f58ff P 617ae571cea64864bf1fe7d2e1dbad2a: Neither blocks nor log segments found. Creating new log.
I20260709 14:47:29.039790  7233 raft_consensus.cc:359] T 562de7d256554889b4c30939e69ac425 P b83974fb05ad4e3a951a87c1537e7b0f [term 0 FOLLOWER]: Replica starting. Triggering 0 pending ops. Active config: opid_index: -1 OBSOLETE_local: false peers { permanent_uuid: "617ae571cea64864bf1fe7d2e1dbad2a" member_type: VOTER last_known_addr { host: "127.6.65.129" port: 34399 } } peers { permanent_uuid: "b83974fb05ad4e3a951a87c1537e7b0f" member_type: VOTER last_known_addr { host: "127.6.65.130" port: 46171 } } peers { permanent_uuid: "61ac9217c22c423683bed72601b75403" member_type: VOTER last_known_addr { host: "127.6.65.131" port: 34757 } }
I20260709 14:47:29.040925  7233 raft_consensus.cc:385] T 562de7d256554889b4c30939e69ac425 P b83974fb05ad4e3a951a87c1537e7b0f [term 0 FOLLOWER]: Consensus starting up: Expiring failure detector timer to make a prompt election more likely
I20260709 14:47:29.041384  7233 raft_consensus.cc:740] T 562de7d256554889b4c30939e69ac425 P b83974fb05ad4e3a951a87c1537e7b0f [term 0 FOLLOWER]: Becoming Follower/Learner. State: Replica: b83974fb05ad4e3a951a87c1537e7b0f, State: Initialized, Role: FOLLOWER
I20260709 14:47:29.042349  7233 consensus_queue.cc:260] T 562de7d256554889b4c30939e69ac425 P b83974fb05ad4e3a951a87c1537e7b0f [NON_LEADER]: Queue going to NON_LEADER mode. State: All replicated index: 0, Majority replicated index: 0, Committed index: 0, Last appended: 0.0, Last appended by leader: 0, Current term: 0, Majority size: -1, State: 0, Mode: NON_LEADER, active raft config: opid_index: -1 OBSOLETE_local: false peers { permanent_uuid: "617ae571cea64864bf1fe7d2e1dbad2a" member_type: VOTER last_known_addr { host: "127.6.65.129" port: 34399 } } peers { permanent_uuid: "b83974fb05ad4e3a951a87c1537e7b0f" member_type: VOTER last_known_addr { host: "127.6.65.130" port: 46171 } } peers { permanent_uuid: "61ac9217c22c423683bed72601b75403" member_type: VOTER last_known_addr { host: "127.6.65.131" port: 34757 } }
I20260709 14:47:29.044207  7230 tablet_bootstrap.cc:492] T 562de7d256554889b4c30939e69ac425 P 61ac9217c22c423683bed72601b75403: No bootstrap required, opened a new log
I20260709 14:47:29.044764  7230 ts_tablet_manager.cc:1403] T 562de7d256554889b4c30939e69ac425 P 61ac9217c22c423683bed72601b75403: Time spent bootstrapping tablet: real 0.043s	user 0.017s	sys 0.019s
I20260709 14:47:29.044764  7233 ts_tablet_manager.cc:1434] T 562de7d256554889b4c30939e69ac425 P b83974fb05ad4e3a951a87c1537e7b0f: Time spent starting tablet: real 0.008s	user 0.007s	sys 0.000s
I20260709 14:47:29.046016  7233 tablet_bootstrap.cc:492] T 3095bee83b094e1eae7564400bb8e08d P b83974fb05ad4e3a951a87c1537e7b0f: Bootstrap starting.
I20260709 14:47:29.047935  7230 raft_consensus.cc:359] T 562de7d256554889b4c30939e69ac425 P 61ac9217c22c423683bed72601b75403 [term 0 FOLLOWER]: Replica starting. Triggering 0 pending ops. Active config: opid_index: -1 OBSOLETE_local: false peers { permanent_uuid: "617ae571cea64864bf1fe7d2e1dbad2a" member_type: VOTER last_known_addr { host: "127.6.65.129" port: 34399 } } peers { permanent_uuid: "b83974fb05ad4e3a951a87c1537e7b0f" member_type: VOTER last_known_addr { host: "127.6.65.130" port: 46171 } } peers { permanent_uuid: "61ac9217c22c423683bed72601b75403" member_type: VOTER last_known_addr { host: "127.6.65.131" port: 34757 } }
I20260709 14:47:29.048664  7230 raft_consensus.cc:385] T 562de7d256554889b4c30939e69ac425 P 61ac9217c22c423683bed72601b75403 [term 0 FOLLOWER]: Consensus starting up: Expiring failure detector timer to make a prompt election more likely
I20260709 14:47:29.048966  7230 raft_consensus.cc:740] T 562de7d256554889b4c30939e69ac425 P 61ac9217c22c423683bed72601b75403 [term 0 FOLLOWER]: Becoming Follower/Learner. State: Replica: 61ac9217c22c423683bed72601b75403, State: Initialized, Role: FOLLOWER
I20260709 14:47:29.049924  7230 consensus_queue.cc:260] T 562de7d256554889b4c30939e69ac425 P 61ac9217c22c423683bed72601b75403 [NON_LEADER]: Queue going to NON_LEADER mode. State: All replicated index: 0, Majority replicated index: 0, Committed index: 0, Last appended: 0.0, Last appended by leader: 0, Current term: 0, Majority size: -1, State: 0, Mode: NON_LEADER, active raft config: opid_index: -1 OBSOLETE_local: false peers { permanent_uuid: "617ae571cea64864bf1fe7d2e1dbad2a" member_type: VOTER last_known_addr { host: "127.6.65.129" port: 34399 } } peers { permanent_uuid: "b83974fb05ad4e3a951a87c1537e7b0f" member_type: VOTER last_known_addr { host: "127.6.65.130" port: 46171 } } peers { permanent_uuid: "61ac9217c22c423683bed72601b75403" member_type: VOTER last_known_addr { host: "127.6.65.131" port: 34757 } }
I20260709 14:47:29.052374  7233 tablet_bootstrap.cc:654] T 3095bee83b094e1eae7564400bb8e08d P b83974fb05ad4e3a951a87c1537e7b0f: Neither blocks nor log segments found. Creating new log.
I20260709 14:47:29.054627  7230 ts_tablet_manager.cc:1434] T 562de7d256554889b4c30939e69ac425 P 61ac9217c22c423683bed72601b75403: Time spent starting tablet: real 0.009s	user 0.003s	sys 0.003s
I20260709 14:47:29.055765  7230 tablet_bootstrap.cc:492] T 2e8faeea8f6f4d5aa4ac67f875a385aa P 61ac9217c22c423683bed72601b75403: Bootstrap starting.
I20260709 14:47:29.057402  7231 tablet_bootstrap.cc:492] T ecd3c93f82d646e7b4ca98b74d3f58ff P 617ae571cea64864bf1fe7d2e1dbad2a: No bootstrap required, opened a new log
I20260709 14:47:29.057992  7231 ts_tablet_manager.cc:1403] T ecd3c93f82d646e7b4ca98b74d3f58ff P 617ae571cea64864bf1fe7d2e1dbad2a: Time spent bootstrapping tablet: real 0.027s	user 0.017s	sys 0.006s
I20260709 14:47:29.061080  7231 raft_consensus.cc:359] T ecd3c93f82d646e7b4ca98b74d3f58ff P 617ae571cea64864bf1fe7d2e1dbad2a [term 0 FOLLOWER]: Replica starting. Triggering 0 pending ops. Active config: opid_index: -1 OBSOLETE_local: false peers { permanent_uuid: "617ae571cea64864bf1fe7d2e1dbad2a" member_type: VOTER last_known_addr { host: "127.6.65.129" port: 34399 } } peers { permanent_uuid: "b83974fb05ad4e3a951a87c1537e7b0f" member_type: VOTER last_known_addr { host: "127.6.65.130" port: 46171 } } peers { permanent_uuid: "61ac9217c22c423683bed72601b75403" member_type: VOTER last_known_addr { host: "127.6.65.131" port: 34757 } }
I20260709 14:47:29.061952  7231 raft_consensus.cc:385] T ecd3c93f82d646e7b4ca98b74d3f58ff P 617ae571cea64864bf1fe7d2e1dbad2a [term 0 FOLLOWER]: Consensus starting up: Expiring failure detector timer to make a prompt election more likely
I20260709 14:47:29.062305  7231 raft_consensus.cc:740] T ecd3c93f82d646e7b4ca98b74d3f58ff P 617ae571cea64864bf1fe7d2e1dbad2a [term 0 FOLLOWER]: Becoming Follower/Learner. State: Replica: 617ae571cea64864bf1fe7d2e1dbad2a, State: Initialized, Role: FOLLOWER
I20260709 14:47:29.063185  7231 consensus_queue.cc:260] T ecd3c93f82d646e7b4ca98b74d3f58ff P 617ae571cea64864bf1fe7d2e1dbad2a [NON_LEADER]: Queue going to NON_LEADER mode. State: All replicated index: 0, Majority replicated index: 0, Committed index: 0, Last appended: 0.0, Last appended by leader: 0, Current term: 0, Majority size: -1, State: 0, Mode: NON_LEADER, active raft config: opid_index: -1 OBSOLETE_local: false peers { permanent_uuid: "617ae571cea64864bf1fe7d2e1dbad2a" member_type: VOTER last_known_addr { host: "127.6.65.129" port: 34399 } } peers { permanent_uuid: "b83974fb05ad4e3a951a87c1537e7b0f" member_type: VOTER last_known_addr { host: "127.6.65.130" port: 46171 } } peers { permanent_uuid: "61ac9217c22c423683bed72601b75403" member_type: VOTER last_known_addr { host: "127.6.65.131" port: 34757 } }
I20260709 14:47:29.064083  7230 tablet_bootstrap.cc:654] T 2e8faeea8f6f4d5aa4ac67f875a385aa P 61ac9217c22c423683bed72601b75403: Neither blocks nor log segments found. Creating new log.
I20260709 14:47:29.067466  7231 ts_tablet_manager.cc:1434] T ecd3c93f82d646e7b4ca98b74d3f58ff P 617ae571cea64864bf1fe7d2e1dbad2a: Time spent starting tablet: real 0.009s	user 0.005s	sys 0.000s
I20260709 14:47:29.069098  7231 tablet_bootstrap.cc:492] T e98ca0a0fdce411ca6b32481c2932dd4 P 617ae571cea64864bf1fe7d2e1dbad2a: Bootstrap starting.
I20260709 14:47:29.078013  7231 tablet_bootstrap.cc:654] T e98ca0a0fdce411ca6b32481c2932dd4 P 617ae571cea64864bf1fe7d2e1dbad2a: Neither blocks nor log segments found. Creating new log.
I20260709 14:47:29.089061  7233 tablet_bootstrap.cc:492] T 3095bee83b094e1eae7564400bb8e08d P b83974fb05ad4e3a951a87c1537e7b0f: No bootstrap required, opened a new log
I20260709 14:47:29.089543  7233 ts_tablet_manager.cc:1403] T 3095bee83b094e1eae7564400bb8e08d P b83974fb05ad4e3a951a87c1537e7b0f: Time spent bootstrapping tablet: real 0.044s	user 0.027s	sys 0.013s
I20260709 14:47:29.089774  7230 tablet_bootstrap.cc:492] T 2e8faeea8f6f4d5aa4ac67f875a385aa P 61ac9217c22c423683bed72601b75403: No bootstrap required, opened a new log
I20260709 14:47:29.090289  7230 ts_tablet_manager.cc:1403] T 2e8faeea8f6f4d5aa4ac67f875a385aa P 61ac9217c22c423683bed72601b75403: Time spent bootstrapping tablet: real 0.035s	user 0.010s	sys 0.023s
I20260709 14:47:29.090857  7231 tablet_bootstrap.cc:492] T e98ca0a0fdce411ca6b32481c2932dd4 P 617ae571cea64864bf1fe7d2e1dbad2a: No bootstrap required, opened a new log
I20260709 14:47:29.091302  7231 ts_tablet_manager.cc:1403] T e98ca0a0fdce411ca6b32481c2932dd4 P 617ae571cea64864bf1fe7d2e1dbad2a: Time spent bootstrapping tablet: real 0.022s	user 0.011s	sys 0.007s
I20260709 14:47:29.092500  7230 raft_consensus.cc:359] T 2e8faeea8f6f4d5aa4ac67f875a385aa P 61ac9217c22c423683bed72601b75403 [term 0 FOLLOWER]: Replica starting. Triggering 0 pending ops. Active config: opid_index: -1 OBSOLETE_local: false peers { permanent_uuid: "617ae571cea64864bf1fe7d2e1dbad2a" member_type: VOTER last_known_addr { host: "127.6.65.129" port: 34399 } } peers { permanent_uuid: "b83974fb05ad4e3a951a87c1537e7b0f" member_type: VOTER last_known_addr { host: "127.6.65.130" port: 46171 } } peers { permanent_uuid: "61ac9217c22c423683bed72601b75403" member_type: VOTER last_known_addr { host: "127.6.65.131" port: 34757 } }
I20260709 14:47:29.092473  7233 raft_consensus.cc:359] T 3095bee83b094e1eae7564400bb8e08d P b83974fb05ad4e3a951a87c1537e7b0f [term 0 FOLLOWER]: Replica starting. Triggering 0 pending ops. Active config: opid_index: -1 OBSOLETE_local: false peers { permanent_uuid: "617ae571cea64864bf1fe7d2e1dbad2a" member_type: VOTER last_known_addr { host: "127.6.65.129" port: 34399 } } peers { permanent_uuid: "b83974fb05ad4e3a951a87c1537e7b0f" member_type: VOTER last_known_addr { host: "127.6.65.130" port: 46171 } } peers { permanent_uuid: "61ac9217c22c423683bed72601b75403" member_type: VOTER last_known_addr { host: "127.6.65.131" port: 34757 } }
I20260709 14:47:29.093282  7230 raft_consensus.cc:385] T 2e8faeea8f6f4d5aa4ac67f875a385aa P 61ac9217c22c423683bed72601b75403 [term 0 FOLLOWER]: Consensus starting up: Expiring failure detector timer to make a prompt election more likely
I20260709 14:47:29.093366  7233 raft_consensus.cc:385] T 3095bee83b094e1eae7564400bb8e08d P b83974fb05ad4e3a951a87c1537e7b0f [term 0 FOLLOWER]: Consensus starting up: Expiring failure detector timer to make a prompt election more likely
I20260709 14:47:29.093675  7230 raft_consensus.cc:740] T 2e8faeea8f6f4d5aa4ac67f875a385aa P 61ac9217c22c423683bed72601b75403 [term 0 FOLLOWER]: Becoming Follower/Learner. State: Replica: 61ac9217c22c423683bed72601b75403, State: Initialized, Role: FOLLOWER
I20260709 14:47:29.093760  7233 raft_consensus.cc:740] T 3095bee83b094e1eae7564400bb8e08d P b83974fb05ad4e3a951a87c1537e7b0f [term 0 FOLLOWER]: Becoming Follower/Learner. State: Replica: b83974fb05ad4e3a951a87c1537e7b0f, State: Initialized, Role: FOLLOWER
I20260709 14:47:29.094065  7231 raft_consensus.cc:359] T e98ca0a0fdce411ca6b32481c2932dd4 P 617ae571cea64864bf1fe7d2e1dbad2a [term 0 FOLLOWER]: Replica starting. Triggering 0 pending ops. Active config: opid_index: -1 OBSOLETE_local: false peers { permanent_uuid: "617ae571cea64864bf1fe7d2e1dbad2a" member_type: VOTER last_known_addr { host: "127.6.65.129" port: 34399 } } peers { permanent_uuid: "b83974fb05ad4e3a951a87c1537e7b0f" member_type: VOTER last_known_addr { host: "127.6.65.130" port: 46171 } } peers { permanent_uuid: "61ac9217c22c423683bed72601b75403" member_type: VOTER last_known_addr { host: "127.6.65.131" port: 34757 } }
I20260709 14:47:29.094549  7230 consensus_queue.cc:260] T 2e8faeea8f6f4d5aa4ac67f875a385aa P 61ac9217c22c423683bed72601b75403 [NON_LEADER]: Queue going to NON_LEADER mode. State: All replicated index: 0, Majority replicated index: 0, Committed index: 0, Last appended: 0.0, Last appended by leader: 0, Current term: 0, Majority size: -1, State: 0, Mode: NON_LEADER, active raft config: opid_index: -1 OBSOLETE_local: false peers { permanent_uuid: "617ae571cea64864bf1fe7d2e1dbad2a" member_type: VOTER last_known_addr { host: "127.6.65.129" port: 34399 } } peers { permanent_uuid: "b83974fb05ad4e3a951a87c1537e7b0f" member_type: VOTER last_known_addr { host: "127.6.65.130" port: 46171 } } peers { permanent_uuid: "61ac9217c22c423683bed72601b75403" member_type: VOTER last_known_addr { host: "127.6.65.131" port: 34757 } }
I20260709 14:47:29.094774  7231 raft_consensus.cc:385] T e98ca0a0fdce411ca6b32481c2932dd4 P 617ae571cea64864bf1fe7d2e1dbad2a [term 0 FOLLOWER]: Consensus starting up: Expiring failure detector timer to make a prompt election more likely
I20260709 14:47:29.094722  7233 consensus_queue.cc:260] T 3095bee83b094e1eae7564400bb8e08d P b83974fb05ad4e3a951a87c1537e7b0f [NON_LEADER]: Queue going to NON_LEADER mode. State: All replicated index: 0, Majority replicated index: 0, Committed index: 0, Last appended: 0.0, Last appended by leader: 0, Current term: 0, Majority size: -1, State: 0, Mode: NON_LEADER, active raft config: opid_index: -1 OBSOLETE_local: false peers { permanent_uuid: "617ae571cea64864bf1fe7d2e1dbad2a" member_type: VOTER last_known_addr { host: "127.6.65.129" port: 34399 } } peers { permanent_uuid: "b83974fb05ad4e3a951a87c1537e7b0f" member_type: VOTER last_known_addr { host: "127.6.65.130" port: 46171 } } peers { permanent_uuid: "61ac9217c22c423683bed72601b75403" member_type: VOTER last_known_addr { host: "127.6.65.131" port: 34757 } }
I20260709 14:47:29.095273  7231 raft_consensus.cc:740] T e98ca0a0fdce411ca6b32481c2932dd4 P 617ae571cea64864bf1fe7d2e1dbad2a [term 0 FOLLOWER]: Becoming Follower/Learner. State: Replica: 617ae571cea64864bf1fe7d2e1dbad2a, State: Initialized, Role: FOLLOWER
I20260709 14:47:29.096650  7230 ts_tablet_manager.cc:1434] T 2e8faeea8f6f4d5aa4ac67f875a385aa P 61ac9217c22c423683bed72601b75403: Time spent starting tablet: real 0.006s	user 0.004s	sys 0.000s
I20260709 14:47:29.096251  7231 consensus_queue.cc:260] T e98ca0a0fdce411ca6b32481c2932dd4 P 617ae571cea64864bf1fe7d2e1dbad2a [NON_LEADER]: Queue going to NON_LEADER mode. State: All replicated index: 0, Majority replicated index: 0, Committed index: 0, Last appended: 0.0, Last appended by leader: 0, Current term: 0, Majority size: -1, State: 0, Mode: NON_LEADER, active raft config: opid_index: -1 OBSOLETE_local: false peers { permanent_uuid: "617ae571cea64864bf1fe7d2e1dbad2a" member_type: VOTER last_known_addr { host: "127.6.65.129" port: 34399 } } peers { permanent_uuid: "b83974fb05ad4e3a951a87c1537e7b0f" member_type: VOTER last_known_addr { host: "127.6.65.130" port: 46171 } } peers { permanent_uuid: "61ac9217c22c423683bed72601b75403" member_type: VOTER last_known_addr { host: "127.6.65.131" port: 34757 } }
I20260709 14:47:29.098047  7230 tablet_bootstrap.cc:492] T 3095bee83b094e1eae7564400bb8e08d P 61ac9217c22c423683bed72601b75403: Bootstrap starting.
I20260709 14:47:29.098985  7233 ts_tablet_manager.cc:1434] T 3095bee83b094e1eae7564400bb8e08d P b83974fb05ad4e3a951a87c1537e7b0f: Time spent starting tablet: real 0.009s	user 0.007s	sys 0.001s
I20260709 14:47:29.099999  7233 tablet_bootstrap.cc:492] T 0390dca31a284ebc91b51fa106e52937 P b83974fb05ad4e3a951a87c1537e7b0f: Bootstrap starting.
I20260709 14:47:29.101281  7231 ts_tablet_manager.cc:1434] T e98ca0a0fdce411ca6b32481c2932dd4 P 617ae571cea64864bf1fe7d2e1dbad2a: Time spent starting tablet: real 0.010s	user 0.007s	sys 0.000s
I20260709 14:47:29.102289  7231 tablet_bootstrap.cc:492] T 3095bee83b094e1eae7564400bb8e08d P 617ae571cea64864bf1fe7d2e1dbad2a: Bootstrap starting.
I20260709 14:47:29.104979  7230 tablet_bootstrap.cc:654] T 3095bee83b094e1eae7564400bb8e08d P 61ac9217c22c423683bed72601b75403: Neither blocks nor log segments found. Creating new log.
I20260709 14:47:29.106706  7233 tablet_bootstrap.cc:654] T 0390dca31a284ebc91b51fa106e52937 P b83974fb05ad4e3a951a87c1537e7b0f: Neither blocks nor log segments found. Creating new log.
I20260709 14:47:29.108698  7231 tablet_bootstrap.cc:654] T 3095bee83b094e1eae7564400bb8e08d P 617ae571cea64864bf1fe7d2e1dbad2a: Neither blocks nor log segments found. Creating new log.
I20260709 14:47:29.110067  7240 raft_consensus.cc:493] T e1df97cc740345c7a2d763956ce5bf3b P b83974fb05ad4e3a951a87c1537e7b0f [term 0 FOLLOWER]: Starting pre-election (no leader contacted us within the election timeout)
I20260709 14:47:29.110730  7240 raft_consensus.cc:515] T e1df97cc740345c7a2d763956ce5bf3b P b83974fb05ad4e3a951a87c1537e7b0f [term 0 FOLLOWER]: Starting pre-election with config: opid_index: -1 OBSOLETE_local: false peers { permanent_uuid: "617ae571cea64864bf1fe7d2e1dbad2a" member_type: VOTER last_known_addr { host: "127.6.65.129" port: 34399 } } peers { permanent_uuid: "61ac9217c22c423683bed72601b75403" member_type: VOTER last_known_addr { host: "127.6.65.131" port: 34757 } } peers { permanent_uuid: "b83974fb05ad4e3a951a87c1537e7b0f" member_type: VOTER last_known_addr { host: "127.6.65.130" port: 46171 } }
I20260709 14:47:29.116278  7230 tablet_bootstrap.cc:492] T 3095bee83b094e1eae7564400bb8e08d P 61ac9217c22c423683bed72601b75403: No bootstrap required, opened a new log
I20260709 14:47:29.116827  7230 ts_tablet_manager.cc:1403] T 3095bee83b094e1eae7564400bb8e08d P 61ac9217c22c423683bed72601b75403: Time spent bootstrapping tablet: real 0.019s	user 0.011s	sys 0.007s
I20260709 14:47:29.118299  7235 raft_consensus.cc:493] T 00c7d07aca1a492fa81576e66f051e24 P 61ac9217c22c423683bed72601b75403 [term 0 FOLLOWER]: Starting pre-election (no leader contacted us within the election timeout)
I20260709 14:47:29.118896  7254 raft_consensus.cc:493] T 3095bee83b094e1eae7564400bb8e08d P b83974fb05ad4e3a951a87c1537e7b0f [term 0 FOLLOWER]: Starting pre-election (no leader contacted us within the election timeout)
I20260709 14:47:29.118762  7235 raft_consensus.cc:515] T 00c7d07aca1a492fa81576e66f051e24 P 61ac9217c22c423683bed72601b75403 [term 0 FOLLOWER]: Starting pre-election with config: opid_index: -1 OBSOLETE_local: false peers { permanent_uuid: "617ae571cea64864bf1fe7d2e1dbad2a" member_type: VOTER last_known_addr { host: "127.6.65.129" port: 34399 } } peers { permanent_uuid: "b83974fb05ad4e3a951a87c1537e7b0f" member_type: VOTER last_known_addr { host: "127.6.65.130" port: 46171 } } peers { permanent_uuid: "61ac9217c22c423683bed72601b75403" member_type: VOTER last_known_addr { host: "127.6.65.131" port: 34757 } }
I20260709 14:47:29.119776  7230 raft_consensus.cc:359] T 3095bee83b094e1eae7564400bb8e08d P 61ac9217c22c423683bed72601b75403 [term 0 FOLLOWER]: Replica starting. Triggering 0 pending ops. Active config: opid_index: -1 OBSOLETE_local: false peers { permanent_uuid: "617ae571cea64864bf1fe7d2e1dbad2a" member_type: VOTER last_known_addr { host: "127.6.65.129" port: 34399 } } peers { permanent_uuid: "b83974fb05ad4e3a951a87c1537e7b0f" member_type: VOTER last_known_addr { host: "127.6.65.130" port: 46171 } } peers { permanent_uuid: "61ac9217c22c423683bed72601b75403" member_type: VOTER last_known_addr { host: "127.6.65.131" port: 34757 } }
I20260709 14:47:29.121588  7230 raft_consensus.cc:385] T 3095bee83b094e1eae7564400bb8e08d P 61ac9217c22c423683bed72601b75403 [term 0 FOLLOWER]: Consensus starting up: Expiring failure detector timer to make a prompt election more likely
I20260709 14:47:29.121662  7235 leader_election.cc:290] T 00c7d07aca1a492fa81576e66f051e24 P 61ac9217c22c423683bed72601b75403 [CANDIDATE]: Term 1 pre-election: Requested pre-vote from peers 617ae571cea64864bf1fe7d2e1dbad2a (127.6.65.129:34399), b83974fb05ad4e3a951a87c1537e7b0f (127.6.65.130:46171)
I20260709 14:47:29.122002  7230 raft_consensus.cc:740] T 3095bee83b094e1eae7564400bb8e08d P 61ac9217c22c423683bed72601b75403 [term 0 FOLLOWER]: Becoming Follower/Learner. State: Replica: 61ac9217c22c423683bed72601b75403, State: Initialized, Role: FOLLOWER
I20260709 14:47:29.123168  7254 raft_consensus.cc:515] T 3095bee83b094e1eae7564400bb8e08d P b83974fb05ad4e3a951a87c1537e7b0f [term 0 FOLLOWER]: Starting pre-election with config: opid_index: -1 OBSOLETE_local: false peers { permanent_uuid: "617ae571cea64864bf1fe7d2e1dbad2a" member_type: VOTER last_known_addr { host: "127.6.65.129" port: 34399 } } peers { permanent_uuid: "b83974fb05ad4e3a951a87c1537e7b0f" member_type: VOTER last_known_addr { host: "127.6.65.130" port: 46171 } } peers { permanent_uuid: "61ac9217c22c423683bed72601b75403" member_type: VOTER last_known_addr { host: "127.6.65.131" port: 34757 } }
I20260709 14:47:29.126075  7231 tablet_bootstrap.cc:492] T 3095bee83b094e1eae7564400bb8e08d P 617ae571cea64864bf1fe7d2e1dbad2a: No bootstrap required, opened a new log
I20260709 14:47:29.126575  7254 leader_election.cc:290] T 3095bee83b094e1eae7564400bb8e08d P b83974fb05ad4e3a951a87c1537e7b0f [CANDIDATE]: Term 1 pre-election: Requested pre-vote from peers 617ae571cea64864bf1fe7d2e1dbad2a (127.6.65.129:34399), 61ac9217c22c423683bed72601b75403 (127.6.65.131:34757)
I20260709 14:47:29.126626  7231 ts_tablet_manager.cc:1403] T 3095bee83b094e1eae7564400bb8e08d P 617ae571cea64864bf1fe7d2e1dbad2a: Time spent bootstrapping tablet: real 0.025s	user 0.007s	sys 0.011s
I20260709 14:47:29.123603  7230 consensus_queue.cc:260] T 3095bee83b094e1eae7564400bb8e08d P 61ac9217c22c423683bed72601b75403 [NON_LEADER]: Queue going to NON_LEADER mode. State: All replicated index: 0, Majority replicated index: 0, Committed index: 0, Last appended: 0.0, Last appended by leader: 0, Current term: 0, Majority size: -1, State: 0, Mode: NON_LEADER, active raft config: opid_index: -1 OBSOLETE_local: false peers { permanent_uuid: "617ae571cea64864bf1fe7d2e1dbad2a" member_type: VOTER last_known_addr { host: "127.6.65.129" port: 34399 } } peers { permanent_uuid: "b83974fb05ad4e3a951a87c1537e7b0f" member_type: VOTER last_known_addr { host: "127.6.65.130" port: 46171 } } peers { permanent_uuid: "61ac9217c22c423683bed72601b75403" member_type: VOTER last_known_addr { host: "127.6.65.131" port: 34757 } }
I20260709 14:47:29.129180  7230 ts_tablet_manager.cc:1434] T 3095bee83b094e1eae7564400bb8e08d P 61ac9217c22c423683bed72601b75403: Time spent starting tablet: real 0.012s	user 0.001s	sys 0.005s
I20260709 14:47:29.130278  7230 tablet_bootstrap.cc:492] T e98ca0a0fdce411ca6b32481c2932dd4 P 61ac9217c22c423683bed72601b75403: Bootstrap starting.
I20260709 14:47:29.129945  7231 raft_consensus.cc:359] T 3095bee83b094e1eae7564400bb8e08d P 617ae571cea64864bf1fe7d2e1dbad2a [term 0 FOLLOWER]: Replica starting. Triggering 0 pending ops. Active config: opid_index: -1 OBSOLETE_local: false peers { permanent_uuid: "617ae571cea64864bf1fe7d2e1dbad2a" member_type: VOTER last_known_addr { host: "127.6.65.129" port: 34399 } } peers { permanent_uuid: "b83974fb05ad4e3a951a87c1537e7b0f" member_type: VOTER last_known_addr { host: "127.6.65.130" port: 46171 } } peers { permanent_uuid: "61ac9217c22c423683bed72601b75403" member_type: VOTER last_known_addr { host: "127.6.65.131" port: 34757 } }
I20260709 14:47:29.130962  7231 raft_consensus.cc:385] T 3095bee83b094e1eae7564400bb8e08d P 617ae571cea64864bf1fe7d2e1dbad2a [term 0 FOLLOWER]: Consensus starting up: Expiring failure detector timer to make a prompt election more likely
I20260709 14:47:29.131394  7231 raft_consensus.cc:740] T 3095bee83b094e1eae7564400bb8e08d P 617ae571cea64864bf1fe7d2e1dbad2a [term 0 FOLLOWER]: Becoming Follower/Learner. State: Replica: 617ae571cea64864bf1fe7d2e1dbad2a, State: Initialized, Role: FOLLOWER
I20260709 14:47:29.132302  7231 consensus_queue.cc:260] T 3095bee83b094e1eae7564400bb8e08d P 617ae571cea64864bf1fe7d2e1dbad2a [NON_LEADER]: Queue going to NON_LEADER mode. State: All replicated index: 0, Majority replicated index: 0, Committed index: 0, Last appended: 0.0, Last appended by leader: 0, Current term: 0, Majority size: -1, State: 0, Mode: NON_LEADER, active raft config: opid_index: -1 OBSOLETE_local: false peers { permanent_uuid: "617ae571cea64864bf1fe7d2e1dbad2a" member_type: VOTER last_known_addr { host: "127.6.65.129" port: 34399 } } peers { permanent_uuid: "b83974fb05ad4e3a951a87c1537e7b0f" member_type: VOTER last_known_addr { host: "127.6.65.130" port: 46171 } } peers { permanent_uuid: "61ac9217c22c423683bed72601b75403" member_type: VOTER last_known_addr { host: "127.6.65.131" port: 34757 } }
I20260709 14:47:29.134742  7231 ts_tablet_manager.cc:1434] T 3095bee83b094e1eae7564400bb8e08d P 617ae571cea64864bf1fe7d2e1dbad2a: Time spent starting tablet: real 0.007s	user 0.006s	sys 0.000s
I20260709 14:47:29.135836  7231 tablet_bootstrap.cc:492] T 8adb214dd76943b692c02da65eb6841f P 617ae571cea64864bf1fe7d2e1dbad2a: Bootstrap starting.
I20260709 14:47:29.136559  7240 leader_election.cc:290] T e1df97cc740345c7a2d763956ce5bf3b P b83974fb05ad4e3a951a87c1537e7b0f [CANDIDATE]: Term 1 pre-election: Requested pre-vote from peers 617ae571cea64864bf1fe7d2e1dbad2a (127.6.65.129:34399), 61ac9217c22c423683bed72601b75403 (127.6.65.131:34757)
I20260709 14:47:29.137428  7236 raft_consensus.cc:493] T 3cf98f6ae79f47d0a5c1d8443aa83d12 P 617ae571cea64864bf1fe7d2e1dbad2a [term 0 FOLLOWER]: Starting pre-election (no leader contacted us within the election timeout)
I20260709 14:47:29.137882  7236 raft_consensus.cc:515] T 3cf98f6ae79f47d0a5c1d8443aa83d12 P 617ae571cea64864bf1fe7d2e1dbad2a [term 0 FOLLOWER]: Starting pre-election with config: opid_index: -1 OBSOLETE_local: false peers { permanent_uuid: "617ae571cea64864bf1fe7d2e1dbad2a" member_type: VOTER last_known_addr { host: "127.6.65.129" port: 34399 } } peers { permanent_uuid: "b83974fb05ad4e3a951a87c1537e7b0f" member_type: VOTER last_known_addr { host: "127.6.65.130" port: 46171 } } peers { permanent_uuid: "61ac9217c22c423683bed72601b75403" member_type: VOTER last_known_addr { host: "127.6.65.131" port: 34757 } }
I20260709 14:47:29.139616  7233 tablet_bootstrap.cc:492] T 0390dca31a284ebc91b51fa106e52937 P b83974fb05ad4e3a951a87c1537e7b0f: No bootstrap required, opened a new log
I20260709 14:47:29.139737  7230 tablet_bootstrap.cc:654] T e98ca0a0fdce411ca6b32481c2932dd4 P 61ac9217c22c423683bed72601b75403: Neither blocks nor log segments found. Creating new log.
I20260709 14:47:29.140102  7233 ts_tablet_manager.cc:1403] T 0390dca31a284ebc91b51fa106e52937 P b83974fb05ad4e3a951a87c1537e7b0f: Time spent bootstrapping tablet: real 0.040s	user 0.012s	sys 0.004s
I20260709 14:47:29.140501  7236 leader_election.cc:290] T 3cf98f6ae79f47d0a5c1d8443aa83d12 P 617ae571cea64864bf1fe7d2e1dbad2a [CANDIDATE]: Term 1 pre-election: Requested pre-vote from peers b83974fb05ad4e3a951a87c1537e7b0f (127.6.65.130:46171), 61ac9217c22c423683bed72601b75403 (127.6.65.131:34757)
I20260709 14:47:29.152769  7233 raft_consensus.cc:359] T 0390dca31a284ebc91b51fa106e52937 P b83974fb05ad4e3a951a87c1537e7b0f [term 0 FOLLOWER]: Replica starting. Triggering 0 pending ops. Active config: opid_index: -1 OBSOLETE_local: false peers { permanent_uuid: "617ae571cea64864bf1fe7d2e1dbad2a" member_type: VOTER last_known_addr { host: "127.6.65.129" port: 34399 } } peers { permanent_uuid: "b83974fb05ad4e3a951a87c1537e7b0f" member_type: VOTER last_known_addr { host: "127.6.65.130" port: 46171 } } peers { permanent_uuid: "61ac9217c22c423683bed72601b75403" member_type: VOTER last_known_addr { host: "127.6.65.131" port: 34757 } }
W20260709 14:47:29.155881  6987 auto_rebalancer.cc:288] Could not retrieve cluster info: Service unavailable: Tablet not running
I20260709 14:47:29.158676  7233 raft_consensus.cc:385] T 0390dca31a284ebc91b51fa106e52937 P b83974fb05ad4e3a951a87c1537e7b0f [term 0 FOLLOWER]: Consensus starting up: Expiring failure detector timer to make a prompt election more likely
I20260709 14:47:29.159202  7233 raft_consensus.cc:740] T 0390dca31a284ebc91b51fa106e52937 P b83974fb05ad4e3a951a87c1537e7b0f [term 0 FOLLOWER]: Becoming Follower/Learner. State: Replica: b83974fb05ad4e3a951a87c1537e7b0f, State: Initialized, Role: FOLLOWER
I20260709 14:47:29.160517  7233 consensus_queue.cc:260] T 0390dca31a284ebc91b51fa106e52937 P b83974fb05ad4e3a951a87c1537e7b0f [NON_LEADER]: Queue going to NON_LEADER mode. State: All replicated index: 0, Majority replicated index: 0, Committed index: 0, Last appended: 0.0, Last appended by leader: 0, Current term: 0, Majority size: -1, State: 0, Mode: NON_LEADER, active raft config: opid_index: -1 OBSOLETE_local: false peers { permanent_uuid: "617ae571cea64864bf1fe7d2e1dbad2a" member_type: VOTER last_known_addr { host: "127.6.65.129" port: 34399 } } peers { permanent_uuid: "b83974fb05ad4e3a951a87c1537e7b0f" member_type: VOTER last_known_addr { host: "127.6.65.130" port: 46171 } } peers { permanent_uuid: "61ac9217c22c423683bed72601b75403" member_type: VOTER last_known_addr { host: "127.6.65.131" port: 34757 } }
I20260709 14:47:29.163305  7231 tablet_bootstrap.cc:654] T 8adb214dd76943b692c02da65eb6841f P 617ae571cea64864bf1fe7d2e1dbad2a: Neither blocks nor log segments found. Creating new log.
I20260709 14:47:29.175770  7230 tablet_bootstrap.cc:492] T e98ca0a0fdce411ca6b32481c2932dd4 P 61ac9217c22c423683bed72601b75403: No bootstrap required, opened a new log
I20260709 14:47:29.176364  7230 ts_tablet_manager.cc:1403] T e98ca0a0fdce411ca6b32481c2932dd4 P 61ac9217c22c423683bed72601b75403: Time spent bootstrapping tablet: real 0.046s	user 0.022s	sys 0.012s
I20260709 14:47:29.178138  7235 raft_consensus.cc:493] T 562de7d256554889b4c30939e69ac425 P 61ac9217c22c423683bed72601b75403 [term 0 FOLLOWER]: Starting pre-election (no leader contacted us within the election timeout)
I20260709 14:47:29.178632  7235 raft_consensus.cc:515] T 562de7d256554889b4c30939e69ac425 P 61ac9217c22c423683bed72601b75403 [term 0 FOLLOWER]: Starting pre-election with config: opid_index: -1 OBSOLETE_local: false peers { permanent_uuid: "617ae571cea64864bf1fe7d2e1dbad2a" member_type: VOTER last_known_addr { host: "127.6.65.129" port: 34399 } } peers { permanent_uuid: "b83974fb05ad4e3a951a87c1537e7b0f" member_type: VOTER last_known_addr { host: "127.6.65.130" port: 46171 } } peers { permanent_uuid: "61ac9217c22c423683bed72601b75403" member_type: VOTER last_known_addr { host: "127.6.65.131" port: 34757 } }
I20260709 14:47:29.179414  7230 raft_consensus.cc:359] T e98ca0a0fdce411ca6b32481c2932dd4 P 61ac9217c22c423683bed72601b75403 [term 0 FOLLOWER]: Replica starting. Triggering 0 pending ops. Active config: opid_index: -1 OBSOLETE_local: false peers { permanent_uuid: "617ae571cea64864bf1fe7d2e1dbad2a" member_type: VOTER last_known_addr { host: "127.6.65.129" port: 34399 } } peers { permanent_uuid: "b83974fb05ad4e3a951a87c1537e7b0f" member_type: VOTER last_known_addr { host: "127.6.65.130" port: 46171 } } peers { permanent_uuid: "61ac9217c22c423683bed72601b75403" member_type: VOTER last_known_addr { host: "127.6.65.131" port: 34757 } }
I20260709 14:47:29.180127  7230 raft_consensus.cc:385] T e98ca0a0fdce411ca6b32481c2932dd4 P 61ac9217c22c423683bed72601b75403 [term 0 FOLLOWER]: Consensus starting up: Expiring failure detector timer to make a prompt election more likely
I20260709 14:47:29.180395  7230 raft_consensus.cc:740] T e98ca0a0fdce411ca6b32481c2932dd4 P 61ac9217c22c423683bed72601b75403 [term 0 FOLLOWER]: Becoming Follower/Learner. State: Replica: 61ac9217c22c423683bed72601b75403, State: Initialized, Role: FOLLOWER
I20260709 14:47:29.180570  7235 leader_election.cc:290] T 562de7d256554889b4c30939e69ac425 P 61ac9217c22c423683bed72601b75403 [CANDIDATE]: Term 1 pre-election: Requested pre-vote from peers 617ae571cea64864bf1fe7d2e1dbad2a (127.6.65.129:34399), b83974fb05ad4e3a951a87c1537e7b0f (127.6.65.130:46171)
I20260709 14:47:29.184111  7230 consensus_queue.cc:260] T e98ca0a0fdce411ca6b32481c2932dd4 P 61ac9217c22c423683bed72601b75403 [NON_LEADER]: Queue going to NON_LEADER mode. State: All replicated index: 0, Majority replicated index: 0, Committed index: 0, Last appended: 0.0, Last appended by leader: 0, Current term: 0, Majority size: -1, State: 0, Mode: NON_LEADER, active raft config: opid_index: -1 OBSOLETE_local: false peers { permanent_uuid: "617ae571cea64864bf1fe7d2e1dbad2a" member_type: VOTER last_known_addr { host: "127.6.65.129" port: 34399 } } peers { permanent_uuid: "b83974fb05ad4e3a951a87c1537e7b0f" member_type: VOTER last_known_addr { host: "127.6.65.130" port: 46171 } } peers { permanent_uuid: "61ac9217c22c423683bed72601b75403" member_type: VOTER last_known_addr { host: "127.6.65.131" port: 34757 } }
I20260709 14:47:29.185798  7231 tablet_bootstrap.cc:492] T 8adb214dd76943b692c02da65eb6841f P 617ae571cea64864bf1fe7d2e1dbad2a: No bootstrap required, opened a new log
I20260709 14:47:29.186307  7231 ts_tablet_manager.cc:1403] T 8adb214dd76943b692c02da65eb6841f P 617ae571cea64864bf1fe7d2e1dbad2a: Time spent bootstrapping tablet: real 0.051s	user 0.013s	sys 0.000s
I20260709 14:47:29.186407  7230 ts_tablet_manager.cc:1434] T e98ca0a0fdce411ca6b32481c2932dd4 P 61ac9217c22c423683bed72601b75403: Time spent starting tablet: real 0.010s	user 0.005s	sys 0.000s
I20260709 14:47:29.187741  7230 tablet_bootstrap.cc:492] T 3cf98f6ae79f47d0a5c1d8443aa83d12 P 61ac9217c22c423683bed72601b75403: Bootstrap starting.
I20260709 14:47:29.188377  7233 ts_tablet_manager.cc:1434] T 0390dca31a284ebc91b51fa106e52937 P b83974fb05ad4e3a951a87c1537e7b0f: Time spent starting tablet: real 0.048s	user 0.010s	sys 0.003s
I20260709 14:47:29.189329  7233 tablet_bootstrap.cc:492] T 3cf98f6ae79f47d0a5c1d8443aa83d12 P b83974fb05ad4e3a951a87c1537e7b0f: Bootstrap starting.
I20260709 14:47:29.190449  7231 raft_consensus.cc:359] T 8adb214dd76943b692c02da65eb6841f P 617ae571cea64864bf1fe7d2e1dbad2a [term 0 FOLLOWER]: Replica starting. Triggering 0 pending ops. Active config: opid_index: -1 OBSOLETE_local: false peers { permanent_uuid: "617ae571cea64864bf1fe7d2e1dbad2a" member_type: VOTER last_known_addr { host: "127.6.65.129" port: 34399 } } peers { permanent_uuid: "b83974fb05ad4e3a951a87c1537e7b0f" member_type: VOTER last_known_addr { host: "127.6.65.130" port: 46171 } } peers { permanent_uuid: "61ac9217c22c423683bed72601b75403" member_type: VOTER last_known_addr { host: "127.6.65.131" port: 34757 } }
I20260709 14:47:29.191210  7231 raft_consensus.cc:385] T 8adb214dd76943b692c02da65eb6841f P 617ae571cea64864bf1fe7d2e1dbad2a [term 0 FOLLOWER]: Consensus starting up: Expiring failure detector timer to make a prompt election more likely
I20260709 14:47:29.191560  7231 raft_consensus.cc:740] T 8adb214dd76943b692c02da65eb6841f P 617ae571cea64864bf1fe7d2e1dbad2a [term 0 FOLLOWER]: Becoming Follower/Learner. State: Replica: 617ae571cea64864bf1fe7d2e1dbad2a, State: Initialized, Role: FOLLOWER
I20260709 14:47:29.192384  7231 consensus_queue.cc:260] T 8adb214dd76943b692c02da65eb6841f P 617ae571cea64864bf1fe7d2e1dbad2a [NON_LEADER]: Queue going to NON_LEADER mode. State: All replicated index: 0, Majority replicated index: 0, Committed index: 0, Last appended: 0.0, Last appended by leader: 0, Current term: 0, Majority size: -1, State: 0, Mode: NON_LEADER, active raft config: opid_index: -1 OBSOLETE_local: false peers { permanent_uuid: "617ae571cea64864bf1fe7d2e1dbad2a" member_type: VOTER last_known_addr { host: "127.6.65.129" port: 34399 } } peers { permanent_uuid: "b83974fb05ad4e3a951a87c1537e7b0f" member_type: VOTER last_known_addr { host: "127.6.65.130" port: 46171 } } peers { permanent_uuid: "61ac9217c22c423683bed72601b75403" member_type: VOTER last_known_addr { host: "127.6.65.131" port: 34757 } }
I20260709 14:47:29.196535  7041 tablet_service.cc:1917] Received RequestConsensusVote() RPC: tablet_id: "00c7d07aca1a492fa81576e66f051e24" candidate_uuid: "61ac9217c22c423683bed72601b75403" candidate_term: 1 candidate_status { last_received { term: 0 index: 0 } } ignore_live_leader: false dest_uuid: "617ae571cea64864bf1fe7d2e1dbad2a" is_pre_election: true
I20260709 14:47:29.197292  7041 raft_consensus.cc:2468] T 00c7d07aca1a492fa81576e66f051e24 P 617ae571cea64864bf1fe7d2e1dbad2a [term 0 FOLLOWER]: Leader pre-election vote request: Granting yes vote for candidate 61ac9217c22c423683bed72601b75403 in term 0.
I20260709 14:47:29.198611  7040 tablet_service.cc:1917] Received RequestConsensusVote() RPC: tablet_id: "562de7d256554889b4c30939e69ac425" candidate_uuid: "61ac9217c22c423683bed72601b75403" candidate_term: 1 candidate_status { last_received { term: 0 index: 0 } } ignore_live_leader: false dest_uuid: "617ae571cea64864bf1fe7d2e1dbad2a" is_pre_election: true
I20260709 14:47:29.197736  7230 tablet_bootstrap.cc:654] T 3cf98f6ae79f47d0a5c1d8443aa83d12 P 61ac9217c22c423683bed72601b75403: Neither blocks nor log segments found. Creating new log.
I20260709 14:47:29.201767  7231 ts_tablet_manager.cc:1434] T 8adb214dd76943b692c02da65eb6841f P 617ae571cea64864bf1fe7d2e1dbad2a: Time spent starting tablet: real 0.015s	user 0.005s	sys 0.001s
I20260709 14:47:29.202677  7231 tablet_bootstrap.cc:492] T 562de7d256554889b4c30939e69ac425 P 617ae571cea64864bf1fe7d2e1dbad2a: Bootstrap starting.
I20260709 14:47:29.202713  7236 raft_consensus.cc:493] T 8adb214dd76943b692c02da65eb6841f P 617ae571cea64864bf1fe7d2e1dbad2a [term 0 FOLLOWER]: Starting pre-election (no leader contacted us within the election timeout)
I20260709 14:47:29.204296  7154 leader_election.cc:304] T 00c7d07aca1a492fa81576e66f051e24 P 61ac9217c22c423683bed72601b75403 [CANDIDATE]: Term 1 pre-election: Election decided. Result: candidate won. Election summary: received 2 responses out of 3 voters: 2 yes votes; 0 no votes. yes voters: 617ae571cea64864bf1fe7d2e1dbad2a, 61ac9217c22c423683bed72601b75403; no voters: 
I20260709 14:47:29.204382  7236 raft_consensus.cc:515] T 8adb214dd76943b692c02da65eb6841f P 617ae571cea64864bf1fe7d2e1dbad2a [term 0 FOLLOWER]: Starting pre-election with config: opid_index: -1 OBSOLETE_local: false peers { permanent_uuid: "617ae571cea64864bf1fe7d2e1dbad2a" member_type: VOTER last_known_addr { host: "127.6.65.129" port: 34399 } } peers { permanent_uuid: "b83974fb05ad4e3a951a87c1537e7b0f" member_type: VOTER last_known_addr { host: "127.6.65.130" port: 46171 } } peers { permanent_uuid: "61ac9217c22c423683bed72601b75403" member_type: VOTER last_known_addr { host: "127.6.65.131" port: 34757 } }
W20260709 14:47:29.205255  7154 leader_election.cc:343] T 562de7d256554889b4c30939e69ac425 P 61ac9217c22c423683bed72601b75403 [CANDIDATE]: Term 1 pre-election: Tablet error from VoteRequest() call to peer 617ae571cea64864bf1fe7d2e1dbad2a (127.6.65.129:34399): Illegal state: must be running to vote when last-logged opid is not known
I20260709 14:47:29.205549  7235 raft_consensus.cc:2804] T 00c7d07aca1a492fa81576e66f051e24 P 61ac9217c22c423683bed72601b75403 [term 0 FOLLOWER]: Leader pre-election won for term 1
I20260709 14:47:29.206512  7235 raft_consensus.cc:493] T 00c7d07aca1a492fa81576e66f051e24 P 61ac9217c22c423683bed72601b75403 [term 0 FOLLOWER]: Starting leader election (no leader contacted us within the election timeout)
I20260709 14:47:29.206892  7235 raft_consensus.cc:3060] T 00c7d07aca1a492fa81576e66f051e24 P 61ac9217c22c423683bed72601b75403 [term 0 FOLLOWER]: Advancing to term 1
I20260709 14:47:29.206480  7236 leader_election.cc:290] T 8adb214dd76943b692c02da65eb6841f P 617ae571cea64864bf1fe7d2e1dbad2a [CANDIDATE]: Term 1 pre-election: Requested pre-vote from peers b83974fb05ad4e3a951a87c1537e7b0f (127.6.65.130:46171), 61ac9217c22c423683bed72601b75403 (127.6.65.131:34757)
I20260709 14:47:29.210153  7040 tablet_service.cc:1917] Received RequestConsensusVote() RPC: tablet_id: "3095bee83b094e1eae7564400bb8e08d" candidate_uuid: "b83974fb05ad4e3a951a87c1537e7b0f" candidate_term: 1 candidate_status { last_received { term: 0 index: 0 } } ignore_live_leader: false dest_uuid: "617ae571cea64864bf1fe7d2e1dbad2a" is_pre_election: true
I20260709 14:47:29.210561  7190 tablet_service.cc:1917] Received RequestConsensusVote() RPC: tablet_id: "3cf98f6ae79f47d0a5c1d8443aa83d12" candidate_uuid: "617ae571cea64864bf1fe7d2e1dbad2a" candidate_term: 1 candidate_status { last_received { term: 0 index: 0 } } ignore_live_leader: false dest_uuid: "61ac9217c22c423683bed72601b75403" is_pre_election: true
I20260709 14:47:29.210794  7040 raft_consensus.cc:2468] T 3095bee83b094e1eae7564400bb8e08d P 617ae571cea64864bf1fe7d2e1dbad2a [term 0 FOLLOWER]: Leader pre-election vote request: Granting yes vote for candidate b83974fb05ad4e3a951a87c1537e7b0f in term 0.
I20260709 14:47:29.211467  7236 raft_consensus.cc:493] T e98ca0a0fdce411ca6b32481c2932dd4 P 617ae571cea64864bf1fe7d2e1dbad2a [term 0 FOLLOWER]: Starting pre-election (no leader contacted us within the election timeout)
I20260709 14:47:29.211910  7236 raft_consensus.cc:515] T e98ca0a0fdce411ca6b32481c2932dd4 P 617ae571cea64864bf1fe7d2e1dbad2a [term 0 FOLLOWER]: Starting pre-election with config: opid_index: -1 OBSOLETE_local: false peers { permanent_uuid: "617ae571cea64864bf1fe7d2e1dbad2a" member_type: VOTER last_known_addr { host: "127.6.65.129" port: 34399 } } peers { permanent_uuid: "b83974fb05ad4e3a951a87c1537e7b0f" member_type: VOTER last_known_addr { host: "127.6.65.130" port: 46171 } } peers { permanent_uuid: "61ac9217c22c423683bed72601b75403" member_type: VOTER last_known_addr { host: "127.6.65.131" port: 34757 } }
I20260709 14:47:29.212194  7116 tablet_service.cc:1917] Received RequestConsensusVote() RPC: tablet_id: "00c7d07aca1a492fa81576e66f051e24" candidate_uuid: "61ac9217c22c423683bed72601b75403" candidate_term: 1 candidate_status { last_received { term: 0 index: 0 } } ignore_live_leader: false dest_uuid: "b83974fb05ad4e3a951a87c1537e7b0f" is_pre_election: true
I20260709 14:47:29.212862  7233 tablet_bootstrap.cc:654] T 3cf98f6ae79f47d0a5c1d8443aa83d12 P b83974fb05ad4e3a951a87c1537e7b0f: Neither blocks nor log segments found. Creating new log.
I20260709 14:47:29.212834  7116 raft_consensus.cc:2468] T 00c7d07aca1a492fa81576e66f051e24 P b83974fb05ad4e3a951a87c1537e7b0f [term 0 FOLLOWER]: Leader pre-election vote request: Granting yes vote for candidate 61ac9217c22c423683bed72601b75403 in term 0.
I20260709 14:47:29.213876  7236 leader_election.cc:290] T e98ca0a0fdce411ca6b32481c2932dd4 P 617ae571cea64864bf1fe7d2e1dbad2a [CANDIDATE]: Term 1 pre-election: Requested pre-vote from peers b83974fb05ad4e3a951a87c1537e7b0f (127.6.65.130:46171), 61ac9217c22c423683bed72601b75403 (127.6.65.131:34757)
I20260709 14:47:29.214026  7115 tablet_service.cc:1917] Received RequestConsensusVote() RPC: tablet_id: "562de7d256554889b4c30939e69ac425" candidate_uuid: "61ac9217c22c423683bed72601b75403" candidate_term: 1 candidate_status { last_received { term: 0 index: 0 } } ignore_live_leader: false dest_uuid: "b83974fb05ad4e3a951a87c1537e7b0f" is_pre_election: true
I20260709 14:47:29.214663  7115 raft_consensus.cc:2468] T 562de7d256554889b4c30939e69ac425 P b83974fb05ad4e3a951a87c1537e7b0f [term 0 FOLLOWER]: Leader pre-election vote request: Granting yes vote for candidate 61ac9217c22c423683bed72601b75403 in term 0.
W20260709 14:47:29.216480  7007 leader_election.cc:343] T 3cf98f6ae79f47d0a5c1d8443aa83d12 P 617ae571cea64864bf1fe7d2e1dbad2a [CANDIDATE]: Term 1 pre-election: Tablet error from VoteRequest() call to peer 61ac9217c22c423683bed72601b75403 (127.6.65.131:34757): Illegal state: must be running to vote when last-logged opid is not known
I20260709 14:47:29.216404  7235 raft_consensus.cc:515] T 00c7d07aca1a492fa81576e66f051e24 P 61ac9217c22c423683bed72601b75403 [term 1 FOLLOWER]: Starting leader election with config: opid_index: -1 OBSOLETE_local: false peers { permanent_uuid: "617ae571cea64864bf1fe7d2e1dbad2a" member_type: VOTER last_known_addr { host: "127.6.65.129" port: 34399 } } peers { permanent_uuid: "b83974fb05ad4e3a951a87c1537e7b0f" member_type: VOTER last_known_addr { host: "127.6.65.130" port: 46171 } } peers { permanent_uuid: "61ac9217c22c423683bed72601b75403" member_type: VOTER last_known_addr { host: "127.6.65.131" port: 34757 } }
I20260709 14:47:29.217397  7190 tablet_service.cc:1917] Received RequestConsensusVote() RPC: tablet_id: "8adb214dd76943b692c02da65eb6841f" candidate_uuid: "617ae571cea64864bf1fe7d2e1dbad2a" candidate_term: 1 candidate_status { last_received { term: 0 index: 0 } } ignore_live_leader: false dest_uuid: "61ac9217c22c423683bed72601b75403" is_pre_election: true
I20260709 14:47:29.217923  7235 leader_election.cc:290] T 00c7d07aca1a492fa81576e66f051e24 P 61ac9217c22c423683bed72601b75403 [CANDIDATE]: Term 1 election: Requested vote from peers 617ae571cea64864bf1fe7d2e1dbad2a (127.6.65.129:34399), b83974fb05ad4e3a951a87c1537e7b0f (127.6.65.130:46171)
I20260709 14:47:29.217815  7041 tablet_service.cc:1917] Received RequestConsensusVote() RPC: tablet_id: "e1df97cc740345c7a2d763956ce5bf3b" candidate_uuid: "b83974fb05ad4e3a951a87c1537e7b0f" candidate_term: 1 candidate_status { last_received { term: 0 index: 0 } } ignore_live_leader: false dest_uuid: "617ae571cea64864bf1fe7d2e1dbad2a" is_pre_election: true
I20260709 14:47:29.218464  7041 raft_consensus.cc:2468] T e1df97cc740345c7a2d763956ce5bf3b P 617ae571cea64864bf1fe7d2e1dbad2a [term 0 FOLLOWER]: Leader pre-election vote request: Granting yes vote for candidate b83974fb05ad4e3a951a87c1537e7b0f in term 0.
I20260709 14:47:29.219231  7154 leader_election.cc:304] T 562de7d256554889b4c30939e69ac425 P 61ac9217c22c423683bed72601b75403 [CANDIDATE]: Term 1 pre-election: Election decided. Result: candidate won. Election summary: received 3 responses out of 3 voters: 2 yes votes; 1 no votes. yes voters: 61ac9217c22c423683bed72601b75403, b83974fb05ad4e3a951a87c1537e7b0f; no voters: 617ae571cea64864bf1fe7d2e1dbad2a
I20260709 14:47:29.220088  7235 raft_consensus.cc:2804] T 562de7d256554889b4c30939e69ac425 P 61ac9217c22c423683bed72601b75403 [term 0 FOLLOWER]: Leader pre-election won for term 1
I20260709 14:47:29.220502  7235 raft_consensus.cc:493] T 562de7d256554889b4c30939e69ac425 P 61ac9217c22c423683bed72601b75403 [term 0 FOLLOWER]: Starting leader election (no leader contacted us within the election timeout)
I20260709 14:47:29.220834  7190 tablet_service.cc:1917] Received RequestConsensusVote() RPC: tablet_id: "3095bee83b094e1eae7564400bb8e08d" candidate_uuid: "b83974fb05ad4e3a951a87c1537e7b0f" candidate_term: 1 candidate_status { last_received { term: 0 index: 0 } } ignore_live_leader: false dest_uuid: "61ac9217c22c423683bed72601b75403" is_pre_election: true
I20260709 14:47:29.220906  7235 raft_consensus.cc:3060] T 562de7d256554889b4c30939e69ac425 P 61ac9217c22c423683bed72601b75403 [term 0 FOLLOWER]: Advancing to term 1
I20260709 14:47:29.223001  7189 tablet_service.cc:1917] Received RequestConsensusVote() RPC: tablet_id: "e1df97cc740345c7a2d763956ce5bf3b" candidate_uuid: "b83974fb05ad4e3a951a87c1537e7b0f" candidate_term: 1 candidate_status { last_received { term: 0 index: 0 } } ignore_live_leader: false dest_uuid: "61ac9217c22c423683bed72601b75403" is_pre_election: true
I20260709 14:47:29.223455  7188 tablet_service.cc:1917] Received RequestConsensusVote() RPC: tablet_id: "e98ca0a0fdce411ca6b32481c2932dd4" candidate_uuid: "617ae571cea64864bf1fe7d2e1dbad2a" candidate_term: 1 candidate_status { last_received { term: 0 index: 0 } } ignore_live_leader: false dest_uuid: "61ac9217c22c423683bed72601b75403" is_pre_election: true
I20260709 14:47:29.223863  7189 raft_consensus.cc:2468] T e1df97cc740345c7a2d763956ce5bf3b P 61ac9217c22c423683bed72601b75403 [term 0 FOLLOWER]: Leader pre-election vote request: Granting yes vote for candidate b83974fb05ad4e3a951a87c1537e7b0f in term 0.
I20260709 14:47:29.224124  7188 raft_consensus.cc:2468] T e98ca0a0fdce411ca6b32481c2932dd4 P 61ac9217c22c423683bed72601b75403 [term 0 FOLLOWER]: Leader pre-election vote request: Granting yes vote for candidate 617ae571cea64864bf1fe7d2e1dbad2a in term 0.
I20260709 14:47:29.224853  7190 raft_consensus.cc:2468] T 3095bee83b094e1eae7564400bb8e08d P 61ac9217c22c423683bed72601b75403 [term 0 FOLLOWER]: Leader pre-election vote request: Granting yes vote for candidate b83974fb05ad4e3a951a87c1537e7b0f in term 0.
