I20260709 14:48:17.498648  1133 raft_consensus.cc:3060] T 33eb874b0b1c4789b6d2dc178edafec8 P 03d09b4ca5424fa7bf2b1665ed132acf [term 0 FOLLOWER]: Advancing to term 1
I20260709 14:48:17.498733  1057 raft_consensus.cc:3060] T 33eb874b0b1c4789b6d2dc178edafec8 P 7c53601861d7407b9e469348b16c1530 [term 0 FOLLOWER]: Advancing to term 1
I20260709 14:48:17.498659  1255 raft_consensus.cc:493] T 5ebfacefb2f4459f896c85e4c737164b P 03d09b4ca5424fa7bf2b1665ed132acf [term 0 FOLLOWER]: Starting pre-election (no leader contacted us within the election timeout)
I20260709 14:48:17.503738  1133 raft_consensus.cc:2468] T 33eb874b0b1c4789b6d2dc178edafec8 P 03d09b4ca5424fa7bf2b1665ed132acf [term 1 FOLLOWER]: Leader election vote request: Granting yes vote for candidate b828d67a141041e68626337e71fba3ee in term 1.
I20260709 14:48:17.503741  1057 raft_consensus.cc:2468] T 33eb874b0b1c4789b6d2dc178edafec8 P 7c53601861d7407b9e469348b16c1530 [term 1 FOLLOWER]: Leader election vote request: Granting yes vote for candidate b828d67a141041e68626337e71fba3ee in term 1.
I20260709 14:48:17.504012  1255 raft_consensus.cc:515] T 5ebfacefb2f4459f896c85e4c737164b P 03d09b4ca5424fa7bf2b1665ed132acf [term 0 FOLLOWER]: Starting pre-election with config: opid_index: -1 OBSOLETE_local: false peers { permanent_uuid: "7c53601861d7407b9e469348b16c1530" member_type: VOTER last_known_addr { host: "127.0.107.193" port: 44641 } } peers { permanent_uuid: "03d09b4ca5424fa7bf2b1665ed132acf" member_type: VOTER last_known_addr { host: "127.0.107.194" port: 43469 } } peers { permanent_uuid: "b828d67a141041e68626337e71fba3ee" member_type: VOTER last_known_addr { host: "127.0.107.195" port: 45981 } }
I20260709 14:48:17.504953  1170 leader_election.cc:304] T 33eb874b0b1c4789b6d2dc178edafec8 P b828d67a141041e68626337e71fba3ee [CANDIDATE]: Term 1 election: Election decided. Result: candidate won. Election summary: received 2 responses out of 3 voters: 2 yes votes; 0 no votes. yes voters: 03d09b4ca5424fa7bf2b1665ed132acf, b828d67a141041e68626337e71fba3ee; no voters: 
I20260709 14:48:17.505641  1258 raft_consensus.cc:2804] T 33eb874b0b1c4789b6d2dc178edafec8 P b828d67a141041e68626337e71fba3ee [term 1 FOLLOWER]: Leader election won for term 1
I20260709 14:48:17.506198  1255 leader_election.cc:290] T 5ebfacefb2f4459f896c85e4c737164b P 03d09b4ca5424fa7bf2b1665ed132acf [CANDIDATE]: Term 1 pre-election: Requested pre-vote from peers 7c53601861d7407b9e469348b16c1530 (127.0.107.193:44641), b828d67a141041e68626337e71fba3ee (127.0.107.195:45981)
I20260709 14:48:17.506827  1258 raft_consensus.cc:697] T 33eb874b0b1c4789b6d2dc178edafec8 P b828d67a141041e68626337e71fba3ee [term 1 LEADER]: Becoming Leader. State: Replica: b828d67a141041e68626337e71fba3ee, State: Running, Role: LEADER
I20260709 14:48:17.507105  1057 tablet_service.cc:1917] Received RequestConsensusVote() RPC: tablet_id: "5ebfacefb2f4459f896c85e4c737164b" candidate_uuid: "03d09b4ca5424fa7bf2b1665ed132acf" candidate_term: 1 candidate_status { last_received { term: 0 index: 0 } } ignore_live_leader: false dest_uuid: "7c53601861d7407b9e469348b16c1530" is_pre_election: true
I20260709 14:48:17.507169  1206 tablet_service.cc:1917] Received RequestConsensusVote() RPC: tablet_id: "5ebfacefb2f4459f896c85e4c737164b" candidate_uuid: "03d09b4ca5424fa7bf2b1665ed132acf" candidate_term: 1 candidate_status { last_received { term: 0 index: 0 } } ignore_live_leader: false dest_uuid: "b828d67a141041e68626337e71fba3ee" is_pre_election: true
I20260709 14:48:17.507819  1057 raft_consensus.cc:2468] T 5ebfacefb2f4459f896c85e4c737164b P 7c53601861d7407b9e469348b16c1530 [term 0 FOLLOWER]: Leader pre-election vote request: Granting yes vote for candidate 03d09b4ca5424fa7bf2b1665ed132acf in term 0.
I20260709 14:48:17.507896  1206 raft_consensus.cc:2468] T 5ebfacefb2f4459f896c85e4c737164b P b828d67a141041e68626337e71fba3ee [term 0 FOLLOWER]: Leader pre-election vote request: Granting yes vote for candidate 03d09b4ca5424fa7bf2b1665ed132acf in term 0.
I20260709 14:48:17.507711  1258 consensus_queue.cc:237] T 33eb874b0b1c4789b6d2dc178edafec8 P b828d67a141041e68626337e71fba3ee [LEADER]: Queue going to LEADER mode. State: All replicated index: 0, Majority replicated index: 0, Committed index: 0, Last appended: 0.0, Last appended by leader: 0, Current term: 1, Majority size: 2, State: 0, Mode: LEADER, active raft config: opid_index: -1 OBSOLETE_local: false peers { permanent_uuid: "7c53601861d7407b9e469348b16c1530" member_type: VOTER last_known_addr { host: "127.0.107.193" port: 44641 } } peers { permanent_uuid: "03d09b4ca5424fa7bf2b1665ed132acf" member_type: VOTER last_known_addr { host: "127.0.107.194" port: 43469 } } peers { permanent_uuid: "b828d67a141041e68626337e71fba3ee" member_type: VOTER last_known_addr { host: "127.0.107.195" port: 45981 } }
I20260709 14:48:17.508819  1098 leader_election.cc:304] T 5ebfacefb2f4459f896c85e4c737164b P 03d09b4ca5424fa7bf2b1665ed132acf [CANDIDATE]: Term 1 pre-election: Election decided. Result: candidate won. Election summary: received 2 responses out of 3 voters: 2 yes votes; 0 no votes. yes voters: 03d09b4ca5424fa7bf2b1665ed132acf, b828d67a141041e68626337e71fba3ee; no voters: 
I20260709 14:48:17.509519  1255 raft_consensus.cc:2804] T 5ebfacefb2f4459f896c85e4c737164b P 03d09b4ca5424fa7bf2b1665ed132acf [term 0 FOLLOWER]: Leader pre-election won for term 1
I20260709 14:48:17.509965  1255 raft_consensus.cc:493] T 5ebfacefb2f4459f896c85e4c737164b P 03d09b4ca5424fa7bf2b1665ed132acf [term 0 FOLLOWER]: Starting leader election (no leader contacted us within the election timeout)
I20260709 14:48:17.510298  1255 raft_consensus.cc:3060] T 5ebfacefb2f4459f896c85e4c737164b P 03d09b4ca5424fa7bf2b1665ed132acf [term 0 FOLLOWER]: Advancing to term 1
I20260709 14:48:17.516088  1255 raft_consensus.cc:515] T 5ebfacefb2f4459f896c85e4c737164b P 03d09b4ca5424fa7bf2b1665ed132acf [term 1 FOLLOWER]: Starting leader election with config: opid_index: -1 OBSOLETE_local: false peers { permanent_uuid: "7c53601861d7407b9e469348b16c1530" member_type: VOTER last_known_addr { host: "127.0.107.193" port: 44641 } } peers { permanent_uuid: "03d09b4ca5424fa7bf2b1665ed132acf" member_type: VOTER last_known_addr { host: "127.0.107.194" port: 43469 } } peers { permanent_uuid: "b828d67a141041e68626337e71fba3ee" member_type: VOTER last_known_addr { host: "127.0.107.195" port: 45981 } }
I20260709 14:48:17.515833   956 catalog_manager.cc:5697] T 33eb874b0b1c4789b6d2dc178edafec8 P b828d67a141041e68626337e71fba3ee reported cstate change: term changed from 0 to 1, leader changed from <none> to b828d67a141041e68626337e71fba3ee (127.0.107.195). New cstate: current_term: 1 leader_uuid: "b828d67a141041e68626337e71fba3ee" committed_config { opid_index: -1 OBSOLETE_local: false peers { permanent_uuid: "7c53601861d7407b9e469348b16c1530" member_type: VOTER last_known_addr { host: "127.0.107.193" port: 44641 } health_report { overall_health: UNKNOWN } } peers { permanent_uuid: "03d09b4ca5424fa7bf2b1665ed132acf" member_type: VOTER last_known_addr { host: "127.0.107.194" port: 43469 } health_report { overall_health: UNKNOWN } } peers { permanent_uuid: "b828d67a141041e68626337e71fba3ee" member_type: VOTER last_known_addr { host: "127.0.107.195" port: 45981 } health_report { overall_health: HEALTHY } } }
I20260709 14:48:17.517902  1255 leader_election.cc:290] T 5ebfacefb2f4459f896c85e4c737164b P 03d09b4ca5424fa7bf2b1665ed132acf [CANDIDATE]: Term 1 election: Requested vote from peers 7c53601861d7407b9e469348b16c1530 (127.0.107.193:44641), b828d67a141041e68626337e71fba3ee (127.0.107.195:45981)
I20260709 14:48:17.518627  1057 tablet_service.cc:1917] Received RequestConsensusVote() RPC: tablet_id: "5ebfacefb2f4459f896c85e4c737164b" candidate_uuid: "03d09b4ca5424fa7bf2b1665ed132acf" candidate_term: 1 candidate_status { last_received { term: 0 index: 0 } } ignore_live_leader: false dest_uuid: "7c53601861d7407b9e469348b16c1530"
I20260709 14:48:17.518929  1206 tablet_service.cc:1917] Received RequestConsensusVote() RPC: tablet_id: "5ebfacefb2f4459f896c85e4c737164b" candidate_uuid: "03d09b4ca5424fa7bf2b1665ed132acf" candidate_term: 1 candidate_status { last_received { term: 0 index: 0 } } ignore_live_leader: false dest_uuid: "b828d67a141041e68626337e71fba3ee"
I20260709 14:48:17.519184  1057 raft_consensus.cc:3060] T 5ebfacefb2f4459f896c85e4c737164b P 7c53601861d7407b9e469348b16c1530 [term 0 FOLLOWER]: Advancing to term 1
I20260709 14:48:17.519500  1206 raft_consensus.cc:3060] T 5ebfacefb2f4459f896c85e4c737164b P b828d67a141041e68626337e71fba3ee [term 0 FOLLOWER]: Advancing to term 1
I20260709 14:48:17.525895  1057 raft_consensus.cc:2468] T 5ebfacefb2f4459f896c85e4c737164b P 7c53601861d7407b9e469348b16c1530 [term 1 FOLLOWER]: Leader election vote request: Granting yes vote for candidate 03d09b4ca5424fa7bf2b1665ed132acf in term 1.
I20260709 14:48:17.526988  1206 raft_consensus.cc:2468] T 5ebfacefb2f4459f896c85e4c737164b P b828d67a141041e68626337e71fba3ee [term 1 FOLLOWER]: Leader election vote request: Granting yes vote for candidate 03d09b4ca5424fa7bf2b1665ed132acf in term 1.
I20260709 14:48:17.526940  1098 leader_election.cc:304] T 5ebfacefb2f4459f896c85e4c737164b P 03d09b4ca5424fa7bf2b1665ed132acf [CANDIDATE]: Term 1 election: Election decided. Result: candidate won. Election summary: received 2 responses out of 3 voters: 2 yes votes; 0 no votes. yes voters: 03d09b4ca5424fa7bf2b1665ed132acf, 7c53601861d7407b9e469348b16c1530; no voters: 
I20260709 14:48:17.527854  1255 raft_consensus.cc:2804] T 5ebfacefb2f4459f896c85e4c737164b P 03d09b4ca5424fa7bf2b1665ed132acf [term 1 FOLLOWER]: Leader election won for term 1
I20260709 14:48:17.528728  1255 raft_consensus.cc:697] T 5ebfacefb2f4459f896c85e4c737164b P 03d09b4ca5424fa7bf2b1665ed132acf [term 1 LEADER]: Becoming Leader. State: Replica: 03d09b4ca5424fa7bf2b1665ed132acf, State: Running, Role: LEADER
I20260709 14:48:17.529726  1255 consensus_queue.cc:237] T 5ebfacefb2f4459f896c85e4c737164b P 03d09b4ca5424fa7bf2b1665ed132acf [LEADER]: Queue going to LEADER mode. State: All replicated index: 0, Majority replicated index: 0, Committed index: 0, Last appended: 0.0, Last appended by leader: 0, Current term: 1, Majority size: 2, State: 0, Mode: LEADER, active raft config: opid_index: -1 OBSOLETE_local: false peers { permanent_uuid: "7c53601861d7407b9e469348b16c1530" member_type: VOTER last_known_addr { host: "127.0.107.193" port: 44641 } } peers { permanent_uuid: "03d09b4ca5424fa7bf2b1665ed132acf" member_type: VOTER last_known_addr { host: "127.0.107.194" port: 43469 } } peers { permanent_uuid: "b828d67a141041e68626337e71fba3ee" member_type: VOTER last_known_addr { host: "127.0.107.195" port: 45981 } }
I20260709 14:48:17.532802  1258 consensus_queue.cc:1048] T d55a32152b334dd2967ac765e8312adf P b828d67a141041e68626337e71fba3ee [LEADER]: Connected to new peer: Peer: permanent_uuid: "03d09b4ca5424fa7bf2b1665ed132acf" member_type: VOTER last_known_addr { host: "127.0.107.194" port: 43469 }, Status: LMP_MISMATCH, Last received: 0.0, Next index: 1, Last known committed idx: 0, Time since last communication: 0.000s
I20260709 14:48:17.537885   956 catalog_manager.cc:5697] T 5ebfacefb2f4459f896c85e4c737164b P 03d09b4ca5424fa7bf2b1665ed132acf reported cstate change: term changed from 0 to 1, leader changed from <none> to 03d09b4ca5424fa7bf2b1665ed132acf (127.0.107.194). New cstate: current_term: 1 leader_uuid: "03d09b4ca5424fa7bf2b1665ed132acf" committed_config { opid_index: -1 OBSOLETE_local: false peers { permanent_uuid: "7c53601861d7407b9e469348b16c1530" member_type: VOTER last_known_addr { host: "127.0.107.193" port: 44641 } health_report { overall_health: UNKNOWN } } peers { permanent_uuid: "03d09b4ca5424fa7bf2b1665ed132acf" member_type: VOTER last_known_addr { host: "127.0.107.194" port: 43469 } health_report { overall_health: HEALTHY } } peers { permanent_uuid: "b828d67a141041e68626337e71fba3ee" member_type: VOTER last_known_addr { host: "127.0.107.195" port: 45981 } health_report { overall_health: UNKNOWN } } }
I20260709 14:48:17.542114  1057 raft_consensus.cc:3060] T d55a32152b334dd2967ac765e8312adf P 7c53601861d7407b9e469348b16c1530 [term 0 FOLLOWER]: Advancing to term 1
I20260709 14:48:17.549932  1289 consensus_queue.cc:1048] T d55a32152b334dd2967ac765e8312adf P b828d67a141041e68626337e71fba3ee [LEADER]: Connected to new peer: Peer: permanent_uuid: "7c53601861d7407b9e469348b16c1530" member_type: VOTER last_known_addr { host: "127.0.107.193" port: 44641 }, Status: LMP_MISMATCH, Last received: 0.0, Next index: 1, Last known committed idx: 0, Time since last communication: 0.001s
I20260709 14:48:17.588133  1206 tablet_service.cc:2072] Received LeaderStepDown RPC: tablet_id: "d55a32152b334dd2967ac765e8312adf"
dest_uuid: "b828d67a141041e68626337e71fba3ee"
mode: GRACEFUL
new_leader_uuid: "7c53601861d7407b9e469348b16c1530"
 from {username='slave'} at 127.0.0.1:57798
I20260709 14:48:17.588613  1206 raft_consensus.cc:606] T d55a32152b334dd2967ac765e8312adf P b828d67a141041e68626337e71fba3ee [term 1 LEADER]: Received request to transfer leadership to TS 7c53601861d7407b9e469348b16c1530
I20260709 14:48:17.609155  1057 tablet_service.cc:2072] Received LeaderStepDown RPC: tablet_id: "db674dee5c9149eca3292ac22a394afe"
dest_uuid: "7c53601861d7407b9e469348b16c1530"
mode: GRACEFUL
new_leader_uuid: "03d09b4ca5424fa7bf2b1665ed132acf"
 from {username='slave'} at 127.0.0.1:53178
I20260709 14:48:17.609611  1057 raft_consensus.cc:606] T db674dee5c9149eca3292ac22a394afe P 7c53601861d7407b9e469348b16c1530 [term 1 LEADER]: Received request to transfer leadership to TS 03d09b4ca5424fa7bf2b1665ed132acf
I20260709 14:48:17.614041  1206 tablet_service.cc:2072] Received LeaderStepDown RPC: tablet_id: "73d054e8589b4074a3f67cc5a85ad671"
dest_uuid: "b828d67a141041e68626337e71fba3ee"
mode: GRACEFUL
new_leader_uuid: "03d09b4ca5424fa7bf2b1665ed132acf"
 from {username='slave'} at 127.0.0.1:57798
I20260709 14:48:17.614528  1206 raft_consensus.cc:606] T 73d054e8589b4074a3f67cc5a85ad671 P b828d67a141041e68626337e71fba3ee [term 1 LEADER]: Received request to transfer leadership to TS 03d09b4ca5424fa7bf2b1665ed132acf
I20260709 14:48:17.619328  1057 tablet_service.cc:2072] Received LeaderStepDown RPC: tablet_id: "363992ad766b420aa7e3c04652c65065"
dest_uuid: "7c53601861d7407b9e469348b16c1530"
mode: GRACEFUL
new_leader_uuid: "03d09b4ca5424fa7bf2b1665ed132acf"
 from {username='slave'} at 127.0.0.1:53178
I20260709 14:48:17.619581  1253 consensus_queue.cc:1048] T 0ee4020ab3f34139989771479107f076 P 7c53601861d7407b9e469348b16c1530 [LEADER]: Connected to new peer: Peer: permanent_uuid: "b828d67a141041e68626337e71fba3ee" member_type: VOTER last_known_addr { host: "127.0.107.195" port: 45981 }, Status: LMP_MISMATCH, Last received: 0.0, Next index: 1, Last known committed idx: 0, Time since last communication: 0.000s
I20260709 14:48:17.619907  1057 raft_consensus.cc:606] T 363992ad766b420aa7e3c04652c65065 P 7c53601861d7407b9e469348b16c1530 [term 1 LEADER]: Received request to transfer leadership to TS 03d09b4ca5424fa7bf2b1665ed132acf
I20260709 14:48:17.622468  1253 consensus_queue.cc:1048] T db674dee5c9149eca3292ac22a394afe P 7c53601861d7407b9e469348b16c1530 [LEADER]: Connected to new peer: Peer: permanent_uuid: "b828d67a141041e68626337e71fba3ee" member_type: VOTER last_known_addr { host: "127.0.107.195" port: 45981 }, Status: LMP_MISMATCH, Last received: 0.0, Next index: 1, Last known committed idx: 0, Time since last communication: 0.000s
I20260709 14:48:17.635003  1133 raft_consensus.cc:3060] T 0ee4020ab3f34139989771479107f076 P 03d09b4ca5424fa7bf2b1665ed132acf [term 0 FOLLOWER]: Advancing to term 1
I20260709 14:48:17.645062  1266 consensus_queue.cc:1048] T db674dee5c9149eca3292ac22a394afe P 7c53601861d7407b9e469348b16c1530 [LEADER]: Connected to new peer: Peer: permanent_uuid: "03d09b4ca5424fa7bf2b1665ed132acf" member_type: VOTER last_known_addr { host: "127.0.107.194" port: 43469 }, Status: LMP_MISMATCH, Last received: 0.0, Next index: 1, Last known committed idx: 0, Time since last communication: 0.000s
I20260709 14:48:17.645293  1253 consensus_queue.cc:1048] T 0ee4020ab3f34139989771479107f076 P 7c53601861d7407b9e469348b16c1530 [LEADER]: Connected to new peer: Peer: permanent_uuid: "03d09b4ca5424fa7bf2b1665ed132acf" member_type: VOTER last_known_addr { host: "127.0.107.194" port: 43469 }, Status: LMP_MISMATCH, Last received: 0.0, Next index: 1, Last known committed idx: 0, Time since last communication: 0.000s
I20260709 14:48:17.659195  1292 raft_consensus.cc:993] T db674dee5c9149eca3292ac22a394afe P 7c53601861d7407b9e469348b16c1530: : Instructing follower 03d09b4ca5424fa7bf2b1665ed132acf to start an election
I20260709 14:48:17.659642  1253 raft_consensus.cc:1081] T db674dee5c9149eca3292ac22a394afe P 7c53601861d7407b9e469348b16c1530 [term 1 LEADER]: Signalling peer 03d09b4ca5424fa7bf2b1665ed132acf to start an election
I20260709 14:48:17.661281  1133 tablet_service.cc:2044] Received Run Leader Election RPC: tablet_id: "db674dee5c9149eca3292ac22a394afe"
dest_uuid: "03d09b4ca5424fa7bf2b1665ed132acf"
 from {username='slave'} at 127.0.0.1:42120
I20260709 14:48:17.661815  1133 raft_consensus.cc:493] T db674dee5c9149eca3292ac22a394afe P 03d09b4ca5424fa7bf2b1665ed132acf [term 1 FOLLOWER]: Starting forced leader election (received explicit request)
I20260709 14:48:17.662215  1133 raft_consensus.cc:3060] T db674dee5c9149eca3292ac22a394afe P 03d09b4ca5424fa7bf2b1665ed132acf [term 1 FOLLOWER]: Advancing to term 2
I20260709 14:48:17.668807  1133 raft_consensus.cc:515] T db674dee5c9149eca3292ac22a394afe P 03d09b4ca5424fa7bf2b1665ed132acf [term 2 FOLLOWER]: Starting forced leader election with config: opid_index: -1 OBSOLETE_local: false peers { permanent_uuid: "7c53601861d7407b9e469348b16c1530" member_type: VOTER last_known_addr { host: "127.0.107.193" port: 44641 } } peers { permanent_uuid: "03d09b4ca5424fa7bf2b1665ed132acf" member_type: VOTER last_known_addr { host: "127.0.107.194" port: 43469 } } peers { permanent_uuid: "b828d67a141041e68626337e71fba3ee" member_type: VOTER last_known_addr { host: "127.0.107.195" port: 45981 } }
I20260709 14:48:17.670799  1133 leader_election.cc:290] T db674dee5c9149eca3292ac22a394afe P 03d09b4ca5424fa7bf2b1665ed132acf [CANDIDATE]: Term 2 election: Requested vote from peers 7c53601861d7407b9e469348b16c1530 (127.0.107.193:44641), b828d67a141041e68626337e71fba3ee (127.0.107.195:45981)
I20260709 14:48:17.671918  1057 tablet_service.cc:1917] Received RequestConsensusVote() RPC: tablet_id: "db674dee5c9149eca3292ac22a394afe" candidate_uuid: "03d09b4ca5424fa7bf2b1665ed132acf" candidate_term: 2 candidate_status { last_received { term: 1 index: 1 } } ignore_live_leader: true dest_uuid: "7c53601861d7407b9e469348b16c1530"
I20260709 14:48:17.672510  1057 raft_consensus.cc:3055] T db674dee5c9149eca3292ac22a394afe P 7c53601861d7407b9e469348b16c1530 [term 1 LEADER]: Stepping down as leader of term 1
I20260709 14:48:17.672822  1057 raft_consensus.cc:740] T db674dee5c9149eca3292ac22a394afe P 7c53601861d7407b9e469348b16c1530 [term 1 LEADER]: Becoming Follower/Learner. State: Replica: 7c53601861d7407b9e469348b16c1530, State: Running, Role: LEADER
I20260709 14:48:17.673767  1207 tablet_service.cc:1917] Received RequestConsensusVote() RPC: tablet_id: "db674dee5c9149eca3292ac22a394afe" candidate_uuid: "03d09b4ca5424fa7bf2b1665ed132acf" candidate_term: 2 candidate_status { last_received { term: 1 index: 1 } } ignore_live_leader: true dest_uuid: "b828d67a141041e68626337e71fba3ee"
I20260709 14:48:17.673602  1057 consensus_queue.cc:260] T db674dee5c9149eca3292ac22a394afe P 7c53601861d7407b9e469348b16c1530 [NON_LEADER]: Queue going to NON_LEADER mode. State: All replicated index: 0, Majority replicated index: 1, Committed index: 1, Last appended: 1.1, Last appended by leader: 1, Current term: 1, Majority size: -1, State: 0, Mode: NON_LEADER, active raft config: opid_index: -1 OBSOLETE_local: false peers { permanent_uuid: "7c53601861d7407b9e469348b16c1530" member_type: VOTER last_known_addr { host: "127.0.107.193" port: 44641 } } peers { permanent_uuid: "03d09b4ca5424fa7bf2b1665ed132acf" member_type: VOTER last_known_addr { host: "127.0.107.194" port: 43469 } } peers { permanent_uuid: "b828d67a141041e68626337e71fba3ee" member_type: VOTER last_known_addr { host: "127.0.107.195" port: 45981 } }
I20260709 14:48:17.674263  1207 raft_consensus.cc:3060] T db674dee5c9149eca3292ac22a394afe P b828d67a141041e68626337e71fba3ee [term 1 FOLLOWER]: Advancing to term 2
I20260709 14:48:17.674852  1057 raft_consensus.cc:3060] T db674dee5c9149eca3292ac22a394afe P 7c53601861d7407b9e469348b16c1530 [term 1 FOLLOWER]: Advancing to term 2
I20260709 14:48:17.681537  1057 raft_consensus.cc:2468] T db674dee5c9149eca3292ac22a394afe P 7c53601861d7407b9e469348b16c1530 [term 2 FOLLOWER]: Leader election vote request: Granting yes vote for candidate 03d09b4ca5424fa7bf2b1665ed132acf in term 2.
I20260709 14:48:17.676911  1289 consensus_queue.cc:1048] T 73d054e8589b4074a3f67cc5a85ad671 P b828d67a141041e68626337e71fba3ee [LEADER]: Connected to new peer: Peer: permanent_uuid: "7c53601861d7407b9e469348b16c1530" member_type: VOTER last_known_addr { host: "127.0.107.193" port: 44641 }, Status: LMP_MISMATCH, Last received: 0.0, Next index: 1, Last known committed idx: 0, Time since last communication: 0.005s
I20260709 14:48:17.682575  1098 leader_election.cc:304] T db674dee5c9149eca3292ac22a394afe P 03d09b4ca5424fa7bf2b1665ed132acf [CANDIDATE]: Term 2 election: Election decided. Result: candidate won. Election summary: received 2 responses out of 3 voters: 2 yes votes; 0 no votes. yes voters: 03d09b4ca5424fa7bf2b1665ed132acf, 7c53601861d7407b9e469348b16c1530; no voters: 
I20260709 14:48:17.681389  1207 raft_consensus.cc:2468] T db674dee5c9149eca3292ac22a394afe P b828d67a141041e68626337e71fba3ee [term 2 FOLLOWER]: Leader election vote request: Granting yes vote for candidate 03d09b4ca5424fa7bf2b1665ed132acf in term 2.
I20260709 14:48:17.683346  1255 raft_consensus.cc:2804] T db674dee5c9149eca3292ac22a394afe P 03d09b4ca5424fa7bf2b1665ed132acf [term 2 FOLLOWER]: Leader election won for term 2
I20260709 14:48:17.683838  1255 raft_consensus.cc:697] T db674dee5c9149eca3292ac22a394afe P 03d09b4ca5424fa7bf2b1665ed132acf [term 2 LEADER]: Becoming Leader. State: Replica: 03d09b4ca5424fa7bf2b1665ed132acf, State: Running, Role: LEADER
I20260709 14:48:17.684633  1255 consensus_queue.cc:237] T db674dee5c9149eca3292ac22a394afe P 03d09b4ca5424fa7bf2b1665ed132acf [LEADER]: Queue going to LEADER mode. State: All replicated index: 0, Majority replicated index: 1, Committed index: 1, Last appended: 1.1, Last appended by leader: 1, Current term: 2, Majority size: 2, State: 0, Mode: LEADER, active raft config: opid_index: -1 OBSOLETE_local: false peers { permanent_uuid: "7c53601861d7407b9e469348b16c1530" member_type: VOTER last_known_addr { host: "127.0.107.193" port: 44641 } } peers { permanent_uuid: "03d09b4ca5424fa7bf2b1665ed132acf" member_type: VOTER last_known_addr { host: "127.0.107.194" port: 43469 } } peers { permanent_uuid: "b828d67a141041e68626337e71fba3ee" member_type: VOTER last_known_addr { host: "127.0.107.195" port: 45981 } }
I20260709 14:48:17.694131  1254 consensus_queue.cc:1048] T 73d054e8589b4074a3f67cc5a85ad671 P b828d67a141041e68626337e71fba3ee [LEADER]: Connected to new peer: Peer: permanent_uuid: "03d09b4ca5424fa7bf2b1665ed132acf" member_type: VOTER last_known_addr { host: "127.0.107.194" port: 43469 }, Status: LMP_MISMATCH, Last received: 0.0, Next index: 1, Last known committed idx: 0, Time since last communication: 0.000s
I20260709 14:48:17.701967  1258 raft_consensus.cc:993] T 73d054e8589b4074a3f67cc5a85ad671 P b828d67a141041e68626337e71fba3ee: : Instructing follower 03d09b4ca5424fa7bf2b1665ed132acf to start an election
I20260709 14:48:17.702471  1254 raft_consensus.cc:1081] T 73d054e8589b4074a3f67cc5a85ad671 P b828d67a141041e68626337e71fba3ee [term 1 LEADER]: Signalling peer 03d09b4ca5424fa7bf2b1665ed132acf to start an election
I20260709 14:48:17.703202   956 catalog_manager.cc:5697] T db674dee5c9149eca3292ac22a394afe P 03d09b4ca5424fa7bf2b1665ed132acf reported cstate change: term changed from 1 to 2, leader changed from 7c53601861d7407b9e469348b16c1530 (127.0.107.193) to 03d09b4ca5424fa7bf2b1665ed132acf (127.0.107.194). New cstate: current_term: 2 leader_uuid: "03d09b4ca5424fa7bf2b1665ed132acf" committed_config { opid_index: -1 OBSOLETE_local: false peers { permanent_uuid: "7c53601861d7407b9e469348b16c1530" member_type: VOTER last_known_addr { host: "127.0.107.193" port: 44641 } health_report { overall_health: UNKNOWN } } peers { permanent_uuid: "03d09b4ca5424fa7bf2b1665ed132acf" member_type: VOTER last_known_addr { host: "127.0.107.194" port: 43469 } health_report { overall_health: HEALTHY } } peers { permanent_uuid: "b828d67a141041e68626337e71fba3ee" member_type: VOTER last_known_addr { host: "127.0.107.195" port: 45981 } health_report { overall_health: UNKNOWN } } }
I20260709 14:48:17.703926  1133 tablet_service.cc:2044] Received Run Leader Election RPC: tablet_id: "73d054e8589b4074a3f67cc5a85ad671"
dest_uuid: "03d09b4ca5424fa7bf2b1665ed132acf"
 from {username='slave'} at 127.0.0.1:42136
I20260709 14:48:17.704532  1133 raft_consensus.cc:493] T 73d054e8589b4074a3f67cc5a85ad671 P 03d09b4ca5424fa7bf2b1665ed132acf [term 1 FOLLOWER]: Starting forced leader election (received explicit request)
I20260709 14:48:17.704838  1133 raft_consensus.cc:3060] T 73d054e8589b4074a3f67cc5a85ad671 P 03d09b4ca5424fa7bf2b1665ed132acf [term 1 FOLLOWER]: Advancing to term 2
I20260709 14:48:17.709900  1133 raft_consensus.cc:515] T 73d054e8589b4074a3f67cc5a85ad671 P 03d09b4ca5424fa7bf2b1665ed132acf [term 2 FOLLOWER]: Starting forced leader election with config: opid_index: -1 OBSOLETE_local: false peers { permanent_uuid: "7c53601861d7407b9e469348b16c1530" member_type: VOTER last_known_addr { host: "127.0.107.193" port: 44641 } } peers { permanent_uuid: "03d09b4ca5424fa7bf2b1665ed132acf" member_type: VOTER last_known_addr { host: "127.0.107.194" port: 43469 } } peers { permanent_uuid: "b828d67a141041e68626337e71fba3ee" member_type: VOTER last_known_addr { host: "127.0.107.195" port: 45981 } }
I20260709 14:48:17.711705  1133 leader_election.cc:290] T 73d054e8589b4074a3f67cc5a85ad671 P 03d09b4ca5424fa7bf2b1665ed132acf [CANDIDATE]: Term 2 election: Requested vote from peers 7c53601861d7407b9e469348b16c1530 (127.0.107.193:44641), b828d67a141041e68626337e71fba3ee (127.0.107.195:45981)
I20260709 14:48:17.712754  1207 tablet_service.cc:1917] Received RequestConsensusVote() RPC: tablet_id: "73d054e8589b4074a3f67cc5a85ad671" candidate_uuid: "03d09b4ca5424fa7bf2b1665ed132acf" candidate_term: 2 candidate_status { last_received { term: 1 index: 1 } } ignore_live_leader: true dest_uuid: "b828d67a141041e68626337e71fba3ee"
I20260709 14:48:17.712731  1057 tablet_service.cc:1917] Received RequestConsensusVote() RPC: tablet_id: "73d054e8589b4074a3f67cc5a85ad671" candidate_uuid: "03d09b4ca5424fa7bf2b1665ed132acf" candidate_term: 2 candidate_status { last_received { term: 1 index: 1 } } ignore_live_leader: true dest_uuid: "7c53601861d7407b9e469348b16c1530"
I20260709 14:48:17.713467  1207 raft_consensus.cc:3055] T 73d054e8589b4074a3f67cc5a85ad671 P b828d67a141041e68626337e71fba3ee [term 1 LEADER]: Stepping down as leader of term 1
I20260709 14:48:17.713543  1057 raft_consensus.cc:3060] T 73d054e8589b4074a3f67cc5a85ad671 P 7c53601861d7407b9e469348b16c1530 [term 1 FOLLOWER]: Advancing to term 2
I20260709 14:48:17.713781  1207 raft_consensus.cc:740] T 73d054e8589b4074a3f67cc5a85ad671 P b828d67a141041e68626337e71fba3ee [term 1 LEADER]: Becoming Follower/Learner. State: Replica: b828d67a141041e68626337e71fba3ee, State: Running, Role: LEADER
I20260709 14:48:17.714612  1207 consensus_queue.cc:260] T 73d054e8589b4074a3f67cc5a85ad671 P b828d67a141041e68626337e71fba3ee [NON_LEADER]: Queue going to NON_LEADER mode. State: All replicated index: 0, Majority replicated index: 1, Committed index: 1, Last appended: 1.1, Last appended by leader: 1, Current term: 1, Majority size: -1, State: 0, Mode: NON_LEADER, active raft config: opid_index: -1 OBSOLETE_local: false peers { permanent_uuid: "7c53601861d7407b9e469348b16c1530" member_type: VOTER last_known_addr { host: "127.0.107.193" port: 44641 } } peers { permanent_uuid: "03d09b4ca5424fa7bf2b1665ed132acf" member_type: VOTER last_known_addr { host: "127.0.107.194" port: 43469 } } peers { permanent_uuid: "b828d67a141041e68626337e71fba3ee" member_type: VOTER last_known_addr { host: "127.0.107.195" port: 45981 } }
I20260709 14:48:17.715579  1207 raft_consensus.cc:3060] T 73d054e8589b4074a3f67cc5a85ad671 P b828d67a141041e68626337e71fba3ee [term 1 FOLLOWER]: Advancing to term 2
I20260709 14:48:17.718778  1057 raft_consensus.cc:2468] T 73d054e8589b4074a3f67cc5a85ad671 P 7c53601861d7407b9e469348b16c1530 [term 2 FOLLOWER]: Leader election vote request: Granting yes vote for candidate 03d09b4ca5424fa7bf2b1665ed132acf in term 2.
I20260709 14:48:17.719710  1098 leader_election.cc:304] T 73d054e8589b4074a3f67cc5a85ad671 P 03d09b4ca5424fa7bf2b1665ed132acf [CANDIDATE]: Term 2 election: Election decided. Result: candidate won. Election summary: received 2 responses out of 3 voters: 2 yes votes; 0 no votes. yes voters: 03d09b4ca5424fa7bf2b1665ed132acf, 7c53601861d7407b9e469348b16c1530; no voters: 
I20260709 14:48:17.720465  1255 raft_consensus.cc:2804] T 73d054e8589b4074a3f67cc5a85ad671 P 03d09b4ca5424fa7bf2b1665ed132acf [term 2 FOLLOWER]: Leader election won for term 2
I20260709 14:48:17.720633  1207 raft_consensus.cc:2468] T 73d054e8589b4074a3f67cc5a85ad671 P b828d67a141041e68626337e71fba3ee [term 2 FOLLOWER]: Leader election vote request: Granting yes vote for candidate 03d09b4ca5424fa7bf2b1665ed132acf in term 2.
I20260709 14:48:17.720855  1255 raft_consensus.cc:697] T 73d054e8589b4074a3f67cc5a85ad671 P 03d09b4ca5424fa7bf2b1665ed132acf [term 2 LEADER]: Becoming Leader. State: Replica: 03d09b4ca5424fa7bf2b1665ed132acf, State: Running, Role: LEADER
I20260709 14:48:17.721629  1255 consensus_queue.cc:237] T 73d054e8589b4074a3f67cc5a85ad671 P 03d09b4ca5424fa7bf2b1665ed132acf [LEADER]: Queue going to LEADER mode. State: All replicated index: 0, Majority replicated index: 1, Committed index: 1, Last appended: 1.1, Last appended by leader: 1, Current term: 2, Majority size: 2, State: 0, Mode: LEADER, active raft config: opid_index: -1 OBSOLETE_local: false peers { permanent_uuid: "7c53601861d7407b9e469348b16c1530" member_type: VOTER last_known_addr { host: "127.0.107.193" port: 44641 } } peers { permanent_uuid: "03d09b4ca5424fa7bf2b1665ed132acf" member_type: VOTER last_known_addr { host: "127.0.107.194" port: 43469 } } peers { permanent_uuid: "b828d67a141041e68626337e71fba3ee" member_type: VOTER last_known_addr { host: "127.0.107.195" port: 45981 } }
I20260709 14:48:17.725790  1253 consensus_queue.cc:1048] T 363992ad766b420aa7e3c04652c65065 P 7c53601861d7407b9e469348b16c1530 [LEADER]: Connected to new peer: Peer: permanent_uuid: "b828d67a141041e68626337e71fba3ee" member_type: VOTER last_known_addr { host: "127.0.107.195" port: 45981 }, Status: LMP_MISMATCH, Last received: 0.0, Next index: 1, Last known committed idx: 0, Time since last communication: 0.000s
I20260709 14:48:17.728297   956 catalog_manager.cc:5697] T 73d054e8589b4074a3f67cc5a85ad671 P 03d09b4ca5424fa7bf2b1665ed132acf reported cstate change: term changed from 1 to 2, leader changed from b828d67a141041e68626337e71fba3ee (127.0.107.195) to 03d09b4ca5424fa7bf2b1665ed132acf (127.0.107.194). New cstate: current_term: 2 leader_uuid: "03d09b4ca5424fa7bf2b1665ed132acf" committed_config { opid_index: -1 OBSOLETE_local: false peers { permanent_uuid: "7c53601861d7407b9e469348b16c1530" member_type: VOTER last_known_addr { host: "127.0.107.193" port: 44641 } health_report { overall_health: UNKNOWN } } peers { permanent_uuid: "03d09b4ca5424fa7bf2b1665ed132acf" member_type: VOTER last_known_addr { host: "127.0.107.194" port: 43469 } health_report { overall_health: HEALTHY } } peers { permanent_uuid: "b828d67a141041e68626337e71fba3ee" member_type: VOTER last_known_addr { host: "127.0.107.195" port: 45981 } health_report { overall_health: UNKNOWN } } }
I20260709 14:48:17.732990  1253 consensus_queue.cc:1048] T fcd41f6bd65a444480dc28ad5397d353 P 7c53601861d7407b9e469348b16c1530 [LEADER]: Connected to new peer: Peer: permanent_uuid: "b828d67a141041e68626337e71fba3ee" member_type: VOTER last_known_addr { host: "127.0.107.195" port: 45981 }, Status: LMP_MISMATCH, Last received: 0.0, Next index: 1, Last known committed idx: 0, Time since last communication: 0.000s
I20260709 14:48:17.740510  1266 consensus_queue.cc:1048] T 363992ad766b420aa7e3c04652c65065 P 7c53601861d7407b9e469348b16c1530 [LEADER]: Connected to new peer: Peer: permanent_uuid: "03d09b4ca5424fa7bf2b1665ed132acf" member_type: VOTER last_known_addr { host: "127.0.107.194" port: 43469 }, Status: LMP_MISMATCH, Last received: 0.0, Next index: 1, Last known committed idx: 0, Time since last communication: 0.000s
I20260709 14:48:17.740330  1292 consensus_queue.cc:1048] T fcd41f6bd65a444480dc28ad5397d353 P 7c53601861d7407b9e469348b16c1530 [LEADER]: Connected to new peer: Peer: permanent_uuid: "03d09b4ca5424fa7bf2b1665ed132acf" member_type: VOTER last_known_addr { host: "127.0.107.194" port: 43469 }, Status: LMP_MISMATCH, Last received: 0.0, Next index: 1, Last known committed idx: 0, Time since last communication: 0.001s
I20260709 14:48:17.749155  1291 raft_consensus.cc:993] T 363992ad766b420aa7e3c04652c65065 P 7c53601861d7407b9e469348b16c1530: : Instructing follower 03d09b4ca5424fa7bf2b1665ed132acf to start an election
I20260709 14:48:17.749648  1291 raft_consensus.cc:1081] T 363992ad766b420aa7e3c04652c65065 P 7c53601861d7407b9e469348b16c1530 [term 1 LEADER]: Signalling peer 03d09b4ca5424fa7bf2b1665ed132acf to start an election
I20260709 14:48:17.751858  1132 tablet_service.cc:2044] Received Run Leader Election RPC: tablet_id: "363992ad766b420aa7e3c04652c65065"
dest_uuid: "03d09b4ca5424fa7bf2b1665ed132acf"
 from {username='slave'} at 127.0.0.1:42120
I20260709 14:48:17.752519  1132 raft_consensus.cc:493] T 363992ad766b420aa7e3c04652c65065 P 03d09b4ca5424fa7bf2b1665ed132acf [term 1 FOLLOWER]: Starting forced leader election (received explicit request)
I20260709 14:48:17.752959  1132 raft_consensus.cc:3060] T 363992ad766b420aa7e3c04652c65065 P 03d09b4ca5424fa7bf2b1665ed132acf [term 1 FOLLOWER]: Advancing to term 2
I20260709 14:48:17.762032  1132 raft_consensus.cc:515] T 363992ad766b420aa7e3c04652c65065 P 03d09b4ca5424fa7bf2b1665ed132acf [term 2 FOLLOWER]: Starting forced leader election with config: opid_index: -1 OBSOLETE_local: false peers { permanent_uuid: "7c53601861d7407b9e469348b16c1530" member_type: VOTER last_known_addr { host: "127.0.107.193" port: 44641 } } peers { permanent_uuid: "03d09b4ca5424fa7bf2b1665ed132acf" member_type: VOTER last_known_addr { host: "127.0.107.194" port: 43469 } } peers { permanent_uuid: "b828d67a141041e68626337e71fba3ee" member_type: VOTER last_known_addr { host: "127.0.107.195" port: 45981 } }
I20260709 14:48:17.764154  1132 leader_election.cc:290] T 363992ad766b420aa7e3c04652c65065 P 03d09b4ca5424fa7bf2b1665ed132acf [CANDIDATE]: Term 2 election: Requested vote from peers 7c53601861d7407b9e469348b16c1530 (127.0.107.193:44641), b828d67a141041e68626337e71fba3ee (127.0.107.195:45981)
I20260709 14:48:17.765179  1207 tablet_service.cc:1917] Received RequestConsensusVote() RPC: tablet_id: "363992ad766b420aa7e3c04652c65065" candidate_uuid: "03d09b4ca5424fa7bf2b1665ed132acf" candidate_term: 2 candidate_status { last_received { term: 1 index: 1 } } ignore_live_leader: true dest_uuid: "b828d67a141041e68626337e71fba3ee"
I20260709 14:48:17.765375  1057 tablet_service.cc:1917] Received RequestConsensusVote() RPC: tablet_id: "363992ad766b420aa7e3c04652c65065" candidate_uuid: "03d09b4ca5424fa7bf2b1665ed132acf" candidate_term: 2 candidate_status { last_received { term: 1 index: 1 } } ignore_live_leader: true dest_uuid: "7c53601861d7407b9e469348b16c1530"
I20260709 14:48:17.765940  1207 raft_consensus.cc:3060] T 363992ad766b420aa7e3c04652c65065 P b828d67a141041e68626337e71fba3ee [term 1 FOLLOWER]: Advancing to term 2
I20260709 14:48:17.766018  1057 raft_consensus.cc:3055] T 363992ad766b420aa7e3c04652c65065 P 7c53601861d7407b9e469348b16c1530 [term 1 LEADER]: Stepping down as leader of term 1
I20260709 14:48:17.771044  1057 raft_consensus.cc:740] T 363992ad766b420aa7e3c04652c65065 P 7c53601861d7407b9e469348b16c1530 [term 1 LEADER]: Becoming Follower/Learner. State: Replica: 7c53601861d7407b9e469348b16c1530, State: Running, Role: LEADER
I20260709 14:48:17.771929  1057 consensus_queue.cc:260] T 363992ad766b420aa7e3c04652c65065 P 7c53601861d7407b9e469348b16c1530 [NON_LEADER]: Queue going to NON_LEADER mode. State: All replicated index: 0, Majority replicated index: 1, Committed index: 1, Last appended: 1.1, Last appended by leader: 1, Current term: 1, Majority size: -1, State: 0, Mode: NON_LEADER, active raft config: opid_index: -1 OBSOLETE_local: false peers { permanent_uuid: "7c53601861d7407b9e469348b16c1530" member_type: VOTER last_known_addr { host: "127.0.107.193" port: 44641 } } peers { permanent_uuid: "03d09b4ca5424fa7bf2b1665ed132acf" member_type: VOTER last_known_addr { host: "127.0.107.194" port: 43469 } } peers { permanent_uuid: "b828d67a141041e68626337e71fba3ee" member_type: VOTER last_known_addr { host: "127.0.107.195" port: 45981 } }
I20260709 14:48:17.773214  1057 raft_consensus.cc:3060] T 363992ad766b420aa7e3c04652c65065 P 7c53601861d7407b9e469348b16c1530 [term 1 FOLLOWER]: Advancing to term 2
I20260709 14:48:17.773929  1207 raft_consensus.cc:2468] T 363992ad766b420aa7e3c04652c65065 P b828d67a141041e68626337e71fba3ee [term 2 FOLLOWER]: Leader election vote request: Granting yes vote for candidate 03d09b4ca5424fa7bf2b1665ed132acf in term 2.
I20260709 14:48:17.774544  1253 consensus_queue.cc:1048] T 8148a3d23a964c079429459080085e59 P 7c53601861d7407b9e469348b16c1530 [LEADER]: Connected to new peer: Peer: permanent_uuid: "b828d67a141041e68626337e71fba3ee" member_type: VOTER last_known_addr { host: "127.0.107.195" port: 45981 }, Status: LMP_MISMATCH, Last received: 0.0, Next index: 1, Last known committed idx: 0, Time since last communication: 0.001s
I20260709 14:48:17.775342  1098 leader_election.cc:304] T 363992ad766b420aa7e3c04652c65065 P 03d09b4ca5424fa7bf2b1665ed132acf [CANDIDATE]: Term 2 election: Election decided. Result: candidate won. Election summary: received 2 responses out of 3 voters: 2 yes votes; 0 no votes. yes voters: 03d09b4ca5424fa7bf2b1665ed132acf, b828d67a141041e68626337e71fba3ee; no voters: 
I20260709 14:48:17.776252  1255 raft_consensus.cc:2804] T 363992ad766b420aa7e3c04652c65065 P 03d09b4ca5424fa7bf2b1665ed132acf [term 2 FOLLOWER]: Leader election won for term 2
I20260709 14:48:17.776688  1255 raft_consensus.cc:697] T 363992ad766b420aa7e3c04652c65065 P 03d09b4ca5424fa7bf2b1665ed132acf [term 2 LEADER]: Becoming Leader. State: Replica: 03d09b4ca5424fa7bf2b1665ed132acf, State: Running, Role: LEADER
I20260709 14:48:17.777510  1255 consensus_queue.cc:237] T 363992ad766b420aa7e3c04652c65065 P 03d09b4ca5424fa7bf2b1665ed132acf [LEADER]: Queue going to LEADER mode. State: All replicated index: 0, Majority replicated index: 1, Committed index: 1, Last appended: 1.1, Last appended by leader: 1, Current term: 2, Majority size: 2, State: 0, Mode: LEADER, active raft config: opid_index: -1 OBSOLETE_local: false peers { permanent_uuid: "7c53601861d7407b9e469348b16c1530" member_type: VOTER last_known_addr { host: "127.0.107.193" port: 44641 } } peers { permanent_uuid: "03d09b4ca5424fa7bf2b1665ed132acf" member_type: VOTER last_known_addr { host: "127.0.107.194" port: 43469 } } peers { permanent_uuid: "b828d67a141041e68626337e71fba3ee" member_type: VOTER last_known_addr { host: "127.0.107.195" port: 45981 } }
I20260709 14:48:17.788241  1057 raft_consensus.cc:2468] T 363992ad766b420aa7e3c04652c65065 P 7c53601861d7407b9e469348b16c1530 [term 2 FOLLOWER]: Leader election vote request: Granting yes vote for candidate 03d09b4ca5424fa7bf2b1665ed132acf in term 2.
I20260709 14:48:17.792168  1266 consensus_queue.cc:1048] T 8148a3d23a964c079429459080085e59 P 7c53601861d7407b9e469348b16c1530 [LEADER]: Connected to new peer: Peer: permanent_uuid: "03d09b4ca5424fa7bf2b1665ed132acf" member_type: VOTER last_known_addr { host: "127.0.107.194" port: 43469 }, Status: LMP_MISMATCH, Last received: 0.0, Next index: 1, Last known committed idx: 0, Time since last communication: 0.000s
I20260709 14:48:17.800581   955 catalog_manager.cc:5697] T 363992ad766b420aa7e3c04652c65065 P 03d09b4ca5424fa7bf2b1665ed132acf reported cstate change: term changed from 1 to 2, leader changed from 7c53601861d7407b9e469348b16c1530 (127.0.107.193) to 03d09b4ca5424fa7bf2b1665ed132acf (127.0.107.194). New cstate: current_term: 2 leader_uuid: "03d09b4ca5424fa7bf2b1665ed132acf" committed_config { opid_index: -1 OBSOLETE_local: false peers { permanent_uuid: "7c53601861d7407b9e469348b16c1530" member_type: VOTER last_known_addr { host: "127.0.107.193" port: 44641 } health_report { overall_health: UNKNOWN } } peers { permanent_uuid: "03d09b4ca5424fa7bf2b1665ed132acf" member_type: VOTER last_known_addr { host: "127.0.107.194" port: 43469 } health_report { overall_health: HEALTHY } } peers { permanent_uuid: "b828d67a141041e68626337e71fba3ee" member_type: VOTER last_known_addr { host: "127.0.107.195" port: 45981 } health_report { overall_health: UNKNOWN } } }
I20260709 14:48:17.965072  1254 raft_consensus.cc:993] T d55a32152b334dd2967ac765e8312adf P b828d67a141041e68626337e71fba3ee: : Instructing follower 7c53601861d7407b9e469348b16c1530 to start an election
I20260709 14:48:17.965605  1289 raft_consensus.cc:1081] T d55a32152b334dd2967ac765e8312adf P b828d67a141041e68626337e71fba3ee [term 1 LEADER]: Signalling peer 7c53601861d7407b9e469348b16c1530 to start an election
I20260709 14:48:17.967216  1057 tablet_service.cc:2044] Received Run Leader Election RPC: tablet_id: "d55a32152b334dd2967ac765e8312adf"
dest_uuid: "7c53601861d7407b9e469348b16c1530"
 from {username='slave'} at 127.0.0.1:53158
I20260709 14:48:17.967090  1289 consensus_queue.cc:1048] T 33eb874b0b1c4789b6d2dc178edafec8 P b828d67a141041e68626337e71fba3ee [LEADER]: Connected to new peer: Peer: permanent_uuid: "7c53601861d7407b9e469348b16c1530" member_type: VOTER last_known_addr { host: "127.0.107.193" port: 44641 }, Status: LMP_MISMATCH, Last received: 0.0, Next index: 1, Last known committed idx: 0, Time since last communication: 0.000s
I20260709 14:48:17.967785  1057 raft_consensus.cc:493] T d55a32152b334dd2967ac765e8312adf P 7c53601861d7407b9e469348b16c1530 [term 1 FOLLOWER]: Starting forced leader election (received explicit request)
I20260709 14:48:17.968149  1057 raft_consensus.cc:3060] T d55a32152b334dd2967ac765e8312adf P 7c53601861d7407b9e469348b16c1530 [term 1 FOLLOWER]: Advancing to term 2
I20260709 14:48:17.974501  1057 raft_consensus.cc:515] T d55a32152b334dd2967ac765e8312adf P 7c53601861d7407b9e469348b16c1530 [term 2 FOLLOWER]: Starting forced leader election with config: opid_index: -1 OBSOLETE_local: false peers { permanent_uuid: "7c53601861d7407b9e469348b16c1530" member_type: VOTER last_known_addr { host: "127.0.107.193" port: 44641 } } peers { permanent_uuid: "03d09b4ca5424fa7bf2b1665ed132acf" member_type: VOTER last_known_addr { host: "127.0.107.194" port: 43469 } } peers { permanent_uuid: "b828d67a141041e68626337e71fba3ee" member_type: VOTER last_known_addr { host: "127.0.107.195" port: 45981 } }
I20260709 14:48:17.978351  1057 leader_election.cc:290] T d55a32152b334dd2967ac765e8312adf P 7c53601861d7407b9e469348b16c1530 [CANDIDATE]: Term 2 election: Requested vote from peers 03d09b4ca5424fa7bf2b1665ed132acf (127.0.107.194:43469), b828d67a141041e68626337e71fba3ee (127.0.107.195:45981)
I20260709 14:48:17.978596  1207 tablet_service.cc:1917] Received RequestConsensusVote() RPC: tablet_id: "d55a32152b334dd2967ac765e8312adf" candidate_uuid: "7c53601861d7407b9e469348b16c1530" candidate_term: 2 candidate_status { last_received { term: 1 index: 1 } } ignore_live_leader: true dest_uuid: "b828d67a141041e68626337e71fba3ee"
I20260709 14:48:17.979286  1207 raft_consensus.cc:3055] T d55a32152b334dd2967ac765e8312adf P b828d67a141041e68626337e71fba3ee [term 1 LEADER]: Stepping down as leader of term 1
I20260709 14:48:17.979683  1207 raft_consensus.cc:740] T d55a32152b334dd2967ac765e8312adf P b828d67a141041e68626337e71fba3ee [term 1 LEADER]: Becoming Follower/Learner. State: Replica: b828d67a141041e68626337e71fba3ee, State: Running, Role: LEADER
I20260709 14:48:17.978324  1133 tablet_service.cc:1917] Received RequestConsensusVote() RPC: tablet_id: "d55a32152b334dd2967ac765e8312adf" candidate_uuid: "7c53601861d7407b9e469348b16c1530" candidate_term: 2 candidate_status { last_received { term: 1 index: 1 } } ignore_live_leader: true dest_uuid: "03d09b4ca5424fa7bf2b1665ed132acf"
I20260709 14:48:17.980472  1133 raft_consensus.cc:3060] T d55a32152b334dd2967ac765e8312adf P 03d09b4ca5424fa7bf2b1665ed132acf [term 1 FOLLOWER]: Advancing to term 2
I20260709 14:48:17.981292  1289 consensus_queue.cc:1048] T 33eb874b0b1c4789b6d2dc178edafec8 P b828d67a141041e68626337e71fba3ee [LEADER]: Connected to new peer: Peer: permanent_uuid: "03d09b4ca5424fa7bf2b1665ed132acf" member_type: VOTER last_known_addr { host: "127.0.107.194" port: 43469 }, Status: LMP_MISMATCH, Last received: 0.0, Next index: 1, Last known committed idx: 0, Time since last communication: 0.001s
I20260709 14:48:17.982029  1207 consensus_queue.cc:260] T d55a32152b334dd2967ac765e8312adf P b828d67a141041e68626337e71fba3ee [NON_LEADER]: Queue going to NON_LEADER mode. State: All replicated index: 0, Majority replicated index: 1, Committed index: 1, Last appended: 1.1, Last appended by leader: 1, Current term: 1, Majority size: -1, State: 0, Mode: NON_LEADER, active raft config: opid_index: -1 OBSOLETE_local: false peers { permanent_uuid: "7c53601861d7407b9e469348b16c1530" member_type: VOTER last_known_addr { host: "127.0.107.193" port: 44641 } } peers { permanent_uuid: "03d09b4ca5424fa7bf2b1665ed132acf" member_type: VOTER last_known_addr { host: "127.0.107.194" port: 43469 } } peers { permanent_uuid: "b828d67a141041e68626337e71fba3ee" member_type: VOTER last_known_addr { host: "127.0.107.195" port: 45981 } }
I20260709 14:48:17.983390  1207 raft_consensus.cc:3060] T d55a32152b334dd2967ac765e8312adf P b828d67a141041e68626337e71fba3ee [term 1 FOLLOWER]: Advancing to term 2
I20260709 14:48:17.988479  1133 raft_consensus.cc:2468] T d55a32152b334dd2967ac765e8312adf P 03d09b4ca5424fa7bf2b1665ed132acf [term 2 FOLLOWER]: Leader election vote request: Granting yes vote for candidate 7c53601861d7407b9e469348b16c1530 in term 2.
I20260709 14:48:17.989967  1021 leader_election.cc:304] T d55a32152b334dd2967ac765e8312adf P 7c53601861d7407b9e469348b16c1530 [CANDIDATE]: Term 2 election: Election decided. Result: candidate won. Election summary: received 2 responses out of 3 voters: 2 yes votes; 0 no votes. yes voters: 03d09b4ca5424fa7bf2b1665ed132acf, 7c53601861d7407b9e469348b16c1530; no voters: 
I20260709 14:48:17.990854  1253 raft_consensus.cc:2804] T d55a32152b334dd2967ac765e8312adf P 7c53601861d7407b9e469348b16c1530 [term 2 FOLLOWER]: Leader election won for term 2
I20260709 14:48:17.991436  1253 raft_consensus.cc:697] T d55a32152b334dd2967ac765e8312adf P 7c53601861d7407b9e469348b16c1530 [term 2 LEADER]: Becoming Leader. State: Replica: 7c53601861d7407b9e469348b16c1530, State: Running, Role: LEADER
I20260709 14:48:17.992367  1253 consensus_queue.cc:237] T d55a32152b334dd2967ac765e8312adf P 7c53601861d7407b9e469348b16c1530 [LEADER]: Queue going to LEADER mode. State: All replicated index: 0, Majority replicated index: 1, Committed index: 1, Last appended: 1.1, Last appended by leader: 1, Current term: 2, Majority size: 2, State: 0, Mode: LEADER, active raft config: opid_index: -1 OBSOLETE_local: false peers { permanent_uuid: "7c53601861d7407b9e469348b16c1530" member_type: VOTER last_known_addr { host: "127.0.107.193" port: 44641 } } peers { permanent_uuid: "03d09b4ca5424fa7bf2b1665ed132acf" member_type: VOTER last_known_addr { host: "127.0.107.194" port: 43469 } } peers { permanent_uuid: "b828d67a141041e68626337e71fba3ee" member_type: VOTER last_known_addr { host: "127.0.107.195" port: 45981 } }
I20260709 14:48:17.996734  1207 raft_consensus.cc:2468] T d55a32152b334dd2967ac765e8312adf P b828d67a141041e68626337e71fba3ee [term 2 FOLLOWER]: Leader election vote request: Granting yes vote for candidate 7c53601861d7407b9e469348b16c1530 in term 2.
I20260709 14:48:18.001065   956 catalog_manager.cc:5697] T d55a32152b334dd2967ac765e8312adf P 7c53601861d7407b9e469348b16c1530 reported cstate change: term changed from 1 to 2, leader changed from b828d67a141041e68626337e71fba3ee (127.0.107.195) to 7c53601861d7407b9e469348b16c1530 (127.0.107.193). New cstate: current_term: 2 leader_uuid: "7c53601861d7407b9e469348b16c1530" committed_config { opid_index: -1 OBSOLETE_local: false peers { permanent_uuid: "7c53601861d7407b9e469348b16c1530" member_type: VOTER last_known_addr { host: "127.0.107.193" port: 44641 } health_report { overall_health: HEALTHY } } peers { permanent_uuid: "03d09b4ca5424fa7bf2b1665ed132acf" member_type: VOTER last_known_addr { host: "127.0.107.194" port: 43469 } health_report { overall_health: UNKNOWN } } peers { permanent_uuid: "b828d67a141041e68626337e71fba3ee" member_type: VOTER last_known_addr { host: "127.0.107.195" port: 45981 } health_report { overall_health: UNKNOWN } } }
I20260709 14:48:18.147315  1255 consensus_queue.cc:1048] T 5ebfacefb2f4459f896c85e4c737164b P 03d09b4ca5424fa7bf2b1665ed132acf [LEADER]: Connected to new peer: Peer: permanent_uuid: "7c53601861d7407b9e469348b16c1530" member_type: VOTER last_known_addr { host: "127.0.107.193" port: 44641 }, Status: LMP_MISMATCH, Last received: 0.0, Next index: 1, Last known committed idx: 0, Time since last communication: 0.000s
