I20260709 14:44:08.749743   641 raft_consensus.cc:2468] T a68e1dacc11b4694ac4278f96de189f6 P fdc96f99f7684d2fa9e766965c38ab16 [term 1 FOLLOWER]: Leader election vote request: Granting yes vote for candidate 8d66cf9f54474252ac3849c70b8b66ae in term 1.
I20260709 14:44:08.749897   767 raft_consensus.cc:2804] T 2223f0f629bf4ac0bbddd0d8e2466555 P c335d15ea18e48abace371a03bea99a9 [term 0 FOLLOWER]: Leader pre-election won for term 1
I20260709 14:44:08.750264   767 raft_consensus.cc:493] T 2223f0f629bf4ac0bbddd0d8e2466555 P c335d15ea18e48abace371a03bea99a9 [term 0 FOLLOWER]: Starting leader election (no leader contacted us within the election timeout)
I20260709 14:44:08.750586   767 raft_consensus.cc:3060] T 2223f0f629bf4ac0bbddd0d8e2466555 P c335d15ea18e48abace371a03bea99a9 [term 0 FOLLOWER]: Advancing to term 1
I20260709 14:44:08.751703   532 leader_election.cc:304] T a68e1dacc11b4694ac4278f96de189f6 P 8d66cf9f54474252ac3849c70b8b66ae [CANDIDATE]: Term 1 election: Election decided. Result: candidate won. Election summary: received 2 responses out of 3 voters: 2 yes votes; 0 no votes. yes voters: 8d66cf9f54474252ac3849c70b8b66ae, fdc96f99f7684d2fa9e766965c38ab16; no voters: 
I20260709 14:44:08.752508   760 tablet_bootstrap.cc:654] T ab5de121501a4966af51815f34e92439 P 8d66cf9f54474252ac3849c70b8b66ae: Neither blocks nor log segments found. Creating new log.
I20260709 14:44:08.752959   778 raft_consensus.cc:2804] T a68e1dacc11b4694ac4278f96de189f6 P 8d66cf9f54474252ac3849c70b8b66ae [term 1 FOLLOWER]: Leader election won for term 1
I20260709 14:44:08.753590   778 raft_consensus.cc:697] T a68e1dacc11b4694ac4278f96de189f6 P 8d66cf9f54474252ac3849c70b8b66ae [term 1 LEADER]: Becoming Leader. State: Replica: 8d66cf9f54474252ac3849c70b8b66ae, State: Running, Role: LEADER
I20260709 14:44:08.754375   778 consensus_queue.cc:237] T a68e1dacc11b4694ac4278f96de189f6 P 8d66cf9f54474252ac3849c70b8b66ae [LEADER]: Queue going to LEADER mode. State: All replicated index: 0, Majority replicated index: 0, Committed index: 0, Last appended: 0.0, Last appended by leader: 0, Current term: 1, Majority size: 2, State: 0, Mode: LEADER, active raft config: opid_index: -1 OBSOLETE_local: false peers { permanent_uuid: "8d66cf9f54474252ac3849c70b8b66ae" member_type: VOTER last_known_addr { host: "127.0.108.1" port: 43245 } } peers { permanent_uuid: "fdc96f99f7684d2fa9e766965c38ab16" member_type: VOTER last_known_addr { host: "127.0.108.2" port: 38333 } } peers { permanent_uuid: "c335d15ea18e48abace371a03bea99a9" member_type: VOTER last_known_addr { host: "127.0.108.3" port: 36441 } }
I20260709 14:44:08.755461   761 raft_consensus.cc:359] T ab5de121501a4966af51815f34e92439 P c335d15ea18e48abace371a03bea99a9 [term 0 FOLLOWER]: Replica starting. Triggering 0 pending ops. Active config: opid_index: -1 OBSOLETE_local: false peers { permanent_uuid: "8d66cf9f54474252ac3849c70b8b66ae" member_type: VOTER last_known_addr { host: "127.0.108.1" port: 43245 } } peers { permanent_uuid: "fdc96f99f7684d2fa9e766965c38ab16" member_type: VOTER last_known_addr { host: "127.0.108.2" port: 38333 } } peers { permanent_uuid: "c335d15ea18e48abace371a03bea99a9" member_type: VOTER last_known_addr { host: "127.0.108.3" port: 36441 } }
I20260709 14:44:08.756063   761 raft_consensus.cc:385] T ab5de121501a4966af51815f34e92439 P c335d15ea18e48abace371a03bea99a9 [term 0 FOLLOWER]: Consensus starting up: Expiring failure detector timer to make a prompt election more likely
I20260709 14:44:08.756323   761 raft_consensus.cc:740] T ab5de121501a4966af51815f34e92439 P c335d15ea18e48abace371a03bea99a9 [term 0 FOLLOWER]: Becoming Follower/Learner. State: Replica: c335d15ea18e48abace371a03bea99a9, State: Initialized, Role: FOLLOWER
I20260709 14:44:08.756981   761 consensus_queue.cc:260] T ab5de121501a4966af51815f34e92439 P c335d15ea18e48abace371a03bea99a9 [NON_LEADER]: Queue going to NON_LEADER mode. State: All replicated index: 0, Majority replicated index: 0, Committed index: 0, Last appended: 0.0, Last appended by leader: 0, Current term: 0, Majority size: -1, State: 0, Mode: NON_LEADER, active raft config: opid_index: -1 OBSOLETE_local: false peers { permanent_uuid: "8d66cf9f54474252ac3849c70b8b66ae" member_type: VOTER last_known_addr { host: "127.0.108.1" port: 43245 } } peers { permanent_uuid: "fdc96f99f7684d2fa9e766965c38ab16" member_type: VOTER last_known_addr { host: "127.0.108.2" port: 38333 } } peers { permanent_uuid: "c335d15ea18e48abace371a03bea99a9" member_type: VOTER last_known_addr { host: "127.0.108.3" port: 36441 } }
I20260709 14:44:08.759101   715 raft_consensus.cc:2468] T a68e1dacc11b4694ac4278f96de189f6 P c335d15ea18e48abace371a03bea99a9 [term 1 FOLLOWER]: Leader election vote request: Granting yes vote for candidate 8d66cf9f54474252ac3849c70b8b66ae in term 1.
I20260709 14:44:08.759332   767 raft_consensus.cc:515] T 2223f0f629bf4ac0bbddd0d8e2466555 P c335d15ea18e48abace371a03bea99a9 [term 1 FOLLOWER]: Starting leader election with config: opid_index: -1 OBSOLETE_local: false peers { permanent_uuid: "8d66cf9f54474252ac3849c70b8b66ae" member_type: VOTER last_known_addr { host: "127.0.108.1" port: 43245 } } peers { permanent_uuid: "fdc96f99f7684d2fa9e766965c38ab16" member_type: VOTER last_known_addr { host: "127.0.108.2" port: 38333 } } peers { permanent_uuid: "c335d15ea18e48abace371a03bea99a9" member_type: VOTER last_known_addr { host: "127.0.108.3" port: 36441 } }
I20260709 14:44:08.756230   759 tablet_bootstrap.cc:654] T 63b9b4e4d0a64540b697afd1e3fd5927 P fdc96f99f7684d2fa9e766965c38ab16: Neither blocks nor log segments found. Creating new log.
I20260709 14:44:08.763257   567 tablet_service.cc:1917] Received RequestConsensusVote() RPC: tablet_id: "2223f0f629bf4ac0bbddd0d8e2466555" candidate_uuid: "c335d15ea18e48abace371a03bea99a9" candidate_term: 1 candidate_status { last_received { term: 0 index: 0 } } ignore_live_leader: false dest_uuid: "8d66cf9f54474252ac3849c70b8b66ae"
I20260709 14:44:08.763756   641 tablet_service.cc:1917] Received RequestConsensusVote() RPC: tablet_id: "2223f0f629bf4ac0bbddd0d8e2466555" candidate_uuid: "c335d15ea18e48abace371a03bea99a9" candidate_term: 1 candidate_status { last_received { term: 0 index: 0 } } ignore_live_leader: false dest_uuid: "fdc96f99f7684d2fa9e766965c38ab16"
I20260709 14:44:08.764381   641 raft_consensus.cc:3060] T 2223f0f629bf4ac0bbddd0d8e2466555 P fdc96f99f7684d2fa9e766965c38ab16 [term 0 FOLLOWER]: Advancing to term 1
W20260709 14:44:08.764554   682 leader_election.cc:343] T 2223f0f629bf4ac0bbddd0d8e2466555 P c335d15ea18e48abace371a03bea99a9 [CANDIDATE]: Term 1 election: Tablet error from VoteRequest() call to peer 8d66cf9f54474252ac3849c70b8b66ae (127.0.108.1:43245): Illegal state: must be running to vote when last-logged opid is not known
I20260709 14:44:08.766683   767 leader_election.cc:290] T 2223f0f629bf4ac0bbddd0d8e2466555 P c335d15ea18e48abace371a03bea99a9 [CANDIDATE]: Term 1 election: Requested vote from peers 8d66cf9f54474252ac3849c70b8b66ae (127.0.108.1:43245), fdc96f99f7684d2fa9e766965c38ab16 (127.0.108.2:38333)
I20260709 14:44:08.768989   760 tablet_bootstrap.cc:492] T ab5de121501a4966af51815f34e92439 P 8d66cf9f54474252ac3849c70b8b66ae: No bootstrap required, opened a new log
I20260709 14:44:08.769419   760 ts_tablet_manager.cc:1403] T ab5de121501a4966af51815f34e92439 P 8d66cf9f54474252ac3849c70b8b66ae: Time spent bootstrapping tablet: real 0.048s	user 0.006s	sys 0.008s
I20260709 14:44:08.772956   760 raft_consensus.cc:359] T ab5de121501a4966af51815f34e92439 P 8d66cf9f54474252ac3849c70b8b66ae [term 0 FOLLOWER]: Replica starting. Triggering 0 pending ops. Active config: opid_index: -1 OBSOLETE_local: false peers { permanent_uuid: "8d66cf9f54474252ac3849c70b8b66ae" member_type: VOTER last_known_addr { host: "127.0.108.1" port: 43245 } } peers { permanent_uuid: "fdc96f99f7684d2fa9e766965c38ab16" member_type: VOTER last_known_addr { host: "127.0.108.2" port: 38333 } } peers { permanent_uuid: "c335d15ea18e48abace371a03bea99a9" member_type: VOTER last_known_addr { host: "127.0.108.3" port: 36441 } }
I20260709 14:44:08.773633   760 raft_consensus.cc:385] T ab5de121501a4966af51815f34e92439 P 8d66cf9f54474252ac3849c70b8b66ae [term 0 FOLLOWER]: Consensus starting up: Expiring failure detector timer to make a prompt election more likely
I20260709 14:44:08.773918   760 raft_consensus.cc:740] T ab5de121501a4966af51815f34e92439 P 8d66cf9f54474252ac3849c70b8b66ae [term 0 FOLLOWER]: Becoming Follower/Learner. State: Replica: 8d66cf9f54474252ac3849c70b8b66ae, State: Initialized, Role: FOLLOWER
I20260709 14:44:08.774662   760 consensus_queue.cc:260] T ab5de121501a4966af51815f34e92439 P 8d66cf9f54474252ac3849c70b8b66ae [NON_LEADER]: Queue going to NON_LEADER mode. State: All replicated index: 0, Majority replicated index: 0, Committed index: 0, Last appended: 0.0, Last appended by leader: 0, Current term: 0, Majority size: -1, State: 0, Mode: NON_LEADER, active raft config: opid_index: -1 OBSOLETE_local: false peers { permanent_uuid: "8d66cf9f54474252ac3849c70b8b66ae" member_type: VOTER last_known_addr { host: "127.0.108.1" port: 43245 } } peers { permanent_uuid: "fdc96f99f7684d2fa9e766965c38ab16" member_type: VOTER last_known_addr { host: "127.0.108.2" port: 38333 } } peers { permanent_uuid: "c335d15ea18e48abace371a03bea99a9" member_type: VOTER last_known_addr { host: "127.0.108.3" port: 36441 } }
I20260709 14:44:08.777061   761 ts_tablet_manager.cc:1434] T ab5de121501a4966af51815f34e92439 P c335d15ea18e48abace371a03bea99a9: Time spent starting tablet: real 0.035s	user 0.013s	sys 0.000s
I20260709 14:44:08.777151   760 ts_tablet_manager.cc:1434] T ab5de121501a4966af51815f34e92439 P 8d66cf9f54474252ac3849c70b8b66ae: Time spent starting tablet: real 0.007s	user 0.007s	sys 0.000s
I20260709 14:44:08.777967   761 tablet_bootstrap.cc:492] T 63b9b4e4d0a64540b697afd1e3fd5927 P c335d15ea18e48abace371a03bea99a9: Bootstrap starting.
I20260709 14:44:08.778093   760 tablet_bootstrap.cc:492] T 0b9b9bc4d2ab47cc98bccdeefab930db P 8d66cf9f54474252ac3849c70b8b66ae: Bootstrap starting.
I20260709 14:44:08.781311   463 catalog_manager.cc:5697] T a68e1dacc11b4694ac4278f96de189f6 P 8d66cf9f54474252ac3849c70b8b66ae reported cstate change: term changed from 0 to 1, leader changed from <none> to 8d66cf9f54474252ac3849c70b8b66ae (127.0.108.1). New cstate: current_term: 1 leader_uuid: "8d66cf9f54474252ac3849c70b8b66ae" committed_config { opid_index: -1 OBSOLETE_local: false peers { permanent_uuid: "8d66cf9f54474252ac3849c70b8b66ae" member_type: VOTER last_known_addr { host: "127.0.108.1" port: 43245 } health_report { overall_health: HEALTHY } } peers { permanent_uuid: "fdc96f99f7684d2fa9e766965c38ab16" member_type: VOTER last_known_addr { host: "127.0.108.2" port: 38333 } health_report { overall_health: UNKNOWN } } peers { permanent_uuid: "c335d15ea18e48abace371a03bea99a9" member_type: VOTER last_known_addr { host: "127.0.108.3" port: 36441 } health_report { overall_health: UNKNOWN } } }
I20260709 14:44:08.785439   759 tablet_bootstrap.cc:492] T 63b9b4e4d0a64540b697afd1e3fd5927 P fdc96f99f7684d2fa9e766965c38ab16: No bootstrap required, opened a new log
I20260709 14:44:08.785868   759 ts_tablet_manager.cc:1403] T 63b9b4e4d0a64540b697afd1e3fd5927 P fdc96f99f7684d2fa9e766965c38ab16: Time spent bootstrapping tablet: real 0.050s	user 0.012s	sys 0.000s
I20260709 14:44:08.788820   759 raft_consensus.cc:359] T 63b9b4e4d0a64540b697afd1e3fd5927 P fdc96f99f7684d2fa9e766965c38ab16 [term 0 FOLLOWER]: Replica starting. Triggering 0 pending ops. Active config: opid_index: -1 OBSOLETE_local: false peers { permanent_uuid: "8d66cf9f54474252ac3849c70b8b66ae" member_type: VOTER last_known_addr { host: "127.0.108.1" port: 43245 } } peers { permanent_uuid: "fdc96f99f7684d2fa9e766965c38ab16" member_type: VOTER last_known_addr { host: "127.0.108.2" port: 38333 } } peers { permanent_uuid: "c335d15ea18e48abace371a03bea99a9" member_type: VOTER last_known_addr { host: "127.0.108.3" port: 36441 } }
I20260709 14:44:08.789423   759 raft_consensus.cc:385] T 63b9b4e4d0a64540b697afd1e3fd5927 P fdc96f99f7684d2fa9e766965c38ab16 [term 0 FOLLOWER]: Consensus starting up: Expiring failure detector timer to make a prompt election more likely
I20260709 14:44:08.789682   759 raft_consensus.cc:740] T 63b9b4e4d0a64540b697afd1e3fd5927 P fdc96f99f7684d2fa9e766965c38ab16 [term 0 FOLLOWER]: Becoming Follower/Learner. State: Replica: fdc96f99f7684d2fa9e766965c38ab16, State: Initialized, Role: FOLLOWER
I20260709 14:44:08.790282   759 consensus_queue.cc:260] T 63b9b4e4d0a64540b697afd1e3fd5927 P fdc96f99f7684d2fa9e766965c38ab16 [NON_LEADER]: Queue going to NON_LEADER mode. State: All replicated index: 0, Majority replicated index: 0, Committed index: 0, Last appended: 0.0, Last appended by leader: 0, Current term: 0, Majority size: -1, State: 0, Mode: NON_LEADER, active raft config: opid_index: -1 OBSOLETE_local: false peers { permanent_uuid: "8d66cf9f54474252ac3849c70b8b66ae" member_type: VOTER last_known_addr { host: "127.0.108.1" port: 43245 } } peers { permanent_uuid: "fdc96f99f7684d2fa9e766965c38ab16" member_type: VOTER last_known_addr { host: "127.0.108.2" port: 38333 } } peers { permanent_uuid: "c335d15ea18e48abace371a03bea99a9" member_type: VOTER last_known_addr { host: "127.0.108.3" port: 36441 } }
I20260709 14:44:08.792187   759 ts_tablet_manager.cc:1434] T 63b9b4e4d0a64540b697afd1e3fd5927 P fdc96f99f7684d2fa9e766965c38ab16: Time spent starting tablet: real 0.006s	user 0.002s	sys 0.004s
I20260709 14:44:08.792865   759 tablet_bootstrap.cc:492] T ab5de121501a4966af51815f34e92439 P fdc96f99f7684d2fa9e766965c38ab16: Bootstrap starting.
I20260709 14:44:08.794762   760 tablet_bootstrap.cc:654] T 0b9b9bc4d2ab47cc98bccdeefab930db P 8d66cf9f54474252ac3849c70b8b66ae: Neither blocks nor log segments found. Creating new log.
I20260709 14:44:08.795892   761 tablet_bootstrap.cc:654] T 63b9b4e4d0a64540b697afd1e3fd5927 P c335d15ea18e48abace371a03bea99a9: Neither blocks nor log segments found. Creating new log.
I20260709 14:44:08.800000   759 tablet_bootstrap.cc:654] T ab5de121501a4966af51815f34e92439 P fdc96f99f7684d2fa9e766965c38ab16: Neither blocks nor log segments found. Creating new log.
I20260709 14:44:08.803665   641 raft_consensus.cc:2468] T 2223f0f629bf4ac0bbddd0d8e2466555 P fdc96f99f7684d2fa9e766965c38ab16 [term 1 FOLLOWER]: Leader election vote request: Granting yes vote for candidate c335d15ea18e48abace371a03bea99a9 in term 1.
I20260709 14:44:08.804818   681 leader_election.cc:304] T 2223f0f629bf4ac0bbddd0d8e2466555 P c335d15ea18e48abace371a03bea99a9 [CANDIDATE]: Term 1 election: Election decided. Result: candidate won. Election summary: received 3 responses out of 3 voters: 2 yes votes; 1 no votes. yes voters: c335d15ea18e48abace371a03bea99a9, fdc96f99f7684d2fa9e766965c38ab16; no voters: 8d66cf9f54474252ac3849c70b8b66ae
I20260709 14:44:08.808168   804 raft_consensus.cc:2804] T 2223f0f629bf4ac0bbddd0d8e2466555 P c335d15ea18e48abace371a03bea99a9 [term 1 FOLLOWER]: Leader election won for term 1
I20260709 14:44:08.809221   804 raft_consensus.cc:697] T 2223f0f629bf4ac0bbddd0d8e2466555 P c335d15ea18e48abace371a03bea99a9 [term 1 LEADER]: Becoming Leader. State: Replica: c335d15ea18e48abace371a03bea99a9, State: Running, Role: LEADER
I20260709 14:44:08.810382   804 consensus_queue.cc:237] T 2223f0f629bf4ac0bbddd0d8e2466555 P c335d15ea18e48abace371a03bea99a9 [LEADER]: Queue going to LEADER mode. State: All replicated index: 0, Majority replicated index: 0, Committed index: 0, Last appended: 0.0, Last appended by leader: 0, Current term: 1, Majority size: 2, State: 0, Mode: LEADER, active raft config: opid_index: -1 OBSOLETE_local: false peers { permanent_uuid: "8d66cf9f54474252ac3849c70b8b66ae" member_type: VOTER last_known_addr { host: "127.0.108.1" port: 43245 } } peers { permanent_uuid: "fdc96f99f7684d2fa9e766965c38ab16" member_type: VOTER last_known_addr { host: "127.0.108.2" port: 38333 } } peers { permanent_uuid: "c335d15ea18e48abace371a03bea99a9" member_type: VOTER last_known_addr { host: "127.0.108.3" port: 36441 } }
I20260709 14:44:08.813223   760 tablet_bootstrap.cc:492] T 0b9b9bc4d2ab47cc98bccdeefab930db P 8d66cf9f54474252ac3849c70b8b66ae: No bootstrap required, opened a new log
I20260709 14:44:08.813675   760 ts_tablet_manager.cc:1403] T 0b9b9bc4d2ab47cc98bccdeefab930db P 8d66cf9f54474252ac3849c70b8b66ae: Time spent bootstrapping tablet: real 0.036s	user 0.011s	sys 0.005s
I20260709 14:44:08.816346   760 raft_consensus.cc:359] T 0b9b9bc4d2ab47cc98bccdeefab930db P 8d66cf9f54474252ac3849c70b8b66ae [term 0 FOLLOWER]: Replica starting. Triggering 0 pending ops. Active config: opid_index: -1 OBSOLETE_local: false peers { permanent_uuid: "8d66cf9f54474252ac3849c70b8b66ae" member_type: VOTER last_known_addr { host: "127.0.108.1" port: 43245 } } peers { permanent_uuid: "fdc96f99f7684d2fa9e766965c38ab16" member_type: VOTER last_known_addr { host: "127.0.108.2" port: 38333 } } peers { permanent_uuid: "c335d15ea18e48abace371a03bea99a9" member_type: VOTER last_known_addr { host: "127.0.108.3" port: 36441 } }
I20260709 14:44:08.817018   760 raft_consensus.cc:385] T 0b9b9bc4d2ab47cc98bccdeefab930db P 8d66cf9f54474252ac3849c70b8b66ae [term 0 FOLLOWER]: Consensus starting up: Expiring failure detector timer to make a prompt election more likely
I20260709 14:44:08.817293   760 raft_consensus.cc:740] T 0b9b9bc4d2ab47cc98bccdeefab930db P 8d66cf9f54474252ac3849c70b8b66ae [term 0 FOLLOWER]: Becoming Follower/Learner. State: Replica: 8d66cf9f54474252ac3849c70b8b66ae, State: Initialized, Role: FOLLOWER
I20260709 14:44:08.817868   760 consensus_queue.cc:260] T 0b9b9bc4d2ab47cc98bccdeefab930db P 8d66cf9f54474252ac3849c70b8b66ae [NON_LEADER]: Queue going to NON_LEADER mode. State: All replicated index: 0, Majority replicated index: 0, Committed index: 0, Last appended: 0.0, Last appended by leader: 0, Current term: 0, Majority size: -1, State: 0, Mode: NON_LEADER, active raft config: opid_index: -1 OBSOLETE_local: false peers { permanent_uuid: "8d66cf9f54474252ac3849c70b8b66ae" member_type: VOTER last_known_addr { host: "127.0.108.1" port: 43245 } } peers { permanent_uuid: "fdc96f99f7684d2fa9e766965c38ab16" member_type: VOTER last_known_addr { host: "127.0.108.2" port: 38333 } } peers { permanent_uuid: "c335d15ea18e48abace371a03bea99a9" member_type: VOTER last_known_addr { host: "127.0.108.3" port: 36441 } }
I20260709 14:44:08.818897   778 raft_consensus.cc:493] T 636fdabe67a64d7287bafdb54161175f P 8d66cf9f54474252ac3849c70b8b66ae [term 0 FOLLOWER]: Starting pre-election (no leader contacted us within the election timeout)
I20260709 14:44:08.819447   760 ts_tablet_manager.cc:1434] T 0b9b9bc4d2ab47cc98bccdeefab930db P 8d66cf9f54474252ac3849c70b8b66ae: Time spent starting tablet: real 0.006s	user 0.004s	sys 0.000s
I20260709 14:44:08.819303   778 raft_consensus.cc:515] T 636fdabe67a64d7287bafdb54161175f P 8d66cf9f54474252ac3849c70b8b66ae [term 0 FOLLOWER]: Starting pre-election with config: opid_index: -1 OBSOLETE_local: false peers { permanent_uuid: "8d66cf9f54474252ac3849c70b8b66ae" member_type: VOTER last_known_addr { host: "127.0.108.1" port: 43245 } } peers { permanent_uuid: "fdc96f99f7684d2fa9e766965c38ab16" member_type: VOTER last_known_addr { host: "127.0.108.2" port: 38333 } } peers { permanent_uuid: "c335d15ea18e48abace371a03bea99a9" member_type: VOTER last_known_addr { host: "127.0.108.3" port: 36441 } }
I20260709 14:44:08.820281   760 tablet_bootstrap.cc:492] T 2223f0f629bf4ac0bbddd0d8e2466555 P 8d66cf9f54474252ac3849c70b8b66ae: Bootstrap starting.
I20260709 14:44:08.822314   778 leader_election.cc:290] T 636fdabe67a64d7287bafdb54161175f P 8d66cf9f54474252ac3849c70b8b66ae [CANDIDATE]: Term 1 pre-election: Requested pre-vote from peers fdc96f99f7684d2fa9e766965c38ab16 (127.0.108.2:38333), c335d15ea18e48abace371a03bea99a9 (127.0.108.3:36441)
I20260709 14:44:08.823004   641 tablet_service.cc:1917] Received RequestConsensusVote() RPC: tablet_id: "636fdabe67a64d7287bafdb54161175f" candidate_uuid: "8d66cf9f54474252ac3849c70b8b66ae" candidate_term: 1 candidate_status { last_received { term: 0 index: 0 } } ignore_live_leader: false dest_uuid: "fdc96f99f7684d2fa9e766965c38ab16" is_pre_election: true
I20260709 14:44:08.823580   641 raft_consensus.cc:2468] T 636fdabe67a64d7287bafdb54161175f P fdc96f99f7684d2fa9e766965c38ab16 [term 0 FOLLOWER]: Leader pre-election vote request: Granting yes vote for candidate 8d66cf9f54474252ac3849c70b8b66ae in term 0.
I20260709 14:44:08.823644   715 tablet_service.cc:1917] Received RequestConsensusVote() RPC: tablet_id: "636fdabe67a64d7287bafdb54161175f" candidate_uuid: "8d66cf9f54474252ac3849c70b8b66ae" candidate_term: 1 candidate_status { last_received { term: 0 index: 0 } } ignore_live_leader: false dest_uuid: "c335d15ea18e48abace371a03bea99a9" is_pre_election: true
I20260709 14:44:08.824309   715 raft_consensus.cc:2468] T 636fdabe67a64d7287bafdb54161175f P c335d15ea18e48abace371a03bea99a9 [term 0 FOLLOWER]: Leader pre-election vote request: Granting yes vote for candidate 8d66cf9f54474252ac3849c70b8b66ae in term 0.
I20260709 14:44:08.824766   532 leader_election.cc:304] T 636fdabe67a64d7287bafdb54161175f P 8d66cf9f54474252ac3849c70b8b66ae [CANDIDATE]: Term 1 pre-election: Election decided. Result: candidate won. Election summary: received 2 responses out of 3 voters: 2 yes votes; 0 no votes. yes voters: 8d66cf9f54474252ac3849c70b8b66ae, fdc96f99f7684d2fa9e766965c38ab16; no voters: 
I20260709 14:44:08.825475   778 raft_consensus.cc:2804] T 636fdabe67a64d7287bafdb54161175f P 8d66cf9f54474252ac3849c70b8b66ae [term 0 FOLLOWER]: Leader pre-election won for term 1
I20260709 14:44:08.825836   778 raft_consensus.cc:493] T 636fdabe67a64d7287bafdb54161175f P 8d66cf9f54474252ac3849c70b8b66ae [term 0 FOLLOWER]: Starting leader election (no leader contacted us within the election timeout)
I20260709 14:44:08.826151   778 raft_consensus.cc:3060] T 636fdabe67a64d7287bafdb54161175f P 8d66cf9f54474252ac3849c70b8b66ae [term 0 FOLLOWER]: Advancing to term 1
I20260709 14:44:08.838713   759 tablet_bootstrap.cc:492] T ab5de121501a4966af51815f34e92439 P fdc96f99f7684d2fa9e766965c38ab16: No bootstrap required, opened a new log
I20260709 14:44:08.839303   759 ts_tablet_manager.cc:1403] T ab5de121501a4966af51815f34e92439 P fdc96f99f7684d2fa9e766965c38ab16: Time spent bootstrapping tablet: real 0.047s	user 0.012s	sys 0.010s
I20260709 14:44:08.862416   778 raft_consensus.cc:515] T 636fdabe67a64d7287bafdb54161175f P 8d66cf9f54474252ac3849c70b8b66ae [term 1 FOLLOWER]: Starting leader election with config: opid_index: -1 OBSOLETE_local: false peers { permanent_uuid: "8d66cf9f54474252ac3849c70b8b66ae" member_type: VOTER last_known_addr { host: "127.0.108.1" port: 43245 } } peers { permanent_uuid: "fdc96f99f7684d2fa9e766965c38ab16" member_type: VOTER last_known_addr { host: "127.0.108.2" port: 38333 } } peers { permanent_uuid: "c335d15ea18e48abace371a03bea99a9" member_type: VOTER last_known_addr { host: "127.0.108.3" port: 36441 } }
I20260709 14:44:08.864401   463 catalog_manager.cc:5697] T 2223f0f629bf4ac0bbddd0d8e2466555 P c335d15ea18e48abace371a03bea99a9 reported cstate change: term changed from 0 to 1, leader changed from <none> to c335d15ea18e48abace371a03bea99a9 (127.0.108.3). New cstate: current_term: 1 leader_uuid: "c335d15ea18e48abace371a03bea99a9" committed_config { opid_index: -1 OBSOLETE_local: false peers { permanent_uuid: "8d66cf9f54474252ac3849c70b8b66ae" member_type: VOTER last_known_addr { host: "127.0.108.1" port: 43245 } health_report { overall_health: UNKNOWN } } peers { permanent_uuid: "fdc96f99f7684d2fa9e766965c38ab16" member_type: VOTER last_known_addr { host: "127.0.108.2" port: 38333 } health_report { overall_health: UNKNOWN } } peers { permanent_uuid: "c335d15ea18e48abace371a03bea99a9" member_type: VOTER last_known_addr { host: "127.0.108.3" port: 36441 } health_report { overall_health: HEALTHY } } }
I20260709 14:44:08.867468   759 raft_consensus.cc:359] T ab5de121501a4966af51815f34e92439 P fdc96f99f7684d2fa9e766965c38ab16 [term 0 FOLLOWER]: Replica starting. Triggering 0 pending ops. Active config: opid_index: -1 OBSOLETE_local: false peers { permanent_uuid: "8d66cf9f54474252ac3849c70b8b66ae" member_type: VOTER last_known_addr { host: "127.0.108.1" port: 43245 } } peers { permanent_uuid: "fdc96f99f7684d2fa9e766965c38ab16" member_type: VOTER last_known_addr { host: "127.0.108.2" port: 38333 } } peers { permanent_uuid: "c335d15ea18e48abace371a03bea99a9" member_type: VOTER last_known_addr { host: "127.0.108.3" port: 36441 } }
I20260709 14:44:08.868184   759 raft_consensus.cc:385] T ab5de121501a4966af51815f34e92439 P fdc96f99f7684d2fa9e766965c38ab16 [term 0 FOLLOWER]: Consensus starting up: Expiring failure detector timer to make a prompt election more likely
I20260709 14:44:08.868428   759 raft_consensus.cc:740] T ab5de121501a4966af51815f34e92439 P fdc96f99f7684d2fa9e766965c38ab16 [term 0 FOLLOWER]: Becoming Follower/Learner. State: Replica: fdc96f99f7684d2fa9e766965c38ab16, State: Initialized, Role: FOLLOWER
I20260709 14:44:08.869050   759 consensus_queue.cc:260] T ab5de121501a4966af51815f34e92439 P fdc96f99f7684d2fa9e766965c38ab16 [NON_LEADER]: Queue going to NON_LEADER mode. State: All replicated index: 0, Majority replicated index: 0, Committed index: 0, Last appended: 0.0, Last appended by leader: 0, Current term: 0, Majority size: -1, State: 0, Mode: NON_LEADER, active raft config: opid_index: -1 OBSOLETE_local: false peers { permanent_uuid: "8d66cf9f54474252ac3849c70b8b66ae" member_type: VOTER last_known_addr { host: "127.0.108.1" port: 43245 } } peers { permanent_uuid: "fdc96f99f7684d2fa9e766965c38ab16" member_type: VOTER last_known_addr { host: "127.0.108.2" port: 38333 } } peers { permanent_uuid: "c335d15ea18e48abace371a03bea99a9" member_type: VOTER last_known_addr { host: "127.0.108.3" port: 36441 } }
I20260709 14:44:08.869608   641 tablet_service.cc:1917] Received RequestConsensusVote() RPC: tablet_id: "636fdabe67a64d7287bafdb54161175f" candidate_uuid: "8d66cf9f54474252ac3849c70b8b66ae" candidate_term: 1 candidate_status { last_received { term: 0 index: 0 } } ignore_live_leader: false dest_uuid: "fdc96f99f7684d2fa9e766965c38ab16"
I20260709 14:44:08.870154   761 tablet_bootstrap.cc:492] T 63b9b4e4d0a64540b697afd1e3fd5927 P c335d15ea18e48abace371a03bea99a9: No bootstrap required, opened a new log
I20260709 14:44:08.870131   641 raft_consensus.cc:3060] T 636fdabe67a64d7287bafdb54161175f P fdc96f99f7684d2fa9e766965c38ab16 [term 0 FOLLOWER]: Advancing to term 1
I20260709 14:44:08.872012   761 ts_tablet_manager.cc:1403] T 63b9b4e4d0a64540b697afd1e3fd5927 P c335d15ea18e48abace371a03bea99a9: Time spent bootstrapping tablet: real 0.094s	user 0.015s	sys 0.003s
I20260709 14:44:08.875434   761 raft_consensus.cc:359] T 63b9b4e4d0a64540b697afd1e3fd5927 P c335d15ea18e48abace371a03bea99a9 [term 0 FOLLOWER]: Replica starting. Triggering 0 pending ops. Active config: opid_index: -1 OBSOLETE_local: false peers { permanent_uuid: "8d66cf9f54474252ac3849c70b8b66ae" member_type: VOTER last_known_addr { host: "127.0.108.1" port: 43245 } } peers { permanent_uuid: "fdc96f99f7684d2fa9e766965c38ab16" member_type: VOTER last_known_addr { host: "127.0.108.2" port: 38333 } } peers { permanent_uuid: "c335d15ea18e48abace371a03bea99a9" member_type: VOTER last_known_addr { host: "127.0.108.3" port: 36441 } }
I20260709 14:44:08.876111   761 raft_consensus.cc:385] T 63b9b4e4d0a64540b697afd1e3fd5927 P c335d15ea18e48abace371a03bea99a9 [term 0 FOLLOWER]: Consensus starting up: Expiring failure detector timer to make a prompt election more likely
I20260709 14:44:08.876364   761 raft_consensus.cc:740] T 63b9b4e4d0a64540b697afd1e3fd5927 P c335d15ea18e48abace371a03bea99a9 [term 0 FOLLOWER]: Becoming Follower/Learner. State: Replica: c335d15ea18e48abace371a03bea99a9, State: Initialized, Role: FOLLOWER
I20260709 14:44:08.876655   759 ts_tablet_manager.cc:1434] T ab5de121501a4966af51815f34e92439 P fdc96f99f7684d2fa9e766965c38ab16: Time spent starting tablet: real 0.037s	user 0.006s	sys 0.006s
I20260709 14:44:08.877133   761 consensus_queue.cc:260] T 63b9b4e4d0a64540b697afd1e3fd5927 P c335d15ea18e48abace371a03bea99a9 [NON_LEADER]: Queue going to NON_LEADER mode. State: All replicated index: 0, Majority replicated index: 0, Committed index: 0, Last appended: 0.0, Last appended by leader: 0, Current term: 0, Majority size: -1, State: 0, Mode: NON_LEADER, active raft config: opid_index: -1 OBSOLETE_local: false peers { permanent_uuid: "8d66cf9f54474252ac3849c70b8b66ae" member_type: VOTER last_known_addr { host: "127.0.108.1" port: 43245 } } peers { permanent_uuid: "fdc96f99f7684d2fa9e766965c38ab16" member_type: VOTER last_known_addr { host: "127.0.108.2" port: 38333 } } peers { permanent_uuid: "c335d15ea18e48abace371a03bea99a9" member_type: VOTER last_known_addr { host: "127.0.108.3" port: 36441 } }
I20260709 14:44:08.879390   761 ts_tablet_manager.cc:1434] T 63b9b4e4d0a64540b697afd1e3fd5927 P c335d15ea18e48abace371a03bea99a9: Time spent starting tablet: real 0.007s	user 0.005s	sys 0.001s
I20260709 14:44:08.879710   778 leader_election.cc:290] T 636fdabe67a64d7287bafdb54161175f P 8d66cf9f54474252ac3849c70b8b66ae [CANDIDATE]: Term 1 election: Requested vote from peers fdc96f99f7684d2fa9e766965c38ab16 (127.0.108.2:38333), c335d15ea18e48abace371a03bea99a9 (127.0.108.3:36441)
I20260709 14:44:08.880795   760 tablet_bootstrap.cc:654] T 2223f0f629bf4ac0bbddd0d8e2466555 P 8d66cf9f54474252ac3849c70b8b66ae: Neither blocks nor log segments found. Creating new log.
I20260709 14:44:08.889364   641 raft_consensus.cc:2468] T 636fdabe67a64d7287bafdb54161175f P fdc96f99f7684d2fa9e766965c38ab16 [term 1 FOLLOWER]: Leader election vote request: Granting yes vote for candidate 8d66cf9f54474252ac3849c70b8b66ae in term 1.
I20260709 14:44:08.892508   532 leader_election.cc:304] T 636fdabe67a64d7287bafdb54161175f P 8d66cf9f54474252ac3849c70b8b66ae [CANDIDATE]: Term 1 election: Election decided. Result: candidate won. Election summary: received 2 responses out of 3 voters: 2 yes votes; 0 no votes. yes voters: 8d66cf9f54474252ac3849c70b8b66ae, fdc96f99f7684d2fa9e766965c38ab16; no voters: 
I20260709 14:44:08.893512   778 raft_consensus.cc:2804] T 636fdabe67a64d7287bafdb54161175f P 8d66cf9f54474252ac3849c70b8b66ae [term 1 FOLLOWER]: Leader election won for term 1
I20260709 14:44:08.894124   778 raft_consensus.cc:697] T 636fdabe67a64d7287bafdb54161175f P 8d66cf9f54474252ac3849c70b8b66ae [term 1 LEADER]: Becoming Leader. State: Replica: 8d66cf9f54474252ac3849c70b8b66ae, State: Running, Role: LEADER
I20260709 14:44:08.894906   778 consensus_queue.cc:237] T 636fdabe67a64d7287bafdb54161175f P 8d66cf9f54474252ac3849c70b8b66ae [LEADER]: Queue going to LEADER mode. State: All replicated index: 0, Majority replicated index: 0, Committed index: 0, Last appended: 0.0, Last appended by leader: 0, Current term: 1, Majority size: 2, State: 0, Mode: LEADER, active raft config: opid_index: -1 OBSOLETE_local: false peers { permanent_uuid: "8d66cf9f54474252ac3849c70b8b66ae" member_type: VOTER last_known_addr { host: "127.0.108.1" port: 43245 } } peers { permanent_uuid: "fdc96f99f7684d2fa9e766965c38ab16" member_type: VOTER last_known_addr { host: "127.0.108.2" port: 38333 } } peers { permanent_uuid: "c335d15ea18e48abace371a03bea99a9" member_type: VOTER last_known_addr { host: "127.0.108.3" port: 36441 } }
I20260709 14:44:08.897689   765 raft_consensus.cc:493] T 0b9b9bc4d2ab47cc98bccdeefab930db P fdc96f99f7684d2fa9e766965c38ab16 [term 0 FOLLOWER]: Starting pre-election (no leader contacted us within the election timeout)
I20260709 14:44:08.898182   765 raft_consensus.cc:515] T 0b9b9bc4d2ab47cc98bccdeefab930db P fdc96f99f7684d2fa9e766965c38ab16 [term 0 FOLLOWER]: Starting pre-election with config: opid_index: -1 OBSOLETE_local: false peers { permanent_uuid: "8d66cf9f54474252ac3849c70b8b66ae" member_type: VOTER last_known_addr { host: "127.0.108.1" port: 43245 } } peers { permanent_uuid: "fdc96f99f7684d2fa9e766965c38ab16" member_type: VOTER last_known_addr { host: "127.0.108.2" port: 38333 } } peers { permanent_uuid: "c335d15ea18e48abace371a03bea99a9" member_type: VOTER last_known_addr { host: "127.0.108.3" port: 36441 } }
I20260709 14:44:08.899080   716 tablet_service.cc:1917] Received RequestConsensusVote() RPC: tablet_id: "636fdabe67a64d7287bafdb54161175f" candidate_uuid: "8d66cf9f54474252ac3849c70b8b66ae" candidate_term: 1 candidate_status { last_received { term: 0 index: 0 } } ignore_live_leader: false dest_uuid: "c335d15ea18e48abace371a03bea99a9"
I20260709 14:44:08.899606   716 raft_consensus.cc:3060] T 636fdabe67a64d7287bafdb54161175f P c335d15ea18e48abace371a03bea99a9 [term 0 FOLLOWER]: Advancing to term 1
I20260709 14:44:08.900203   765 leader_election.cc:290] T 0b9b9bc4d2ab47cc98bccdeefab930db P fdc96f99f7684d2fa9e766965c38ab16 [CANDIDATE]: Term 1 pre-election: Requested pre-vote from peers 8d66cf9f54474252ac3849c70b8b66ae (127.0.108.1:43245), c335d15ea18e48abace371a03bea99a9 (127.0.108.3:36441)
I20260709 14:44:08.903473   766 consensus_queue.cc:1048] T e838cff0e0f3455d9553030f0d16fcd5 P 8d66cf9f54474252ac3849c70b8b66ae [LEADER]: Connected to new peer: Peer: permanent_uuid: "c335d15ea18e48abace371a03bea99a9" member_type: VOTER last_known_addr { host: "127.0.108.3" port: 36441 }, Status: LMP_MISMATCH, Last received: 0.0, Next index: 1, Last known committed idx: 0, Time since last communication: 0.000s
I20260709 14:44:08.904265   714 tablet_service.cc:1917] Received RequestConsensusVote() RPC: tablet_id: "0b9b9bc4d2ab47cc98bccdeefab930db" candidate_uuid: "fdc96f99f7684d2fa9e766965c38ab16" candidate_term: 1 candidate_status { last_received { term: 0 index: 0 } } ignore_live_leader: false dest_uuid: "c335d15ea18e48abace371a03bea99a9" is_pre_election: true
I20260709 14:44:08.904745   714 raft_consensus.cc:2468] T 0b9b9bc4d2ab47cc98bccdeefab930db P c335d15ea18e48abace371a03bea99a9 [term 0 FOLLOWER]: Leader pre-election vote request: Granting yes vote for candidate fdc96f99f7684d2fa9e766965c38ab16 in term 0.
I20260709 14:44:08.906435   605 leader_election.cc:304] T 0b9b9bc4d2ab47cc98bccdeefab930db P fdc96f99f7684d2fa9e766965c38ab16 [CANDIDATE]: Term 1 pre-election: Election decided. Result: candidate won. Election summary: received 2 responses out of 3 voters: 2 yes votes; 0 no votes. yes voters: c335d15ea18e48abace371a03bea99a9, fdc96f99f7684d2fa9e766965c38ab16; no voters: 
I20260709 14:44:08.906481   567 tablet_service.cc:1917] Received RequestConsensusVote() RPC: tablet_id: "0b9b9bc4d2ab47cc98bccdeefab930db" candidate_uuid: "fdc96f99f7684d2fa9e766965c38ab16" candidate_term: 1 candidate_status { last_received { term: 0 index: 0 } } ignore_live_leader: false dest_uuid: "8d66cf9f54474252ac3849c70b8b66ae" is_pre_election: true
I20260709 14:44:08.907315   567 raft_consensus.cc:2468] T 0b9b9bc4d2ab47cc98bccdeefab930db P 8d66cf9f54474252ac3849c70b8b66ae [term 0 FOLLOWER]: Leader pre-election vote request: Granting yes vote for candidate fdc96f99f7684d2fa9e766965c38ab16 in term 0.
I20260709 14:44:08.907486   765 raft_consensus.cc:2804] T 0b9b9bc4d2ab47cc98bccdeefab930db P fdc96f99f7684d2fa9e766965c38ab16 [term 0 FOLLOWER]: Leader pre-election won for term 1
I20260709 14:44:08.907905   765 raft_consensus.cc:493] T 0b9b9bc4d2ab47cc98bccdeefab930db P fdc96f99f7684d2fa9e766965c38ab16 [term 0 FOLLOWER]: Starting leader election (no leader contacted us within the election timeout)
I20260709 14:44:08.908236   765 raft_consensus.cc:3060] T 0b9b9bc4d2ab47cc98bccdeefab930db P fdc96f99f7684d2fa9e766965c38ab16 [term 0 FOLLOWER]: Advancing to term 1
I20260709 14:44:08.910161   716 raft_consensus.cc:2468] T 636fdabe67a64d7287bafdb54161175f P c335d15ea18e48abace371a03bea99a9 [term 1 FOLLOWER]: Leader election vote request: Granting yes vote for candidate 8d66cf9f54474252ac3849c70b8b66ae in term 1.
I20260709 14:44:08.914557   765 raft_consensus.cc:515] T 0b9b9bc4d2ab47cc98bccdeefab930db P fdc96f99f7684d2fa9e766965c38ab16 [term 1 FOLLOWER]: Starting leader election with config: opid_index: -1 OBSOLETE_local: false peers { permanent_uuid: "8d66cf9f54474252ac3849c70b8b66ae" member_type: VOTER last_known_addr { host: "127.0.108.1" port: 43245 } } peers { permanent_uuid: "fdc96f99f7684d2fa9e766965c38ab16" member_type: VOTER last_known_addr { host: "127.0.108.2" port: 38333 } } peers { permanent_uuid: "c335d15ea18e48abace371a03bea99a9" member_type: VOTER last_known_addr { host: "127.0.108.3" port: 36441 } }
I20260709 14:44:08.916805   760 tablet_bootstrap.cc:492] T 2223f0f629bf4ac0bbddd0d8e2466555 P 8d66cf9f54474252ac3849c70b8b66ae: No bootstrap required, opened a new log
I20260709 14:44:08.917364   760 ts_tablet_manager.cc:1403] T 2223f0f629bf4ac0bbddd0d8e2466555 P 8d66cf9f54474252ac3849c70b8b66ae: Time spent bootstrapping tablet: real 0.097s	user 0.012s	sys 0.015s
I20260709 14:44:08.919420   766 raft_consensus.cc:493] T ab0afc7db9d844bd8ab95701a78d1bfc P 8d66cf9f54474252ac3849c70b8b66ae [term 0 FOLLOWER]: Starting pre-election (no leader contacted us within the election timeout)
I20260709 14:44:08.919894   766 raft_consensus.cc:515] T ab0afc7db9d844bd8ab95701a78d1bfc P 8d66cf9f54474252ac3849c70b8b66ae [term 0 FOLLOWER]: Starting pre-election with config: opid_index: -1 OBSOLETE_local: false peers { permanent_uuid: "8d66cf9f54474252ac3849c70b8b66ae" member_type: VOTER last_known_addr { host: "127.0.108.1" port: 43245 } } peers { permanent_uuid: "fdc96f99f7684d2fa9e766965c38ab16" member_type: VOTER last_known_addr { host: "127.0.108.2" port: 38333 } } peers { permanent_uuid: "c335d15ea18e48abace371a03bea99a9" member_type: VOTER last_known_addr { host: "127.0.108.3" port: 36441 } }
I20260709 14:44:08.921868   766 leader_election.cc:290] T ab0afc7db9d844bd8ab95701a78d1bfc P 8d66cf9f54474252ac3849c70b8b66ae [CANDIDATE]: Term 1 pre-election: Requested pre-vote from peers fdc96f99f7684d2fa9e766965c38ab16 (127.0.108.2:38333), c335d15ea18e48abace371a03bea99a9 (127.0.108.3:36441)
I20260709 14:44:08.922727   641 tablet_service.cc:1917] Received RequestConsensusVote() RPC: tablet_id: "ab0afc7db9d844bd8ab95701a78d1bfc" candidate_uuid: "8d66cf9f54474252ac3849c70b8b66ae" candidate_term: 1 candidate_status { last_received { term: 0 index: 0 } } ignore_live_leader: false dest_uuid: "fdc96f99f7684d2fa9e766965c38ab16" is_pre_election: true
I20260709 14:44:08.924139   760 raft_consensus.cc:359] T 2223f0f629bf4ac0bbddd0d8e2466555 P 8d66cf9f54474252ac3849c70b8b66ae [term 0 FOLLOWER]: Replica starting. Triggering 0 pending ops. Active config: opid_index: -1 OBSOLETE_local: false peers { permanent_uuid: "8d66cf9f54474252ac3849c70b8b66ae" member_type: VOTER last_known_addr { host: "127.0.108.1" port: 43245 } } peers { permanent_uuid: "fdc96f99f7684d2fa9e766965c38ab16" member_type: VOTER last_known_addr { host: "127.0.108.2" port: 38333 } } peers { permanent_uuid: "c335d15ea18e48abace371a03bea99a9" member_type: VOTER last_known_addr { host: "127.0.108.3" port: 36441 } }
I20260709 14:44:08.924805   760 raft_consensus.cc:385] T 2223f0f629bf4ac0bbddd0d8e2466555 P 8d66cf9f54474252ac3849c70b8b66ae [term 0 FOLLOWER]: Consensus starting up: Expiring failure detector timer to make a prompt election more likely
I20260709 14:44:08.925122   760 raft_consensus.cc:740] T 2223f0f629bf4ac0bbddd0d8e2466555 P 8d66cf9f54474252ac3849c70b8b66ae [term 0 FOLLOWER]: Becoming Follower/Learner. State: Replica: 8d66cf9f54474252ac3849c70b8b66ae, State: Initialized, Role: FOLLOWER
I20260709 14:44:08.925765   760 consensus_queue.cc:260] T 2223f0f629bf4ac0bbddd0d8e2466555 P 8d66cf9f54474252ac3849c70b8b66ae [NON_LEADER]: Queue going to NON_LEADER mode. State: All replicated index: 0, Majority replicated index: 0, Committed index: 0, Last appended: 0.0, Last appended by leader: 0, Current term: 0, Majority size: -1, State: 0, Mode: NON_LEADER, active raft config: opid_index: -1 OBSOLETE_local: false peers { permanent_uuid: "8d66cf9f54474252ac3849c70b8b66ae" member_type: VOTER last_known_addr { host: "127.0.108.1" port: 43245 } } peers { permanent_uuid: "fdc96f99f7684d2fa9e766965c38ab16" member_type: VOTER last_known_addr { host: "127.0.108.2" port: 38333 } } peers { permanent_uuid: "c335d15ea18e48abace371a03bea99a9" member_type: VOTER last_known_addr { host: "127.0.108.3" port: 36441 } }
I20260709 14:44:08.926216   714 tablet_service.cc:1917] Received RequestConsensusVote() RPC: tablet_id: "ab0afc7db9d844bd8ab95701a78d1bfc" candidate_uuid: "8d66cf9f54474252ac3849c70b8b66ae" candidate_term: 1 candidate_status { last_received { term: 0 index: 0 } } ignore_live_leader: false dest_uuid: "c335d15ea18e48abace371a03bea99a9" is_pre_election: true
I20260709 14:44:08.927587   778 raft_consensus.cc:493] T ab5de121501a4966af51815f34e92439 P 8d66cf9f54474252ac3849c70b8b66ae [term 0 FOLLOWER]: Starting pre-election (no leader contacted us within the election timeout)
I20260709 14:44:08.928308   714 raft_consensus.cc:2393] T ab0afc7db9d844bd8ab95701a78d1bfc P c335d15ea18e48abace371a03bea99a9 [term 1 FOLLOWER]: Leader pre-election vote request: Denying vote to candidate 8d66cf9f54474252ac3849c70b8b66ae in current term 1: Already voted for candidate fdc96f99f7684d2fa9e766965c38ab16 in this term.
I20260709 14:44:08.928512   462 catalog_manager.cc:5697] T 636fdabe67a64d7287bafdb54161175f P 8d66cf9f54474252ac3849c70b8b66ae reported cstate change: term changed from 0 to 1, leader changed from <none> to 8d66cf9f54474252ac3849c70b8b66ae (127.0.108.1). New cstate: current_term: 1 leader_uuid: "8d66cf9f54474252ac3849c70b8b66ae" committed_config { opid_index: -1 OBSOLETE_local: false peers { permanent_uuid: "8d66cf9f54474252ac3849c70b8b66ae" member_type: VOTER last_known_addr { host: "127.0.108.1" port: 43245 } health_report { overall_health: HEALTHY } } peers { permanent_uuid: "fdc96f99f7684d2fa9e766965c38ab16" member_type: VOTER last_known_addr { host: "127.0.108.2" port: 38333 } health_report { overall_health: UNKNOWN } } peers { permanent_uuid: "c335d15ea18e48abace371a03bea99a9" member_type: VOTER last_known_addr { host: "127.0.108.3" port: 36441 } health_report { overall_health: UNKNOWN } } }
I20260709 14:44:08.928203   778 raft_consensus.cc:515] T ab5de121501a4966af51815f34e92439 P 8d66cf9f54474252ac3849c70b8b66ae [term 0 FOLLOWER]: Starting pre-election with config: opid_index: -1 OBSOLETE_local: false peers { permanent_uuid: "8d66cf9f54474252ac3849c70b8b66ae" member_type: VOTER last_known_addr { host: "127.0.108.1" port: 43245 } } peers { permanent_uuid: "fdc96f99f7684d2fa9e766965c38ab16" member_type: VOTER last_known_addr { host: "127.0.108.2" port: 38333 } } peers { permanent_uuid: "c335d15ea18e48abace371a03bea99a9" member_type: VOTER last_known_addr { host: "127.0.108.3" port: 36441 } }
I20260709 14:44:08.933413   778 leader_election.cc:290] T ab5de121501a4966af51815f34e92439 P 8d66cf9f54474252ac3849c70b8b66ae [CANDIDATE]: Term 1 pre-election: Requested pre-vote from peers fdc96f99f7684d2fa9e766965c38ab16 (127.0.108.2:38333), c335d15ea18e48abace371a03bea99a9 (127.0.108.3:36441)
I20260709 14:44:08.933615   641 tablet_service.cc:1917] Received RequestConsensusVote() RPC: tablet_id: "ab5de121501a4966af51815f34e92439" candidate_uuid: "8d66cf9f54474252ac3849c70b8b66ae" candidate_term: 1 candidate_status { last_received { term: 0 index: 0 } } ignore_live_leader: false dest_uuid: "fdc96f99f7684d2fa9e766965c38ab16" is_pre_election: true
I20260709 14:44:08.934193   641 raft_consensus.cc:2468] T ab5de121501a4966af51815f34e92439 P fdc96f99f7684d2fa9e766965c38ab16 [term 0 FOLLOWER]: Leader pre-election vote request: Granting yes vote for candidate 8d66cf9f54474252ac3849c70b8b66ae in term 0.
I20260709 14:44:08.935118   760 ts_tablet_manager.cc:1434] T 2223f0f629bf4ac0bbddd0d8e2466555 P 8d66cf9f54474252ac3849c70b8b66ae: Time spent starting tablet: real 0.017s	user 0.006s	sys 0.000s
I20260709 14:44:08.935333   532 leader_election.cc:304] T ab5de121501a4966af51815f34e92439 P 8d66cf9f54474252ac3849c70b8b66ae [CANDIDATE]: Term 1 pre-election: Election decided. Result: candidate won. Election summary: received 2 responses out of 3 voters: 2 yes votes; 0 no votes. yes voters: 8d66cf9f54474252ac3849c70b8b66ae, fdc96f99f7684d2fa9e766965c38ab16; no voters: 
I20260709 14:44:08.937745   766 raft_consensus.cc:2804] T ab5de121501a4966af51815f34e92439 P 8d66cf9f54474252ac3849c70b8b66ae [term 0 FOLLOWER]: Leader pre-election won for term 1
I20260709 14:44:08.938159   766 raft_consensus.cc:493] T ab5de121501a4966af51815f34e92439 P 8d66cf9f54474252ac3849c70b8b66ae [term 0 FOLLOWER]: Starting leader election (no leader contacted us within the election timeout)
I20260709 14:44:08.938520   766 raft_consensus.cc:3060] T ab5de121501a4966af51815f34e92439 P 8d66cf9f54474252ac3849c70b8b66ae [term 0 FOLLOWER]: Advancing to term 1
I20260709 14:44:08.939047   716 tablet_service.cc:1917] Received RequestConsensusVote() RPC: tablet_id: "0b9b9bc4d2ab47cc98bccdeefab930db" candidate_uuid: "fdc96f99f7684d2fa9e766965c38ab16" candidate_term: 1 candidate_status { last_received { term: 0 index: 0 } } ignore_live_leader: false dest_uuid: "c335d15ea18e48abace371a03bea99a9"
I20260709 14:44:08.939743   716 raft_consensus.cc:3060] T 0b9b9bc4d2ab47cc98bccdeefab930db P c335d15ea18e48abace371a03bea99a9 [term 0 FOLLOWER]: Advancing to term 1
I20260709 14:44:08.941380   530 leader_election.cc:304] T ab0afc7db9d844bd8ab95701a78d1bfc P 8d66cf9f54474252ac3849c70b8b66ae [CANDIDATE]: Term 1 pre-election: Election decided. Result: candidate lost. Election summary: received 3 responses out of 3 voters: 1 yes votes; 2 no votes. yes voters: 8d66cf9f54474252ac3849c70b8b66ae; no voters: c335d15ea18e48abace371a03bea99a9, fdc96f99f7684d2fa9e766965c38ab16
I20260709 14:44:08.941910   765 leader_election.cc:290] T 0b9b9bc4d2ab47cc98bccdeefab930db P fdc96f99f7684d2fa9e766965c38ab16 [CANDIDATE]: Term 1 election: Requested vote from peers 8d66cf9f54474252ac3849c70b8b66ae (127.0.108.1:43245), c335d15ea18e48abace371a03bea99a9 (127.0.108.3:36441)
I20260709 14:44:08.944034   715 tablet_service.cc:1917] Received RequestConsensusVote() RPC: tablet_id: "ab5de121501a4966af51815f34e92439" candidate_uuid: "8d66cf9f54474252ac3849c70b8b66ae" candidate_term: 1 candidate_status { last_received { term: 0 index: 0 } } ignore_live_leader: false dest_uuid: "c335d15ea18e48abace371a03bea99a9" is_pre_election: true
I20260709 14:44:08.944805   778 raft_consensus.cc:3060] T ab0afc7db9d844bd8ab95701a78d1bfc P 8d66cf9f54474252ac3849c70b8b66ae [term 0 FOLLOWER]: Advancing to term 1
I20260709 14:44:08.944796   715 raft_consensus.cc:2468] T ab5de121501a4966af51815f34e92439 P c335d15ea18e48abace371a03bea99a9 [term 0 FOLLOWER]: Leader pre-election vote request: Granting yes vote for candidate 8d66cf9f54474252ac3849c70b8b66ae in term 0.
I20260709 14:44:08.946892   716 raft_consensus.cc:2468] T 0b9b9bc4d2ab47cc98bccdeefab930db P c335d15ea18e48abace371a03bea99a9 [term 1 FOLLOWER]: Leader election vote request: Granting yes vote for candidate fdc96f99f7684d2fa9e766965c38ab16 in term 1.
I20260709 14:44:08.947978   605 leader_election.cc:304] T 0b9b9bc4d2ab47cc98bccdeefab930db P fdc96f99f7684d2fa9e766965c38ab16 [CANDIDATE]: Term 1 election: Election decided. Result: candidate won. Election summary: received 2 responses out of 3 voters: 2 yes votes; 0 no votes. yes voters: c335d15ea18e48abace371a03bea99a9, fdc96f99f7684d2fa9e766965c38ab16; no voters: 
I20260709 14:44:08.949512   567 tablet_service.cc:1917] Received RequestConsensusVote() RPC: tablet_id: "0b9b9bc4d2ab47cc98bccdeefab930db" candidate_uuid: "fdc96f99f7684d2fa9e766965c38ab16" candidate_term: 1 candidate_status { last_received { term: 0 index: 0 } } ignore_live_leader: false dest_uuid: "8d66cf9f54474252ac3849c70b8b66ae"
I20260709 14:44:08.949510   765 raft_consensus.cc:2804] T 0b9b9bc4d2ab47cc98bccdeefab930db P fdc96f99f7684d2fa9e766965c38ab16 [term 1 FOLLOWER]: Leader election won for term 1
I20260709 14:44:08.950079   567 raft_consensus.cc:3060] T 0b9b9bc4d2ab47cc98bccdeefab930db P 8d66cf9f54474252ac3849c70b8b66ae [term 0 FOLLOWER]: Advancing to term 1
I20260709 14:44:08.950138   765 raft_consensus.cc:697] T 0b9b9bc4d2ab47cc98bccdeefab930db P fdc96f99f7684d2fa9e766965c38ab16 [term 1 LEADER]: Becoming Leader. State: Replica: fdc96f99f7684d2fa9e766965c38ab16, State: Running, Role: LEADER
I20260709 14:44:08.950968   765 consensus_queue.cc:237] T 0b9b9bc4d2ab47cc98bccdeefab930db P fdc96f99f7684d2fa9e766965c38ab16 [LEADER]: Queue going to LEADER mode. State: All replicated index: 0, Majority replicated index: 0, Committed index: 0, Last appended: 0.0, Last appended by leader: 0, Current term: 1, Majority size: 2, State: 0, Mode: LEADER, active raft config: opid_index: -1 OBSOLETE_local: false peers { permanent_uuid: "8d66cf9f54474252ac3849c70b8b66ae" member_type: VOTER last_known_addr { host: "127.0.108.1" port: 43245 } } peers { permanent_uuid: "fdc96f99f7684d2fa9e766965c38ab16" member_type: VOTER last_known_addr { host: "127.0.108.2" port: 38333 } } peers { permanent_uuid: "c335d15ea18e48abace371a03bea99a9" member_type: VOTER last_known_addr { host: "127.0.108.3" port: 36441 } }
I20260709 14:44:08.957232   567 raft_consensus.cc:2468] T 0b9b9bc4d2ab47cc98bccdeefab930db P 8d66cf9f54474252ac3849c70b8b66ae [term 1 FOLLOWER]: Leader election vote request: Granting yes vote for candidate fdc96f99f7684d2fa9e766965c38ab16 in term 1.
I20260709 14:44:08.959553   778 raft_consensus.cc:2749] T ab0afc7db9d844bd8ab95701a78d1bfc P 8d66cf9f54474252ac3849c70b8b66ae [term 1 FOLLOWER]: Leader pre-election lost for term 1. Reason: could not achieve majority
