W20260709 14:47:34.227437  5791 leader_election.cc:343] T 578ddcd19dad41b8bca4c193724ed018 P 3574e101566b4e3585f87c020d73ffab [CANDIDATE]: Term 1 election: Tablet error from VoteRequest() call to peer fa1dc3ab05e34bcf94770ff0a20988cf (127.4.124.66:35077): Illegal state: must be running to vote when last-logged opid is not known
I20260709 14:47:34.228488  5873 leader_election.cc:290] T 578ddcd19dad41b8bca4c193724ed018 P 3574e101566b4e3585f87c020d73ffab [CANDIDATE]: Term 1 election: Requested vote from peers fda95c44d74c4fdcb4478b46a3d2400d (127.4.124.65:38379), fa1dc3ab05e34bcf94770ff0a20988cf (127.4.124.66:35077)
I20260709 14:47:34.230979  5678 raft_consensus.cc:2468] T 578ddcd19dad41b8bca4c193724ed018 P fda95c44d74c4fdcb4478b46a3d2400d [term 1 FOLLOWER]: Leader election vote request: Granting yes vote for candidate 3574e101566b4e3585f87c020d73ffab in term 1.
I20260709 14:47:34.232098  5873 raft_consensus.cc:493] T d887ae2bbb284015b24717ca7ab00c21 P 3574e101566b4e3585f87c020d73ffab [term 0 FOLLOWER]: Starting pre-election (no leader contacted us within the election timeout)
I20260709 14:47:34.232235  5790 leader_election.cc:304] T 578ddcd19dad41b8bca4c193724ed018 P 3574e101566b4e3585f87c020d73ffab [CANDIDATE]: Term 1 election: Election decided. Result: candidate won. Election summary: received 3 responses out of 3 voters: 2 yes votes; 1 no votes. yes voters: 3574e101566b4e3585f87c020d73ffab, fda95c44d74c4fdcb4478b46a3d2400d; no voters: fa1dc3ab05e34bcf94770ff0a20988cf
I20260709 14:47:34.232590  5873 raft_consensus.cc:515] T d887ae2bbb284015b24717ca7ab00c21 P 3574e101566b4e3585f87c020d73ffab [term 0 FOLLOWER]: Starting pre-election with config: opid_index: -1 OBSOLETE_local: false peers { permanent_uuid: "fda95c44d74c4fdcb4478b46a3d2400d" member_type: VOTER last_known_addr { host: "127.4.124.65" port: 38379 } } peers { permanent_uuid: "fa1dc3ab05e34bcf94770ff0a20988cf" member_type: VOTER last_known_addr { host: "127.4.124.66" port: 35077 } } peers { permanent_uuid: "3574e101566b4e3585f87c020d73ffab" member_type: VOTER last_known_addr { host: "127.4.124.67" port: 39669 } }
I20260709 14:47:34.233093  5884 raft_consensus.cc:2804] T 578ddcd19dad41b8bca4c193724ed018 P 3574e101566b4e3585f87c020d73ffab [term 1 FOLLOWER]: Leader election won for term 1
I20260709 14:47:34.233608  5884 raft_consensus.cc:697] T 578ddcd19dad41b8bca4c193724ed018 P 3574e101566b4e3585f87c020d73ffab [term 1 LEADER]: Becoming Leader. State: Replica: 3574e101566b4e3585f87c020d73ffab, State: Running, Role: LEADER
I20260709 14:47:34.234375  5884 consensus_queue.cc:237] T 578ddcd19dad41b8bca4c193724ed018 P 3574e101566b4e3585f87c020d73ffab [LEADER]: Queue going to LEADER mode. State: All replicated index: 0, Majority replicated index: 0, Committed index: 0, Last appended: 0.0, Last appended by leader: 0, Current term: 1, Majority size: 2, State: 0, Mode: LEADER, active raft config: opid_index: -1 OBSOLETE_local: false peers { permanent_uuid: "fda95c44d74c4fdcb4478b46a3d2400d" member_type: VOTER last_known_addr { host: "127.4.124.65" port: 38379 } } peers { permanent_uuid: "fa1dc3ab05e34bcf94770ff0a20988cf" member_type: VOTER last_known_addr { host: "127.4.124.66" port: 35077 } } peers { permanent_uuid: "3574e101566b4e3585f87c020d73ffab" member_type: VOTER last_known_addr { host: "127.4.124.67" port: 39669 } }
I20260709 14:47:34.239042  5873 leader_election.cc:290] T d887ae2bbb284015b24717ca7ab00c21 P 3574e101566b4e3585f87c020d73ffab [CANDIDATE]: Term 1 pre-election: Requested pre-vote from peers fda95c44d74c4fdcb4478b46a3d2400d (127.4.124.65:38379), fa1dc3ab05e34bcf94770ff0a20988cf (127.4.124.66:35077)
I20260709 14:47:34.239310  5869 tablet_bootstrap.cc:492] T 78d9d350197a4dfc8e3b1889582a5f16 P 3574e101566b4e3585f87c020d73ffab: No bootstrap required, opened a new log
I20260709 14:47:34.239722  5869 ts_tablet_manager.cc:1403] T 78d9d350197a4dfc8e3b1889582a5f16 P 3574e101566b4e3585f87c020d73ffab: Time spent bootstrapping tablet: real 0.028s	user 0.007s	sys 0.009s
I20260709 14:47:34.239615  5678 tablet_service.cc:1917] Received RequestConsensusVote() RPC: tablet_id: "d887ae2bbb284015b24717ca7ab00c21" candidate_uuid: "3574e101566b4e3585f87c020d73ffab" candidate_term: 1 candidate_status { last_received { term: 0 index: 0 } } ignore_live_leader: false dest_uuid: "fda95c44d74c4fdcb4478b46a3d2400d" is_pre_election: true
I20260709 14:47:34.240025  5752 tablet_service.cc:1917] Received RequestConsensusVote() RPC: tablet_id: "d887ae2bbb284015b24717ca7ab00c21" candidate_uuid: "3574e101566b4e3585f87c020d73ffab" candidate_term: 1 candidate_status { last_received { term: 0 index: 0 } } ignore_live_leader: false dest_uuid: "fa1dc3ab05e34bcf94770ff0a20988cf" is_pre_election: true
W20260709 14:47:34.241240  5791 leader_election.cc:343] T d887ae2bbb284015b24717ca7ab00c21 P 3574e101566b4e3585f87c020d73ffab [CANDIDATE]: Term 1 pre-election: Tablet error from VoteRequest() call to peer fa1dc3ab05e34bcf94770ff0a20988cf (127.4.124.66:35077): Illegal state: must be running to vote when last-logged opid is not known
W20260709 14:47:34.242111  5790 leader_election.cc:343] T d887ae2bbb284015b24717ca7ab00c21 P 3574e101566b4e3585f87c020d73ffab [CANDIDATE]: Term 1 pre-election: Tablet error from VoteRequest() call to peer fda95c44d74c4fdcb4478b46a3d2400d (127.4.124.65:38379): Illegal state: must be running to vote when last-logged opid is not known
I20260709 14:47:34.242033  5869 raft_consensus.cc:359] T 78d9d350197a4dfc8e3b1889582a5f16 P 3574e101566b4e3585f87c020d73ffab [term 0 FOLLOWER]: Replica starting. Triggering 0 pending ops. Active config: opid_index: -1 OBSOLETE_local: false peers { permanent_uuid: "fda95c44d74c4fdcb4478b46a3d2400d" member_type: VOTER last_known_addr { host: "127.4.124.65" port: 38379 } } peers { permanent_uuid: "fa1dc3ab05e34bcf94770ff0a20988cf" member_type: VOTER last_known_addr { host: "127.4.124.66" port: 35077 } } peers { permanent_uuid: "3574e101566b4e3585f87c020d73ffab" member_type: VOTER last_known_addr { host: "127.4.124.67" port: 39669 } }
I20260709 14:47:34.242678  5869 raft_consensus.cc:385] T 78d9d350197a4dfc8e3b1889582a5f16 P 3574e101566b4e3585f87c020d73ffab [term 0 FOLLOWER]: Consensus starting up: Expiring failure detector timer to make a prompt election more likely
I20260709 14:47:34.242563  5790 leader_election.cc:304] T d887ae2bbb284015b24717ca7ab00c21 P 3574e101566b4e3585f87c020d73ffab [CANDIDATE]: Term 1 pre-election: Election decided. Result: candidate lost. Election summary: received 3 responses out of 3 voters: 1 yes votes; 2 no votes. yes voters: 3574e101566b4e3585f87c020d73ffab; no voters: fa1dc3ab05e34bcf94770ff0a20988cf, fda95c44d74c4fdcb4478b46a3d2400d
I20260709 14:47:34.242949  5869 raft_consensus.cc:740] T 78d9d350197a4dfc8e3b1889582a5f16 P 3574e101566b4e3585f87c020d73ffab [term 0 FOLLOWER]: Becoming Follower/Learner. State: Replica: 3574e101566b4e3585f87c020d73ffab, State: Initialized, Role: FOLLOWER
I20260709 14:47:34.243269  5884 raft_consensus.cc:2749] T d887ae2bbb284015b24717ca7ab00c21 P 3574e101566b4e3585f87c020d73ffab [term 0 FOLLOWER]: Leader pre-election lost for term 1. Reason: could not achieve majority
I20260709 14:47:34.244522  5867 tablet_bootstrap.cc:492] T 0e7b289068204b339f9349562db1b06c P fda95c44d74c4fdcb4478b46a3d2400d: No bootstrap required, opened a new log
I20260709 14:47:34.244974  5867 ts_tablet_manager.cc:1403] T 0e7b289068204b339f9349562db1b06c P fda95c44d74c4fdcb4478b46a3d2400d: Time spent bootstrapping tablet: real 0.054s	user 0.007s	sys 0.006s
I20260709 14:47:34.244577  5573 catalog_manager.cc:5697] T 04203c51677540eb92fa6a25d4e80eab P 3574e101566b4e3585f87c020d73ffab reported cstate change: term changed from 0 to 1, leader changed from <none> to 3574e101566b4e3585f87c020d73ffab (127.4.124.67). New cstate: current_term: 1 leader_uuid: "3574e101566b4e3585f87c020d73ffab" committed_config { opid_index: -1 OBSOLETE_local: false peers { permanent_uuid: "fda95c44d74c4fdcb4478b46a3d2400d" member_type: VOTER last_known_addr { host: "127.4.124.65" port: 38379 } health_report { overall_health: UNKNOWN } } peers { permanent_uuid: "fa1dc3ab05e34bcf94770ff0a20988cf" member_type: VOTER last_known_addr { host: "127.4.124.66" port: 35077 } health_report { overall_health: UNKNOWN } } peers { permanent_uuid: "3574e101566b4e3585f87c020d73ffab" member_type: VOTER last_known_addr { host: "127.4.124.67" port: 39669 } health_report { overall_health: HEALTHY } } }
I20260709 14:47:34.246237  5869 consensus_queue.cc:260] T 78d9d350197a4dfc8e3b1889582a5f16 P 3574e101566b4e3585f87c020d73ffab [NON_LEADER]: Queue going to NON_LEADER mode. State: All replicated index: 0, Majority replicated index: 0, Committed index: 0, Last appended: 0.0, Last appended by leader: 0, Current term: 0, Majority size: -1, State: 0, Mode: NON_LEADER, active raft config: opid_index: -1 OBSOLETE_local: false peers { permanent_uuid: "fda95c44d74c4fdcb4478b46a3d2400d" member_type: VOTER last_known_addr { host: "127.4.124.65" port: 38379 } } peers { permanent_uuid: "fa1dc3ab05e34bcf94770ff0a20988cf" member_type: VOTER last_known_addr { host: "127.4.124.66" port: 35077 } } peers { permanent_uuid: "3574e101566b4e3585f87c020d73ffab" member_type: VOTER last_known_addr { host: "127.4.124.67" port: 39669 } }
I20260709 14:47:34.247283  5868 tablet_bootstrap.cc:492] T 0e7b289068204b339f9349562db1b06c P fa1dc3ab05e34bcf94770ff0a20988cf: No bootstrap required, opened a new log
I20260709 14:47:34.247772  5868 ts_tablet_manager.cc:1403] T 0e7b289068204b339f9349562db1b06c P fa1dc3ab05e34bcf94770ff0a20988cf: Time spent bootstrapping tablet: real 0.073s	user 0.010s	sys 0.010s
I20260709 14:47:34.247176  5867 raft_consensus.cc:359] T 0e7b289068204b339f9349562db1b06c P fda95c44d74c4fdcb4478b46a3d2400d [term 0 FOLLOWER]: Replica starting. Triggering 0 pending ops. Active config: opid_index: -1 OBSOLETE_local: false peers { permanent_uuid: "fda95c44d74c4fdcb4478b46a3d2400d" member_type: VOTER last_known_addr { host: "127.4.124.65" port: 38379 } } peers { permanent_uuid: "fa1dc3ab05e34bcf94770ff0a20988cf" member_type: VOTER last_known_addr { host: "127.4.124.66" port: 35077 } } peers { permanent_uuid: "3574e101566b4e3585f87c020d73ffab" member_type: VOTER last_known_addr { host: "127.4.124.67" port: 39669 } }
I20260709 14:47:34.248258  5869 ts_tablet_manager.cc:1434] T 78d9d350197a4dfc8e3b1889582a5f16 P 3574e101566b4e3585f87c020d73ffab: Time spent starting tablet: real 0.008s	user 0.005s	sys 0.000s
I20260709 14:47:34.248435  5867 raft_consensus.cc:385] T 0e7b289068204b339f9349562db1b06c P fda95c44d74c4fdcb4478b46a3d2400d [term 0 FOLLOWER]: Consensus starting up: Expiring failure detector timer to make a prompt election more likely
I20260709 14:47:34.248783  5867 raft_consensus.cc:740] T 0e7b289068204b339f9349562db1b06c P fda95c44d74c4fdcb4478b46a3d2400d [term 0 FOLLOWER]: Becoming Follower/Learner. State: Replica: fda95c44d74c4fdcb4478b46a3d2400d, State: Initialized, Role: FOLLOWER
I20260709 14:47:34.249116  5869 tablet_bootstrap.cc:492] T a579c4baf1c0401fa41a1b9f7390c2aa P 3574e101566b4e3585f87c020d73ffab: Bootstrap starting.
I20260709 14:47:34.249624  5867 consensus_queue.cc:260] T 0e7b289068204b339f9349562db1b06c P fda95c44d74c4fdcb4478b46a3d2400d [NON_LEADER]: Queue going to NON_LEADER mode. State: All replicated index: 0, Majority replicated index: 0, Committed index: 0, Last appended: 0.0, Last appended by leader: 0, Current term: 0, Majority size: -1, State: 0, Mode: NON_LEADER, active raft config: opid_index: -1 OBSOLETE_local: false peers { permanent_uuid: "fda95c44d74c4fdcb4478b46a3d2400d" member_type: VOTER last_known_addr { host: "127.4.124.65" port: 38379 } } peers { permanent_uuid: "fa1dc3ab05e34bcf94770ff0a20988cf" member_type: VOTER last_known_addr { host: "127.4.124.66" port: 35077 } } peers { permanent_uuid: "3574e101566b4e3585f87c020d73ffab" member_type: VOTER last_known_addr { host: "127.4.124.67" port: 39669 } }
I20260709 14:47:34.250062  5868 raft_consensus.cc:359] T 0e7b289068204b339f9349562db1b06c P fa1dc3ab05e34bcf94770ff0a20988cf [term 0 FOLLOWER]: Replica starting. Triggering 0 pending ops. Active config: opid_index: -1 OBSOLETE_local: false peers { permanent_uuid: "fda95c44d74c4fdcb4478b46a3d2400d" member_type: VOTER last_known_addr { host: "127.4.124.65" port: 38379 } } peers { permanent_uuid: "fa1dc3ab05e34bcf94770ff0a20988cf" member_type: VOTER last_known_addr { host: "127.4.124.66" port: 35077 } } peers { permanent_uuid: "3574e101566b4e3585f87c020d73ffab" member_type: VOTER last_known_addr { host: "127.4.124.67" port: 39669 } }
I20260709 14:47:34.250692  5868 raft_consensus.cc:385] T 0e7b289068204b339f9349562db1b06c P fa1dc3ab05e34bcf94770ff0a20988cf [term 0 FOLLOWER]: Consensus starting up: Expiring failure detector timer to make a prompt election more likely
I20260709 14:47:34.250941  5868 raft_consensus.cc:740] T 0e7b289068204b339f9349562db1b06c P fa1dc3ab05e34bcf94770ff0a20988cf [term 0 FOLLOWER]: Becoming Follower/Learner. State: Replica: fa1dc3ab05e34bcf94770ff0a20988cf, State: Initialized, Role: FOLLOWER
I20260709 14:47:34.251641  5868 consensus_queue.cc:260] T 0e7b289068204b339f9349562db1b06c P fa1dc3ab05e34bcf94770ff0a20988cf [NON_LEADER]: Queue going to NON_LEADER mode. State: All replicated index: 0, Majority replicated index: 0, Committed index: 0, Last appended: 0.0, Last appended by leader: 0, Current term: 0, Majority size: -1, State: 0, Mode: NON_LEADER, active raft config: opid_index: -1 OBSOLETE_local: false peers { permanent_uuid: "fda95c44d74c4fdcb4478b46a3d2400d" member_type: VOTER last_known_addr { host: "127.4.124.65" port: 38379 } } peers { permanent_uuid: "fa1dc3ab05e34bcf94770ff0a20988cf" member_type: VOTER last_known_addr { host: "127.4.124.66" port: 35077 } } peers { permanent_uuid: "3574e101566b4e3585f87c020d73ffab" member_type: VOTER last_known_addr { host: "127.4.124.67" port: 39669 } }
I20260709 14:47:34.253861  5868 ts_tablet_manager.cc:1434] T 0e7b289068204b339f9349562db1b06c P fa1dc3ab05e34bcf94770ff0a20988cf: Time spent starting tablet: real 0.006s	user 0.006s	sys 0.000s
I20260709 14:47:34.254719  5869 tablet_bootstrap.cc:654] T a579c4baf1c0401fa41a1b9f7390c2aa P 3574e101566b4e3585f87c020d73ffab: Neither blocks nor log segments found. Creating new log.
I20260709 14:47:34.254815  5868 tablet_bootstrap.cc:492] T 61a56c25324942df9c51a62a5c3148a9 P fa1dc3ab05e34bcf94770ff0a20988cf: Bootstrap starting.
I20260709 14:47:34.260084  5868 tablet_bootstrap.cc:654] T 61a56c25324942df9c51a62a5c3148a9 P fa1dc3ab05e34bcf94770ff0a20988cf: Neither blocks nor log segments found. Creating new log.
I20260709 14:47:34.260506  5867 ts_tablet_manager.cc:1434] T 0e7b289068204b339f9349562db1b06c P fda95c44d74c4fdcb4478b46a3d2400d: Time spent starting tablet: real 0.015s	user 0.006s	sys 0.000s
I20260709 14:47:34.264886  5916 raft_consensus.cc:493] T 78d9d350197a4dfc8e3b1889582a5f16 P fa1dc3ab05e34bcf94770ff0a20988cf [term 0 FOLLOWER]: Starting pre-election (no leader contacted us within the election timeout)
I20260709 14:47:34.265355  5916 raft_consensus.cc:515] T 78d9d350197a4dfc8e3b1889582a5f16 P fa1dc3ab05e34bcf94770ff0a20988cf [term 0 FOLLOWER]: Starting pre-election with config: opid_index: -1 OBSOLETE_local: false peers { permanent_uuid: "fda95c44d74c4fdcb4478b46a3d2400d" member_type: VOTER last_known_addr { host: "127.4.124.65" port: 38379 } } peers { permanent_uuid: "fa1dc3ab05e34bcf94770ff0a20988cf" member_type: VOTER last_known_addr { host: "127.4.124.66" port: 35077 } } peers { permanent_uuid: "3574e101566b4e3585f87c020d73ffab" member_type: VOTER last_known_addr { host: "127.4.124.67" port: 39669 } }
I20260709 14:47:34.267432  5916 leader_election.cc:290] T 78d9d350197a4dfc8e3b1889582a5f16 P fa1dc3ab05e34bcf94770ff0a20988cf [CANDIDATE]: Term 1 pre-election: Requested pre-vote from peers fda95c44d74c4fdcb4478b46a3d2400d (127.4.124.65:38379), 3574e101566b4e3585f87c020d73ffab (127.4.124.67:39669)
I20260709 14:47:34.273445  5678 tablet_service.cc:1917] Received RequestConsensusVote() RPC: tablet_id: "78d9d350197a4dfc8e3b1889582a5f16" candidate_uuid: "fa1dc3ab05e34bcf94770ff0a20988cf" candidate_term: 1 candidate_status { last_received { term: 0 index: 0 } } ignore_live_leader: false dest_uuid: "fda95c44d74c4fdcb4478b46a3d2400d" is_pre_election: true
I20260709 14:47:34.273888  5826 tablet_service.cc:1917] Received RequestConsensusVote() RPC: tablet_id: "78d9d350197a4dfc8e3b1889582a5f16" candidate_uuid: "fa1dc3ab05e34bcf94770ff0a20988cf" candidate_term: 1 candidate_status { last_received { term: 0 index: 0 } } ignore_live_leader: false dest_uuid: "3574e101566b4e3585f87c020d73ffab" is_pre_election: true
I20260709 14:47:34.274106  5678 raft_consensus.cc:2468] T 78d9d350197a4dfc8e3b1889582a5f16 P fda95c44d74c4fdcb4478b46a3d2400d [term 0 FOLLOWER]: Leader pre-election vote request: Granting yes vote for candidate fa1dc3ab05e34bcf94770ff0a20988cf in term 0.
I20260709 14:47:34.274524  5826 raft_consensus.cc:2468] T 78d9d350197a4dfc8e3b1889582a5f16 P 3574e101566b4e3585f87c020d73ffab [term 0 FOLLOWER]: Leader pre-election vote request: Granting yes vote for candidate fa1dc3ab05e34bcf94770ff0a20988cf in term 0.
I20260709 14:47:34.275521  5716 leader_election.cc:304] T 78d9d350197a4dfc8e3b1889582a5f16 P fa1dc3ab05e34bcf94770ff0a20988cf [CANDIDATE]: Term 1 pre-election: Election decided. Result: candidate won. Election summary: received 2 responses out of 3 voters: 2 yes votes; 0 no votes. yes voters: fa1dc3ab05e34bcf94770ff0a20988cf, fda95c44d74c4fdcb4478b46a3d2400d; no voters: 
I20260709 14:47:34.276314  5916 raft_consensus.cc:2804] T 78d9d350197a4dfc8e3b1889582a5f16 P fa1dc3ab05e34bcf94770ff0a20988cf [term 0 FOLLOWER]: Leader pre-election won for term 1
I20260709 14:47:34.276669  5916 raft_consensus.cc:493] T 78d9d350197a4dfc8e3b1889582a5f16 P fa1dc3ab05e34bcf94770ff0a20988cf [term 0 FOLLOWER]: Starting leader election (no leader contacted us within the election timeout)
I20260709 14:47:34.277031  5916 raft_consensus.cc:3060] T 78d9d350197a4dfc8e3b1889582a5f16 P fa1dc3ab05e34bcf94770ff0a20988cf [term 0 FOLLOWER]: Advancing to term 1
I20260709 14:47:34.277345  5867 tablet_bootstrap.cc:492] T 0dd3ac3c82754a0b912a277c8e99d6cf P fda95c44d74c4fdcb4478b46a3d2400d: Bootstrap starting.
I20260709 14:47:34.283908  5867 tablet_bootstrap.cc:654] T 0dd3ac3c82754a0b912a277c8e99d6cf P fda95c44d74c4fdcb4478b46a3d2400d: Neither blocks nor log segments found. Creating new log.
I20260709 14:47:34.284058  5916 raft_consensus.cc:515] T 78d9d350197a4dfc8e3b1889582a5f16 P fa1dc3ab05e34bcf94770ff0a20988cf [term 1 FOLLOWER]: Starting leader election with config: opid_index: -1 OBSOLETE_local: false peers { permanent_uuid: "fda95c44d74c4fdcb4478b46a3d2400d" member_type: VOTER last_known_addr { host: "127.4.124.65" port: 38379 } } peers { permanent_uuid: "fa1dc3ab05e34bcf94770ff0a20988cf" member_type: VOTER last_known_addr { host: "127.4.124.66" port: 35077 } } peers { permanent_uuid: "3574e101566b4e3585f87c020d73ffab" member_type: VOTER last_known_addr { host: "127.4.124.67" port: 39669 } }
I20260709 14:47:34.293905  5576 catalog_manager.cc:5697] T 578ddcd19dad41b8bca4c193724ed018 P 3574e101566b4e3585f87c020d73ffab reported cstate change: term changed from 0 to 1, leader changed from <none> to 3574e101566b4e3585f87c020d73ffab (127.4.124.67). New cstate: current_term: 1 leader_uuid: "3574e101566b4e3585f87c020d73ffab" committed_config { opid_index: -1 OBSOLETE_local: false peers { permanent_uuid: "fda95c44d74c4fdcb4478b46a3d2400d" member_type: VOTER last_known_addr { host: "127.4.124.65" port: 38379 } health_report { overall_health: UNKNOWN } } peers { permanent_uuid: "fa1dc3ab05e34bcf94770ff0a20988cf" member_type: VOTER last_known_addr { host: "127.4.124.66" port: 35077 } health_report { overall_health: UNKNOWN } } peers { permanent_uuid: "3574e101566b4e3585f87c020d73ffab" member_type: VOTER last_known_addr { host: "127.4.124.67" port: 39669 } health_report { overall_health: HEALTHY } } }
I20260709 14:47:34.295475  5867 tablet_bootstrap.cc:492] T 0dd3ac3c82754a0b912a277c8e99d6cf P fda95c44d74c4fdcb4478b46a3d2400d: No bootstrap required, opened a new log
I20260709 14:47:34.295992  5867 ts_tablet_manager.cc:1403] T 0dd3ac3c82754a0b912a277c8e99d6cf P fda95c44d74c4fdcb4478b46a3d2400d: Time spent bootstrapping tablet: real 0.019s	user 0.017s	sys 0.000s
I20260709 14:47:34.298722  5867 raft_consensus.cc:359] T 0dd3ac3c82754a0b912a277c8e99d6cf P fda95c44d74c4fdcb4478b46a3d2400d [term 0 FOLLOWER]: Replica starting. Triggering 0 pending ops. Active config: opid_index: -1 OBSOLETE_local: false peers { permanent_uuid: "fda95c44d74c4fdcb4478b46a3d2400d" member_type: VOTER last_known_addr { host: "127.4.124.65" port: 38379 } } peers { permanent_uuid: "fa1dc3ab05e34bcf94770ff0a20988cf" member_type: VOTER last_known_addr { host: "127.4.124.66" port: 35077 } } peers { permanent_uuid: "3574e101566b4e3585f87c020d73ffab" member_type: VOTER last_known_addr { host: "127.4.124.67" port: 39669 } }
I20260709 14:47:34.299535  5867 raft_consensus.cc:385] T 0dd3ac3c82754a0b912a277c8e99d6cf P fda95c44d74c4fdcb4478b46a3d2400d [term 0 FOLLOWER]: Consensus starting up: Expiring failure detector timer to make a prompt election more likely
I20260709 14:47:34.299850  5867 raft_consensus.cc:740] T 0dd3ac3c82754a0b912a277c8e99d6cf P fda95c44d74c4fdcb4478b46a3d2400d [term 0 FOLLOWER]: Becoming Follower/Learner. State: Replica: fda95c44d74c4fdcb4478b46a3d2400d, State: Initialized, Role: FOLLOWER
I20260709 14:47:34.300698  5867 consensus_queue.cc:260] T 0dd3ac3c82754a0b912a277c8e99d6cf P fda95c44d74c4fdcb4478b46a3d2400d [NON_LEADER]: Queue going to NON_LEADER mode. State: All replicated index: 0, Majority replicated index: 0, Committed index: 0, Last appended: 0.0, Last appended by leader: 0, Current term: 0, Majority size: -1, State: 0, Mode: NON_LEADER, active raft config: opid_index: -1 OBSOLETE_local: false peers { permanent_uuid: "fda95c44d74c4fdcb4478b46a3d2400d" member_type: VOTER last_known_addr { host: "127.4.124.65" port: 38379 } } peers { permanent_uuid: "fa1dc3ab05e34bcf94770ff0a20988cf" member_type: VOTER last_known_addr { host: "127.4.124.66" port: 35077 } } peers { permanent_uuid: "3574e101566b4e3585f87c020d73ffab" member_type: VOTER last_known_addr { host: "127.4.124.67" port: 39669 } }
I20260709 14:47:34.306303  5867 ts_tablet_manager.cc:1434] T 0dd3ac3c82754a0b912a277c8e99d6cf P fda95c44d74c4fdcb4478b46a3d2400d: Time spent starting tablet: real 0.010s	user 0.005s	sys 0.000s
I20260709 14:47:34.307317  5867 tablet_bootstrap.cc:492] T 3b3faba5202e4e05aea9b6bd77b88177 P fda95c44d74c4fdcb4478b46a3d2400d: Bootstrap starting.
I20260709 14:47:34.311028  5916 leader_election.cc:290] T 78d9d350197a4dfc8e3b1889582a5f16 P fa1dc3ab05e34bcf94770ff0a20988cf [CANDIDATE]: Term 1 election: Requested vote from peers fda95c44d74c4fdcb4478b46a3d2400d (127.4.124.65:38379), 3574e101566b4e3585f87c020d73ffab (127.4.124.67:39669)
I20260709 14:47:34.313829  5826 tablet_service.cc:1917] Received RequestConsensusVote() RPC: tablet_id: "78d9d350197a4dfc8e3b1889582a5f16" candidate_uuid: "fa1dc3ab05e34bcf94770ff0a20988cf" candidate_term: 1 candidate_status { last_received { term: 0 index: 0 } } ignore_live_leader: false dest_uuid: "3574e101566b4e3585f87c020d73ffab"
I20260709 14:47:34.314205  5678 tablet_service.cc:1917] Received RequestConsensusVote() RPC: tablet_id: "78d9d350197a4dfc8e3b1889582a5f16" candidate_uuid: "fa1dc3ab05e34bcf94770ff0a20988cf" candidate_term: 1 candidate_status { last_received { term: 0 index: 0 } } ignore_live_leader: false dest_uuid: "fda95c44d74c4fdcb4478b46a3d2400d"
I20260709 14:47:34.314428  5826 raft_consensus.cc:3060] T 78d9d350197a4dfc8e3b1889582a5f16 P 3574e101566b4e3585f87c020d73ffab [term 0 FOLLOWER]: Advancing to term 1
I20260709 14:47:34.314759  5678 raft_consensus.cc:3060] T 78d9d350197a4dfc8e3b1889582a5f16 P fda95c44d74c4fdcb4478b46a3d2400d [term 0 FOLLOWER]: Advancing to term 1
I20260709 14:47:34.315385  5869 tablet_bootstrap.cc:492] T a579c4baf1c0401fa41a1b9f7390c2aa P 3574e101566b4e3585f87c020d73ffab: No bootstrap required, opened a new log
I20260709 14:47:34.315796  5869 ts_tablet_manager.cc:1403] T a579c4baf1c0401fa41a1b9f7390c2aa P 3574e101566b4e3585f87c020d73ffab: Time spent bootstrapping tablet: real 0.067s	user 0.023s	sys 0.040s
I20260709 14:47:34.316785  5867 tablet_bootstrap.cc:654] T 3b3faba5202e4e05aea9b6bd77b88177 P fda95c44d74c4fdcb4478b46a3d2400d: Neither blocks nor log segments found. Creating new log.
I20260709 14:47:34.318254  5869 raft_consensus.cc:359] T a579c4baf1c0401fa41a1b9f7390c2aa P 3574e101566b4e3585f87c020d73ffab [term 0 FOLLOWER]: Replica starting. Triggering 0 pending ops. Active config: opid_index: -1 OBSOLETE_local: false peers { permanent_uuid: "fda95c44d74c4fdcb4478b46a3d2400d" member_type: VOTER last_known_addr { host: "127.4.124.65" port: 38379 } } peers { permanent_uuid: "fa1dc3ab05e34bcf94770ff0a20988cf" member_type: VOTER last_known_addr { host: "127.4.124.66" port: 35077 } } peers { permanent_uuid: "3574e101566b4e3585f87c020d73ffab" member_type: VOTER last_known_addr { host: "127.4.124.67" port: 39669 } }
I20260709 14:47:34.318905  5869 raft_consensus.cc:385] T a579c4baf1c0401fa41a1b9f7390c2aa P 3574e101566b4e3585f87c020d73ffab [term 0 FOLLOWER]: Consensus starting up: Expiring failure detector timer to make a prompt election more likely
I20260709 14:47:34.319243  5869 raft_consensus.cc:740] T a579c4baf1c0401fa41a1b9f7390c2aa P 3574e101566b4e3585f87c020d73ffab [term 0 FOLLOWER]: Becoming Follower/Learner. State: Replica: 3574e101566b4e3585f87c020d73ffab, State: Initialized, Role: FOLLOWER
I20260709 14:47:34.319995  5869 consensus_queue.cc:260] T a579c4baf1c0401fa41a1b9f7390c2aa P 3574e101566b4e3585f87c020d73ffab [NON_LEADER]: Queue going to NON_LEADER mode. State: All replicated index: 0, Majority replicated index: 0, Committed index: 0, Last appended: 0.0, Last appended by leader: 0, Current term: 0, Majority size: -1, State: 0, Mode: NON_LEADER, active raft config: opid_index: -1 OBSOLETE_local: false peers { permanent_uuid: "fda95c44d74c4fdcb4478b46a3d2400d" member_type: VOTER last_known_addr { host: "127.4.124.65" port: 38379 } } peers { permanent_uuid: "fa1dc3ab05e34bcf94770ff0a20988cf" member_type: VOTER last_known_addr { host: "127.4.124.66" port: 35077 } } peers { permanent_uuid: "3574e101566b4e3585f87c020d73ffab" member_type: VOTER last_known_addr { host: "127.4.124.67" port: 39669 } }
I20260709 14:47:34.321586  5868 tablet_bootstrap.cc:492] T 61a56c25324942df9c51a62a5c3148a9 P fa1dc3ab05e34bcf94770ff0a20988cf: No bootstrap required, opened a new log
I20260709 14:47:34.321988  5868 ts_tablet_manager.cc:1403] T 61a56c25324942df9c51a62a5c3148a9 P fa1dc3ab05e34bcf94770ff0a20988cf: Time spent bootstrapping tablet: real 0.067s	user 0.020s	sys 0.039s
I20260709 14:47:34.322120  5869 ts_tablet_manager.cc:1434] T a579c4baf1c0401fa41a1b9f7390c2aa P 3574e101566b4e3585f87c020d73ffab: Time spent starting tablet: real 0.006s	user 0.007s	sys 0.001s
I20260709 14:47:34.322952  5869 tablet_bootstrap.cc:492] T 61a56c25324942df9c51a62a5c3148a9 P 3574e101566b4e3585f87c020d73ffab: Bootstrap starting.
I20260709 14:47:34.324354  5868 raft_consensus.cc:359] T 61a56c25324942df9c51a62a5c3148a9 P fa1dc3ab05e34bcf94770ff0a20988cf [term 0 FOLLOWER]: Replica starting. Triggering 0 pending ops. Active config: opid_index: -1 OBSOLETE_local: false peers { permanent_uuid: "fda95c44d74c4fdcb4478b46a3d2400d" member_type: VOTER last_known_addr { host: "127.4.124.65" port: 38379 } } peers { permanent_uuid: "fa1dc3ab05e34bcf94770ff0a20988cf" member_type: VOTER last_known_addr { host: "127.4.124.66" port: 35077 } } peers { permanent_uuid: "3574e101566b4e3585f87c020d73ffab" member_type: VOTER last_known_addr { host: "127.4.124.67" port: 39669 } }
I20260709 14:47:34.324963  5868 raft_consensus.cc:385] T 61a56c25324942df9c51a62a5c3148a9 P fa1dc3ab05e34bcf94770ff0a20988cf [term 0 FOLLOWER]: Consensus starting up: Expiring failure detector timer to make a prompt election more likely
I20260709 14:47:34.325222  5868 raft_consensus.cc:740] T 61a56c25324942df9c51a62a5c3148a9 P fa1dc3ab05e34bcf94770ff0a20988cf [term 0 FOLLOWER]: Becoming Follower/Learner. State: Replica: fa1dc3ab05e34bcf94770ff0a20988cf, State: Initialized, Role: FOLLOWER
I20260709 14:47:34.327096  5826 raft_consensus.cc:2468] T 78d9d350197a4dfc8e3b1889582a5f16 P 3574e101566b4e3585f87c020d73ffab [term 1 FOLLOWER]: Leader election vote request: Granting yes vote for candidate fa1dc3ab05e34bcf94770ff0a20988cf in term 1.
I20260709 14:47:34.328154  5869 tablet_bootstrap.cc:654] T 61a56c25324942df9c51a62a5c3148a9 P 3574e101566b4e3585f87c020d73ffab: Neither blocks nor log segments found. Creating new log.
I20260709 14:47:34.328059  5868 consensus_queue.cc:260] T 61a56c25324942df9c51a62a5c3148a9 P fa1dc3ab05e34bcf94770ff0a20988cf [NON_LEADER]: Queue going to NON_LEADER mode. State: All replicated index: 0, Majority replicated index: 0, Committed index: 0, Last appended: 0.0, Last appended by leader: 0, Current term: 0, Majority size: -1, State: 0, Mode: NON_LEADER, active raft config: opid_index: -1 OBSOLETE_local: false peers { permanent_uuid: "fda95c44d74c4fdcb4478b46a3d2400d" member_type: VOTER last_known_addr { host: "127.4.124.65" port: 38379 } } peers { permanent_uuid: "fa1dc3ab05e34bcf94770ff0a20988cf" member_type: VOTER last_known_addr { host: "127.4.124.66" port: 35077 } } peers { permanent_uuid: "3574e101566b4e3585f87c020d73ffab" member_type: VOTER last_known_addr { host: "127.4.124.67" port: 39669 } }
I20260709 14:47:34.328320  5716 leader_election.cc:304] T 78d9d350197a4dfc8e3b1889582a5f16 P fa1dc3ab05e34bcf94770ff0a20988cf [CANDIDATE]: Term 1 election: Election decided. Result: candidate won. Election summary: received 2 responses out of 3 voters: 2 yes votes; 0 no votes. yes voters: 3574e101566b4e3585f87c020d73ffab, fa1dc3ab05e34bcf94770ff0a20988cf; no voters: 
I20260709 14:47:34.329212  5882 raft_consensus.cc:2804] T 78d9d350197a4dfc8e3b1889582a5f16 P fa1dc3ab05e34bcf94770ff0a20988cf [term 1 FOLLOWER]: Leader election won for term 1
I20260709 14:47:34.329664  5882 raft_consensus.cc:697] T 78d9d350197a4dfc8e3b1889582a5f16 P fa1dc3ab05e34bcf94770ff0a20988cf [term 1 LEADER]: Becoming Leader. State: Replica: fa1dc3ab05e34bcf94770ff0a20988cf, State: Running, Role: LEADER
I20260709 14:47:34.330433  5882 consensus_queue.cc:237] T 78d9d350197a4dfc8e3b1889582a5f16 P fa1dc3ab05e34bcf94770ff0a20988cf [LEADER]: Queue going to LEADER mode. State: All replicated index: 0, Majority replicated index: 0, Committed index: 0, Last appended: 0.0, Last appended by leader: 0, Current term: 1, Majority size: 2, State: 0, Mode: LEADER, active raft config: opid_index: -1 OBSOLETE_local: false peers { permanent_uuid: "fda95c44d74c4fdcb4478b46a3d2400d" member_type: VOTER last_known_addr { host: "127.4.124.65" port: 38379 } } peers { permanent_uuid: "fa1dc3ab05e34bcf94770ff0a20988cf" member_type: VOTER last_known_addr { host: "127.4.124.66" port: 35077 } } peers { permanent_uuid: "3574e101566b4e3585f87c020d73ffab" member_type: VOTER last_known_addr { host: "127.4.124.67" port: 39669 } }
I20260709 14:47:34.333737  5868 ts_tablet_manager.cc:1434] T 61a56c25324942df9c51a62a5c3148a9 P fa1dc3ab05e34bcf94770ff0a20988cf: Time spent starting tablet: real 0.011s	user 0.006s	sys 0.001s
I20260709 14:47:34.334772  5868 tablet_bootstrap.cc:492] T a709ee779d4c41a0a4d250f3cbafed5d P fa1dc3ab05e34bcf94770ff0a20988cf: Bootstrap starting.
I20260709 14:47:34.338426  5872 raft_consensus.cc:493] T 0dd3ac3c82754a0b912a277c8e99d6cf P fda95c44d74c4fdcb4478b46a3d2400d [term 0 FOLLOWER]: Starting pre-election (no leader contacted us within the election timeout)
I20260709 14:47:34.338915  5872 raft_consensus.cc:515] T 0dd3ac3c82754a0b912a277c8e99d6cf P fda95c44d74c4fdcb4478b46a3d2400d [term 0 FOLLOWER]: Starting pre-election with config: opid_index: -1 OBSOLETE_local: false peers { permanent_uuid: "fda95c44d74c4fdcb4478b46a3d2400d" member_type: VOTER last_known_addr { host: "127.4.124.65" port: 38379 } } peers { permanent_uuid: "fa1dc3ab05e34bcf94770ff0a20988cf" member_type: VOTER last_known_addr { host: "127.4.124.66" port: 35077 } } peers { permanent_uuid: "3574e101566b4e3585f87c020d73ffab" member_type: VOTER last_known_addr { host: "127.4.124.67" port: 39669 } }
I20260709 14:47:34.340993  5872 leader_election.cc:290] T 0dd3ac3c82754a0b912a277c8e99d6cf P fda95c44d74c4fdcb4478b46a3d2400d [CANDIDATE]: Term 1 pre-election: Requested pre-vote from peers fa1dc3ab05e34bcf94770ff0a20988cf (127.4.124.66:35077), 3574e101566b4e3585f87c020d73ffab (127.4.124.67:39669)
I20260709 14:47:34.341224  5868 tablet_bootstrap.cc:654] T a709ee779d4c41a0a4d250f3cbafed5d P fa1dc3ab05e34bcf94770ff0a20988cf: Neither blocks nor log segments found. Creating new log.
I20260709 14:47:34.342866  5826 tablet_service.cc:1917] Received RequestConsensusVote() RPC: tablet_id: "0dd3ac3c82754a0b912a277c8e99d6cf" candidate_uuid: "fda95c44d74c4fdcb4478b46a3d2400d" candidate_term: 1 candidate_status { last_received { term: 0 index: 0 } } ignore_live_leader: false dest_uuid: "3574e101566b4e3585f87c020d73ffab" is_pre_election: true
I20260709 14:47:34.343590  5826 raft_consensus.cc:2393] T 0dd3ac3c82754a0b912a277c8e99d6cf P 3574e101566b4e3585f87c020d73ffab [term 1 FOLLOWER]: Leader pre-election vote request: Denying vote to candidate fda95c44d74c4fdcb4478b46a3d2400d in current term 1: Already voted for candidate fa1dc3ab05e34bcf94770ff0a20988cf in this term.
I20260709 14:47:34.345827  5752 tablet_service.cc:1917] Received RequestConsensusVote() RPC: tablet_id: "0dd3ac3c82754a0b912a277c8e99d6cf" candidate_uuid: "fda95c44d74c4fdcb4478b46a3d2400d" candidate_term: 1 candidate_status { last_received { term: 0 index: 0 } } ignore_live_leader: false dest_uuid: "fa1dc3ab05e34bcf94770ff0a20988cf" is_pre_election: true
I20260709 14:47:34.347105  5642 leader_election.cc:304] T 0dd3ac3c82754a0b912a277c8e99d6cf P fda95c44d74c4fdcb4478b46a3d2400d [CANDIDATE]: Term 1 pre-election: Election decided. Result: candidate lost. Election summary: received 3 responses out of 3 voters: 1 yes votes; 2 no votes. yes voters: fda95c44d74c4fdcb4478b46a3d2400d; no voters: 3574e101566b4e3585f87c020d73ffab, fa1dc3ab05e34bcf94770ff0a20988cf
I20260709 14:47:34.348328  5872 raft_consensus.cc:3060] T 0dd3ac3c82754a0b912a277c8e99d6cf P fda95c44d74c4fdcb4478b46a3d2400d [term 0 FOLLOWER]: Advancing to term 1
I20260709 14:47:34.351155  5867 tablet_bootstrap.cc:492] T 3b3faba5202e4e05aea9b6bd77b88177 P fda95c44d74c4fdcb4478b46a3d2400d: No bootstrap required, opened a new log
I20260709 14:47:34.351634  5867 ts_tablet_manager.cc:1403] T 3b3faba5202e4e05aea9b6bd77b88177 P fda95c44d74c4fdcb4478b46a3d2400d: Time spent bootstrapping tablet: real 0.045s	user 0.009s	sys 0.007s
I20260709 14:47:34.354326  5867 raft_consensus.cc:359] T 3b3faba5202e4e05aea9b6bd77b88177 P fda95c44d74c4fdcb4478b46a3d2400d [term 0 FOLLOWER]: Replica starting. Triggering 0 pending ops. Active config: opid_index: -1 OBSOLETE_local: false peers { permanent_uuid: "fda95c44d74c4fdcb4478b46a3d2400d" member_type: VOTER last_known_addr { host: "127.4.124.65" port: 38379 } } peers { permanent_uuid: "fa1dc3ab05e34bcf94770ff0a20988cf" member_type: VOTER last_known_addr { host: "127.4.124.66" port: 35077 } } peers { permanent_uuid: "3574e101566b4e3585f87c020d73ffab" member_type: VOTER last_known_addr { host: "127.4.124.67" port: 39669 } }
I20260709 14:47:34.355079  5867 raft_consensus.cc:385] T 3b3faba5202e4e05aea9b6bd77b88177 P fda95c44d74c4fdcb4478b46a3d2400d [term 0 FOLLOWER]: Consensus starting up: Expiring failure detector timer to make a prompt election more likely
I20260709 14:47:34.355386  5867 raft_consensus.cc:740] T 3b3faba5202e4e05aea9b6bd77b88177 P fda95c44d74c4fdcb4478b46a3d2400d [term 0 FOLLOWER]: Becoming Follower/Learner. State: Replica: fda95c44d74c4fdcb4478b46a3d2400d, State: Initialized, Role: FOLLOWER
I20260709 14:47:34.356029  5867 consensus_queue.cc:260] T 3b3faba5202e4e05aea9b6bd77b88177 P fda95c44d74c4fdcb4478b46a3d2400d [NON_LEADER]: Queue going to NON_LEADER mode. State: All replicated index: 0, Majority replicated index: 0, Committed index: 0, Last appended: 0.0, Last appended by leader: 0, Current term: 0, Majority size: -1, State: 0, Mode: NON_LEADER, active raft config: opid_index: -1 OBSOLETE_local: false peers { permanent_uuid: "fda95c44d74c4fdcb4478b46a3d2400d" member_type: VOTER last_known_addr { host: "127.4.124.65" port: 38379 } } peers { permanent_uuid: "fa1dc3ab05e34bcf94770ff0a20988cf" member_type: VOTER last_known_addr { host: "127.4.124.66" port: 35077 } } peers { permanent_uuid: "3574e101566b4e3585f87c020d73ffab" member_type: VOTER last_known_addr { host: "127.4.124.67" port: 39669 } }
I20260709 14:47:34.356294  5574 catalog_manager.cc:5697] T 78d9d350197a4dfc8e3b1889582a5f16 P fa1dc3ab05e34bcf94770ff0a20988cf reported cstate change: term changed from 0 to 1, leader changed from <none> to fa1dc3ab05e34bcf94770ff0a20988cf (127.4.124.66). New cstate: current_term: 1 leader_uuid: "fa1dc3ab05e34bcf94770ff0a20988cf" committed_config { opid_index: -1 OBSOLETE_local: false peers { permanent_uuid: "fda95c44d74c4fdcb4478b46a3d2400d" member_type: VOTER last_known_addr { host: "127.4.124.65" port: 38379 } health_report { overall_health: UNKNOWN } } peers { permanent_uuid: "fa1dc3ab05e34bcf94770ff0a20988cf" member_type: VOTER last_known_addr { host: "127.4.124.66" port: 35077 } health_report { overall_health: HEALTHY } } peers { permanent_uuid: "3574e101566b4e3585f87c020d73ffab" member_type: VOTER last_known_addr { host: "127.4.124.67" port: 39669 } health_report { overall_health: UNKNOWN } } }
I20260709 14:47:34.359427  5869 tablet_bootstrap.cc:492] T 61a56c25324942df9c51a62a5c3148a9 P 3574e101566b4e3585f87c020d73ffab: No bootstrap required, opened a new log
I20260709 14:47:34.359833  5869 ts_tablet_manager.cc:1403] T 61a56c25324942df9c51a62a5c3148a9 P 3574e101566b4e3585f87c020d73ffab: Time spent bootstrapping tablet: real 0.037s	user 0.012s	sys 0.023s
I20260709 14:47:34.360453  5867 ts_tablet_manager.cc:1434] T 3b3faba5202e4e05aea9b6bd77b88177 P fda95c44d74c4fdcb4478b46a3d2400d: Time spent starting tablet: real 0.009s	user 0.005s	sys 0.000s
I20260709 14:47:34.361104  5868 tablet_bootstrap.cc:492] T a709ee779d4c41a0a4d250f3cbafed5d P fa1dc3ab05e34bcf94770ff0a20988cf: No bootstrap required, opened a new log
I20260709 14:47:34.361304  5867 tablet_bootstrap.cc:492] T e203c5ad35f24e07ad8ddbd2c54ce0a5 P fda95c44d74c4fdcb4478b46a3d2400d: Bootstrap starting.
I20260709 14:47:34.361660  5868 ts_tablet_manager.cc:1403] T a709ee779d4c41a0a4d250f3cbafed5d P fa1dc3ab05e34bcf94770ff0a20988cf: Time spent bootstrapping tablet: real 0.027s	user 0.023s	sys 0.003s
I20260709 14:47:34.362462  5869 raft_consensus.cc:359] T 61a56c25324942df9c51a62a5c3148a9 P 3574e101566b4e3585f87c020d73ffab [term 0 FOLLOWER]: Replica starting. Triggering 0 pending ops. Active config: opid_index: -1 OBSOLETE_local: false peers { permanent_uuid: "fda95c44d74c4fdcb4478b46a3d2400d" member_type: VOTER last_known_addr { host: "127.4.124.65" port: 38379 } } peers { permanent_uuid: "fa1dc3ab05e34bcf94770ff0a20988cf" member_type: VOTER last_known_addr { host: "127.4.124.66" port: 35077 } } peers { permanent_uuid: "3574e101566b4e3585f87c020d73ffab" member_type: VOTER last_known_addr { host: "127.4.124.67" port: 39669 } }
I20260709 14:47:34.363106  5869 raft_consensus.cc:385] T 61a56c25324942df9c51a62a5c3148a9 P 3574e101566b4e3585f87c020d73ffab [term 0 FOLLOWER]: Consensus starting up: Expiring failure detector timer to make a prompt election more likely
I20260709 14:47:34.363379  5869 raft_consensus.cc:740] T 61a56c25324942df9c51a62a5c3148a9 P 3574e101566b4e3585f87c020d73ffab [term 0 FOLLOWER]: Becoming Follower/Learner. State: Replica: 3574e101566b4e3585f87c020d73ffab, State: Initialized, Role: FOLLOWER
I20260709 14:47:34.364015  5869 consensus_queue.cc:260] T 61a56c25324942df9c51a62a5c3148a9 P 3574e101566b4e3585f87c020d73ffab [NON_LEADER]: Queue going to NON_LEADER mode. State: All replicated index: 0, Majority replicated index: 0, Committed index: 0, Last appended: 0.0, Last appended by leader: 0, Current term: 0, Majority size: -1, State: 0, Mode: NON_LEADER, active raft config: opid_index: -1 OBSOLETE_local: false peers { permanent_uuid: "fda95c44d74c4fdcb4478b46a3d2400d" member_type: VOTER last_known_addr { host: "127.4.124.65" port: 38379 } } peers { permanent_uuid: "fa1dc3ab05e34bcf94770ff0a20988cf" member_type: VOTER last_known_addr { host: "127.4.124.66" port: 35077 } } peers { permanent_uuid: "3574e101566b4e3585f87c020d73ffab" member_type: VOTER last_known_addr { host: "127.4.124.67" port: 39669 } }
I20260709 14:47:34.364679  5868 raft_consensus.cc:359] T a709ee779d4c41a0a4d250f3cbafed5d P fa1dc3ab05e34bcf94770ff0a20988cf [term 0 FOLLOWER]: Replica starting. Triggering 0 pending ops. Active config: opid_index: -1 OBSOLETE_local: false peers { permanent_uuid: "fda95c44d74c4fdcb4478b46a3d2400d" member_type: VOTER last_known_addr { host: "127.4.124.65" port: 38379 } } peers { permanent_uuid: "fa1dc3ab05e34bcf94770ff0a20988cf" member_type: VOTER last_known_addr { host: "127.4.124.66" port: 35077 } } peers { permanent_uuid: "3574e101566b4e3585f87c020d73ffab" member_type: VOTER last_known_addr { host: "127.4.124.67" port: 39669 } }
I20260709 14:47:34.365365  5868 raft_consensus.cc:385] T a709ee779d4c41a0a4d250f3cbafed5d P fa1dc3ab05e34bcf94770ff0a20988cf [term 0 FOLLOWER]: Consensus starting up: Expiring failure detector timer to make a prompt election more likely
I20260709 14:47:34.365756  5868 raft_consensus.cc:740] T a709ee779d4c41a0a4d250f3cbafed5d P fa1dc3ab05e34bcf94770ff0a20988cf [term 0 FOLLOWER]: Becoming Follower/Learner. State: Replica: fa1dc3ab05e34bcf94770ff0a20988cf, State: Initialized, Role: FOLLOWER
I20260709 14:47:34.366052  5869 ts_tablet_manager.cc:1434] T 61a56c25324942df9c51a62a5c3148a9 P 3574e101566b4e3585f87c020d73ffab: Time spent starting tablet: real 0.006s	user 0.007s	sys 0.000s
I20260709 14:47:34.366595  5868 consensus_queue.cc:260] T a709ee779d4c41a0a4d250f3cbafed5d P fa1dc3ab05e34bcf94770ff0a20988cf [NON_LEADER]: Queue going to NON_LEADER mode. State: All replicated index: 0, Majority replicated index: 0, Committed index: 0, Last appended: 0.0, Last appended by leader: 0, Current term: 0, Majority size: -1, State: 0, Mode: NON_LEADER, active raft config: opid_index: -1 OBSOLETE_local: false peers { permanent_uuid: "fda95c44d74c4fdcb4478b46a3d2400d" member_type: VOTER last_known_addr { host: "127.4.124.65" port: 38379 } } peers { permanent_uuid: "fa1dc3ab05e34bcf94770ff0a20988cf" member_type: VOTER last_known_addr { host: "127.4.124.66" port: 35077 } } peers { permanent_uuid: "3574e101566b4e3585f87c020d73ffab" member_type: VOTER last_known_addr { host: "127.4.124.67" port: 39669 } }
I20260709 14:47:34.367017  5869 tablet_bootstrap.cc:492] T 41e5c08bab664902895b14b400f6f1c0 P 3574e101566b4e3585f87c020d73ffab: Bootstrap starting.
I20260709 14:47:34.368821  5868 ts_tablet_manager.cc:1434] T a709ee779d4c41a0a4d250f3cbafed5d P fa1dc3ab05e34bcf94770ff0a20988cf: Time spent starting tablet: real 0.007s	user 0.005s	sys 0.000s
I20260709 14:47:34.369755  5868 tablet_bootstrap.cc:492] T 2196154dfabb40048e15694717d1b677 P fa1dc3ab05e34bcf94770ff0a20988cf: Bootstrap starting.
I20260709 14:47:34.370379  5867 tablet_bootstrap.cc:654] T e203c5ad35f24e07ad8ddbd2c54ce0a5 P fda95c44d74c4fdcb4478b46a3d2400d: Neither blocks nor log segments found. Creating new log.
I20260709 14:47:34.371869  5678 raft_consensus.cc:2468] T 78d9d350197a4dfc8e3b1889582a5f16 P fda95c44d74c4fdcb4478b46a3d2400d [term 1 FOLLOWER]: Leader election vote request: Granting yes vote for candidate fa1dc3ab05e34bcf94770ff0a20988cf in term 1.
I20260709 14:47:34.372550  5869 tablet_bootstrap.cc:654] T 41e5c08bab664902895b14b400f6f1c0 P 3574e101566b4e3585f87c020d73ffab: Neither blocks nor log segments found. Creating new log.
I20260709 14:47:34.375818  5868 tablet_bootstrap.cc:654] T 2196154dfabb40048e15694717d1b677 P fa1dc3ab05e34bcf94770ff0a20988cf: Neither blocks nor log segments found. Creating new log.
I20260709 14:47:34.379333  5872 raft_consensus.cc:2749] T 0dd3ac3c82754a0b912a277c8e99d6cf P fda95c44d74c4fdcb4478b46a3d2400d [term 1 FOLLOWER]: Leader pre-election lost for term 1. Reason: could not achieve majority
I20260709 14:47:34.383911  5869 tablet_bootstrap.cc:492] T 41e5c08bab664902895b14b400f6f1c0 P 3574e101566b4e3585f87c020d73ffab: No bootstrap required, opened a new log
I20260709 14:47:34.384454  5869 ts_tablet_manager.cc:1403] T 41e5c08bab664902895b14b400f6f1c0 P 3574e101566b4e3585f87c020d73ffab: Time spent bootstrapping tablet: real 0.018s	user 0.009s	sys 0.005s
I20260709 14:47:34.387542  5868 tablet_bootstrap.cc:492] T 2196154dfabb40048e15694717d1b677 P fa1dc3ab05e34bcf94770ff0a20988cf: No bootstrap required, opened a new log
I20260709 14:47:34.387590  5869 raft_consensus.cc:359] T 41e5c08bab664902895b14b400f6f1c0 P 3574e101566b4e3585f87c020d73ffab [term 0 FOLLOWER]: Replica starting. Triggering 0 pending ops. Active config: opid_index: -1 OBSOLETE_local: false peers { permanent_uuid: "fda95c44d74c4fdcb4478b46a3d2400d" member_type: VOTER last_known_addr { host: "127.4.124.65" port: 38379 } } peers { permanent_uuid: "fa1dc3ab05e34bcf94770ff0a20988cf" member_type: VOTER last_known_addr { host: "127.4.124.66" port: 35077 } } peers { permanent_uuid: "3574e101566b4e3585f87c020d73ffab" member_type: VOTER last_known_addr { host: "127.4.124.67" port: 39669 } }
I20260709 14:47:34.388186  5868 ts_tablet_manager.cc:1403] T 2196154dfabb40048e15694717d1b677 P fa1dc3ab05e34bcf94770ff0a20988cf: Time spent bootstrapping tablet: real 0.019s	user 0.012s	sys 0.004s
I20260709 14:47:34.388477  5869 raft_consensus.cc:385] T 41e5c08bab664902895b14b400f6f1c0 P 3574e101566b4e3585f87c020d73ffab [term 0 FOLLOWER]: Consensus starting up: Expiring failure detector timer to make a prompt election more likely
I20260709 14:47:34.388760  5869 raft_consensus.cc:740] T 41e5c08bab664902895b14b400f6f1c0 P 3574e101566b4e3585f87c020d73ffab [term 0 FOLLOWER]: Becoming Follower/Learner. State: Replica: 3574e101566b4e3585f87c020d73ffab, State: Initialized, Role: FOLLOWER
I20260709 14:47:34.389618  5869 consensus_queue.cc:260] T 41e5c08bab664902895b14b400f6f1c0 P 3574e101566b4e3585f87c020d73ffab [NON_LEADER]: Queue going to NON_LEADER mode. State: All replicated index: 0, Majority replicated index: 0, Committed index: 0, Last appended: 0.0, Last appended by leader: 0, Current term: 0, Majority size: -1, State: 0, Mode: NON_LEADER, active raft config: opid_index: -1 OBSOLETE_local: false peers { permanent_uuid: "fda95c44d74c4fdcb4478b46a3d2400d" member_type: VOTER last_known_addr { host: "127.4.124.65" port: 38379 } } peers { permanent_uuid: "fa1dc3ab05e34bcf94770ff0a20988cf" member_type: VOTER last_known_addr { host: "127.4.124.66" port: 35077 } } peers { permanent_uuid: "3574e101566b4e3585f87c020d73ffab" member_type: VOTER last_known_addr { host: "127.4.124.67" port: 39669 } }
I20260709 14:47:34.391094  5868 raft_consensus.cc:359] T 2196154dfabb40048e15694717d1b677 P fa1dc3ab05e34bcf94770ff0a20988cf [term 0 FOLLOWER]: Replica starting. Triggering 0 pending ops. Active config: opid_index: -1 OBSOLETE_local: false peers { permanent_uuid: "fda95c44d74c4fdcb4478b46a3d2400d" member_type: VOTER last_known_addr { host: "127.4.124.65" port: 38379 } } peers { permanent_uuid: "fa1dc3ab05e34bcf94770ff0a20988cf" member_type: VOTER last_known_addr { host: "127.4.124.66" port: 35077 } } peers { permanent_uuid: "3574e101566b4e3585f87c020d73ffab" member_type: VOTER last_known_addr { host: "127.4.124.67" port: 39669 } }
I20260709 14:47:34.391842  5868 raft_consensus.cc:385] T 2196154dfabb40048e15694717d1b677 P fa1dc3ab05e34bcf94770ff0a20988cf [term 0 FOLLOWER]: Consensus starting up: Expiring failure detector timer to make a prompt election more likely
I20260709 14:47:34.392161  5868 raft_consensus.cc:740] T 2196154dfabb40048e15694717d1b677 P fa1dc3ab05e34bcf94770ff0a20988cf [term 0 FOLLOWER]: Becoming Follower/Learner. State: Replica: fa1dc3ab05e34bcf94770ff0a20988cf, State: Initialized, Role: FOLLOWER
I20260709 14:47:34.393000  5868 consensus_queue.cc:260] T 2196154dfabb40048e15694717d1b677 P fa1dc3ab05e34bcf94770ff0a20988cf [NON_LEADER]: Queue going to NON_LEADER mode. State: All replicated index: 0, Majority replicated index: 0, Committed index: 0, Last appended: 0.0, Last appended by leader: 0, Current term: 0, Majority size: -1, State: 0, Mode: NON_LEADER, active raft config: opid_index: -1 OBSOLETE_local: false peers { permanent_uuid: "fda95c44d74c4fdcb4478b46a3d2400d" member_type: VOTER last_known_addr { host: "127.4.124.65" port: 38379 } } peers { permanent_uuid: "fa1dc3ab05e34bcf94770ff0a20988cf" member_type: VOTER last_known_addr { host: "127.4.124.66" port: 35077 } } peers { permanent_uuid: "3574e101566b4e3585f87c020d73ffab" member_type: VOTER last_known_addr { host: "127.4.124.67" port: 39669 } }
I20260709 14:47:34.400033  5868 ts_tablet_manager.cc:1434] T 2196154dfabb40048e15694717d1b677 P fa1dc3ab05e34bcf94770ff0a20988cf: Time spent starting tablet: real 0.011s	user 0.005s	sys 0.000s
I20260709 14:47:34.400501  5869 ts_tablet_manager.cc:1434] T 41e5c08bab664902895b14b400f6f1c0 P 3574e101566b4e3585f87c020d73ffab: Time spent starting tablet: real 0.016s	user 0.008s	sys 0.000s
I20260709 14:47:34.401046  5868 tablet_bootstrap.cc:492] T 41e5c08bab664902895b14b400f6f1c0 P fa1dc3ab05e34bcf94770ff0a20988cf: Bootstrap starting.
I20260709 14:47:34.401356  5869 tablet_bootstrap.cc:492] T ef0befb63e4c4e4783d732ef9b69a18f P 3574e101566b4e3585f87c020d73ffab: Bootstrap starting.
I20260709 14:47:34.405179  5884 raft_consensus.cc:493] T 0e7b289068204b339f9349562db1b06c P 3574e101566b4e3585f87c020d73ffab [term 0 FOLLOWER]: Starting pre-election (no leader contacted us within the election timeout)
