I20260709 14:48:15.003087  1742 tablet_bootstrap.cc:492] T e49f41641a58458593e5b25cac3905bb P b2c6f95d22144a328de8f5a871a3c28b: Bootstrap starting.
I20260709 14:48:15.005365  1741 tablet_bootstrap.cc:654] T 643eddefba4f4dec9511d0c8482f9c99 P e2a650dea3f6405b82d2c2e7a8c3684a: Neither blocks nor log segments found. Creating new log.
I20260709 14:48:15.006433  1901 raft_consensus.cc:493] T 76a4c28f34ab455caff2815514bb3223 P bf264cfe9ef64dcb98cde89a63fd6919 [term 0 FOLLOWER]: Starting pre-election (no leader contacted us within the election timeout)
I20260709 14:48:15.009327  1889 raft_consensus.cc:493] T 3b5c84a25ee8415c8136080039180579 P b2c6f95d22144a328de8f5a871a3c28b [term 0 FOLLOWER]: Starting pre-election (no leader contacted us within the election timeout)
I20260709 14:48:15.010362  1889 raft_consensus.cc:515] T 3b5c84a25ee8415c8136080039180579 P b2c6f95d22144a328de8f5a871a3c28b [term 0 FOLLOWER]: Starting pre-election with config: opid_index: -1 OBSOLETE_local: false peers { permanent_uuid: "e2a650dea3f6405b82d2c2e7a8c3684a" member_type: VOTER last_known_addr { host: "127.0.107.193" port: 35029 } } peers { permanent_uuid: "b2c6f95d22144a328de8f5a871a3c28b" member_type: VOTER last_known_addr { host: "127.0.107.194" port: 45935 } } peers { permanent_uuid: "bf264cfe9ef64dcb98cde89a63fd6919" member_type: VOTER last_known_addr { host: "127.0.107.195" port: 36935 } }
I20260709 14:48:15.012580  1889 leader_election.cc:290] T 3b5c84a25ee8415c8136080039180579 P b2c6f95d22144a328de8f5a871a3c28b [CANDIDATE]: Term 1 pre-election: Requested pre-vote from peers e2a650dea3f6405b82d2c2e7a8c3684a (127.0.107.193:35029), bf264cfe9ef64dcb98cde89a63fd6919 (127.0.107.195:36935)
I20260709 14:48:15.012867  1742 tablet_bootstrap.cc:654] T e49f41641a58458593e5b25cac3905bb P b2c6f95d22144a328de8f5a871a3c28b: Neither blocks nor log segments found. Creating new log.
I20260709 14:48:15.010144  1901 raft_consensus.cc:515] T 76a4c28f34ab455caff2815514bb3223 P bf264cfe9ef64dcb98cde89a63fd6919 [term 0 FOLLOWER]: Starting pre-election with config: opid_index: -1 OBSOLETE_local: false peers { permanent_uuid: "e2a650dea3f6405b82d2c2e7a8c3684a" member_type: VOTER last_known_addr { host: "127.0.107.193" port: 35029 } } peers { permanent_uuid: "b2c6f95d22144a328de8f5a871a3c28b" member_type: VOTER last_known_addr { host: "127.0.107.194" port: 45935 } } peers { permanent_uuid: "bf264cfe9ef64dcb98cde89a63fd6919" member_type: VOTER last_known_addr { host: "127.0.107.195" port: 36935 } }
I20260709 14:48:15.015514  1740 tablet_bootstrap.cc:492] T 8f504aa86183441cbc466cbe68ca2145 P bf264cfe9ef64dcb98cde89a63fd6919: No bootstrap required, opened a new log
I20260709 14:48:15.016012  1740 ts_tablet_manager.cc:1403] T 8f504aa86183441cbc466cbe68ca2145 P bf264cfe9ef64dcb98cde89a63fd6919: Time spent bootstrapping tablet: real 0.032s	user 0.006s	sys 0.006s
I20260709 14:48:15.015334  1551 tablet_service.cc:1917] Received RequestConsensusVote() RPC: tablet_id: "3b5c84a25ee8415c8136080039180579" candidate_uuid: "b2c6f95d22144a328de8f5a871a3c28b" candidate_term: 1 candidate_status { last_received { term: 0 index: 0 } } ignore_live_leader: false dest_uuid: "e2a650dea3f6405b82d2c2e7a8c3684a" is_pre_election: true
I20260709 14:48:15.017043  1551 raft_consensus.cc:2468] T 3b5c84a25ee8415c8136080039180579 P e2a650dea3f6405b82d2c2e7a8c3684a [term 0 FOLLOWER]: Leader pre-election vote request: Granting yes vote for candidate b2c6f95d22144a328de8f5a871a3c28b in term 0.
I20260709 14:48:15.016299  1700 tablet_service.cc:1917] Received RequestConsensusVote() RPC: tablet_id: "3b5c84a25ee8415c8136080039180579" candidate_uuid: "b2c6f95d22144a328de8f5a871a3c28b" candidate_term: 1 candidate_status { last_received { term: 0 index: 0 } } ignore_live_leader: false dest_uuid: "bf264cfe9ef64dcb98cde89a63fd6919" is_pre_election: true
I20260709 14:48:15.018352  1700 raft_consensus.cc:2468] T 3b5c84a25ee8415c8136080039180579 P bf264cfe9ef64dcb98cde89a63fd6919 [term 0 FOLLOWER]: Leader pre-election vote request: Granting yes vote for candidate b2c6f95d22144a328de8f5a871a3c28b in term 0.
I20260709 14:48:15.017774  1447 catalog_manager.cc:5697] T 8727e34130b34dc9a6d83aaf77018ea2 P b2c6f95d22144a328de8f5a871a3c28b reported cstate change: term changed from 0 to 1, leader changed from <none> to b2c6f95d22144a328de8f5a871a3c28b (127.0.107.194). New cstate: current_term: 1 leader_uuid: "b2c6f95d22144a328de8f5a871a3c28b" committed_config { opid_index: -1 OBSOLETE_local: false peers { permanent_uuid: "e2a650dea3f6405b82d2c2e7a8c3684a" member_type: VOTER last_known_addr { host: "127.0.107.193" port: 35029 } health_report { overall_health: UNKNOWN } } peers { permanent_uuid: "b2c6f95d22144a328de8f5a871a3c28b" member_type: VOTER last_known_addr { host: "127.0.107.194" port: 45935 } health_report { overall_health: HEALTHY } } peers { permanent_uuid: "bf264cfe9ef64dcb98cde89a63fd6919" member_type: VOTER last_known_addr { host: "127.0.107.195" port: 36935 } health_report { overall_health: UNKNOWN } } }
I20260709 14:48:15.019685  1593 leader_election.cc:304] T 3b5c84a25ee8415c8136080039180579 P b2c6f95d22144a328de8f5a871a3c28b [CANDIDATE]: Term 1 pre-election: Election decided. Result: candidate won. Election summary: received 2 responses out of 3 voters: 2 yes votes; 0 no votes. yes voters: b2c6f95d22144a328de8f5a871a3c28b, bf264cfe9ef64dcb98cde89a63fd6919; no voters: 
I20260709 14:48:15.019750  1447 catalog_manager.cc:5697] T 111ddfc5fbfd48a1a8e67cd5722d3bfb P b2c6f95d22144a328de8f5a871a3c28b reported cstate change: term changed from 0 to 1, leader changed from <none> to b2c6f95d22144a328de8f5a871a3c28b (127.0.107.194). New cstate: current_term: 1 leader_uuid: "b2c6f95d22144a328de8f5a871a3c28b" committed_config { opid_index: -1 OBSOLETE_local: false peers { permanent_uuid: "e2a650dea3f6405b82d2c2e7a8c3684a" member_type: VOTER last_known_addr { host: "127.0.107.193" port: 35029 } health_report { overall_health: UNKNOWN } } peers { permanent_uuid: "b2c6f95d22144a328de8f5a871a3c28b" member_type: VOTER last_known_addr { host: "127.0.107.194" port: 45935 } health_report { overall_health: HEALTHY } } peers { permanent_uuid: "bf264cfe9ef64dcb98cde89a63fd6919" member_type: VOTER last_known_addr { host: "127.0.107.195" port: 36935 } health_report { overall_health: UNKNOWN } } }
I20260709 14:48:15.021852  1447 catalog_manager.cc:5697] T b56195a099394952ba4a8cfe45ad7779 P b2c6f95d22144a328de8f5a871a3c28b reported cstate change: term changed from 0 to 1, leader changed from <none> to b2c6f95d22144a328de8f5a871a3c28b (127.0.107.194). New cstate: current_term: 1 leader_uuid: "b2c6f95d22144a328de8f5a871a3c28b" committed_config { opid_index: -1 OBSOLETE_local: false peers { permanent_uuid: "e2a650dea3f6405b82d2c2e7a8c3684a" member_type: VOTER last_known_addr { host: "127.0.107.193" port: 35029 } health_report { overall_health: UNKNOWN } } peers { permanent_uuid: "b2c6f95d22144a328de8f5a871a3c28b" member_type: VOTER last_known_addr { host: "127.0.107.194" port: 45935 } health_report { overall_health: HEALTHY } } peers { permanent_uuid: "bf264cfe9ef64dcb98cde89a63fd6919" member_type: VOTER last_known_addr { host: "127.0.107.195" port: 36935 } health_report { overall_health: UNKNOWN } } }
I20260709 14:48:15.023267  1624 tablet_service.cc:1917] Received RequestConsensusVote() RPC: tablet_id: "76a4c28f34ab455caff2815514bb3223" candidate_uuid: "bf264cfe9ef64dcb98cde89a63fd6919" candidate_term: 1 candidate_status { last_received { term: 0 index: 0 } } ignore_live_leader: false dest_uuid: "b2c6f95d22144a328de8f5a871a3c28b" is_pre_election: true
I20260709 14:48:15.021821  1901 leader_election.cc:290] T 76a4c28f34ab455caff2815514bb3223 P bf264cfe9ef64dcb98cde89a63fd6919 [CANDIDATE]: Term 1 pre-election: Requested pre-vote from peers e2a650dea3f6405b82d2c2e7a8c3684a (127.0.107.193:35029), b2c6f95d22144a328de8f5a871a3c28b (127.0.107.194:45935)
W20260709 14:48:15.024608  1667 leader_election.cc:343] T 76a4c28f34ab455caff2815514bb3223 P bf264cfe9ef64dcb98cde89a63fd6919 [CANDIDATE]: Term 1 pre-election: Tablet error from VoteRequest() call to peer b2c6f95d22144a328de8f5a871a3c28b (127.0.107.194:45935): Illegal state: must be running to vote when last-logged opid is not known
I20260709 14:48:15.023267  1551 tablet_service.cc:1917] Received RequestConsensusVote() RPC: tablet_id: "76a4c28f34ab455caff2815514bb3223" candidate_uuid: "bf264cfe9ef64dcb98cde89a63fd6919" candidate_term: 1 candidate_status { last_received { term: 0 index: 0 } } ignore_live_leader: false dest_uuid: "e2a650dea3f6405b82d2c2e7a8c3684a" is_pre_election: true
I20260709 14:48:15.023447  1889 raft_consensus.cc:2804] T 3b5c84a25ee8415c8136080039180579 P b2c6f95d22144a328de8f5a871a3c28b [term 0 FOLLOWER]: Leader pre-election won for term 1
I20260709 14:48:15.026000  1889 raft_consensus.cc:493] T 3b5c84a25ee8415c8136080039180579 P b2c6f95d22144a328de8f5a871a3c28b [term 0 FOLLOWER]: Starting leader election (no leader contacted us within the election timeout)
I20260709 14:48:15.026383  1889 raft_consensus.cc:3060] T 3b5c84a25ee8415c8136080039180579 P b2c6f95d22144a328de8f5a871a3c28b [term 0 FOLLOWER]: Advancing to term 1
W20260709 14:48:15.026499  1667 leader_election.cc:343] T 76a4c28f34ab455caff2815514bb3223 P bf264cfe9ef64dcb98cde89a63fd6919 [CANDIDATE]: Term 1 pre-election: Tablet error from VoteRequest() call to peer e2a650dea3f6405b82d2c2e7a8c3684a (127.0.107.193:35029): Illegal state: must be running to vote when last-logged opid is not known
I20260709 14:48:15.026919  1667 leader_election.cc:304] T 76a4c28f34ab455caff2815514bb3223 P bf264cfe9ef64dcb98cde89a63fd6919 [CANDIDATE]: Term 1 pre-election: Election decided. Result: candidate lost. Election summary: received 3 responses out of 3 voters: 1 yes votes; 2 no votes. yes voters: bf264cfe9ef64dcb98cde89a63fd6919; no voters: b2c6f95d22144a328de8f5a871a3c28b, e2a650dea3f6405b82d2c2e7a8c3684a
I20260709 14:48:15.029819  1901 raft_consensus.cc:2749] T 76a4c28f34ab455caff2815514bb3223 P bf264cfe9ef64dcb98cde89a63fd6919 [term 0 FOLLOWER]: Leader pre-election lost for term 1. Reason: could not achieve majority
I20260709 14:48:15.032342  1740 raft_consensus.cc:359] T 8f504aa86183441cbc466cbe68ca2145 P bf264cfe9ef64dcb98cde89a63fd6919 [term 0 FOLLOWER]: Replica starting. Triggering 0 pending ops. Active config: opid_index: -1 OBSOLETE_local: false peers { permanent_uuid: "e2a650dea3f6405b82d2c2e7a8c3684a" member_type: VOTER last_known_addr { host: "127.0.107.193" port: 35029 } } peers { permanent_uuid: "b2c6f95d22144a328de8f5a871a3c28b" member_type: VOTER last_known_addr { host: "127.0.107.194" port: 45935 } } peers { permanent_uuid: "bf264cfe9ef64dcb98cde89a63fd6919" member_type: VOTER last_known_addr { host: "127.0.107.195" port: 36935 } }
I20260709 14:48:15.032632  1889 raft_consensus.cc:515] T 3b5c84a25ee8415c8136080039180579 P b2c6f95d22144a328de8f5a871a3c28b [term 1 FOLLOWER]: Starting leader election with config: opid_index: -1 OBSOLETE_local: false peers { permanent_uuid: "e2a650dea3f6405b82d2c2e7a8c3684a" member_type: VOTER last_known_addr { host: "127.0.107.193" port: 35029 } } peers { permanent_uuid: "b2c6f95d22144a328de8f5a871a3c28b" member_type: VOTER last_known_addr { host: "127.0.107.194" port: 45935 } } peers { permanent_uuid: "bf264cfe9ef64dcb98cde89a63fd6919" member_type: VOTER last_known_addr { host: "127.0.107.195" port: 36935 } }
I20260709 14:48:15.035306  1551 tablet_service.cc:1917] Received RequestConsensusVote() RPC: tablet_id: "3b5c84a25ee8415c8136080039180579" candidate_uuid: "b2c6f95d22144a328de8f5a871a3c28b" candidate_term: 1 candidate_status { last_received { term: 0 index: 0 } } ignore_live_leader: false dest_uuid: "e2a650dea3f6405b82d2c2e7a8c3684a"
I20260709 14:48:15.035856  1551 raft_consensus.cc:3060] T 3b5c84a25ee8415c8136080039180579 P e2a650dea3f6405b82d2c2e7a8c3684a [term 0 FOLLOWER]: Advancing to term 1
I20260709 14:48:15.032968  1740 raft_consensus.cc:385] T 8f504aa86183441cbc466cbe68ca2145 P bf264cfe9ef64dcb98cde89a63fd6919 [term 0 FOLLOWER]: Consensus starting up: Expiring failure detector timer to make a prompt election more likely
I20260709 14:48:15.037284  1740 raft_consensus.cc:740] T 8f504aa86183441cbc466cbe68ca2145 P bf264cfe9ef64dcb98cde89a63fd6919 [term 0 FOLLOWER]: Becoming Follower/Learner. State: Replica: bf264cfe9ef64dcb98cde89a63fd6919, State: Initialized, Role: FOLLOWER
I20260709 14:48:15.037945  1740 consensus_queue.cc:260] T 8f504aa86183441cbc466cbe68ca2145 P bf264cfe9ef64dcb98cde89a63fd6919 [NON_LEADER]: Queue going to NON_LEADER mode. State: All replicated index: 0, Majority replicated index: 0, Committed index: 0, Last appended: 0.0, Last appended by leader: 0, Current term: 0, Majority size: -1, State: 0, Mode: NON_LEADER, active raft config: opid_index: -1 OBSOLETE_local: false peers { permanent_uuid: "e2a650dea3f6405b82d2c2e7a8c3684a" member_type: VOTER last_known_addr { host: "127.0.107.193" port: 35029 } } peers { permanent_uuid: "b2c6f95d22144a328de8f5a871a3c28b" member_type: VOTER last_known_addr { host: "127.0.107.194" port: 45935 } } peers { permanent_uuid: "bf264cfe9ef64dcb98cde89a63fd6919" member_type: VOTER last_known_addr { host: "127.0.107.195" port: 36935 } }
I20260709 14:48:15.042981  1740 ts_tablet_manager.cc:1434] T 8f504aa86183441cbc466cbe68ca2145 P bf264cfe9ef64dcb98cde89a63fd6919: Time spent starting tablet: real 0.027s	user 0.005s	sys 0.001s
I20260709 14:48:15.043629  1551 raft_consensus.cc:2468] T 3b5c84a25ee8415c8136080039180579 P e2a650dea3f6405b82d2c2e7a8c3684a [term 1 FOLLOWER]: Leader election vote request: Granting yes vote for candidate b2c6f95d22144a328de8f5a871a3c28b in term 1.
I20260709 14:48:15.044720  1593 leader_election.cc:304] T 3b5c84a25ee8415c8136080039180579 P b2c6f95d22144a328de8f5a871a3c28b [CANDIDATE]: Term 1 election: Election decided. Result: candidate won. Election summary: received 2 responses out of 3 voters: 2 yes votes; 0 no votes. yes voters: b2c6f95d22144a328de8f5a871a3c28b, e2a650dea3f6405b82d2c2e7a8c3684a; no voters: 
I20260709 14:48:15.045414  1899 raft_consensus.cc:2804] T 3b5c84a25ee8415c8136080039180579 P b2c6f95d22144a328de8f5a871a3c28b [term 1 FOLLOWER]: Leader election won for term 1
I20260709 14:48:15.045879  1899 raft_consensus.cc:697] T 3b5c84a25ee8415c8136080039180579 P b2c6f95d22144a328de8f5a871a3c28b [term 1 LEADER]: Becoming Leader. State: Replica: b2c6f95d22144a328de8f5a871a3c28b, State: Running, Role: LEADER
I20260709 14:48:15.046634  1740 tablet_bootstrap.cc:492] T 643eddefba4f4dec9511d0c8482f9c99 P bf264cfe9ef64dcb98cde89a63fd6919: Bootstrap starting.
I20260709 14:48:15.046658  1899 consensus_queue.cc:237] T 3b5c84a25ee8415c8136080039180579 P b2c6f95d22144a328de8f5a871a3c28b [LEADER]: Queue going to LEADER mode. State: All replicated index: 0, Majority replicated index: 0, Committed index: 0, Last appended: 0.0, Last appended by leader: 0, Current term: 1, Majority size: 2, State: 0, Mode: LEADER, active raft config: opid_index: -1 OBSOLETE_local: false peers { permanent_uuid: "e2a650dea3f6405b82d2c2e7a8c3684a" member_type: VOTER last_known_addr { host: "127.0.107.193" port: 35029 } } peers { permanent_uuid: "b2c6f95d22144a328de8f5a871a3c28b" member_type: VOTER last_known_addr { host: "127.0.107.194" port: 45935 } } peers { permanent_uuid: "bf264cfe9ef64dcb98cde89a63fd6919" member_type: VOTER last_known_addr { host: "127.0.107.195" port: 36935 } }
I20260709 14:48:15.051952  1700 tablet_service.cc:1917] Received RequestConsensusVote() RPC: tablet_id: "3b5c84a25ee8415c8136080039180579" candidate_uuid: "b2c6f95d22144a328de8f5a871a3c28b" candidate_term: 1 candidate_status { last_received { term: 0 index: 0 } } ignore_live_leader: false dest_uuid: "bf264cfe9ef64dcb98cde89a63fd6919"
I20260709 14:48:15.052523  1700 raft_consensus.cc:3060] T 3b5c84a25ee8415c8136080039180579 P bf264cfe9ef64dcb98cde89a63fd6919 [term 0 FOLLOWER]: Advancing to term 1
I20260709 14:48:15.057534  1740 tablet_bootstrap.cc:654] T 643eddefba4f4dec9511d0c8482f9c99 P bf264cfe9ef64dcb98cde89a63fd6919: Neither blocks nor log segments found. Creating new log.
I20260709 14:48:15.058902  1700 raft_consensus.cc:2468] T 3b5c84a25ee8415c8136080039180579 P bf264cfe9ef64dcb98cde89a63fd6919 [term 1 FOLLOWER]: Leader election vote request: Granting yes vote for candidate b2c6f95d22144a328de8f5a871a3c28b in term 1.
I20260709 14:48:15.060447  1889 leader_election.cc:290] T 3b5c84a25ee8415c8136080039180579 P b2c6f95d22144a328de8f5a871a3c28b [CANDIDATE]: Term 1 election: Requested vote from peers e2a650dea3f6405b82d2c2e7a8c3684a (127.0.107.193:35029), bf264cfe9ef64dcb98cde89a63fd6919 (127.0.107.195:36935)
I20260709 14:48:15.062146  1742 tablet_bootstrap.cc:492] T e49f41641a58458593e5b25cac3905bb P b2c6f95d22144a328de8f5a871a3c28b: No bootstrap required, opened a new log
I20260709 14:48:15.062569  1742 ts_tablet_manager.cc:1403] T e49f41641a58458593e5b25cac3905bb P b2c6f95d22144a328de8f5a871a3c28b: Time spent bootstrapping tablet: real 0.060s	user 0.013s	sys 0.003s
I20260709 14:48:15.064496  1901 raft_consensus.cc:493] T e49f41641a58458593e5b25cac3905bb P bf264cfe9ef64dcb98cde89a63fd6919 [term 0 FOLLOWER]: Starting pre-election (no leader contacted us within the election timeout)
I20260709 14:48:15.064966  1901 raft_consensus.cc:515] T e49f41641a58458593e5b25cac3905bb P bf264cfe9ef64dcb98cde89a63fd6919 [term 0 FOLLOWER]: Starting pre-election with config: opid_index: -1 OBSOLETE_local: false peers { permanent_uuid: "e2a650dea3f6405b82d2c2e7a8c3684a" member_type: VOTER last_known_addr { host: "127.0.107.193" port: 35029 } } peers { permanent_uuid: "b2c6f95d22144a328de8f5a871a3c28b" member_type: VOTER last_known_addr { host: "127.0.107.194" port: 45935 } } peers { permanent_uuid: "bf264cfe9ef64dcb98cde89a63fd6919" member_type: VOTER last_known_addr { host: "127.0.107.195" port: 36935 } }
I20260709 14:48:15.066859  1901 leader_election.cc:290] T e49f41641a58458593e5b25cac3905bb P bf264cfe9ef64dcb98cde89a63fd6919 [CANDIDATE]: Term 1 pre-election: Requested pre-vote from peers e2a650dea3f6405b82d2c2e7a8c3684a (127.0.107.193:35029), b2c6f95d22144a328de8f5a871a3c28b (127.0.107.194:45935)
I20260709 14:48:15.066634  1448 catalog_manager.cc:5697] T 40c01212ce1f431c8cf5fe7e2d0f69d2 P e2a650dea3f6405b82d2c2e7a8c3684a reported cstate change: term changed from 0 to 1, leader changed from <none> to e2a650dea3f6405b82d2c2e7a8c3684a (127.0.107.193). New cstate: current_term: 1 leader_uuid: "e2a650dea3f6405b82d2c2e7a8c3684a" committed_config { opid_index: -1 OBSOLETE_local: false peers { permanent_uuid: "e2a650dea3f6405b82d2c2e7a8c3684a" member_type: VOTER last_known_addr { host: "127.0.107.193" port: 35029 } health_report { overall_health: HEALTHY } } peers { permanent_uuid: "b2c6f95d22144a328de8f5a871a3c28b" member_type: VOTER last_known_addr { host: "127.0.107.194" port: 45935 } health_report { overall_health: UNKNOWN } } peers { permanent_uuid: "bf264cfe9ef64dcb98cde89a63fd6919" member_type: VOTER last_known_addr { host: "127.0.107.195" port: 36935 } health_report { overall_health: HEALTHY } } }
I20260709 14:48:15.066879  1742 raft_consensus.cc:359] T e49f41641a58458593e5b25cac3905bb P b2c6f95d22144a328de8f5a871a3c28b [term 0 FOLLOWER]: Replica starting. Triggering 0 pending ops. Active config: opid_index: -1 OBSOLETE_local: false peers { permanent_uuid: "e2a650dea3f6405b82d2c2e7a8c3684a" member_type: VOTER last_known_addr { host: "127.0.107.193" port: 35029 } } peers { permanent_uuid: "b2c6f95d22144a328de8f5a871a3c28b" member_type: VOTER last_known_addr { host: "127.0.107.194" port: 45935 } } peers { permanent_uuid: "bf264cfe9ef64dcb98cde89a63fd6919" member_type: VOTER last_known_addr { host: "127.0.107.195" port: 36935 } }
I20260709 14:48:15.067658  1742 raft_consensus.cc:385] T e49f41641a58458593e5b25cac3905bb P b2c6f95d22144a328de8f5a871a3c28b [term 0 FOLLOWER]: Consensus starting up: Expiring failure detector timer to make a prompt election more likely
I20260709 14:48:15.067921  1742 raft_consensus.cc:740] T e49f41641a58458593e5b25cac3905bb P b2c6f95d22144a328de8f5a871a3c28b [term 0 FOLLOWER]: Becoming Follower/Learner. State: Replica: b2c6f95d22144a328de8f5a871a3c28b, State: Initialized, Role: FOLLOWER
I20260709 14:48:15.068527  1742 consensus_queue.cc:260] T e49f41641a58458593e5b25cac3905bb P b2c6f95d22144a328de8f5a871a3c28b [NON_LEADER]: Queue going to NON_LEADER mode. State: All replicated index: 0, Majority replicated index: 0, Committed index: 0, Last appended: 0.0, Last appended by leader: 0, Current term: 0, Majority size: -1, State: 0, Mode: NON_LEADER, active raft config: opid_index: -1 OBSOLETE_local: false peers { permanent_uuid: "e2a650dea3f6405b82d2c2e7a8c3684a" member_type: VOTER last_known_addr { host: "127.0.107.193" port: 35029 } } peers { permanent_uuid: "b2c6f95d22144a328de8f5a871a3c28b" member_type: VOTER last_known_addr { host: "127.0.107.194" port: 45935 } } peers { permanent_uuid: "bf264cfe9ef64dcb98cde89a63fd6919" member_type: VOTER last_known_addr { host: "127.0.107.195" port: 36935 } }
I20260709 14:48:15.070674  1624 tablet_service.cc:1917] Received RequestConsensusVote() RPC: tablet_id: "e49f41641a58458593e5b25cac3905bb" candidate_uuid: "bf264cfe9ef64dcb98cde89a63fd6919" candidate_term: 1 candidate_status { last_received { term: 0 index: 0 } } ignore_live_leader: false dest_uuid: "b2c6f95d22144a328de8f5a871a3c28b" is_pre_election: true
I20260709 14:48:15.070971  1551 tablet_service.cc:1917] Received RequestConsensusVote() RPC: tablet_id: "e49f41641a58458593e5b25cac3905bb" candidate_uuid: "bf264cfe9ef64dcb98cde89a63fd6919" candidate_term: 1 candidate_status { last_received { term: 0 index: 0 } } ignore_live_leader: false dest_uuid: "e2a650dea3f6405b82d2c2e7a8c3684a" is_pre_election: true
I20260709 14:48:15.071311  1624 raft_consensus.cc:2468] T e49f41641a58458593e5b25cac3905bb P b2c6f95d22144a328de8f5a871a3c28b [term 0 FOLLOWER]: Leader pre-election vote request: Granting yes vote for candidate bf264cfe9ef64dcb98cde89a63fd6919 in term 0.
I20260709 14:48:15.071519  1551 raft_consensus.cc:2468] T e49f41641a58458593e5b25cac3905bb P e2a650dea3f6405b82d2c2e7a8c3684a [term 0 FOLLOWER]: Leader pre-election vote request: Granting yes vote for candidate bf264cfe9ef64dcb98cde89a63fd6919 in term 0.
I20260709 14:48:15.070680  1742 ts_tablet_manager.cc:1434] T e49f41641a58458593e5b25cac3905bb P b2c6f95d22144a328de8f5a871a3c28b: Time spent starting tablet: real 0.008s	user 0.005s	sys 0.002s
I20260709 14:48:15.072376  1667 leader_election.cc:304] T e49f41641a58458593e5b25cac3905bb P bf264cfe9ef64dcb98cde89a63fd6919 [CANDIDATE]: Term 1 pre-election: Election decided. Result: candidate won. Election summary: received 2 responses out of 3 voters: 2 yes votes; 0 no votes. yes voters: b2c6f95d22144a328de8f5a871a3c28b, bf264cfe9ef64dcb98cde89a63fd6919; no voters: 
I20260709 14:48:15.073094  1742 tablet_bootstrap.cc:492] T 2da14e4e042e466fa7fd3ea3ae69ec68 P b2c6f95d22144a328de8f5a871a3c28b: Bootstrap starting.
I20260709 14:48:15.073665  1922 raft_consensus.cc:2804] T e49f41641a58458593e5b25cac3905bb P bf264cfe9ef64dcb98cde89a63fd6919 [term 0 FOLLOWER]: Leader pre-election won for term 1
I20260709 14:48:15.074014  1922 raft_consensus.cc:493] T e49f41641a58458593e5b25cac3905bb P bf264cfe9ef64dcb98cde89a63fd6919 [term 0 FOLLOWER]: Starting leader election (no leader contacted us within the election timeout)
I20260709 14:48:15.074298  1922 raft_consensus.cc:3060] T e49f41641a58458593e5b25cac3905bb P bf264cfe9ef64dcb98cde89a63fd6919 [term 0 FOLLOWER]: Advancing to term 1
I20260709 14:48:15.079181  1742 tablet_bootstrap.cc:654] T 2da14e4e042e466fa7fd3ea3ae69ec68 P b2c6f95d22144a328de8f5a871a3c28b: Neither blocks nor log segments found. Creating new log.
I20260709 14:48:15.081283  1922 raft_consensus.cc:515] T e49f41641a58458593e5b25cac3905bb P bf264cfe9ef64dcb98cde89a63fd6919 [term 1 FOLLOWER]: Starting leader election with config: opid_index: -1 OBSOLETE_local: false peers { permanent_uuid: "e2a650dea3f6405b82d2c2e7a8c3684a" member_type: VOTER last_known_addr { host: "127.0.107.193" port: 35029 } } peers { permanent_uuid: "b2c6f95d22144a328de8f5a871a3c28b" member_type: VOTER last_known_addr { host: "127.0.107.194" port: 45935 } } peers { permanent_uuid: "bf264cfe9ef64dcb98cde89a63fd6919" member_type: VOTER last_known_addr { host: "127.0.107.195" port: 36935 } }
I20260709 14:48:15.084453  1551 tablet_service.cc:1917] Received RequestConsensusVote() RPC: tablet_id: "e49f41641a58458593e5b25cac3905bb" candidate_uuid: "bf264cfe9ef64dcb98cde89a63fd6919" candidate_term: 1 candidate_status { last_received { term: 0 index: 0 } } ignore_live_leader: false dest_uuid: "e2a650dea3f6405b82d2c2e7a8c3684a"
I20260709 14:48:15.084880  1741 tablet_bootstrap.cc:492] T 643eddefba4f4dec9511d0c8482f9c99 P e2a650dea3f6405b82d2c2e7a8c3684a: No bootstrap required, opened a new log
I20260709 14:48:15.085050  1551 raft_consensus.cc:3060] T e49f41641a58458593e5b25cac3905bb P e2a650dea3f6405b82d2c2e7a8c3684a [term 0 FOLLOWER]: Advancing to term 1
I20260709 14:48:15.085482  1624 tablet_service.cc:1917] Received RequestConsensusVote() RPC: tablet_id: "e49f41641a58458593e5b25cac3905bb" candidate_uuid: "bf264cfe9ef64dcb98cde89a63fd6919" candidate_term: 1 candidate_status { last_received { term: 0 index: 0 } } ignore_live_leader: false dest_uuid: "b2c6f95d22144a328de8f5a871a3c28b"
I20260709 14:48:15.086048  1624 raft_consensus.cc:3060] T e49f41641a58458593e5b25cac3905bb P b2c6f95d22144a328de8f5a871a3c28b [term 0 FOLLOWER]: Advancing to term 1
I20260709 14:48:15.092602  1551 raft_consensus.cc:2468] T e49f41641a58458593e5b25cac3905bb P e2a650dea3f6405b82d2c2e7a8c3684a [term 1 FOLLOWER]: Leader election vote request: Granting yes vote for candidate bf264cfe9ef64dcb98cde89a63fd6919 in term 1.
I20260709 14:48:15.093405  1624 raft_consensus.cc:2468] T e49f41641a58458593e5b25cac3905bb P b2c6f95d22144a328de8f5a871a3c28b [term 1 FOLLOWER]: Leader election vote request: Granting yes vote for candidate bf264cfe9ef64dcb98cde89a63fd6919 in term 1.
I20260709 14:48:15.094605  1667 leader_election.cc:304] T e49f41641a58458593e5b25cac3905bb P bf264cfe9ef64dcb98cde89a63fd6919 [CANDIDATE]: Term 1 election: Election decided. Result: candidate won. Election summary: received 2 responses out of 3 voters: 2 yes votes; 0 no votes. yes voters: b2c6f95d22144a328de8f5a871a3c28b, bf264cfe9ef64dcb98cde89a63fd6919; no voters: 
I20260709 14:48:15.094317  1449 catalog_manager.cc:5697] T 3b5c84a25ee8415c8136080039180579 P b2c6f95d22144a328de8f5a871a3c28b reported cstate change: term changed from 0 to 1, leader changed from <none> to b2c6f95d22144a328de8f5a871a3c28b (127.0.107.194). New cstate: current_term: 1 leader_uuid: "b2c6f95d22144a328de8f5a871a3c28b" committed_config { opid_index: -1 OBSOLETE_local: false peers { permanent_uuid: "e2a650dea3f6405b82d2c2e7a8c3684a" member_type: VOTER last_known_addr { host: "127.0.107.193" port: 35029 } health_report { overall_health: UNKNOWN } } peers { permanent_uuid: "b2c6f95d22144a328de8f5a871a3c28b" member_type: VOTER last_known_addr { host: "127.0.107.194" port: 45935 } health_report { overall_health: HEALTHY } } peers { permanent_uuid: "bf264cfe9ef64dcb98cde89a63fd6919" member_type: VOTER last_known_addr { host: "127.0.107.195" port: 36935 } health_report { overall_health: UNKNOWN } } }
I20260709 14:48:15.095521  1901 raft_consensus.cc:2804] T e49f41641a58458593e5b25cac3905bb P bf264cfe9ef64dcb98cde89a63fd6919 [term 1 FOLLOWER]: Leader election won for term 1
I20260709 14:48:15.096174  1901 raft_consensus.cc:697] T e49f41641a58458593e5b25cac3905bb P bf264cfe9ef64dcb98cde89a63fd6919 [term 1 LEADER]: Becoming Leader. State: Replica: bf264cfe9ef64dcb98cde89a63fd6919, State: Running, Role: LEADER
I20260709 14:48:15.096876  1741 ts_tablet_manager.cc:1403] T 643eddefba4f4dec9511d0c8482f9c99 P e2a650dea3f6405b82d2c2e7a8c3684a: Time spent bootstrapping tablet: real 0.100s	user 0.022s	sys 0.026s
I20260709 14:48:15.096973  1901 consensus_queue.cc:237] T e49f41641a58458593e5b25cac3905bb P bf264cfe9ef64dcb98cde89a63fd6919 [LEADER]: Queue going to LEADER mode. State: All replicated index: 0, Majority replicated index: 0, Committed index: 0, Last appended: 0.0, Last appended by leader: 0, Current term: 1, Majority size: 2, State: 0, Mode: LEADER, active raft config: opid_index: -1 OBSOLETE_local: false peers { permanent_uuid: "e2a650dea3f6405b82d2c2e7a8c3684a" member_type: VOTER last_known_addr { host: "127.0.107.193" port: 35029 } } peers { permanent_uuid: "b2c6f95d22144a328de8f5a871a3c28b" member_type: VOTER last_known_addr { host: "127.0.107.194" port: 45935 } } peers { permanent_uuid: "bf264cfe9ef64dcb98cde89a63fd6919" member_type: VOTER last_known_addr { host: "127.0.107.195" port: 36935 } }
I20260709 14:48:15.100274  1922 leader_election.cc:290] T e49f41641a58458593e5b25cac3905bb P bf264cfe9ef64dcb98cde89a63fd6919 [CANDIDATE]: Term 1 election: Requested vote from peers e2a650dea3f6405b82d2c2e7a8c3684a (127.0.107.193:35029), b2c6f95d22144a328de8f5a871a3c28b (127.0.107.194:45935)
I20260709 14:48:15.104946  1740 tablet_bootstrap.cc:492] T 643eddefba4f4dec9511d0c8482f9c99 P bf264cfe9ef64dcb98cde89a63fd6919: No bootstrap required, opened a new log
I20260709 14:48:15.105441  1740 ts_tablet_manager.cc:1403] T 643eddefba4f4dec9511d0c8482f9c99 P bf264cfe9ef64dcb98cde89a63fd6919: Time spent bootstrapping tablet: real 0.059s	user 0.006s	sys 0.004s
I20260709 14:48:15.108570  1740 raft_consensus.cc:359] T 643eddefba4f4dec9511d0c8482f9c99 P bf264cfe9ef64dcb98cde89a63fd6919 [term 0 FOLLOWER]: Replica starting. Triggering 0 pending ops. Active config: opid_index: -1 OBSOLETE_local: false peers { permanent_uuid: "e2a650dea3f6405b82d2c2e7a8c3684a" member_type: VOTER last_known_addr { host: "127.0.107.193" port: 35029 } } peers { permanent_uuid: "b2c6f95d22144a328de8f5a871a3c28b" member_type: VOTER last_known_addr { host: "127.0.107.194" port: 45935 } } peers { permanent_uuid: "bf264cfe9ef64dcb98cde89a63fd6919" member_type: VOTER last_known_addr { host: "127.0.107.195" port: 36935 } }
I20260709 14:48:15.109302  1740 raft_consensus.cc:385] T 643eddefba4f4dec9511d0c8482f9c99 P bf264cfe9ef64dcb98cde89a63fd6919 [term 0 FOLLOWER]: Consensus starting up: Expiring failure detector timer to make a prompt election more likely
I20260709 14:48:15.109572  1740 raft_consensus.cc:740] T 643eddefba4f4dec9511d0c8482f9c99 P bf264cfe9ef64dcb98cde89a63fd6919 [term 0 FOLLOWER]: Becoming Follower/Learner. State: Replica: bf264cfe9ef64dcb98cde89a63fd6919, State: Initialized, Role: FOLLOWER
I20260709 14:48:15.110244  1740 consensus_queue.cc:260] T 643eddefba4f4dec9511d0c8482f9c99 P bf264cfe9ef64dcb98cde89a63fd6919 [NON_LEADER]: Queue going to NON_LEADER mode. State: All replicated index: 0, Majority replicated index: 0, Committed index: 0, Last appended: 0.0, Last appended by leader: 0, Current term: 0, Majority size: -1, State: 0, Mode: NON_LEADER, active raft config: opid_index: -1 OBSOLETE_local: false peers { permanent_uuid: "e2a650dea3f6405b82d2c2e7a8c3684a" member_type: VOTER last_known_addr { host: "127.0.107.193" port: 35029 } } peers { permanent_uuid: "b2c6f95d22144a328de8f5a871a3c28b" member_type: VOTER last_known_addr { host: "127.0.107.194" port: 45935 } } peers { permanent_uuid: "bf264cfe9ef64dcb98cde89a63fd6919" member_type: VOTER last_known_addr { host: "127.0.107.195" port: 36935 } }
I20260709 14:48:15.110375  1741 raft_consensus.cc:359] T 643eddefba4f4dec9511d0c8482f9c99 P e2a650dea3f6405b82d2c2e7a8c3684a [term 0 FOLLOWER]: Replica starting. Triggering 0 pending ops. Active config: opid_index: -1 OBSOLETE_local: false peers { permanent_uuid: "e2a650dea3f6405b82d2c2e7a8c3684a" member_type: VOTER last_known_addr { host: "127.0.107.193" port: 35029 } } peers { permanent_uuid: "b2c6f95d22144a328de8f5a871a3c28b" member_type: VOTER last_known_addr { host: "127.0.107.194" port: 45935 } } peers { permanent_uuid: "bf264cfe9ef64dcb98cde89a63fd6919" member_type: VOTER last_known_addr { host: "127.0.107.195" port: 36935 } }
I20260709 14:48:15.111064  1741 raft_consensus.cc:385] T 643eddefba4f4dec9511d0c8482f9c99 P e2a650dea3f6405b82d2c2e7a8c3684a [term 0 FOLLOWER]: Consensus starting up: Expiring failure detector timer to make a prompt election more likely
I20260709 14:48:15.111335  1741 raft_consensus.cc:740] T 643eddefba4f4dec9511d0c8482f9c99 P e2a650dea3f6405b82d2c2e7a8c3684a [term 0 FOLLOWER]: Becoming Follower/Learner. State: Replica: e2a650dea3f6405b82d2c2e7a8c3684a, State: Initialized, Role: FOLLOWER
I20260709 14:48:15.112360  1740 ts_tablet_manager.cc:1434] T 643eddefba4f4dec9511d0c8482f9c99 P bf264cfe9ef64dcb98cde89a63fd6919: Time spent starting tablet: real 0.007s	user 0.002s	sys 0.004s
I20260709 14:48:15.111994  1741 consensus_queue.cc:260] T 643eddefba4f4dec9511d0c8482f9c99 P e2a650dea3f6405b82d2c2e7a8c3684a [NON_LEADER]: Queue going to NON_LEADER mode. State: All replicated index: 0, Majority replicated index: 0, Committed index: 0, Last appended: 0.0, Last appended by leader: 0, Current term: 0, Majority size: -1, State: 0, Mode: NON_LEADER, active raft config: opid_index: -1 OBSOLETE_local: false peers { permanent_uuid: "e2a650dea3f6405b82d2c2e7a8c3684a" member_type: VOTER last_known_addr { host: "127.0.107.193" port: 35029 } } peers { permanent_uuid: "b2c6f95d22144a328de8f5a871a3c28b" member_type: VOTER last_known_addr { host: "127.0.107.194" port: 45935 } } peers { permanent_uuid: "bf264cfe9ef64dcb98cde89a63fd6919" member_type: VOTER last_known_addr { host: "127.0.107.195" port: 36935 } }
I20260709 14:48:15.113298  1740 tablet_bootstrap.cc:492] T a2054d28a6d64d51a1c8aa0b1bb0694e P bf264cfe9ef64dcb98cde89a63fd6919: Bootstrap starting.
I20260709 14:48:15.114303  1741 ts_tablet_manager.cc:1434] T 643eddefba4f4dec9511d0c8482f9c99 P e2a650dea3f6405b82d2c2e7a8c3684a: Time spent starting tablet: real 0.006s	user 0.005s	sys 0.000s
I20260709 14:48:15.115126  1741 tablet_bootstrap.cc:492] T 76a4c28f34ab455caff2815514bb3223 P e2a650dea3f6405b82d2c2e7a8c3684a: Bootstrap starting.
I20260709 14:48:15.118603  1742 tablet_bootstrap.cc:492] T 2da14e4e042e466fa7fd3ea3ae69ec68 P b2c6f95d22144a328de8f5a871a3c28b: No bootstrap required, opened a new log
I20260709 14:48:15.118960  1742 ts_tablet_manager.cc:1403] T 2da14e4e042e466fa7fd3ea3ae69ec68 P b2c6f95d22144a328de8f5a871a3c28b: Time spent bootstrapping tablet: real 0.046s	user 0.019s	sys 0.007s
I20260709 14:48:15.119742  1450 catalog_manager.cc:5697] T d4c0e984b2164f1b91a9e972f4df6d8c P bf264cfe9ef64dcb98cde89a63fd6919 reported cstate change: term changed from 0 to 1, leader changed from <none> to bf264cfe9ef64dcb98cde89a63fd6919 (127.0.107.195). New cstate: current_term: 1 leader_uuid: "bf264cfe9ef64dcb98cde89a63fd6919" committed_config { opid_index: -1 OBSOLETE_local: false peers { permanent_uuid: "e2a650dea3f6405b82d2c2e7a8c3684a" member_type: VOTER last_known_addr { host: "127.0.107.193" port: 35029 } health_report { overall_health: UNKNOWN } } peers { permanent_uuid: "b2c6f95d22144a328de8f5a871a3c28b" member_type: VOTER last_known_addr { host: "127.0.107.194" port: 45935 } health_report { overall_health: UNKNOWN } } peers { permanent_uuid: "bf264cfe9ef64dcb98cde89a63fd6919" member_type: VOTER last_known_addr { host: "127.0.107.195" port: 36935 } health_report { overall_health: HEALTHY } } }
I20260709 14:48:15.122816  1740 tablet_bootstrap.cc:654] T a2054d28a6d64d51a1c8aa0b1bb0694e P bf264cfe9ef64dcb98cde89a63fd6919: Neither blocks nor log segments found. Creating new log.
I20260709 14:48:15.122617  1742 raft_consensus.cc:359] T 2da14e4e042e466fa7fd3ea3ae69ec68 P b2c6f95d22144a328de8f5a871a3c28b [term 0 FOLLOWER]: Replica starting. Triggering 0 pending ops. Active config: opid_index: -1 OBSOLETE_local: false peers { permanent_uuid: "e2a650dea3f6405b82d2c2e7a8c3684a" member_type: VOTER last_known_addr { host: "127.0.107.193" port: 35029 } } peers { permanent_uuid: "b2c6f95d22144a328de8f5a871a3c28b" member_type: VOTER last_known_addr { host: "127.0.107.194" port: 45935 } } peers { permanent_uuid: "bf264cfe9ef64dcb98cde89a63fd6919" member_type: VOTER last_known_addr { host: "127.0.107.195" port: 36935 } }
I20260709 14:48:15.123143  1889 raft_consensus.cc:493] T a2054d28a6d64d51a1c8aa0b1bb0694e P b2c6f95d22144a328de8f5a871a3c28b [term 0 FOLLOWER]: Starting pre-election (no leader contacted us within the election timeout)
I20260709 14:48:15.123546  1742 raft_consensus.cc:385] T 2da14e4e042e466fa7fd3ea3ae69ec68 P b2c6f95d22144a328de8f5a871a3c28b [term 0 FOLLOWER]: Consensus starting up: Expiring failure detector timer to make a prompt election more likely
I20260709 14:48:15.123849  1742 raft_consensus.cc:740] T 2da14e4e042e466fa7fd3ea3ae69ec68 P b2c6f95d22144a328de8f5a871a3c28b [term 0 FOLLOWER]: Becoming Follower/Learner. State: Replica: b2c6f95d22144a328de8f5a871a3c28b, State: Initialized, Role: FOLLOWER
I20260709 14:48:15.123646  1889 raft_consensus.cc:515] T a2054d28a6d64d51a1c8aa0b1bb0694e P b2c6f95d22144a328de8f5a871a3c28b [term 0 FOLLOWER]: Starting pre-election with config: opid_index: -1 OBSOLETE_local: false peers { permanent_uuid: "e2a650dea3f6405b82d2c2e7a8c3684a" member_type: VOTER last_known_addr { host: "127.0.107.193" port: 35029 } } peers { permanent_uuid: "b2c6f95d22144a328de8f5a871a3c28b" member_type: VOTER last_known_addr { host: "127.0.107.194" port: 45935 } } peers { permanent_uuid: "bf264cfe9ef64dcb98cde89a63fd6919" member_type: VOTER last_known_addr { host: "127.0.107.195" port: 36935 } }
I20260709 14:48:15.124593  1742 consensus_queue.cc:260] T 2da14e4e042e466fa7fd3ea3ae69ec68 P b2c6f95d22144a328de8f5a871a3c28b [NON_LEADER]: Queue going to NON_LEADER mode. State: All replicated index: 0, Majority replicated index: 0, Committed index: 0, Last appended: 0.0, Last appended by leader: 0, Current term: 0, Majority size: -1, State: 0, Mode: NON_LEADER, active raft config: opid_index: -1 OBSOLETE_local: false peers { permanent_uuid: "e2a650dea3f6405b82d2c2e7a8c3684a" member_type: VOTER last_known_addr { host: "127.0.107.193" port: 35029 } } peers { permanent_uuid: "b2c6f95d22144a328de8f5a871a3c28b" member_type: VOTER last_known_addr { host: "127.0.107.194" port: 45935 } } peers { permanent_uuid: "bf264cfe9ef64dcb98cde89a63fd6919" member_type: VOTER last_known_addr { host: "127.0.107.195" port: 36935 } }
I20260709 14:48:15.125696  1889 leader_election.cc:290] T a2054d28a6d64d51a1c8aa0b1bb0694e P b2c6f95d22144a328de8f5a871a3c28b [CANDIDATE]: Term 1 pre-election: Requested pre-vote from peers e2a650dea3f6405b82d2c2e7a8c3684a (127.0.107.193:35029), bf264cfe9ef64dcb98cde89a63fd6919 (127.0.107.195:36935)
I20260709 14:48:15.126543  1742 ts_tablet_manager.cc:1434] T 2da14e4e042e466fa7fd3ea3ae69ec68 P b2c6f95d22144a328de8f5a871a3c28b: Time spent starting tablet: real 0.007s	user 0.003s	sys 0.003s
I20260709 14:48:15.127437  1742 tablet_bootstrap.cc:492] T bd608cd403344feb846ddb20faa2d734 P b2c6f95d22144a328de8f5a871a3c28b: Bootstrap starting.
I20260709 14:48:15.127797  1551 tablet_service.cc:1917] Received RequestConsensusVote() RPC: tablet_id: "a2054d28a6d64d51a1c8aa0b1bb0694e" candidate_uuid: "b2c6f95d22144a328de8f5a871a3c28b" candidate_term: 1 candidate_status { last_received { term: 0 index: 0 } } ignore_live_leader: false dest_uuid: "e2a650dea3f6405b82d2c2e7a8c3684a" is_pre_election: true
I20260709 14:48:15.128386  1551 raft_consensus.cc:2468] T a2054d28a6d64d51a1c8aa0b1bb0694e P e2a650dea3f6405b82d2c2e7a8c3684a [term 0 FOLLOWER]: Leader pre-election vote request: Granting yes vote for candidate b2c6f95d22144a328de8f5a871a3c28b in term 0.
I20260709 14:48:15.129478  1700 tablet_service.cc:1917] Received RequestConsensusVote() RPC: tablet_id: "a2054d28a6d64d51a1c8aa0b1bb0694e" candidate_uuid: "b2c6f95d22144a328de8f5a871a3c28b" candidate_term: 1 candidate_status { last_received { term: 0 index: 0 } } ignore_live_leader: false dest_uuid: "bf264cfe9ef64dcb98cde89a63fd6919" is_pre_election: true
I20260709 14:48:15.130673  1593 leader_election.cc:304] T a2054d28a6d64d51a1c8aa0b1bb0694e P b2c6f95d22144a328de8f5a871a3c28b [CANDIDATE]: Term 1 pre-election: Election decided. Result: candidate won. Election summary: received 2 responses out of 3 voters: 2 yes votes; 0 no votes. yes voters: b2c6f95d22144a328de8f5a871a3c28b, e2a650dea3f6405b82d2c2e7a8c3684a; no voters: 
I20260709 14:48:15.131407  1899 raft_consensus.cc:2804] T a2054d28a6d64d51a1c8aa0b1bb0694e P b2c6f95d22144a328de8f5a871a3c28b [term 0 FOLLOWER]: Leader pre-election won for term 1
I20260709 14:48:15.131739  1899 raft_consensus.cc:493] T a2054d28a6d64d51a1c8aa0b1bb0694e P b2c6f95d22144a328de8f5a871a3c28b [term 0 FOLLOWER]: Starting leader election (no leader contacted us within the election timeout)
W20260709 14:48:15.131983  1593 leader_election.cc:343] T a2054d28a6d64d51a1c8aa0b1bb0694e P b2c6f95d22144a328de8f5a871a3c28b [CANDIDATE]: Term 1 pre-election: Tablet error from VoteRequest() call to peer bf264cfe9ef64dcb98cde89a63fd6919 (127.0.107.195:36935): Illegal state: must be running to vote when last-logged opid is not known
I20260709 14:48:15.132048  1899 raft_consensus.cc:3060] T a2054d28a6d64d51a1c8aa0b1bb0694e P b2c6f95d22144a328de8f5a871a3c28b [term 0 FOLLOWER]: Advancing to term 1
I20260709 14:48:15.134958  1741 tablet_bootstrap.cc:654] T 76a4c28f34ab455caff2815514bb3223 P e2a650dea3f6405b82d2c2e7a8c3684a: Neither blocks nor log segments found. Creating new log.
I20260709 14:48:15.138815  1899 raft_consensus.cc:515] T a2054d28a6d64d51a1c8aa0b1bb0694e P b2c6f95d22144a328de8f5a871a3c28b [term 1 FOLLOWER]: Starting leader election with config: opid_index: -1 OBSOLETE_local: false peers { permanent_uuid: "e2a650dea3f6405b82d2c2e7a8c3684a" member_type: VOTER last_known_addr { host: "127.0.107.193" port: 35029 } } peers { permanent_uuid: "b2c6f95d22144a328de8f5a871a3c28b" member_type: VOTER last_known_addr { host: "127.0.107.194" port: 45935 } } peers { permanent_uuid: "bf264cfe9ef64dcb98cde89a63fd6919" member_type: VOTER last_known_addr { host: "127.0.107.195" port: 36935 } }
I20260709 14:48:15.141394  1551 tablet_service.cc:1917] Received RequestConsensusVote() RPC: tablet_id: "a2054d28a6d64d51a1c8aa0b1bb0694e" candidate_uuid: "b2c6f95d22144a328de8f5a871a3c28b" candidate_term: 1 candidate_status { last_received { term: 0 index: 0 } } ignore_live_leader: false dest_uuid: "e2a650dea3f6405b82d2c2e7a8c3684a"
I20260709 14:48:15.141937  1551 raft_consensus.cc:3060] T a2054d28a6d64d51a1c8aa0b1bb0694e P e2a650dea3f6405b82d2c2e7a8c3684a [term 0 FOLLOWER]: Advancing to term 1
I20260709 14:48:15.144533  1742 tablet_bootstrap.cc:654] T bd608cd403344feb846ddb20faa2d734 P b2c6f95d22144a328de8f5a871a3c28b: Neither blocks nor log segments found. Creating new log.
I20260709 14:48:15.148712  1551 raft_consensus.cc:2468] T a2054d28a6d64d51a1c8aa0b1bb0694e P e2a650dea3f6405b82d2c2e7a8c3684a [term 1 FOLLOWER]: Leader election vote request: Granting yes vote for candidate b2c6f95d22144a328de8f5a871a3c28b in term 1.
I20260709 14:48:15.150113  1593 leader_election.cc:304] T a2054d28a6d64d51a1c8aa0b1bb0694e P b2c6f95d22144a328de8f5a871a3c28b [CANDIDATE]: Term 1 election: Election decided. Result: candidate won. Election summary: received 2 responses out of 3 voters: 2 yes votes; 0 no votes. yes voters: b2c6f95d22144a328de8f5a871a3c28b, e2a650dea3f6405b82d2c2e7a8c3684a; no voters: 
I20260709 14:48:15.150996  1889 raft_consensus.cc:2804] T a2054d28a6d64d51a1c8aa0b1bb0694e P b2c6f95d22144a328de8f5a871a3c28b [term 1 FOLLOWER]: Leader election won for term 1
I20260709 14:48:15.151678  1889 raft_consensus.cc:697] T a2054d28a6d64d51a1c8aa0b1bb0694e P b2c6f95d22144a328de8f5a871a3c28b [term 1 LEADER]: Becoming Leader. State: Replica: b2c6f95d22144a328de8f5a871a3c28b, State: Running, Role: LEADER
I20260709 14:48:15.152510  1889 consensus_queue.cc:237] T a2054d28a6d64d51a1c8aa0b1bb0694e P b2c6f95d22144a328de8f5a871a3c28b [LEADER]: Queue going to LEADER mode. State: All replicated index: 0, Majority replicated index: 0, Committed index: 0, Last appended: 0.0, Last appended by leader: 0, Current term: 1, Majority size: 2, State: 0, Mode: LEADER, active raft config: opid_index: -1 OBSOLETE_local: false peers { permanent_uuid: "e2a650dea3f6405b82d2c2e7a8c3684a" member_type: VOTER last_known_addr { host: "127.0.107.193" port: 35029 } } peers { permanent_uuid: "b2c6f95d22144a328de8f5a871a3c28b" member_type: VOTER last_known_addr { host: "127.0.107.194" port: 45935 } } peers { permanent_uuid: "bf264cfe9ef64dcb98cde89a63fd6919" member_type: VOTER last_known_addr { host: "127.0.107.195" port: 36935 } }
I20260709 14:48:15.157827  1700 tablet_service.cc:1917] Received RequestConsensusVote() RPC: tablet_id: "a2054d28a6d64d51a1c8aa0b1bb0694e" candidate_uuid: "b2c6f95d22144a328de8f5a871a3c28b" candidate_term: 1 candidate_status { last_received { term: 0 index: 0 } } ignore_live_leader: false dest_uuid: "bf264cfe9ef64dcb98cde89a63fd6919"
W20260709 14:48:15.159157  1593 leader_election.cc:343] T a2054d28a6d64d51a1c8aa0b1bb0694e P b2c6f95d22144a328de8f5a871a3c28b [CANDIDATE]: Term 1 election: Tablet error from VoteRequest() call to peer bf264cfe9ef64dcb98cde89a63fd6919 (127.0.107.195:36935): Illegal state: must be running to vote when last-logged opid is not known
I20260709 14:48:15.159700  1899 leader_election.cc:290] T a2054d28a6d64d51a1c8aa0b1bb0694e P b2c6f95d22144a328de8f5a871a3c28b [CANDIDATE]: Term 1 election: Requested vote from peers e2a650dea3f6405b82d2c2e7a8c3684a (127.0.107.193:35029), bf264cfe9ef64dcb98cde89a63fd6919 (127.0.107.195:36935)
I20260709 14:48:15.164201  1741 tablet_bootstrap.cc:492] T 76a4c28f34ab455caff2815514bb3223 P e2a650dea3f6405b82d2c2e7a8c3684a: No bootstrap required, opened a new log
I20260709 14:48:15.167173  1741 ts_tablet_manager.cc:1403] T 76a4c28f34ab455caff2815514bb3223 P e2a650dea3f6405b82d2c2e7a8c3684a: Time spent bootstrapping tablet: real 0.052s	user 0.012s	sys 0.000s
I20260709 14:48:15.170099  1741 raft_consensus.cc:359] T 76a4c28f34ab455caff2815514bb3223 P e2a650dea3f6405b82d2c2e7a8c3684a [term 0 FOLLOWER]: Replica starting. Triggering 0 pending ops. Active config: opid_index: -1 OBSOLETE_local: false peers { permanent_uuid: "e2a650dea3f6405b82d2c2e7a8c3684a" member_type: VOTER last_known_addr { host: "127.0.107.193" port: 35029 } } peers { permanent_uuid: "b2c6f95d22144a328de8f5a871a3c28b" member_type: VOTER last_known_addr { host: "127.0.107.194" port: 45935 } } peers { permanent_uuid: "bf264cfe9ef64dcb98cde89a63fd6919" member_type: VOTER last_known_addr { host: "127.0.107.195" port: 36935 } }
I20260709 14:48:15.170778  1741 raft_consensus.cc:385] T 76a4c28f34ab455caff2815514bb3223 P e2a650dea3f6405b82d2c2e7a8c3684a [term 0 FOLLOWER]: Consensus starting up: Expiring failure detector timer to make a prompt election more likely
I20260709 14:48:15.171087  1741 raft_consensus.cc:740] T 76a4c28f34ab455caff2815514bb3223 P e2a650dea3f6405b82d2c2e7a8c3684a [term 0 FOLLOWER]: Becoming Follower/Learner. State: Replica: e2a650dea3f6405b82d2c2e7a8c3684a, State: Initialized, Role: FOLLOWER
I20260709 14:48:15.171818  1741 consensus_queue.cc:260] T 76a4c28f34ab455caff2815514bb3223 P e2a650dea3f6405b82d2c2e7a8c3684a [NON_LEADER]: Queue going to NON_LEADER mode. State: All replicated index: 0, Majority replicated index: 0, Committed index: 0, Last appended: 0.0, Last appended by leader: 0, Current term: 0, Majority size: -1, State: 0, Mode: NON_LEADER, active raft config: opid_index: -1 OBSOLETE_local: false peers { permanent_uuid: "e2a650dea3f6405b82d2c2e7a8c3684a" member_type: VOTER last_known_addr { host: "127.0.107.193" port: 35029 } } peers { permanent_uuid: "b2c6f95d22144a328de8f5a871a3c28b" member_type: VOTER last_known_addr { host: "127.0.107.194" port: 45935 } } peers { permanent_uuid: "bf264cfe9ef64dcb98cde89a63fd6919" member_type: VOTER last_known_addr { host: "127.0.107.195" port: 36935 } }
I20260709 14:48:15.173803  1741 ts_tablet_manager.cc:1434] T 76a4c28f34ab455caff2815514bb3223 P e2a650dea3f6405b82d2c2e7a8c3684a: Time spent starting tablet: real 0.006s	user 0.005s	sys 0.000s
I20260709 14:48:15.175895  1741 tablet_bootstrap.cc:492] T 8f504aa86183441cbc466cbe68ca2145 P e2a650dea3f6405b82d2c2e7a8c3684a: Bootstrap starting.
I20260709 14:48:15.175932  1449 catalog_manager.cc:5697] T e49f41641a58458593e5b25cac3905bb P bf264cfe9ef64dcb98cde89a63fd6919 reported cstate change: term changed from 0 to 1, leader changed from <none> to bf264cfe9ef64dcb98cde89a63fd6919 (127.0.107.195). New cstate: current_term: 1 leader_uuid: "bf264cfe9ef64dcb98cde89a63fd6919" committed_config { opid_index: -1 OBSOLETE_local: false peers { permanent_uuid: "e2a650dea3f6405b82d2c2e7a8c3684a" member_type: VOTER last_known_addr { host: "127.0.107.193" port: 35029 } health_report { overall_health: UNKNOWN } } peers { permanent_uuid: "b2c6f95d22144a328de8f5a871a3c28b" member_type: VOTER last_known_addr { host: "127.0.107.194" port: 45935 } health_report { overall_health: UNKNOWN } } peers { permanent_uuid: "bf264cfe9ef64dcb98cde89a63fd6919" member_type: VOTER last_known_addr { host: "127.0.107.195" port: 36935 } health_report { overall_health: HEALTHY } } }
I20260709 14:48:15.178146  1899 raft_consensus.cc:493] T 2da14e4e042e466fa7fd3ea3ae69ec68 P b2c6f95d22144a328de8f5a871a3c28b [term 0 FOLLOWER]: Starting pre-election (no leader contacted us within the election timeout)
I20260709 14:48:15.178598  1899 raft_consensus.cc:515] T 2da14e4e042e466fa7fd3ea3ae69ec68 P b2c6f95d22144a328de8f5a871a3c28b [term 0 FOLLOWER]: Starting pre-election with config: opid_index: -1 OBSOLETE_local: false peers { permanent_uuid: "e2a650dea3f6405b82d2c2e7a8c3684a" member_type: VOTER last_known_addr { host: "127.0.107.193" port: 35029 } } peers { permanent_uuid: "b2c6f95d22144a328de8f5a871a3c28b" member_type: VOTER last_known_addr { host: "127.0.107.194" port: 45935 } } peers { permanent_uuid: "bf264cfe9ef64dcb98cde89a63fd6919" member_type: VOTER last_known_addr { host: "127.0.107.195" port: 36935 } }
