I20260709 14:47:47.519194   759 ts_tablet_manager.cc:1434] T 67d0dcf7ab7144e69c1ec1766b64d7d7 P 2875aefab4764d45b9273b049c6e7289: Time spent starting tablet: real 0.017s	user 0.013s	sys 0.000s
I20260709 14:47:47.520421   591 heartbeater.cc:499] Master 127.0.107.254:33483 was elected leader, sending a full tablet report...
I20260709 14:47:47.520087   760 consensus_queue.cc:260] T f6a13586781d457488b984be64909471 P 06c17e4f51284ff6a8eb6a027bf5aea5 [NON_LEADER]: Queue going to NON_LEADER mode. State: All replicated index: 0, Majority replicated index: 0, Committed index: 0, Last appended: 0.0, Last appended by leader: 0, Current term: 0, Majority size: -1, State: 0, Mode: NON_LEADER, active raft config: opid_index: -1 OBSOLETE_local: false peers { permanent_uuid: "2875aefab4764d45b9273b049c6e7289" member_type: VOTER last_known_addr { host: "127.0.107.193" port: 37151 } } peers { permanent_uuid: "15ae8644af9d461daaff5f925b6cdb53" member_type: VOTER last_known_addr { host: "127.0.107.194" port: 43021 } } peers { permanent_uuid: "06c17e4f51284ff6a8eb6a027bf5aea5" member_type: VOTER last_known_addr { host: "127.0.107.195" port: 44961 } }
I20260709 14:47:47.533759   759 tablet_bootstrap.cc:492] T 8e452cb154c147409c5dc6c2b9bd1993 P 2875aefab4764d45b9273b049c6e7289: Bootstrap starting.
I20260709 14:47:47.556205   759 tablet_bootstrap.cc:654] T 8e452cb154c147409c5dc6c2b9bd1993 P 2875aefab4764d45b9273b049c6e7289: Neither blocks nor log segments found. Creating new log.
I20260709 14:47:47.557430   666 heartbeater.cc:499] Master 127.0.107.254:33483 was elected leader, sending a full tablet report...
I20260709 14:47:47.559712   758 ts_tablet_manager.cc:1434] T 67d0dcf7ab7144e69c1ec1766b64d7d7 P 15ae8644af9d461daaff5f925b6cdb53: Time spent starting tablet: real 0.067s	user 0.012s	sys 0.024s
I20260709 14:47:47.561846   758 tablet_bootstrap.cc:492] T ac972b57cd5d4399bfdb226e36b8d423 P 15ae8644af9d461daaff5f925b6cdb53: Bootstrap starting.
I20260709 14:47:47.563470   766 raft_consensus.cc:493] T f6a13586781d457488b984be64909471 P 06c17e4f51284ff6a8eb6a027bf5aea5 [term 0 FOLLOWER]: Starting pre-election (no leader contacted us within the election timeout)
I20260709 14:47:47.564164   760 ts_tablet_manager.cc:1434] T f6a13586781d457488b984be64909471 P 06c17e4f51284ff6a8eb6a027bf5aea5: Time spent starting tablet: real 0.049s	user 0.028s	sys 0.021s
I20260709 14:47:47.563934   766 raft_consensus.cc:515] T f6a13586781d457488b984be64909471 P 06c17e4f51284ff6a8eb6a027bf5aea5 [term 0 FOLLOWER]: Starting pre-election with config: opid_index: -1 OBSOLETE_local: false peers { permanent_uuid: "2875aefab4764d45b9273b049c6e7289" member_type: VOTER last_known_addr { host: "127.0.107.193" port: 37151 } } peers { permanent_uuid: "15ae8644af9d461daaff5f925b6cdb53" member_type: VOTER last_known_addr { host: "127.0.107.194" port: 43021 } } peers { permanent_uuid: "06c17e4f51284ff6a8eb6a027bf5aea5" member_type: VOTER last_known_addr { host: "127.0.107.195" port: 44961 } }
I20260709 14:47:47.564683   740 heartbeater.cc:499] Master 127.0.107.254:33483 was elected leader, sending a full tablet report...
I20260709 14:47:47.565845   760 tablet_bootstrap.cc:492] T 8e452cb154c147409c5dc6c2b9bd1993 P 06c17e4f51284ff6a8eb6a027bf5aea5: Bootstrap starting.
I20260709 14:47:47.570840   758 tablet_bootstrap.cc:654] T ac972b57cd5d4399bfdb226e36b8d423 P 15ae8644af9d461daaff5f925b6cdb53: Neither blocks nor log segments found. Creating new log.
I20260709 14:47:47.580192   760 tablet_bootstrap.cc:654] T 8e452cb154c147409c5dc6c2b9bd1993 P 06c17e4f51284ff6a8eb6a027bf5aea5: Neither blocks nor log segments found. Creating new log.
W20260709 14:47:47.584103   667 tablet.cc:2406] T 67d0dcf7ab7144e69c1ec1766b64d7d7 P 15ae8644af9d461daaff5f925b6cdb53: Can't schedule compaction. Clean time has not been advanced past its initial value.
I20260709 14:47:47.584774   766 leader_election.cc:290] T f6a13586781d457488b984be64909471 P 06c17e4f51284ff6a8eb6a027bf5aea5 [CANDIDATE]: Term 1 pre-election: Requested pre-vote from peers 2875aefab4764d45b9273b049c6e7289 (127.0.107.193:37151), 15ae8644af9d461daaff5f925b6cdb53 (127.0.107.194:43021)
I20260709 14:47:47.591024   759 tablet_bootstrap.cc:492] T 8e452cb154c147409c5dc6c2b9bd1993 P 2875aefab4764d45b9273b049c6e7289: No bootstrap required, opened a new log
I20260709 14:47:47.591540   759 ts_tablet_manager.cc:1403] T 8e452cb154c147409c5dc6c2b9bd1993 P 2875aefab4764d45b9273b049c6e7289: Time spent bootstrapping tablet: real 0.058s	user 0.008s	sys 0.013s
I20260709 14:47:47.600142   758 tablet_bootstrap.cc:492] T ac972b57cd5d4399bfdb226e36b8d423 P 15ae8644af9d461daaff5f925b6cdb53: No bootstrap required, opened a new log
I20260709 14:47:47.600633   758 ts_tablet_manager.cc:1403] T ac972b57cd5d4399bfdb226e36b8d423 P 15ae8644af9d461daaff5f925b6cdb53: Time spent bootstrapping tablet: real 0.039s	user 0.005s	sys 0.012s
I20260709 14:47:47.608918   566 tablet_service.cc:1917] Received RequestConsensusVote() RPC: tablet_id: "f6a13586781d457488b984be64909471" candidate_uuid: "06c17e4f51284ff6a8eb6a027bf5aea5" candidate_term: 1 candidate_status { last_received { term: 0 index: 0 } } ignore_live_leader: false dest_uuid: "2875aefab4764d45b9273b049c6e7289" is_pre_election: true
W20260709 14:47:47.613101   678 leader_election.cc:343] T f6a13586781d457488b984be64909471 P 06c17e4f51284ff6a8eb6a027bf5aea5 [CANDIDATE]: Term 1 pre-election: Tablet error from VoteRequest() call to peer 2875aefab4764d45b9273b049c6e7289 (127.0.107.193:37151): Illegal state: must be running to vote when last-logged opid is not known
I20260709 14:47:47.613476   760 tablet_bootstrap.cc:492] T 8e452cb154c147409c5dc6c2b9bd1993 P 06c17e4f51284ff6a8eb6a027bf5aea5: No bootstrap required, opened a new log
I20260709 14:47:47.613880   760 ts_tablet_manager.cc:1403] T 8e452cb154c147409c5dc6c2b9bd1993 P 06c17e4f51284ff6a8eb6a027bf5aea5: Time spent bootstrapping tablet: real 0.048s	user 0.009s	sys 0.019s
I20260709 14:47:47.612795   759 raft_consensus.cc:359] T 8e452cb154c147409c5dc6c2b9bd1993 P 2875aefab4764d45b9273b049c6e7289 [term 0 FOLLOWER]: Replica starting. Triggering 0 pending ops. Active config: opid_index: -1 OBSOLETE_local: false peers { permanent_uuid: "2875aefab4764d45b9273b049c6e7289" member_type: VOTER last_known_addr { host: "127.0.107.193" port: 37151 } } peers { permanent_uuid: "06c17e4f51284ff6a8eb6a027bf5aea5" member_type: VOTER last_known_addr { host: "127.0.107.195" port: 44961 } } peers { permanent_uuid: "15ae8644af9d461daaff5f925b6cdb53" member_type: VOTER last_known_addr { host: "127.0.107.194" port: 43021 } }
I20260709 14:47:47.615571   759 raft_consensus.cc:385] T 8e452cb154c147409c5dc6c2b9bd1993 P 2875aefab4764d45b9273b049c6e7289 [term 0 FOLLOWER]: Consensus starting up: Expiring failure detector timer to make a prompt election more likely
I20260709 14:47:47.615842   759 raft_consensus.cc:740] T 8e452cb154c147409c5dc6c2b9bd1993 P 2875aefab4764d45b9273b049c6e7289 [term 0 FOLLOWER]: Becoming Follower/Learner. State: Replica: 2875aefab4764d45b9273b049c6e7289, State: Initialized, Role: FOLLOWER
I20260709 14:47:47.617365   759 consensus_queue.cc:260] T 8e452cb154c147409c5dc6c2b9bd1993 P 2875aefab4764d45b9273b049c6e7289 [NON_LEADER]: Queue going to NON_LEADER mode. State: All replicated index: 0, Majority replicated index: 0, Committed index: 0, Last appended: 0.0, Last appended by leader: 0, Current term: 0, Majority size: -1, State: 0, Mode: NON_LEADER, active raft config: opid_index: -1 OBSOLETE_local: false peers { permanent_uuid: "2875aefab4764d45b9273b049c6e7289" member_type: VOTER last_known_addr { host: "127.0.107.193" port: 37151 } } peers { permanent_uuid: "06c17e4f51284ff6a8eb6a027bf5aea5" member_type: VOTER last_known_addr { host: "127.0.107.195" port: 44961 } } peers { permanent_uuid: "15ae8644af9d461daaff5f925b6cdb53" member_type: VOTER last_known_addr { host: "127.0.107.194" port: 43021 } }
I20260709 14:47:47.622396   759 ts_tablet_manager.cc:1434] T 8e452cb154c147409c5dc6c2b9bd1993 P 2875aefab4764d45b9273b049c6e7289: Time spent starting tablet: real 0.031s	user 0.001s	sys 0.006s
I20260709 14:47:47.623291   759 tablet_bootstrap.cc:492] T b9abc915993347d9bd0b547873d98065 P 2875aefab4764d45b9273b049c6e7289: Bootstrap starting.
I20260709 14:47:47.623199   758 raft_consensus.cc:359] T ac972b57cd5d4399bfdb226e36b8d423 P 15ae8644af9d461daaff5f925b6cdb53 [term 0 FOLLOWER]: Replica starting. Triggering 0 pending ops. Active config: opid_index: -1 OBSOLETE_local: false peers { permanent_uuid: "2875aefab4764d45b9273b049c6e7289" member_type: VOTER last_known_addr { host: "127.0.107.193" port: 37151 } } peers { permanent_uuid: "15ae8644af9d461daaff5f925b6cdb53" member_type: VOTER last_known_addr { host: "127.0.107.194" port: 43021 } } peers { permanent_uuid: "06c17e4f51284ff6a8eb6a027bf5aea5" member_type: VOTER last_known_addr { host: "127.0.107.195" port: 44961 } }
I20260709 14:47:47.625973   641 tablet_service.cc:1917] Received RequestConsensusVote() RPC: tablet_id: "f6a13586781d457488b984be64909471" candidate_uuid: "06c17e4f51284ff6a8eb6a027bf5aea5" candidate_term: 1 candidate_status { last_received { term: 0 index: 0 } } ignore_live_leader: false dest_uuid: "15ae8644af9d461daaff5f925b6cdb53" is_pre_election: true
I20260709 14:47:47.633072   758 raft_consensus.cc:385] T ac972b57cd5d4399bfdb226e36b8d423 P 15ae8644af9d461daaff5f925b6cdb53 [term 0 FOLLOWER]: Consensus starting up: Expiring failure detector timer to make a prompt election more likely
I20260709 14:47:47.627610   760 raft_consensus.cc:359] T 8e452cb154c147409c5dc6c2b9bd1993 P 06c17e4f51284ff6a8eb6a027bf5aea5 [term 0 FOLLOWER]: Replica starting. Triggering 0 pending ops. Active config: opid_index: -1 OBSOLETE_local: false peers { permanent_uuid: "2875aefab4764d45b9273b049c6e7289" member_type: VOTER last_known_addr { host: "127.0.107.193" port: 37151 } } peers { permanent_uuid: "06c17e4f51284ff6a8eb6a027bf5aea5" member_type: VOTER last_known_addr { host: "127.0.107.195" port: 44961 } } peers { permanent_uuid: "15ae8644af9d461daaff5f925b6cdb53" member_type: VOTER last_known_addr { host: "127.0.107.194" port: 43021 } }
W20260709 14:47:47.633841   680 leader_election.cc:343] T f6a13586781d457488b984be64909471 P 06c17e4f51284ff6a8eb6a027bf5aea5 [CANDIDATE]: Term 1 pre-election: Tablet error from VoteRequest() call to peer 15ae8644af9d461daaff5f925b6cdb53 (127.0.107.194:43021): Illegal state: must be running to vote when last-logged opid is not known
I20260709 14:47:47.634013   760 raft_consensus.cc:385] T 8e452cb154c147409c5dc6c2b9bd1993 P 06c17e4f51284ff6a8eb6a027bf5aea5 [term 0 FOLLOWER]: Consensus starting up: Expiring failure detector timer to make a prompt election more likely
I20260709 14:47:47.634451   760 raft_consensus.cc:740] T 8e452cb154c147409c5dc6c2b9bd1993 P 06c17e4f51284ff6a8eb6a027bf5aea5 [term 0 FOLLOWER]: Becoming Follower/Learner. State: Replica: 06c17e4f51284ff6a8eb6a027bf5aea5, State: Initialized, Role: FOLLOWER
I20260709 14:47:47.634334   680 leader_election.cc:304] T f6a13586781d457488b984be64909471 P 06c17e4f51284ff6a8eb6a027bf5aea5 [CANDIDATE]: Term 1 pre-election: Election decided. Result: candidate lost. Election summary: received 3 responses out of 3 voters: 1 yes votes; 2 no votes. yes voters: 06c17e4f51284ff6a8eb6a027bf5aea5; no voters: 15ae8644af9d461daaff5f925b6cdb53, 2875aefab4764d45b9273b049c6e7289
I20260709 14:47:47.635603   766 raft_consensus.cc:2749] T f6a13586781d457488b984be64909471 P 06c17e4f51284ff6a8eb6a027bf5aea5 [term 0 FOLLOWER]: Leader pre-election lost for term 1. Reason: could not achieve majority
I20260709 14:47:47.635310   760 consensus_queue.cc:260] T 8e452cb154c147409c5dc6c2b9bd1993 P 06c17e4f51284ff6a8eb6a027bf5aea5 [NON_LEADER]: Queue going to NON_LEADER mode. State: All replicated index: 0, Majority replicated index: 0, Committed index: 0, Last appended: 0.0, Last appended by leader: 0, Current term: 0, Majority size: -1, State: 0, Mode: NON_LEADER, active raft config: opid_index: -1 OBSOLETE_local: false peers { permanent_uuid: "2875aefab4764d45b9273b049c6e7289" member_type: VOTER last_known_addr { host: "127.0.107.193" port: 37151 } } peers { permanent_uuid: "06c17e4f51284ff6a8eb6a027bf5aea5" member_type: VOTER last_known_addr { host: "127.0.107.195" port: 44961 } } peers { permanent_uuid: "15ae8644af9d461daaff5f925b6cdb53" member_type: VOTER last_known_addr { host: "127.0.107.194" port: 43021 } }
I20260709 14:47:47.633847   758 raft_consensus.cc:740] T ac972b57cd5d4399bfdb226e36b8d423 P 15ae8644af9d461daaff5f925b6cdb53 [term 0 FOLLOWER]: Becoming Follower/Learner. State: Replica: 15ae8644af9d461daaff5f925b6cdb53, State: Initialized, Role: FOLLOWER
I20260709 14:47:47.638698   759 tablet_bootstrap.cc:654] T b9abc915993347d9bd0b547873d98065 P 2875aefab4764d45b9273b049c6e7289: Neither blocks nor log segments found. Creating new log.
I20260709 14:47:47.638758   760 ts_tablet_manager.cc:1434] T 8e452cb154c147409c5dc6c2b9bd1993 P 06c17e4f51284ff6a8eb6a027bf5aea5: Time spent starting tablet: real 0.025s	user 0.007s	sys 0.000s
I20260709 14:47:47.639726   760 tablet_bootstrap.cc:492] T b9abc915993347d9bd0b547873d98065 P 06c17e4f51284ff6a8eb6a027bf5aea5: Bootstrap starting.
I20260709 14:47:47.646867   760 tablet_bootstrap.cc:654] T b9abc915993347d9bd0b547873d98065 P 06c17e4f51284ff6a8eb6a027bf5aea5: Neither blocks nor log segments found. Creating new log.
I20260709 14:47:47.648413   758 consensus_queue.cc:260] T ac972b57cd5d4399bfdb226e36b8d423 P 15ae8644af9d461daaff5f925b6cdb53 [NON_LEADER]: Queue going to NON_LEADER mode. State: All replicated index: 0, Majority replicated index: 0, Committed index: 0, Last appended: 0.0, Last appended by leader: 0, Current term: 0, Majority size: -1, State: 0, Mode: NON_LEADER, active raft config: opid_index: -1 OBSOLETE_local: false peers { permanent_uuid: "2875aefab4764d45b9273b049c6e7289" member_type: VOTER last_known_addr { host: "127.0.107.193" port: 37151 } } peers { permanent_uuid: "15ae8644af9d461daaff5f925b6cdb53" member_type: VOTER last_known_addr { host: "127.0.107.194" port: 43021 } } peers { permanent_uuid: "06c17e4f51284ff6a8eb6a027bf5aea5" member_type: VOTER last_known_addr { host: "127.0.107.195" port: 44961 } }
I20260709 14:47:47.649575   759 tablet_bootstrap.cc:492] T b9abc915993347d9bd0b547873d98065 P 2875aefab4764d45b9273b049c6e7289: No bootstrap required, opened a new log
I20260709 14:47:47.650585   759 ts_tablet_manager.cc:1403] T b9abc915993347d9bd0b547873d98065 P 2875aefab4764d45b9273b049c6e7289: Time spent bootstrapping tablet: real 0.027s	user 0.014s	sys 0.003s
I20260709 14:47:47.653497   759 raft_consensus.cc:359] T b9abc915993347d9bd0b547873d98065 P 2875aefab4764d45b9273b049c6e7289 [term 0 FOLLOWER]: Replica starting. Triggering 0 pending ops. Active config: opid_index: -1 OBSOLETE_local: false peers { permanent_uuid: "2875aefab4764d45b9273b049c6e7289" member_type: VOTER last_known_addr { host: "127.0.107.193" port: 37151 } } peers { permanent_uuid: "15ae8644af9d461daaff5f925b6cdb53" member_type: VOTER last_known_addr { host: "127.0.107.194" port: 43021 } } peers { permanent_uuid: "06c17e4f51284ff6a8eb6a027bf5aea5" member_type: VOTER last_known_addr { host: "127.0.107.195" port: 44961 } }
I20260709 14:47:47.653954   758 ts_tablet_manager.cc:1434] T ac972b57cd5d4399bfdb226e36b8d423 P 15ae8644af9d461daaff5f925b6cdb53: Time spent starting tablet: real 0.053s	user 0.009s	sys 0.000s
I20260709 14:47:47.654183   759 raft_consensus.cc:385] T b9abc915993347d9bd0b547873d98065 P 2875aefab4764d45b9273b049c6e7289 [term 0 FOLLOWER]: Consensus starting up: Expiring failure detector timer to make a prompt election more likely
I20260709 14:47:47.654508   759 raft_consensus.cc:740] T b9abc915993347d9bd0b547873d98065 P 2875aefab4764d45b9273b049c6e7289 [term 0 FOLLOWER]: Becoming Follower/Learner. State: Replica: 2875aefab4764d45b9273b049c6e7289, State: Initialized, Role: FOLLOWER
I20260709 14:47:47.654812   758 tablet_bootstrap.cc:492] T 8e452cb154c147409c5dc6c2b9bd1993 P 15ae8644af9d461daaff5f925b6cdb53: Bootstrap starting.
I20260709 14:47:47.655171   759 consensus_queue.cc:260] T b9abc915993347d9bd0b547873d98065 P 2875aefab4764d45b9273b049c6e7289 [NON_LEADER]: Queue going to NON_LEADER mode. State: All replicated index: 0, Majority replicated index: 0, Committed index: 0, Last appended: 0.0, Last appended by leader: 0, Current term: 0, Majority size: -1, State: 0, Mode: NON_LEADER, active raft config: opid_index: -1 OBSOLETE_local: false peers { permanent_uuid: "2875aefab4764d45b9273b049c6e7289" member_type: VOTER last_known_addr { host: "127.0.107.193" port: 37151 } } peers { permanent_uuid: "15ae8644af9d461daaff5f925b6cdb53" member_type: VOTER last_known_addr { host: "127.0.107.194" port: 43021 } } peers { permanent_uuid: "06c17e4f51284ff6a8eb6a027bf5aea5" member_type: VOTER last_known_addr { host: "127.0.107.195" port: 44961 } }
I20260709 14:47:47.657505   759 ts_tablet_manager.cc:1434] T b9abc915993347d9bd0b547873d98065 P 2875aefab4764d45b9273b049c6e7289: Time spent starting tablet: real 0.007s	user 0.005s	sys 0.003s
I20260709 14:47:47.658480   759 tablet_bootstrap.cc:492] T de685e2acbe645d6946f5365c81210b3 P 2875aefab4764d45b9273b049c6e7289: Bootstrap starting.
I20260709 14:47:47.664341   759 tablet_bootstrap.cc:654] T de685e2acbe645d6946f5365c81210b3 P 2875aefab4764d45b9273b049c6e7289: Neither blocks nor log segments found. Creating new log.
I20260709 14:47:47.670199   760 tablet_bootstrap.cc:492] T b9abc915993347d9bd0b547873d98065 P 06c17e4f51284ff6a8eb6a027bf5aea5: No bootstrap required, opened a new log
I20260709 14:47:47.670801   760 ts_tablet_manager.cc:1403] T b9abc915993347d9bd0b547873d98065 P 06c17e4f51284ff6a8eb6a027bf5aea5: Time spent bootstrapping tablet: real 0.031s	user 0.005s	sys 0.012s
I20260709 14:47:47.673753   760 raft_consensus.cc:359] T b9abc915993347d9bd0b547873d98065 P 06c17e4f51284ff6a8eb6a027bf5aea5 [term 0 FOLLOWER]: Replica starting. Triggering 0 pending ops. Active config: opid_index: -1 OBSOLETE_local: false peers { permanent_uuid: "2875aefab4764d45b9273b049c6e7289" member_type: VOTER last_known_addr { host: "127.0.107.193" port: 37151 } } peers { permanent_uuid: "15ae8644af9d461daaff5f925b6cdb53" member_type: VOTER last_known_addr { host: "127.0.107.194" port: 43021 } } peers { permanent_uuid: "06c17e4f51284ff6a8eb6a027bf5aea5" member_type: VOTER last_known_addr { host: "127.0.107.195" port: 44961 } }
I20260709 14:47:47.674490   760 raft_consensus.cc:385] T b9abc915993347d9bd0b547873d98065 P 06c17e4f51284ff6a8eb6a027bf5aea5 [term 0 FOLLOWER]: Consensus starting up: Expiring failure detector timer to make a prompt election more likely
I20260709 14:47:47.674849   760 raft_consensus.cc:740] T b9abc915993347d9bd0b547873d98065 P 06c17e4f51284ff6a8eb6a027bf5aea5 [term 0 FOLLOWER]: Becoming Follower/Learner. State: Replica: 06c17e4f51284ff6a8eb6a027bf5aea5, State: Initialized, Role: FOLLOWER
I20260709 14:47:47.675956   758 tablet_bootstrap.cc:654] T 8e452cb154c147409c5dc6c2b9bd1993 P 15ae8644af9d461daaff5f925b6cdb53: Neither blocks nor log segments found. Creating new log.
I20260709 14:47:47.675555   760 consensus_queue.cc:260] T b9abc915993347d9bd0b547873d98065 P 06c17e4f51284ff6a8eb6a027bf5aea5 [NON_LEADER]: Queue going to NON_LEADER mode. State: All replicated index: 0, Majority replicated index: 0, Committed index: 0, Last appended: 0.0, Last appended by leader: 0, Current term: 0, Majority size: -1, State: 0, Mode: NON_LEADER, active raft config: opid_index: -1 OBSOLETE_local: false peers { permanent_uuid: "2875aefab4764d45b9273b049c6e7289" member_type: VOTER last_known_addr { host: "127.0.107.193" port: 37151 } } peers { permanent_uuid: "15ae8644af9d461daaff5f925b6cdb53" member_type: VOTER last_known_addr { host: "127.0.107.194" port: 43021 } } peers { permanent_uuid: "06c17e4f51284ff6a8eb6a027bf5aea5" member_type: VOTER last_known_addr { host: "127.0.107.195" port: 44961 } }
I20260709 14:47:47.676380   759 tablet_bootstrap.cc:492] T de685e2acbe645d6946f5365c81210b3 P 2875aefab4764d45b9273b049c6e7289: No bootstrap required, opened a new log
I20260709 14:47:47.676836   759 ts_tablet_manager.cc:1403] T de685e2acbe645d6946f5365c81210b3 P 2875aefab4764d45b9273b049c6e7289: Time spent bootstrapping tablet: real 0.019s	user 0.000s	sys 0.015s
I20260709 14:47:47.678397   760 ts_tablet_manager.cc:1434] T b9abc915993347d9bd0b547873d98065 P 06c17e4f51284ff6a8eb6a027bf5aea5: Time spent starting tablet: real 0.007s	user 0.006s	sys 0.000s
I20260709 14:47:47.679332   760 tablet_bootstrap.cc:492] T ac972b57cd5d4399bfdb226e36b8d423 P 06c17e4f51284ff6a8eb6a027bf5aea5: Bootstrap starting.
I20260709 14:47:47.679490   759 raft_consensus.cc:359] T de685e2acbe645d6946f5365c81210b3 P 2875aefab4764d45b9273b049c6e7289 [term 0 FOLLOWER]: Replica starting. Triggering 0 pending ops. Active config: opid_index: -1 OBSOLETE_local: false peers { permanent_uuid: "2875aefab4764d45b9273b049c6e7289" member_type: VOTER last_known_addr { host: "127.0.107.193" port: 37151 } } peers { permanent_uuid: "15ae8644af9d461daaff5f925b6cdb53" member_type: VOTER last_known_addr { host: "127.0.107.194" port: 43021 } } peers { permanent_uuid: "06c17e4f51284ff6a8eb6a027bf5aea5" member_type: VOTER last_known_addr { host: "127.0.107.195" port: 44961 } }
I20260709 14:47:47.680141   759 raft_consensus.cc:385] T de685e2acbe645d6946f5365c81210b3 P 2875aefab4764d45b9273b049c6e7289 [term 0 FOLLOWER]: Consensus starting up: Expiring failure detector timer to make a prompt election more likely
I20260709 14:47:47.680549   759 raft_consensus.cc:740] T de685e2acbe645d6946f5365c81210b3 P 2875aefab4764d45b9273b049c6e7289 [term 0 FOLLOWER]: Becoming Follower/Learner. State: Replica: 2875aefab4764d45b9273b049c6e7289, State: Initialized, Role: FOLLOWER
I20260709 14:47:47.681239   759 consensus_queue.cc:260] T de685e2acbe645d6946f5365c81210b3 P 2875aefab4764d45b9273b049c6e7289 [NON_LEADER]: Queue going to NON_LEADER mode. State: All replicated index: 0, Majority replicated index: 0, Committed index: 0, Last appended: 0.0, Last appended by leader: 0, Current term: 0, Majority size: -1, State: 0, Mode: NON_LEADER, active raft config: opid_index: -1 OBSOLETE_local: false peers { permanent_uuid: "2875aefab4764d45b9273b049c6e7289" member_type: VOTER last_known_addr { host: "127.0.107.193" port: 37151 } } peers { permanent_uuid: "15ae8644af9d461daaff5f925b6cdb53" member_type: VOTER last_known_addr { host: "127.0.107.194" port: 43021 } } peers { permanent_uuid: "06c17e4f51284ff6a8eb6a027bf5aea5" member_type: VOTER last_known_addr { host: "127.0.107.195" port: 44961 } }
I20260709 14:47:47.683881   759 ts_tablet_manager.cc:1434] T de685e2acbe645d6946f5365c81210b3 P 2875aefab4764d45b9273b049c6e7289: Time spent starting tablet: real 0.007s	user 0.006s	sys 0.000s
I20260709 14:47:47.684767   759 tablet_bootstrap.cc:492] T f6a13586781d457488b984be64909471 P 2875aefab4764d45b9273b049c6e7289: Bootstrap starting.
I20260709 14:47:47.687134   760 tablet_bootstrap.cc:654] T ac972b57cd5d4399bfdb226e36b8d423 P 06c17e4f51284ff6a8eb6a027bf5aea5: Neither blocks nor log segments found. Creating new log.
I20260709 14:47:47.691000   759 tablet_bootstrap.cc:654] T f6a13586781d457488b984be64909471 P 2875aefab4764d45b9273b049c6e7289: Neither blocks nor log segments found. Creating new log.
I20260709 14:47:47.694406   765 raft_consensus.cc:493] T de685e2acbe645d6946f5365c81210b3 P 2875aefab4764d45b9273b049c6e7289 [term 0 FOLLOWER]: Starting pre-election (no leader contacted us within the election timeout)
I20260709 14:47:47.694867   765 raft_consensus.cc:515] T de685e2acbe645d6946f5365c81210b3 P 2875aefab4764d45b9273b049c6e7289 [term 0 FOLLOWER]: Starting pre-election with config: opid_index: -1 OBSOLETE_local: false peers { permanent_uuid: "2875aefab4764d45b9273b049c6e7289" member_type: VOTER last_known_addr { host: "127.0.107.193" port: 37151 } } peers { permanent_uuid: "15ae8644af9d461daaff5f925b6cdb53" member_type: VOTER last_known_addr { host: "127.0.107.194" port: 43021 } } peers { permanent_uuid: "06c17e4f51284ff6a8eb6a027bf5aea5" member_type: VOTER last_known_addr { host: "127.0.107.195" port: 44961 } }
I20260709 14:47:47.698050   765 leader_election.cc:290] T de685e2acbe645d6946f5365c81210b3 P 2875aefab4764d45b9273b049c6e7289 [CANDIDATE]: Term 1 pre-election: Requested pre-vote from peers 15ae8644af9d461daaff5f925b6cdb53 (127.0.107.194:43021), 06c17e4f51284ff6a8eb6a027bf5aea5 (127.0.107.195:44961)
I20260709 14:47:47.704545   759 tablet_bootstrap.cc:492] T f6a13586781d457488b984be64909471 P 2875aefab4764d45b9273b049c6e7289: No bootstrap required, opened a new log
I20260709 14:47:47.704990   759 ts_tablet_manager.cc:1403] T f6a13586781d457488b984be64909471 P 2875aefab4764d45b9273b049c6e7289: Time spent bootstrapping tablet: real 0.020s	user 0.008s	sys 0.003s
I20260709 14:47:47.707777   759 raft_consensus.cc:359] T f6a13586781d457488b984be64909471 P 2875aefab4764d45b9273b049c6e7289 [term 0 FOLLOWER]: Replica starting. Triggering 0 pending ops. Active config: opid_index: -1 OBSOLETE_local: false peers { permanent_uuid: "2875aefab4764d45b9273b049c6e7289" member_type: VOTER last_known_addr { host: "127.0.107.193" port: 37151 } } peers { permanent_uuid: "15ae8644af9d461daaff5f925b6cdb53" member_type: VOTER last_known_addr { host: "127.0.107.194" port: 43021 } } peers { permanent_uuid: "06c17e4f51284ff6a8eb6a027bf5aea5" member_type: VOTER last_known_addr { host: "127.0.107.195" port: 44961 } }
I20260709 14:47:47.708484   759 raft_consensus.cc:385] T f6a13586781d457488b984be64909471 P 2875aefab4764d45b9273b049c6e7289 [term 0 FOLLOWER]: Consensus starting up: Expiring failure detector timer to make a prompt election more likely
I20260709 14:47:47.708758   759 raft_consensus.cc:740] T f6a13586781d457488b984be64909471 P 2875aefab4764d45b9273b049c6e7289 [term 0 FOLLOWER]: Becoming Follower/Learner. State: Replica: 2875aefab4764d45b9273b049c6e7289, State: Initialized, Role: FOLLOWER
I20260709 14:47:47.709443   759 consensus_queue.cc:260] T f6a13586781d457488b984be64909471 P 2875aefab4764d45b9273b049c6e7289 [NON_LEADER]: Queue going to NON_LEADER mode. State: All replicated index: 0, Majority replicated index: 0, Committed index: 0, Last appended: 0.0, Last appended by leader: 0, Current term: 0, Majority size: -1, State: 0, Mode: NON_LEADER, active raft config: opid_index: -1 OBSOLETE_local: false peers { permanent_uuid: "2875aefab4764d45b9273b049c6e7289" member_type: VOTER last_known_addr { host: "127.0.107.193" port: 37151 } } peers { permanent_uuid: "15ae8644af9d461daaff5f925b6cdb53" member_type: VOTER last_known_addr { host: "127.0.107.194" port: 43021 } } peers { permanent_uuid: "06c17e4f51284ff6a8eb6a027bf5aea5" member_type: VOTER last_known_addr { host: "127.0.107.195" port: 44961 } }
I20260709 14:47:47.713085   759 ts_tablet_manager.cc:1434] T f6a13586781d457488b984be64909471 P 2875aefab4764d45b9273b049c6e7289: Time spent starting tablet: real 0.008s	user 0.006s	sys 0.000s
I20260709 14:47:47.713231   766 raft_consensus.cc:493] T b9abc915993347d9bd0b547873d98065 P 06c17e4f51284ff6a8eb6a027bf5aea5 [term 0 FOLLOWER]: Starting pre-election (no leader contacted us within the election timeout)
I20260709 14:47:47.714028   759 tablet_bootstrap.cc:492] T ac972b57cd5d4399bfdb226e36b8d423 P 2875aefab4764d45b9273b049c6e7289: Bootstrap starting.
I20260709 14:47:47.713709   766 raft_consensus.cc:515] T b9abc915993347d9bd0b547873d98065 P 06c17e4f51284ff6a8eb6a027bf5aea5 [term 0 FOLLOWER]: Starting pre-election with config: opid_index: -1 OBSOLETE_local: false peers { permanent_uuid: "2875aefab4764d45b9273b049c6e7289" member_type: VOTER last_known_addr { host: "127.0.107.193" port: 37151 } } peers { permanent_uuid: "15ae8644af9d461daaff5f925b6cdb53" member_type: VOTER last_known_addr { host: "127.0.107.194" port: 43021 } } peers { permanent_uuid: "06c17e4f51284ff6a8eb6a027bf5aea5" member_type: VOTER last_known_addr { host: "127.0.107.195" port: 44961 } }
I20260709 14:47:47.715875   766 leader_election.cc:290] T b9abc915993347d9bd0b547873d98065 P 06c17e4f51284ff6a8eb6a027bf5aea5 [CANDIDATE]: Term 1 pre-election: Requested pre-vote from peers 2875aefab4764d45b9273b049c6e7289 (127.0.107.193:37151), 15ae8644af9d461daaff5f925b6cdb53 (127.0.107.194:43021)
I20260709 14:47:47.717331   641 tablet_service.cc:1917] Received RequestConsensusVote() RPC: tablet_id: "b9abc915993347d9bd0b547873d98065" candidate_uuid: "06c17e4f51284ff6a8eb6a027bf5aea5" candidate_term: 1 candidate_status { last_received { term: 0 index: 0 } } ignore_live_leader: false dest_uuid: "15ae8644af9d461daaff5f925b6cdb53" is_pre_election: true
W20260709 14:47:47.718696   680 leader_election.cc:343] T b9abc915993347d9bd0b547873d98065 P 06c17e4f51284ff6a8eb6a027bf5aea5 [CANDIDATE]: Term 1 pre-election: Tablet error from VoteRequest() call to peer 15ae8644af9d461daaff5f925b6cdb53 (127.0.107.194:43021): Illegal state: must be running to vote when last-logged opid is not known
I20260709 14:47:47.721570   759 tablet_bootstrap.cc:654] T ac972b57cd5d4399bfdb226e36b8d423 P 2875aefab4764d45b9273b049c6e7289: Neither blocks nor log segments found. Creating new log.
I20260709 14:47:47.724001   760 tablet_bootstrap.cc:492] T ac972b57cd5d4399bfdb226e36b8d423 P 06c17e4f51284ff6a8eb6a027bf5aea5: No bootstrap required, opened a new log
I20260709 14:47:47.726061   760 ts_tablet_manager.cc:1403] T ac972b57cd5d4399bfdb226e36b8d423 P 06c17e4f51284ff6a8eb6a027bf5aea5: Time spent bootstrapping tablet: real 0.047s	user 0.016s	sys 0.004s
I20260709 14:47:47.728844   758 tablet_bootstrap.cc:492] T 8e452cb154c147409c5dc6c2b9bd1993 P 15ae8644af9d461daaff5f925b6cdb53: No bootstrap required, opened a new log
I20260709 14:47:47.729318   758 ts_tablet_manager.cc:1403] T 8e452cb154c147409c5dc6c2b9bd1993 P 15ae8644af9d461daaff5f925b6cdb53: Time spent bootstrapping tablet: real 0.075s	user 0.008s	sys 0.006s
I20260709 14:47:47.736222   758 raft_consensus.cc:359] T 8e452cb154c147409c5dc6c2b9bd1993 P 15ae8644af9d461daaff5f925b6cdb53 [term 0 FOLLOWER]: Replica starting. Triggering 0 pending ops. Active config: opid_index: -1 OBSOLETE_local: false peers { permanent_uuid: "2875aefab4764d45b9273b049c6e7289" member_type: VOTER last_known_addr { host: "127.0.107.193" port: 37151 } } peers { permanent_uuid: "06c17e4f51284ff6a8eb6a027bf5aea5" member_type: VOTER last_known_addr { host: "127.0.107.195" port: 44961 } } peers { permanent_uuid: "15ae8644af9d461daaff5f925b6cdb53" member_type: VOTER last_known_addr { host: "127.0.107.194" port: 43021 } }
I20260709 14:47:47.736909   758 raft_consensus.cc:385] T 8e452cb154c147409c5dc6c2b9bd1993 P 15ae8644af9d461daaff5f925b6cdb53 [term 0 FOLLOWER]: Consensus starting up: Expiring failure detector timer to make a prompt election more likely
I20260709 14:47:47.737007   759 tablet_bootstrap.cc:492] T ac972b57cd5d4399bfdb226e36b8d423 P 2875aefab4764d45b9273b049c6e7289: No bootstrap required, opened a new log
I20260709 14:47:47.737262   758 raft_consensus.cc:740] T 8e452cb154c147409c5dc6c2b9bd1993 P 15ae8644af9d461daaff5f925b6cdb53 [term 0 FOLLOWER]: Becoming Follower/Learner. State: Replica: 15ae8644af9d461daaff5f925b6cdb53, State: Initialized, Role: FOLLOWER
I20260709 14:47:47.737999   759 ts_tablet_manager.cc:1403] T ac972b57cd5d4399bfdb226e36b8d423 P 2875aefab4764d45b9273b049c6e7289: Time spent bootstrapping tablet: real 0.024s	user 0.014s	sys 0.007s
I20260709 14:47:47.738070   758 consensus_queue.cc:260] T 8e452cb154c147409c5dc6c2b9bd1993 P 15ae8644af9d461daaff5f925b6cdb53 [NON_LEADER]: Queue going to NON_LEADER mode. State: All replicated index: 0, Majority replicated index: 0, Committed index: 0, Last appended: 0.0, Last appended by leader: 0, Current term: 0, Majority size: -1, State: 0, Mode: NON_LEADER, active raft config: opid_index: -1 OBSOLETE_local: false peers { permanent_uuid: "2875aefab4764d45b9273b049c6e7289" member_type: VOTER last_known_addr { host: "127.0.107.193" port: 37151 } } peers { permanent_uuid: "06c17e4f51284ff6a8eb6a027bf5aea5" member_type: VOTER last_known_addr { host: "127.0.107.195" port: 44961 } } peers { permanent_uuid: "15ae8644af9d461daaff5f925b6cdb53" member_type: VOTER last_known_addr { host: "127.0.107.194" port: 43021 } }
I20260709 14:47:47.740454   760 raft_consensus.cc:359] T ac972b57cd5d4399bfdb226e36b8d423 P 06c17e4f51284ff6a8eb6a027bf5aea5 [term 0 FOLLOWER]: Replica starting. Triggering 0 pending ops. Active config: opid_index: -1 OBSOLETE_local: false peers { permanent_uuid: "2875aefab4764d45b9273b049c6e7289" member_type: VOTER last_known_addr { host: "127.0.107.193" port: 37151 } } peers { permanent_uuid: "15ae8644af9d461daaff5f925b6cdb53" member_type: VOTER last_known_addr { host: "127.0.107.194" port: 43021 } } peers { permanent_uuid: "06c17e4f51284ff6a8eb6a027bf5aea5" member_type: VOTER last_known_addr { host: "127.0.107.195" port: 44961 } }
I20260709 14:47:47.744642   760 raft_consensus.cc:385] T ac972b57cd5d4399bfdb226e36b8d423 P 06c17e4f51284ff6a8eb6a027bf5aea5 [term 0 FOLLOWER]: Consensus starting up: Expiring failure detector timer to make a prompt election more likely
I20260709 14:47:47.744925   760 raft_consensus.cc:740] T ac972b57cd5d4399bfdb226e36b8d423 P 06c17e4f51284ff6a8eb6a027bf5aea5 [term 0 FOLLOWER]: Becoming Follower/Learner. State: Replica: 06c17e4f51284ff6a8eb6a027bf5aea5, State: Initialized, Role: FOLLOWER
I20260709 14:47:47.745620   760 consensus_queue.cc:260] T ac972b57cd5d4399bfdb226e36b8d423 P 06c17e4f51284ff6a8eb6a027bf5aea5 [NON_LEADER]: Queue going to NON_LEADER mode. State: All replicated index: 0, Majority replicated index: 0, Committed index: 0, Last appended: 0.0, Last appended by leader: 0, Current term: 0, Majority size: -1, State: 0, Mode: NON_LEADER, active raft config: opid_index: -1 OBSOLETE_local: false peers { permanent_uuid: "2875aefab4764d45b9273b049c6e7289" member_type: VOTER last_known_addr { host: "127.0.107.193" port: 37151 } } peers { permanent_uuid: "15ae8644af9d461daaff5f925b6cdb53" member_type: VOTER last_known_addr { host: "127.0.107.194" port: 43021 } } peers { permanent_uuid: "06c17e4f51284ff6a8eb6a027bf5aea5" member_type: VOTER last_known_addr { host: "127.0.107.195" port: 44961 } }
I20260709 14:47:47.748952   759 raft_consensus.cc:359] T ac972b57cd5d4399bfdb226e36b8d423 P 2875aefab4764d45b9273b049c6e7289 [term 0 FOLLOWER]: Replica starting. Triggering 0 pending ops. Active config: opid_index: -1 OBSOLETE_local: false peers { permanent_uuid: "2875aefab4764d45b9273b049c6e7289" member_type: VOTER last_known_addr { host: "127.0.107.193" port: 37151 } } peers { permanent_uuid: "15ae8644af9d461daaff5f925b6cdb53" member_type: VOTER last_known_addr { host: "127.0.107.194" port: 43021 } } peers { permanent_uuid: "06c17e4f51284ff6a8eb6a027bf5aea5" member_type: VOTER last_known_addr { host: "127.0.107.195" port: 44961 } }
I20260709 14:47:47.749605   759 raft_consensus.cc:385] T ac972b57cd5d4399bfdb226e36b8d423 P 2875aefab4764d45b9273b049c6e7289 [term 0 FOLLOWER]: Consensus starting up: Expiring failure detector timer to make a prompt election more likely
I20260709 14:47:47.749883   759 raft_consensus.cc:740] T ac972b57cd5d4399bfdb226e36b8d423 P 2875aefab4764d45b9273b049c6e7289 [term 0 FOLLOWER]: Becoming Follower/Learner. State: Replica: 2875aefab4764d45b9273b049c6e7289, State: Initialized, Role: FOLLOWER
I20260709 14:47:47.750844   759 consensus_queue.cc:260] T ac972b57cd5d4399bfdb226e36b8d423 P 2875aefab4764d45b9273b049c6e7289 [NON_LEADER]: Queue going to NON_LEADER mode. State: All replicated index: 0, Majority replicated index: 0, Committed index: 0, Last appended: 0.0, Last appended by leader: 0, Current term: 0, Majority size: -1, State: 0, Mode: NON_LEADER, active raft config: opid_index: -1 OBSOLETE_local: false peers { permanent_uuid: "2875aefab4764d45b9273b049c6e7289" member_type: VOTER last_known_addr { host: "127.0.107.193" port: 37151 } } peers { permanent_uuid: "15ae8644af9d461daaff5f925b6cdb53" member_type: VOTER last_known_addr { host: "127.0.107.194" port: 43021 } } peers { permanent_uuid: "06c17e4f51284ff6a8eb6a027bf5aea5" member_type: VOTER last_known_addr { host: "127.0.107.195" port: 44961 } }
I20260709 14:47:47.751883   760 ts_tablet_manager.cc:1434] T ac972b57cd5d4399bfdb226e36b8d423 P 06c17e4f51284ff6a8eb6a027bf5aea5: Time spent starting tablet: real 0.024s	user 0.002s	sys 0.004s
I20260709 14:47:47.752813   760 tablet_bootstrap.cc:492] T de685e2acbe645d6946f5365c81210b3 P 06c17e4f51284ff6a8eb6a027bf5aea5: Bootstrap starting.
I20260709 14:47:47.750497   758 ts_tablet_manager.cc:1434] T 8e452cb154c147409c5dc6c2b9bd1993 P 15ae8644af9d461daaff5f925b6cdb53: Time spent starting tablet: real 0.021s	user 0.002s	sys 0.004s
I20260709 14:47:47.753638   766 raft_consensus.cc:493] T 8e452cb154c147409c5dc6c2b9bd1993 P 06c17e4f51284ff6a8eb6a027bf5aea5 [term 0 FOLLOWER]: Starting pre-election (no leader contacted us within the election timeout)
I20260709 14:47:47.754174   766 raft_consensus.cc:515] T 8e452cb154c147409c5dc6c2b9bd1993 P 06c17e4f51284ff6a8eb6a027bf5aea5 [term 0 FOLLOWER]: Starting pre-election with config: opid_index: -1 OBSOLETE_local: false peers { permanent_uuid: "2875aefab4764d45b9273b049c6e7289" member_type: VOTER last_known_addr { host: "127.0.107.193" port: 37151 } } peers { permanent_uuid: "06c17e4f51284ff6a8eb6a027bf5aea5" member_type: VOTER last_known_addr { host: "127.0.107.195" port: 44961 } } peers { permanent_uuid: "15ae8644af9d461daaff5f925b6cdb53" member_type: VOTER last_known_addr { host: "127.0.107.194" port: 43021 } }
I20260709 14:47:47.755968   566 tablet_service.cc:1917] Received RequestConsensusVote() RPC: tablet_id: "b9abc915993347d9bd0b547873d98065" candidate_uuid: "06c17e4f51284ff6a8eb6a027bf5aea5" candidate_term: 1 candidate_status { last_received { term: 0 index: 0 } } ignore_live_leader: false dest_uuid: "2875aefab4764d45b9273b049c6e7289" is_pre_election: true
I20260709 14:47:47.756098   766 leader_election.cc:290] T 8e452cb154c147409c5dc6c2b9bd1993 P 06c17e4f51284ff6a8eb6a027bf5aea5 [CANDIDATE]: Term 1 pre-election: Requested pre-vote from peers 2875aefab4764d45b9273b049c6e7289 (127.0.107.193:37151), 15ae8644af9d461daaff5f925b6cdb53 (127.0.107.194:43021)
I20260709 14:47:47.753623   759 ts_tablet_manager.cc:1434] T ac972b57cd5d4399bfdb226e36b8d423 P 2875aefab4764d45b9273b049c6e7289: Time spent starting tablet: real 0.015s	user 0.005s	sys 0.001s
I20260709 14:47:47.756628   566 raft_consensus.cc:2468] T b9abc915993347d9bd0b547873d98065 P 2875aefab4764d45b9273b049c6e7289 [term 0 FOLLOWER]: Leader pre-election vote request: Granting yes vote for candidate 06c17e4f51284ff6a8eb6a027bf5aea5 in term 0.
I20260709 14:47:47.757318   758 tablet_bootstrap.cc:492] T f6a13586781d457488b984be64909471 P 15ae8644af9d461daaff5f925b6cdb53: Bootstrap starting.
I20260709 14:47:47.758836   641 tablet_service.cc:1917] Received RequestConsensusVote() RPC: tablet_id: "8e452cb154c147409c5dc6c2b9bd1993" candidate_uuid: "06c17e4f51284ff6a8eb6a027bf5aea5" candidate_term: 1 candidate_status { last_received { term: 0 index: 0 } } ignore_live_leader: false dest_uuid: "15ae8644af9d461daaff5f925b6cdb53" is_pre_election: true
I20260709 14:47:47.759419   641 raft_consensus.cc:2468] T 8e452cb154c147409c5dc6c2b9bd1993 P 15ae8644af9d461daaff5f925b6cdb53 [term 0 FOLLOWER]: Leader pre-election vote request: Granting yes vote for candidate 06c17e4f51284ff6a8eb6a027bf5aea5 in term 0.
I20260709 14:47:47.760670   680 leader_election.cc:304] T 8e452cb154c147409c5dc6c2b9bd1993 P 06c17e4f51284ff6a8eb6a027bf5aea5 [CANDIDATE]: Term 1 pre-election: Election decided. Result: candidate won. Election summary: received 2 responses out of 3 voters: 2 yes votes; 0 no votes. yes voters: 06c17e4f51284ff6a8eb6a027bf5aea5, 15ae8644af9d461daaff5f925b6cdb53; no voters: 
I20260709 14:47:47.761722   766 raft_consensus.cc:2804] T 8e452cb154c147409c5dc6c2b9bd1993 P 06c17e4f51284ff6a8eb6a027bf5aea5 [term 0 FOLLOWER]: Leader pre-election won for term 1
I20260709 14:47:47.762066   766 raft_consensus.cc:493] T 8e452cb154c147409c5dc6c2b9bd1993 P 06c17e4f51284ff6a8eb6a027bf5aea5 [term 0 FOLLOWER]: Starting leader election (no leader contacted us within the election timeout)
I20260709 14:47:47.762380   766 raft_consensus.cc:3060] T 8e452cb154c147409c5dc6c2b9bd1993 P 06c17e4f51284ff6a8eb6a027bf5aea5 [term 0 FOLLOWER]: Advancing to term 1
I20260709 14:47:47.765539   678 leader_election.cc:304] T b9abc915993347d9bd0b547873d98065 P 06c17e4f51284ff6a8eb6a027bf5aea5 [CANDIDATE]: Term 1 pre-election: Election decided. Result: candidate won. Election summary: received 3 responses out of 3 voters: 2 yes votes; 1 no votes. yes voters: 06c17e4f51284ff6a8eb6a027bf5aea5, 2875aefab4764d45b9273b049c6e7289; no voters: 15ae8644af9d461daaff5f925b6cdb53
I20260709 14:47:47.766970   767 raft_consensus.cc:2804] T b9abc915993347d9bd0b547873d98065 P 06c17e4f51284ff6a8eb6a027bf5aea5 [term 0 FOLLOWER]: Leader pre-election won for term 1
I20260709 14:47:47.767319   767 raft_consensus.cc:493] T b9abc915993347d9bd0b547873d98065 P 06c17e4f51284ff6a8eb6a027bf5aea5 [term 0 FOLLOWER]: Starting leader election (no leader contacted us within the election timeout)
I20260709 14:47:47.767625   767 raft_consensus.cc:3060] T b9abc915993347d9bd0b547873d98065 P 06c17e4f51284ff6a8eb6a027bf5aea5 [term 0 FOLLOWER]: Advancing to term 1
I20260709 14:47:47.770378   759 tablet_bootstrap.cc:492] T 596e24a413d34f4a823029082163d07b P 2875aefab4764d45b9273b049c6e7289: Bootstrap starting.
I20260709 14:47:47.772985   715 tablet_service.cc:1917] Received RequestConsensusVote() RPC: tablet_id: "de685e2acbe645d6946f5365c81210b3" candidate_uuid: "2875aefab4764d45b9273b049c6e7289" candidate_term: 1 candidate_status { last_received { term: 0 index: 0 } } ignore_live_leader: false dest_uuid: "06c17e4f51284ff6a8eb6a027bf5aea5" is_pre_election: true
I20260709 14:47:47.775322   566 tablet_service.cc:1917] Received RequestConsensusVote() RPC: tablet_id: "8e452cb154c147409c5dc6c2b9bd1993" candidate_uuid: "06c17e4f51284ff6a8eb6a027bf5aea5" candidate_term: 1 candidate_status { last_received { term: 0 index: 0 } } ignore_live_leader: false dest_uuid: "2875aefab4764d45b9273b049c6e7289" is_pre_election: true
I20260709 14:47:47.776264   566 raft_consensus.cc:2468] T 8e452cb154c147409c5dc6c2b9bd1993 P 2875aefab4764d45b9273b049c6e7289 [term 0 FOLLOWER]: Leader pre-election vote request: Granting yes vote for candidate 06c17e4f51284ff6a8eb6a027bf5aea5 in term 0.
I20260709 14:47:47.778687   758 tablet_bootstrap.cc:654] T f6a13586781d457488b984be64909471 P 15ae8644af9d461daaff5f925b6cdb53: Neither blocks nor log segments found. Creating new log.
I20260709 14:47:47.781455   760 tablet_bootstrap.cc:654] T de685e2acbe645d6946f5365c81210b3 P 06c17e4f51284ff6a8eb6a027bf5aea5: Neither blocks nor log segments found. Creating new log.
I20260709 14:47:47.784408   767 raft_consensus.cc:515] T b9abc915993347d9bd0b547873d98065 P 06c17e4f51284ff6a8eb6a027bf5aea5 [term 1 FOLLOWER]: Starting leader election with config: opid_index: -1 OBSOLETE_local: false peers { permanent_uuid: "2875aefab4764d45b9273b049c6e7289" member_type: VOTER last_known_addr { host: "127.0.107.193" port: 37151 } } peers { permanent_uuid: "15ae8644af9d461daaff5f925b6cdb53" member_type: VOTER last_known_addr { host: "127.0.107.194" port: 43021 } } peers { permanent_uuid: "06c17e4f51284ff6a8eb6a027bf5aea5" member_type: VOTER last_known_addr { host: "127.0.107.195" port: 44961 } }
W20260709 14:47:47.785761   529 leader_election.cc:343] T de685e2acbe645d6946f5365c81210b3 P 2875aefab4764d45b9273b049c6e7289 [CANDIDATE]: Term 1 pre-election: Tablet error from VoteRequest() call to peer 06c17e4f51284ff6a8eb6a027bf5aea5 (127.0.107.195:44961): Illegal state: must be running to vote when last-logged opid is not known
I20260709 14:47:47.786672   766 raft_consensus.cc:515] T 8e452cb154c147409c5dc6c2b9bd1993 P 06c17e4f51284ff6a8eb6a027bf5aea5 [term 1 FOLLOWER]: Starting leader election with config: opid_index: -1 OBSOLETE_local: false peers { permanent_uuid: "2875aefab4764d45b9273b049c6e7289" member_type: VOTER last_known_addr { host: "127.0.107.193" port: 37151 } } peers { permanent_uuid: "06c17e4f51284ff6a8eb6a027bf5aea5" member_type: VOTER last_known_addr { host: "127.0.107.195" port: 44961 } } peers { permanent_uuid: "15ae8644af9d461daaff5f925b6cdb53" member_type: VOTER last_known_addr { host: "127.0.107.194" port: 43021 } }
I20260709 14:47:47.792716   566 tablet_service.cc:1917] Received RequestConsensusVote() RPC: tablet_id: "8e452cb154c147409c5dc6c2b9bd1993" candidate_uuid: "06c17e4f51284ff6a8eb6a027bf5aea5" candidate_term: 1 candidate_status { last_received { term: 0 index: 0 } } ignore_live_leader: false dest_uuid: "2875aefab4764d45b9273b049c6e7289"
I20260709 14:47:47.792910   641 tablet_service.cc:1917] Received RequestConsensusVote() RPC: tablet_id: "8e452cb154c147409c5dc6c2b9bd1993" candidate_uuid: "06c17e4f51284ff6a8eb6a027bf5aea5" candidate_term: 1 candidate_status { last_received { term: 0 index: 0 } } ignore_live_leader: false dest_uuid: "15ae8644af9d461daaff5f925b6cdb53"
I20260709 14:47:47.793355   566 raft_consensus.cc:3060] T 8e452cb154c147409c5dc6c2b9bd1993 P 2875aefab4764d45b9273b049c6e7289 [term 0 FOLLOWER]: Advancing to term 1
I20260709 14:47:47.793495   641 raft_consensus.cc:3060] T 8e452cb154c147409c5dc6c2b9bd1993 P 15ae8644af9d461daaff5f925b6cdb53 [term 0 FOLLOWER]: Advancing to term 1
I20260709 14:47:47.795625   759 tablet_bootstrap.cc:654] T 596e24a413d34f4a823029082163d07b P 2875aefab4764d45b9273b049c6e7289: Neither blocks nor log segments found. Creating new log.
I20260709 14:47:47.796821   766 leader_election.cc:290] T 8e452cb154c147409c5dc6c2b9bd1993 P 06c17e4f51284ff6a8eb6a027bf5aea5 [CANDIDATE]: Term 1 election: Requested vote from peers 2875aefab4764d45b9273b049c6e7289 (127.0.107.193:37151), 15ae8644af9d461daaff5f925b6cdb53 (127.0.107.194:43021)
I20260709 14:47:47.804744   566 raft_consensus.cc:2468] T 8e452cb154c147409c5dc6c2b9bd1993 P 2875aefab4764d45b9273b049c6e7289 [term 1 FOLLOWER]: Leader election vote request: Granting yes vote for candidate 06c17e4f51284ff6a8eb6a027bf5aea5 in term 1.
I20260709 14:47:47.806175   641 raft_consensus.cc:2468] T 8e452cb154c147409c5dc6c2b9bd1993 P 15ae8644af9d461daaff5f925b6cdb53 [term 1 FOLLOWER]: Leader election vote request: Granting yes vote for candidate 06c17e4f51284ff6a8eb6a027bf5aea5 in term 1.
I20260709 14:47:47.806803   678 leader_election.cc:304] T 8e452cb154c147409c5dc6c2b9bd1993 P 06c17e4f51284ff6a8eb6a027bf5aea5 [CANDIDATE]: Term 1 election: Election decided. Result: candidate won. Election summary: received 2 responses out of 3 voters: 2 yes votes; 0 no votes. yes voters: 06c17e4f51284ff6a8eb6a027bf5aea5, 2875aefab4764d45b9273b049c6e7289; no voters: 
I20260709 14:47:47.807539   766 raft_consensus.cc:2804] T 8e452cb154c147409c5dc6c2b9bd1993 P 06c17e4f51284ff6a8eb6a027bf5aea5 [term 1 FOLLOWER]: Leader election won for term 1
I20260709 14:47:47.810599   566 tablet_service.cc:1917] Received RequestConsensusVote() RPC: tablet_id: "b9abc915993347d9bd0b547873d98065" candidate_uuid: "06c17e4f51284ff6a8eb6a027bf5aea5" candidate_term: 1 candidate_status { last_received { term: 0 index: 0 } } ignore_live_leader: false dest_uuid: "2875aefab4764d45b9273b049c6e7289"
I20260709 14:47:47.811566   767 leader_election.cc:290] T b9abc915993347d9bd0b547873d98065 P 06c17e4f51284ff6a8eb6a027bf5aea5 [CANDIDATE]: Term 1 election: Requested vote from peers 2875aefab4764d45b9273b049c6e7289 (127.0.107.193:37151), 15ae8644af9d461daaff5f925b6cdb53 (127.0.107.194:43021)
I20260709 14:47:47.812181   566 raft_consensus.cc:3060] T b9abc915993347d9bd0b547873d98065 P 2875aefab4764d45b9273b049c6e7289 [term 0 FOLLOWER]: Advancing to term 1
I20260709 14:47:47.812461   641 tablet_service.cc:1917] Received RequestConsensusVote() RPC: tablet_id: "b9abc915993347d9bd0b547873d98065" candidate_uuid: "06c17e4f51284ff6a8eb6a027bf5aea5" candidate_term: 1 candidate_status { last_received { term: 0 index: 0 } } ignore_live_leader: false dest_uuid: "15ae8644af9d461daaff5f925b6cdb53"
W20260709 14:47:47.813647   680 leader_election.cc:343] T b9abc915993347d9bd0b547873d98065 P 06c17e4f51284ff6a8eb6a027bf5aea5 [CANDIDATE]: Term 1 election: Tablet error from VoteRequest() call to peer 15ae8644af9d461daaff5f925b6cdb53 (127.0.107.194:43021): Illegal state: must be running to vote when last-logged opid is not known
I20260709 14:47:47.819410   765 raft_consensus.cc:493] T 67d0dcf7ab7144e69c1ec1766b64d7d7 P 2875aefab4764d45b9273b049c6e7289 [term 0 FOLLOWER]: Starting pre-election (no leader contacted us within the election timeout)
I20260709 14:47:47.819931   765 raft_consensus.cc:515] T 67d0dcf7ab7144e69c1ec1766b64d7d7 P 2875aefab4764d45b9273b049c6e7289 [term 0 FOLLOWER]: Starting pre-election with config: opid_index: -1 OBSOLETE_local: false peers { permanent_uuid: "2875aefab4764d45b9273b049c6e7289" member_type: VOTER last_known_addr { host: "127.0.107.193" port: 37151 } } peers { permanent_uuid: "15ae8644af9d461daaff5f925b6cdb53" member_type: VOTER last_known_addr { host: "127.0.107.194" port: 43021 } } peers { permanent_uuid: "06c17e4f51284ff6a8eb6a027bf5aea5" member_type: VOTER last_known_addr { host: "127.0.107.195" port: 44961 } }
I20260709 14:47:47.822359   765 leader_election.cc:290] T 67d0dcf7ab7144e69c1ec1766b64d7d7 P 2875aefab4764d45b9273b049c6e7289 [CANDIDATE]: Term 1 pre-election: Requested pre-vote from peers 15ae8644af9d461daaff5f925b6cdb53 (127.0.107.194:43021), 06c17e4f51284ff6a8eb6a027bf5aea5 (127.0.107.195:44961)
I20260709 14:47:47.823441   715 tablet_service.cc:1917] Received RequestConsensusVote() RPC: tablet_id: "67d0dcf7ab7144e69c1ec1766b64d7d7" candidate_uuid: "2875aefab4764d45b9273b049c6e7289" candidate_term: 1 candidate_status { last_received { term: 0 index: 0 } } ignore_live_leader: false dest_uuid: "06c17e4f51284ff6a8eb6a027bf5aea5" is_pre_election: true
