W20260709 14:47:35.610360  7472 outbound_call.cc:321] RPC callback for RPC call kudu.consensus.ConsensusService.RequestConsensusVote -> {remote=127.6.41.129:34483, user_credentials={real_user=slave}} blocked reactor thread for 48030.7us
I20260709 14:47:35.610622  7627 raft_consensus.cc:2804] T c7a8c9ffe800451e9a8e3ae668294a7f P e9b20b498c134f73a9a057be24dac5c3 [term 0 FOLLOWER]: Leader pre-election won for term 1
I20260709 14:47:35.611163  7627 raft_consensus.cc:493] T c7a8c9ffe800451e9a8e3ae668294a7f P e9b20b498c134f73a9a057be24dac5c3 [term 0 FOLLOWER]: Starting leader election (no leader contacted us within the election timeout)
I20260709 14:47:35.611603  7627 raft_consensus.cc:3060] T c7a8c9ffe800451e9a8e3ae668294a7f P e9b20b498c134f73a9a057be24dac5c3 [term 0 FOLLOWER]: Advancing to term 1
I20260709 14:47:35.624672  7623 tablet_bootstrap.cc:492] T 7fd92bb704d143ed93f3062638991176 P e9b20b498c134f73a9a057be24dac5c3: No bootstrap required, opened a new log
I20260709 14:47:35.625218  7623 ts_tablet_manager.cc:1403] T 7fd92bb704d143ed93f3062638991176 P e9b20b498c134f73a9a057be24dac5c3: Time spent bootstrapping tablet: real 0.076s	user 0.014s	sys 0.025s
I20260709 14:47:35.627926  7623 raft_consensus.cc:359] T 7fd92bb704d143ed93f3062638991176 P e9b20b498c134f73a9a057be24dac5c3 [term 0 FOLLOWER]: Replica starting. Triggering 0 pending ops. Active config: opid_index: -1 OBSOLETE_local: false peers { permanent_uuid: "8f6595cc8189488ea1b348943158884a" member_type: VOTER last_known_addr { host: "127.6.41.129" port: 34483 } } peers { permanent_uuid: "e9b20b498c134f73a9a057be24dac5c3" member_type: VOTER last_known_addr { host: "127.6.41.130" port: 45355 } } peers { permanent_uuid: "3a835f650cb84fe5932d0f44223049b3" member_type: VOTER last_known_addr { host: "127.6.41.131" port: 38893 } }
I20260709 14:47:35.628561  7623 raft_consensus.cc:385] T 7fd92bb704d143ed93f3062638991176 P e9b20b498c134f73a9a057be24dac5c3 [term 0 FOLLOWER]: Consensus starting up: Expiring failure detector timer to make a prompt election more likely
I20260709 14:47:35.628854  7623 raft_consensus.cc:740] T 7fd92bb704d143ed93f3062638991176 P e9b20b498c134f73a9a057be24dac5c3 [term 0 FOLLOWER]: Becoming Follower/Learner. State: Replica: e9b20b498c134f73a9a057be24dac5c3, State: Initialized, Role: FOLLOWER
I20260709 14:47:35.629459  7623 consensus_queue.cc:260] T 7fd92bb704d143ed93f3062638991176 P e9b20b498c134f73a9a057be24dac5c3 [NON_LEADER]: Queue going to NON_LEADER mode. State: All replicated index: 0, Majority replicated index: 0, Committed index: 0, Last appended: 0.0, Last appended by leader: 0, Current term: 0, Majority size: -1, State: 0, Mode: NON_LEADER, active raft config: opid_index: -1 OBSOLETE_local: false peers { permanent_uuid: "8f6595cc8189488ea1b348943158884a" member_type: VOTER last_known_addr { host: "127.6.41.129" port: 34483 } } peers { permanent_uuid: "e9b20b498c134f73a9a057be24dac5c3" member_type: VOTER last_known_addr { host: "127.6.41.130" port: 45355 } } peers { permanent_uuid: "3a835f650cb84fe5932d0f44223049b3" member_type: VOTER last_known_addr { host: "127.6.41.131" port: 38893 } }
I20260709 14:47:35.617822  7580 raft_consensus.cc:2468] T 6dd701c625de4f54a3c90af3e2fe585a P 3a835f650cb84fe5932d0f44223049b3 [term 1 FOLLOWER]: Leader election vote request: Granting yes vote for candidate 8f6595cc8189488ea1b348943158884a in term 1.
I20260709 14:47:35.636400  7625 raft_consensus.cc:359] T 7fd92bb704d143ed93f3062638991176 P 3a835f650cb84fe5932d0f44223049b3 [term 0 FOLLOWER]: Replica starting. Triggering 0 pending ops. Active config: opid_index: -1 OBSOLETE_local: false peers { permanent_uuid: "8f6595cc8189488ea1b348943158884a" member_type: VOTER last_known_addr { host: "127.6.41.129" port: 34483 } } peers { permanent_uuid: "e9b20b498c134f73a9a057be24dac5c3" member_type: VOTER last_known_addr { host: "127.6.41.130" port: 45355 } } peers { permanent_uuid: "3a835f650cb84fe5932d0f44223049b3" member_type: VOTER last_known_addr { host: "127.6.41.131" port: 38893 } }
I20260709 14:47:35.637244  7625 raft_consensus.cc:385] T 7fd92bb704d143ed93f3062638991176 P 3a835f650cb84fe5932d0f44223049b3 [term 0 FOLLOWER]: Consensus starting up: Expiring failure detector timer to make a prompt election more likely
I20260709 14:47:35.637620  7625 raft_consensus.cc:740] T 7fd92bb704d143ed93f3062638991176 P 3a835f650cb84fe5932d0f44223049b3 [term 0 FOLLOWER]: Becoming Follower/Learner. State: Replica: 3a835f650cb84fe5932d0f44223049b3, State: Initialized, Role: FOLLOWER
I20260709 14:47:35.638520  7625 consensus_queue.cc:260] T 7fd92bb704d143ed93f3062638991176 P 3a835f650cb84fe5932d0f44223049b3 [NON_LEADER]: Queue going to NON_LEADER mode. State: All replicated index: 0, Majority replicated index: 0, Committed index: 0, Last appended: 0.0, Last appended by leader: 0, Current term: 0, Majority size: -1, State: 0, Mode: NON_LEADER, active raft config: opid_index: -1 OBSOLETE_local: false peers { permanent_uuid: "8f6595cc8189488ea1b348943158884a" member_type: VOTER last_known_addr { host: "127.6.41.129" port: 34483 } } peers { permanent_uuid: "e9b20b498c134f73a9a057be24dac5c3" member_type: VOTER last_known_addr { host: "127.6.41.130" port: 45355 } } peers { permanent_uuid: "3a835f650cb84fe5932d0f44223049b3" member_type: VOTER last_known_addr { host: "127.6.41.131" port: 38893 } }
I20260709 14:47:35.640090  7623 ts_tablet_manager.cc:1434] T 7fd92bb704d143ed93f3062638991176 P e9b20b498c134f73a9a057be24dac5c3: Time spent starting tablet: real 0.015s	user 0.006s	sys 0.000s
I20260709 14:47:35.641224  7625 ts_tablet_manager.cc:1434] T 7fd92bb704d143ed93f3062638991176 P 3a835f650cb84fe5932d0f44223049b3: Time spent starting tablet: real 0.054s	user 0.003s	sys 0.004s
I20260709 14:47:35.640803  7726 consensus_queue.cc:237] T 080d39565f6343d2b334f30055dd67e1 P e9b20b498c134f73a9a057be24dac5c3 [LEADER]: Queue going to LEADER mode. State: All replicated index: 0, Majority replicated index: 0, Committed index: 0, Last appended: 0.0, Last appended by leader: 0, Current term: 1, Majority size: 2, State: 0, Mode: LEADER, active raft config: opid_index: -1 OBSOLETE_local: false peers { permanent_uuid: "8f6595cc8189488ea1b348943158884a" member_type: VOTER last_known_addr { host: "127.6.41.129" port: 34483 } } peers { permanent_uuid: "e9b20b498c134f73a9a057be24dac5c3" member_type: VOTER last_known_addr { host: "127.6.41.130" port: 45355 } } peers { permanent_uuid: "3a835f650cb84fe5932d0f44223049b3" member_type: VOTER last_known_addr { host: "127.6.41.131" port: 38893 } }
I20260709 14:47:35.642508  7625 tablet_bootstrap.cc:492] T fbb7b19e751c4c468764fbed53ffff77 P 3a835f650cb84fe5932d0f44223049b3: Bootstrap starting.
I20260709 14:47:35.649186  7623 tablet_bootstrap.cc:492] T 47e527ea763f41ca99dee0ea4fc7824b P e9b20b498c134f73a9a057be24dac5c3: Bootstrap starting.
I20260709 14:47:35.650166  7430 tablet_service.cc:1917] Received RequestConsensusVote() RPC: tablet_id: "88fca05323034d67a634a657e5f9e298" candidate_uuid: "3a835f650cb84fe5932d0f44223049b3" candidate_term: 1 candidate_status { last_received { term: 0 index: 0 } } ignore_live_leader: false dest_uuid: "8f6595cc8189488ea1b348943158884a"
I20260709 14:47:35.650805  7430 raft_consensus.cc:3060] T 88fca05323034d67a634a657e5f9e298 P 8f6595cc8189488ea1b348943158884a [term 0 FOLLOWER]: Advancing to term 1
I20260709 14:47:35.652803  7397 leader_election.cc:304] T 6dd701c625de4f54a3c90af3e2fe585a P 8f6595cc8189488ea1b348943158884a [CANDIDATE]: Term 1 election: Election decided. Result: candidate won. Election summary: received 2 responses out of 3 voters: 2 yes votes; 0 no votes. yes voters: 3a835f650cb84fe5932d0f44223049b3, 8f6595cc8189488ea1b348943158884a; no voters: 
I20260709 14:47:35.654759  7709 raft_consensus.cc:2804] T 6dd701c625de4f54a3c90af3e2fe585a P 8f6595cc8189488ea1b348943158884a [term 1 FOLLOWER]: Leader election won for term 1
I20260709 14:47:35.662639  7632 leader_election.cc:290] T 88fca05323034d67a634a657e5f9e298 P 3a835f650cb84fe5932d0f44223049b3 [CANDIDATE]: Term 1 election: Requested vote from peers 8f6595cc8189488ea1b348943158884a (127.6.41.129:34483), e9b20b498c134f73a9a057be24dac5c3 (127.6.41.130:45355)
I20260709 14:47:35.664175  7506 tablet_service.cc:1917] Received RequestConsensusVote() RPC: tablet_id: "88fca05323034d67a634a657e5f9e298" candidate_uuid: "3a835f650cb84fe5932d0f44223049b3" candidate_term: 1 candidate_status { last_received { term: 0 index: 0 } } ignore_live_leader: false dest_uuid: "e9b20b498c134f73a9a057be24dac5c3"
I20260709 14:47:35.668751  7430 raft_consensus.cc:2468] T 88fca05323034d67a634a657e5f9e298 P 8f6595cc8189488ea1b348943158884a [term 1 FOLLOWER]: Leader election vote request: Granting yes vote for candidate 3a835f650cb84fe5932d0f44223049b3 in term 1.
W20260709 14:47:35.669305  7546 leader_election.cc:343] T 88fca05323034d67a634a657e5f9e298 P 3a835f650cb84fe5932d0f44223049b3 [CANDIDATE]: Term 1 election: Tablet error from VoteRequest() call to peer e9b20b498c134f73a9a057be24dac5c3 (127.6.41.130:45355): Illegal state: must be running to vote when last-logged opid is not known
I20260709 14:47:35.670074  7546 leader_election.cc:304] T 88fca05323034d67a634a657e5f9e298 P 3a835f650cb84fe5932d0f44223049b3 [CANDIDATE]: Term 1 election: Election decided. Result: candidate won. Election summary: received 3 responses out of 3 voters: 2 yes votes; 1 no votes. yes voters: 3a835f650cb84fe5932d0f44223049b3, 8f6595cc8189488ea1b348943158884a; no voters: e9b20b498c134f73a9a057be24dac5c3
I20260709 14:47:35.662021  7709 raft_consensus.cc:697] T 6dd701c625de4f54a3c90af3e2fe585a P 8f6595cc8189488ea1b348943158884a [term 1 LEADER]: Becoming Leader. State: Replica: 8f6595cc8189488ea1b348943158884a, State: Running, Role: LEADER
I20260709 14:47:35.675976  7709 consensus_queue.cc:237] T 6dd701c625de4f54a3c90af3e2fe585a P 8f6595cc8189488ea1b348943158884a [LEADER]: Queue going to LEADER mode. State: All replicated index: 0, Majority replicated index: 0, Committed index: 0, Last appended: 0.0, Last appended by leader: 0, Current term: 1, Majority size: 2, State: 0, Mode: LEADER, active raft config: opid_index: -1 OBSOLETE_local: false peers { permanent_uuid: "8f6595cc8189488ea1b348943158884a" member_type: VOTER last_known_addr { host: "127.6.41.129" port: 34483 } } peers { permanent_uuid: "e9b20b498c134f73a9a057be24dac5c3" member_type: VOTER last_known_addr { host: "127.6.41.130" port: 45355 } } peers { permanent_uuid: "3a835f650cb84fe5932d0f44223049b3" member_type: VOTER last_known_addr { host: "127.6.41.131" port: 38893 } }
I20260709 14:47:35.661903  7329 catalog_manager.cc:5697] T 0f457dfd7d664b0ead076108cc23d7fb P 8f6595cc8189488ea1b348943158884a reported cstate change: term changed from 0 to 1, leader changed from <none> to 8f6595cc8189488ea1b348943158884a (127.6.41.129). New cstate: current_term: 1 leader_uuid: "8f6595cc8189488ea1b348943158884a" committed_config { opid_index: -1 OBSOLETE_local: false peers { permanent_uuid: "8f6595cc8189488ea1b348943158884a" member_type: VOTER last_known_addr { host: "127.6.41.129" port: 34483 } health_report { overall_health: HEALTHY } } peers { permanent_uuid: "e9b20b498c134f73a9a057be24dac5c3" member_type: VOTER last_known_addr { host: "127.6.41.130" port: 45355 } health_report { overall_health: UNKNOWN } } peers { permanent_uuid: "3a835f650cb84fe5932d0f44223049b3" member_type: VOTER last_known_addr { host: "127.6.41.131" port: 38893 } health_report { overall_health: UNKNOWN } } }
I20260709 14:47:35.666900  7627 raft_consensus.cc:515] T c7a8c9ffe800451e9a8e3ae668294a7f P e9b20b498c134f73a9a057be24dac5c3 [term 1 FOLLOWER]: Starting leader election with config: opid_index: -1 OBSOLETE_local: false peers { permanent_uuid: "8f6595cc8189488ea1b348943158884a" member_type: VOTER last_known_addr { host: "127.6.41.129" port: 34483 } } peers { permanent_uuid: "e9b20b498c134f73a9a057be24dac5c3" member_type: VOTER last_known_addr { host: "127.6.41.130" port: 45355 } } peers { permanent_uuid: "3a835f650cb84fe5932d0f44223049b3" member_type: VOTER last_known_addr { host: "127.6.41.131" port: 38893 } }
I20260709 14:47:35.679450  7632 raft_consensus.cc:2804] T 88fca05323034d67a634a657e5f9e298 P 3a835f650cb84fe5932d0f44223049b3 [term 1 FOLLOWER]: Leader election won for term 1
I20260709 14:47:35.702203  7632 raft_consensus.cc:697] T 88fca05323034d67a634a657e5f9e298 P 3a835f650cb84fe5932d0f44223049b3 [term 1 LEADER]: Becoming Leader. State: Replica: 3a835f650cb84fe5932d0f44223049b3, State: Running, Role: LEADER
I20260709 14:47:35.705489  7622 tablet_bootstrap.cc:654] T 47e527ea763f41ca99dee0ea4fc7824b P 8f6595cc8189488ea1b348943158884a: Neither blocks nor log segments found. Creating new log.
I20260709 14:47:35.694527  7508 raft_consensus.cc:2468] T 6dd701c625de4f54a3c90af3e2fe585a P e9b20b498c134f73a9a057be24dac5c3 [term 1 FOLLOWER]: Leader election vote request: Granting yes vote for candidate 8f6595cc8189488ea1b348943158884a in term 1.
I20260709 14:47:35.707260  7632 consensus_queue.cc:237] T 88fca05323034d67a634a657e5f9e298 P 3a835f650cb84fe5932d0f44223049b3 [LEADER]: Queue going to LEADER mode. State: All replicated index: 0, Majority replicated index: 0, Committed index: 0, Last appended: 0.0, Last appended by leader: 0, Current term: 1, Majority size: 2, State: 0, Mode: LEADER, active raft config: opid_index: -1 OBSOLETE_local: false peers { permanent_uuid: "8f6595cc8189488ea1b348943158884a" member_type: VOTER last_known_addr { host: "127.6.41.129" port: 34483 } } peers { permanent_uuid: "e9b20b498c134f73a9a057be24dac5c3" member_type: VOTER last_known_addr { host: "127.6.41.130" port: 45355 } } peers { permanent_uuid: "3a835f650cb84fe5932d0f44223049b3" member_type: VOTER last_known_addr { host: "127.6.41.131" port: 38893 } }
I20260709 14:47:35.711480  7625 tablet_bootstrap.cc:654] T fbb7b19e751c4c468764fbed53ffff77 P 3a835f650cb84fe5932d0f44223049b3: Neither blocks nor log segments found. Creating new log.
I20260709 14:47:35.711665  7433 tablet_service.cc:1917] Received RequestConsensusVote() RPC: tablet_id: "c7a8c9ffe800451e9a8e3ae668294a7f" candidate_uuid: "e9b20b498c134f73a9a057be24dac5c3" candidate_term: 1 candidate_status { last_received { term: 0 index: 0 } } ignore_live_leader: false dest_uuid: "8f6595cc8189488ea1b348943158884a"
I20260709 14:47:35.712215  7433 raft_consensus.cc:3060] T c7a8c9ffe800451e9a8e3ae668294a7f P 8f6595cc8189488ea1b348943158884a [term 0 FOLLOWER]: Advancing to term 1
I20260709 14:47:35.717741  7778 consensus_queue.cc:1048] T e4c0c635aa42498096e8a502681e0e83 P 3a835f650cb84fe5932d0f44223049b3 [LEADER]: Connected to new peer: Peer: permanent_uuid: "8f6595cc8189488ea1b348943158884a" member_type: VOTER last_known_addr { host: "127.6.41.129" port: 34483 }, Status: LMP_MISMATCH, Last received: 0.0, Next index: 1, Last known committed idx: 0, Time since last communication: 0.001s
I20260709 14:47:35.721072  7433 raft_consensus.cc:2468] T c7a8c9ffe800451e9a8e3ae668294a7f P 8f6595cc8189488ea1b348943158884a [term 1 FOLLOWER]: Leader election vote request: Granting yes vote for candidate e9b20b498c134f73a9a057be24dac5c3 in term 1.
I20260709 14:47:35.722265  7472 leader_election.cc:304] T c7a8c9ffe800451e9a8e3ae668294a7f P e9b20b498c134f73a9a057be24dac5c3 [CANDIDATE]: Term 1 election: Election decided. Result: candidate won. Election summary: received 2 responses out of 3 voters: 2 yes votes; 0 no votes. yes voters: 8f6595cc8189488ea1b348943158884a, e9b20b498c134f73a9a057be24dac5c3; no voters: 
I20260709 14:47:35.723088  7726 raft_consensus.cc:2804] T c7a8c9ffe800451e9a8e3ae668294a7f P e9b20b498c134f73a9a057be24dac5c3 [term 1 FOLLOWER]: Leader election won for term 1
I20260709 14:47:35.723549  7726 raft_consensus.cc:697] T c7a8c9ffe800451e9a8e3ae668294a7f P e9b20b498c134f73a9a057be24dac5c3 [term 1 LEADER]: Becoming Leader. State: Replica: e9b20b498c134f73a9a057be24dac5c3, State: Running, Role: LEADER
I20260709 14:47:35.723732  7330 catalog_manager.cc:5697] T 080d39565f6343d2b334f30055dd67e1 P e9b20b498c134f73a9a057be24dac5c3 reported cstate change: term changed from 0 to 1, leader changed from <none> to e9b20b498c134f73a9a057be24dac5c3 (127.6.41.130). New cstate: current_term: 1 leader_uuid: "e9b20b498c134f73a9a057be24dac5c3" committed_config { opid_index: -1 OBSOLETE_local: false peers { permanent_uuid: "8f6595cc8189488ea1b348943158884a" member_type: VOTER last_known_addr { host: "127.6.41.129" port: 34483 } health_report { overall_health: UNKNOWN } } peers { permanent_uuid: "e9b20b498c134f73a9a057be24dac5c3" member_type: VOTER last_known_addr { host: "127.6.41.130" port: 45355 } health_report { overall_health: HEALTHY } } peers { permanent_uuid: "3a835f650cb84fe5932d0f44223049b3" member_type: VOTER last_known_addr { host: "127.6.41.131" port: 38893 } health_report { overall_health: UNKNOWN } } }
I20260709 14:47:35.724426  7726 consensus_queue.cc:237] T c7a8c9ffe800451e9a8e3ae668294a7f P e9b20b498c134f73a9a057be24dac5c3 [LEADER]: Queue going to LEADER mode. State: All replicated index: 0, Majority replicated index: 0, Committed index: 0, Last appended: 0.0, Last appended by leader: 0, Current term: 1, Majority size: 2, State: 0, Mode: LEADER, active raft config: opid_index: -1 OBSOLETE_local: false peers { permanent_uuid: "8f6595cc8189488ea1b348943158884a" member_type: VOTER last_known_addr { host: "127.6.41.129" port: 34483 } } peers { permanent_uuid: "e9b20b498c134f73a9a057be24dac5c3" member_type: VOTER last_known_addr { host: "127.6.41.130" port: 45355 } } peers { permanent_uuid: "3a835f650cb84fe5932d0f44223049b3" member_type: VOTER last_known_addr { host: "127.6.41.131" port: 38893 } }
I20260709 14:47:35.740329  7580 tablet_service.cc:1917] Received RequestConsensusVote() RPC: tablet_id: "c7a8c9ffe800451e9a8e3ae668294a7f" candidate_uuid: "e9b20b498c134f73a9a057be24dac5c3" candidate_term: 1 candidate_status { last_received { term: 0 index: 0 } } ignore_live_leader: false dest_uuid: "3a835f650cb84fe5932d0f44223049b3"
I20260709 14:47:35.740986  7580 raft_consensus.cc:3060] T c7a8c9ffe800451e9a8e3ae668294a7f P 3a835f650cb84fe5932d0f44223049b3 [term 0 FOLLOWER]: Advancing to term 1
I20260709 14:47:35.749202  7623 tablet_bootstrap.cc:654] T 47e527ea763f41ca99dee0ea4fc7824b P e9b20b498c134f73a9a057be24dac5c3: Neither blocks nor log segments found. Creating new log.
I20260709 14:47:35.754202  7627 leader_election.cc:290] T c7a8c9ffe800451e9a8e3ae668294a7f P e9b20b498c134f73a9a057be24dac5c3 [CANDIDATE]: Term 1 election: Requested vote from peers 8f6595cc8189488ea1b348943158884a (127.6.41.129:34483), 3a835f650cb84fe5932d0f44223049b3 (127.6.41.131:38893)
W20260709 14:47:35.755260  7379 auto_rebalancer.cc:288] Could not retrieve cluster info: Service unavailable: Tablet not running
I20260709 14:47:35.757232  7580 raft_consensus.cc:2468] T c7a8c9ffe800451e9a8e3ae668294a7f P 3a835f650cb84fe5932d0f44223049b3 [term 1 FOLLOWER]: Leader election vote request: Granting yes vote for candidate e9b20b498c134f73a9a057be24dac5c3 in term 1.
I20260709 14:47:35.759130  7632 consensus_queue.cc:1048] T 1bf34dbb77504d7787509f04194edd3f P 3a835f650cb84fe5932d0f44223049b3 [LEADER]: Connected to new peer: Peer: permanent_uuid: "8f6595cc8189488ea1b348943158884a" member_type: VOTER last_known_addr { host: "127.6.41.129" port: 34483 }, Status: LMP_MISMATCH, Last received: 0.0, Next index: 1, Last known committed idx: 0, Time since last communication: 0.000s
I20260709 14:47:35.759652  7622 tablet_bootstrap.cc:492] T 47e527ea763f41ca99dee0ea4fc7824b P 8f6595cc8189488ea1b348943158884a: No bootstrap required, opened a new log
I20260709 14:47:35.760176  7622 ts_tablet_manager.cc:1403] T 47e527ea763f41ca99dee0ea4fc7824b P 8f6595cc8189488ea1b348943158884a: Time spent bootstrapping tablet: real 0.156s	user 0.013s	sys 0.026s
I20260709 14:47:35.765477  7674 raft_consensus.cc:493] T 7fd92bb704d143ed93f3062638991176 P 8f6595cc8189488ea1b348943158884a [term 0 FOLLOWER]: Starting pre-election (no leader contacted us within the election timeout)
I20260709 14:47:35.766057  7674 raft_consensus.cc:515] T 7fd92bb704d143ed93f3062638991176 P 8f6595cc8189488ea1b348943158884a [term 0 FOLLOWER]: Starting pre-election with config: opid_index: -1 OBSOLETE_local: false peers { permanent_uuid: "8f6595cc8189488ea1b348943158884a" member_type: VOTER last_known_addr { host: "127.6.41.129" port: 34483 } } peers { permanent_uuid: "e9b20b498c134f73a9a057be24dac5c3" member_type: VOTER last_known_addr { host: "127.6.41.130" port: 45355 } } peers { permanent_uuid: "3a835f650cb84fe5932d0f44223049b3" member_type: VOTER last_known_addr { host: "127.6.41.131" port: 38893 } }
I20260709 14:47:35.768025  7674 leader_election.cc:290] T 7fd92bb704d143ed93f3062638991176 P 8f6595cc8189488ea1b348943158884a [CANDIDATE]: Term 1 pre-election: Requested pre-vote from peers e9b20b498c134f73a9a057be24dac5c3 (127.6.41.130:45355), 3a835f650cb84fe5932d0f44223049b3 (127.6.41.131:38893)
I20260709 14:47:35.767540  7330 catalog_manager.cc:5697] T c7a8c9ffe800451e9a8e3ae668294a7f P e9b20b498c134f73a9a057be24dac5c3 reported cstate change: term changed from 0 to 1, leader changed from <none> to e9b20b498c134f73a9a057be24dac5c3 (127.6.41.130). New cstate: current_term: 1 leader_uuid: "e9b20b498c134f73a9a057be24dac5c3" committed_config { opid_index: -1 OBSOLETE_local: false peers { permanent_uuid: "8f6595cc8189488ea1b348943158884a" member_type: VOTER last_known_addr { host: "127.6.41.129" port: 34483 } health_report { overall_health: UNKNOWN } } peers { permanent_uuid: "e9b20b498c134f73a9a057be24dac5c3" member_type: VOTER last_known_addr { host: "127.6.41.130" port: 45355 } health_report { overall_health: HEALTHY } } peers { permanent_uuid: "3a835f650cb84fe5932d0f44223049b3" member_type: VOTER last_known_addr { host: "127.6.41.131" port: 38893 } health_report { overall_health: UNKNOWN } } }
I20260709 14:47:35.773307  7508 tablet_service.cc:1917] Received RequestConsensusVote() RPC: tablet_id: "7fd92bb704d143ed93f3062638991176" candidate_uuid: "8f6595cc8189488ea1b348943158884a" candidate_term: 1 candidate_status { last_received { term: 0 index: 0 } } ignore_live_leader: false dest_uuid: "e9b20b498c134f73a9a057be24dac5c3" is_pre_election: true
I20260709 14:47:35.773777  7506 raft_consensus.cc:3060] T e4c0c635aa42498096e8a502681e0e83 P e9b20b498c134f73a9a057be24dac5c3 [term 0 FOLLOWER]: Advancing to term 1
I20260709 14:47:35.773938  7508 raft_consensus.cc:2468] T 7fd92bb704d143ed93f3062638991176 P e9b20b498c134f73a9a057be24dac5c3 [term 0 FOLLOWER]: Leader pre-election vote request: Granting yes vote for candidate 8f6595cc8189488ea1b348943158884a in term 0.
I20260709 14:47:35.775558  7397 leader_election.cc:304] T 7fd92bb704d143ed93f3062638991176 P 8f6595cc8189488ea1b348943158884a [CANDIDATE]: Term 1 pre-election: Election decided. Result: candidate won. Election summary: received 2 responses out of 3 voters: 2 yes votes; 0 no votes. yes voters: 8f6595cc8189488ea1b348943158884a, e9b20b498c134f73a9a057be24dac5c3; no voters: 
I20260709 14:47:35.776499  7674 raft_consensus.cc:2804] T 7fd92bb704d143ed93f3062638991176 P 8f6595cc8189488ea1b348943158884a [term 0 FOLLOWER]: Leader pre-election won for term 1
I20260709 14:47:35.776919  7674 raft_consensus.cc:493] T 7fd92bb704d143ed93f3062638991176 P 8f6595cc8189488ea1b348943158884a [term 0 FOLLOWER]: Starting leader election (no leader contacted us within the election timeout)
I20260709 14:47:35.777275  7674 raft_consensus.cc:3060] T 7fd92bb704d143ed93f3062638991176 P 8f6595cc8189488ea1b348943158884a [term 0 FOLLOWER]: Advancing to term 1
I20260709 14:47:35.777453  7580 tablet_service.cc:1917] Received RequestConsensusVote() RPC: tablet_id: "7fd92bb704d143ed93f3062638991176" candidate_uuid: "8f6595cc8189488ea1b348943158884a" candidate_term: 1 candidate_status { last_received { term: 0 index: 0 } } ignore_live_leader: false dest_uuid: "3a835f650cb84fe5932d0f44223049b3" is_pre_election: true
I20260709 14:47:35.782500  7580 raft_consensus.cc:2468] T 7fd92bb704d143ed93f3062638991176 P 3a835f650cb84fe5932d0f44223049b3 [term 0 FOLLOWER]: Leader pre-election vote request: Granting yes vote for candidate 8f6595cc8189488ea1b348943158884a in term 0.
I20260709 14:47:35.796594  7622 raft_consensus.cc:359] T 47e527ea763f41ca99dee0ea4fc7824b P 8f6595cc8189488ea1b348943158884a [term 0 FOLLOWER]: Replica starting. Triggering 0 pending ops. Active config: opid_index: -1 OBSOLETE_local: false peers { permanent_uuid: "8f6595cc8189488ea1b348943158884a" member_type: VOTER last_known_addr { host: "127.6.41.129" port: 34483 } } peers { permanent_uuid: "e9b20b498c134f73a9a057be24dac5c3" member_type: VOTER last_known_addr { host: "127.6.41.130" port: 45355 } } peers { permanent_uuid: "3a835f650cb84fe5932d0f44223049b3" member_type: VOTER last_known_addr { host: "127.6.41.131" port: 38893 } }
I20260709 14:47:35.797274  7622 raft_consensus.cc:385] T 47e527ea763f41ca99dee0ea4fc7824b P 8f6595cc8189488ea1b348943158884a [term 0 FOLLOWER]: Consensus starting up: Expiring failure detector timer to make a prompt election more likely
I20260709 14:47:35.797539  7622 raft_consensus.cc:740] T 47e527ea763f41ca99dee0ea4fc7824b P 8f6595cc8189488ea1b348943158884a [term 0 FOLLOWER]: Becoming Follower/Learner. State: Replica: 8f6595cc8189488ea1b348943158884a, State: Initialized, Role: FOLLOWER
I20260709 14:47:35.798146  7622 consensus_queue.cc:260] T 47e527ea763f41ca99dee0ea4fc7824b P 8f6595cc8189488ea1b348943158884a [NON_LEADER]: Queue going to NON_LEADER mode. State: All replicated index: 0, Majority replicated index: 0, Committed index: 0, Last appended: 0.0, Last appended by leader: 0, Current term: 0, Majority size: -1, State: 0, Mode: NON_LEADER, active raft config: opid_index: -1 OBSOLETE_local: false peers { permanent_uuid: "8f6595cc8189488ea1b348943158884a" member_type: VOTER last_known_addr { host: "127.6.41.129" port: 34483 } } peers { permanent_uuid: "e9b20b498c134f73a9a057be24dac5c3" member_type: VOTER last_known_addr { host: "127.6.41.130" port: 45355 } } peers { permanent_uuid: "3a835f650cb84fe5932d0f44223049b3" member_type: VOTER last_known_addr { host: "127.6.41.131" port: 38893 } }
I20260709 14:47:35.798782  7674 raft_consensus.cc:515] T 7fd92bb704d143ed93f3062638991176 P 8f6595cc8189488ea1b348943158884a [term 1 FOLLOWER]: Starting leader election with config: opid_index: -1 OBSOLETE_local: false peers { permanent_uuid: "8f6595cc8189488ea1b348943158884a" member_type: VOTER last_known_addr { host: "127.6.41.129" port: 34483 } } peers { permanent_uuid: "e9b20b498c134f73a9a057be24dac5c3" member_type: VOTER last_known_addr { host: "127.6.41.130" port: 45355 } } peers { permanent_uuid: "3a835f650cb84fe5932d0f44223049b3" member_type: VOTER last_known_addr { host: "127.6.41.131" port: 38893 } }
I20260709 14:47:35.800154  7622 ts_tablet_manager.cc:1434] T 47e527ea763f41ca99dee0ea4fc7824b P 8f6595cc8189488ea1b348943158884a: Time spent starting tablet: real 0.040s	user 0.003s	sys 0.000s
I20260709 14:47:35.800886  7674 leader_election.cc:290] T 7fd92bb704d143ed93f3062638991176 P 8f6595cc8189488ea1b348943158884a [CANDIDATE]: Term 1 election: Requested vote from peers e9b20b498c134f73a9a057be24dac5c3 (127.6.41.130:45355), 3a835f650cb84fe5932d0f44223049b3 (127.6.41.131:38893)
I20260709 14:47:35.776506  7329 catalog_manager.cc:5697] T 88fca05323034d67a634a657e5f9e298 P 3a835f650cb84fe5932d0f44223049b3 reported cstate change: term changed from 0 to 1, leader changed from <none> to 3a835f650cb84fe5932d0f44223049b3 (127.6.41.131). New cstate: current_term: 1 leader_uuid: "3a835f650cb84fe5932d0f44223049b3" committed_config { opid_index: -1 OBSOLETE_local: false peers { permanent_uuid: "8f6595cc8189488ea1b348943158884a" member_type: VOTER last_known_addr { host: "127.6.41.129" port: 34483 } health_report { overall_health: UNKNOWN } } peers { permanent_uuid: "e9b20b498c134f73a9a057be24dac5c3" member_type: VOTER last_known_addr { host: "127.6.41.130" port: 45355 } health_report { overall_health: UNKNOWN } } peers { permanent_uuid: "3a835f650cb84fe5932d0f44223049b3" member_type: VOTER last_known_addr { host: "127.6.41.131" port: 38893 } health_report { overall_health: HEALTHY } } }
I20260709 14:47:35.802677  7508 tablet_service.cc:1917] Received RequestConsensusVote() RPC: tablet_id: "7fd92bb704d143ed93f3062638991176" candidate_uuid: "8f6595cc8189488ea1b348943158884a" candidate_term: 1 candidate_status { last_received { term: 0 index: 0 } } ignore_live_leader: false dest_uuid: "e9b20b498c134f73a9a057be24dac5c3"
I20260709 14:47:35.803185  7508 raft_consensus.cc:3060] T 7fd92bb704d143ed93f3062638991176 P e9b20b498c134f73a9a057be24dac5c3 [term 0 FOLLOWER]: Advancing to term 1
I20260709 14:47:35.807085  7632 consensus_queue.cc:1048] T e4c0c635aa42498096e8a502681e0e83 P 3a835f650cb84fe5932d0f44223049b3 [LEADER]: Connected to new peer: Peer: permanent_uuid: "e9b20b498c134f73a9a057be24dac5c3" member_type: VOTER last_known_addr { host: "127.6.41.130" port: 45355 }, Status: LMP_MISMATCH, Last received: 0.0, Next index: 1, Last known committed idx: 0, Time since last communication: 0.000s
I20260709 14:47:35.810523  7625 tablet_bootstrap.cc:492] T fbb7b19e751c4c468764fbed53ffff77 P 3a835f650cb84fe5932d0f44223049b3: No bootstrap required, opened a new log
I20260709 14:47:35.811331  7577 tablet_service.cc:1917] Received RequestConsensusVote() RPC: tablet_id: "7fd92bb704d143ed93f3062638991176" candidate_uuid: "8f6595cc8189488ea1b348943158884a" candidate_term: 1 candidate_status { last_received { term: 0 index: 0 } } ignore_live_leader: false dest_uuid: "3a835f650cb84fe5932d0f44223049b3"
I20260709 14:47:35.811949  7577 raft_consensus.cc:3060] T 7fd92bb704d143ed93f3062638991176 P 3a835f650cb84fe5932d0f44223049b3 [term 0 FOLLOWER]: Advancing to term 1
I20260709 14:47:35.815943  7622 tablet_bootstrap.cc:492] T b7c275b0a5004075822c9c7144efe135 P 8f6595cc8189488ea1b348943158884a: Bootstrap starting.
I20260709 14:47:35.818948  7625 ts_tablet_manager.cc:1403] T fbb7b19e751c4c468764fbed53ffff77 P 3a835f650cb84fe5932d0f44223049b3: Time spent bootstrapping tablet: real 0.177s	user 0.009s	sys 0.011s
I20260709 14:47:35.819520  7778 consensus_queue.cc:1048] T 1bf34dbb77504d7787509f04194edd3f P 3a835f650cb84fe5932d0f44223049b3 [LEADER]: Connected to new peer: Peer: permanent_uuid: "e9b20b498c134f73a9a057be24dac5c3" member_type: VOTER last_known_addr { host: "127.6.41.130" port: 45355 }, Status: LMP_MISMATCH, Last received: 0.0, Next index: 1, Last known committed idx: 0, Time since last communication: 0.001s
I20260709 14:47:35.822165  7623 tablet_bootstrap.cc:492] T 47e527ea763f41ca99dee0ea4fc7824b P e9b20b498c134f73a9a057be24dac5c3: No bootstrap required, opened a new log
I20260709 14:47:35.822655  7623 ts_tablet_manager.cc:1403] T 47e527ea763f41ca99dee0ea4fc7824b P e9b20b498c134f73a9a057be24dac5c3: Time spent bootstrapping tablet: real 0.174s	user 0.013s	sys 0.007s
I20260709 14:47:35.822597  7625 raft_consensus.cc:359] T fbb7b19e751c4c468764fbed53ffff77 P 3a835f650cb84fe5932d0f44223049b3 [term 0 FOLLOWER]: Replica starting. Triggering 0 pending ops. Active config: opid_index: -1 OBSOLETE_local: false peers { permanent_uuid: "8f6595cc8189488ea1b348943158884a" member_type: VOTER last_known_addr { host: "127.6.41.129" port: 34483 } } peers { permanent_uuid: "e9b20b498c134f73a9a057be24dac5c3" member_type: VOTER last_known_addr { host: "127.6.41.130" port: 45355 } } peers { permanent_uuid: "3a835f650cb84fe5932d0f44223049b3" member_type: VOTER last_known_addr { host: "127.6.41.131" port: 38893 } }
I20260709 14:47:35.823536  7625 raft_consensus.cc:385] T fbb7b19e751c4c468764fbed53ffff77 P 3a835f650cb84fe5932d0f44223049b3 [term 0 FOLLOWER]: Consensus starting up: Expiring failure detector timer to make a prompt election more likely
I20260709 14:47:35.823894  7625 raft_consensus.cc:740] T fbb7b19e751c4c468764fbed53ffff77 P 3a835f650cb84fe5932d0f44223049b3 [term 0 FOLLOWER]: Becoming Follower/Learner. State: Replica: 3a835f650cb84fe5932d0f44223049b3, State: Initialized, Role: FOLLOWER
I20260709 14:47:35.824630  7625 consensus_queue.cc:260] T fbb7b19e751c4c468764fbed53ffff77 P 3a835f650cb84fe5932d0f44223049b3 [NON_LEADER]: Queue going to NON_LEADER mode. State: All replicated index: 0, Majority replicated index: 0, Committed index: 0, Last appended: 0.0, Last appended by leader: 0, Current term: 0, Majority size: -1, State: 0, Mode: NON_LEADER, active raft config: opid_index: -1 OBSOLETE_local: false peers { permanent_uuid: "8f6595cc8189488ea1b348943158884a" member_type: VOTER last_known_addr { host: "127.6.41.129" port: 34483 } } peers { permanent_uuid: "e9b20b498c134f73a9a057be24dac5c3" member_type: VOTER last_known_addr { host: "127.6.41.130" port: 45355 } } peers { permanent_uuid: "3a835f650cb84fe5932d0f44223049b3" member_type: VOTER last_known_addr { host: "127.6.41.131" port: 38893 } }
I20260709 14:47:35.830406  7330 catalog_manager.cc:5697] T 6dd701c625de4f54a3c90af3e2fe585a P 8f6595cc8189488ea1b348943158884a reported cstate change: term changed from 0 to 1, leader changed from <none> to 8f6595cc8189488ea1b348943158884a (127.6.41.129). New cstate: current_term: 1 leader_uuid: "8f6595cc8189488ea1b348943158884a" committed_config { opid_index: -1 OBSOLETE_local: false peers { permanent_uuid: "8f6595cc8189488ea1b348943158884a" member_type: VOTER last_known_addr { host: "127.6.41.129" port: 34483 } health_report { overall_health: HEALTHY } } peers { permanent_uuid: "e9b20b498c134f73a9a057be24dac5c3" member_type: VOTER last_known_addr { host: "127.6.41.130" port: 45355 } health_report { overall_health: UNKNOWN } } peers { permanent_uuid: "3a835f650cb84fe5932d0f44223049b3" member_type: VOTER last_known_addr { host: "127.6.41.131" port: 38893 } health_report { overall_health: UNKNOWN } } }
I20260709 14:47:35.836491  7778 raft_consensus.cc:493] T fbb7b19e751c4c468764fbed53ffff77 P 3a835f650cb84fe5932d0f44223049b3 [term 0 FOLLOWER]: Starting pre-election (no leader contacted us within the election timeout)
I20260709 14:47:35.837064  7778 raft_consensus.cc:515] T fbb7b19e751c4c468764fbed53ffff77 P 3a835f650cb84fe5932d0f44223049b3 [term 0 FOLLOWER]: Starting pre-election with config: opid_index: -1 OBSOLETE_local: false peers { permanent_uuid: "8f6595cc8189488ea1b348943158884a" member_type: VOTER last_known_addr { host: "127.6.41.129" port: 34483 } } peers { permanent_uuid: "e9b20b498c134f73a9a057be24dac5c3" member_type: VOTER last_known_addr { host: "127.6.41.130" port: 45355 } } peers { permanent_uuid: "3a835f650cb84fe5932d0f44223049b3" member_type: VOTER last_known_addr { host: "127.6.41.131" port: 38893 } }
I20260709 14:47:35.839265  7622 tablet_bootstrap.cc:654] T b7c275b0a5004075822c9c7144efe135 P 8f6595cc8189488ea1b348943158884a: Neither blocks nor log segments found. Creating new log.
I20260709 14:47:35.839171  7778 leader_election.cc:290] T fbb7b19e751c4c468764fbed53ffff77 P 3a835f650cb84fe5932d0f44223049b3 [CANDIDATE]: Term 1 pre-election: Requested pre-vote from peers 8f6595cc8189488ea1b348943158884a (127.6.41.129:34483), e9b20b498c134f73a9a057be24dac5c3 (127.6.41.130:45355)
I20260709 14:47:35.839975  7625 ts_tablet_manager.cc:1434] T fbb7b19e751c4c468764fbed53ffff77 P 3a835f650cb84fe5932d0f44223049b3: Time spent starting tablet: real 0.020s	user 0.011s	sys 0.003s
I20260709 14:47:35.841492  7778 consensus_queue.cc:1048] T f1063888895849c2aab5672acaf219bf P 3a835f650cb84fe5932d0f44223049b3 [LEADER]: Connected to new peer: Peer: permanent_uuid: "8f6595cc8189488ea1b348943158884a" member_type: VOTER last_known_addr { host: "127.6.41.129" port: 34483 }, Status: LMP_MISMATCH, Last received: 0.0, Next index: 1, Last known committed idx: 0, Time since last communication: 0.000s
I20260709 14:47:35.842512  7625 tablet_bootstrap.cc:492] T d0e160dbed0d4241aa77f6a1f9931e60 P 3a835f650cb84fe5932d0f44223049b3: Bootstrap starting.
I20260709 14:47:35.843535  7433 tablet_service.cc:1917] Received RequestConsensusVote() RPC: tablet_id: "fbb7b19e751c4c468764fbed53ffff77" candidate_uuid: "3a835f650cb84fe5932d0f44223049b3" candidate_term: 1 candidate_status { last_received { term: 0 index: 0 } } ignore_live_leader: false dest_uuid: "8f6595cc8189488ea1b348943158884a" is_pre_election: true
I20260709 14:47:35.844609  7505 tablet_service.cc:1917] Received RequestConsensusVote() RPC: tablet_id: "fbb7b19e751c4c468764fbed53ffff77" candidate_uuid: "3a835f650cb84fe5932d0f44223049b3" candidate_term: 1 candidate_status { last_received { term: 0 index: 0 } } ignore_live_leader: false dest_uuid: "e9b20b498c134f73a9a057be24dac5c3" is_pre_election: true
I20260709 14:47:35.846038  7623 raft_consensus.cc:359] T 47e527ea763f41ca99dee0ea4fc7824b P e9b20b498c134f73a9a057be24dac5c3 [term 0 FOLLOWER]: Replica starting. Triggering 0 pending ops. Active config: opid_index: -1 OBSOLETE_local: false peers { permanent_uuid: "8f6595cc8189488ea1b348943158884a" member_type: VOTER last_known_addr { host: "127.6.41.129" port: 34483 } } peers { permanent_uuid: "e9b20b498c134f73a9a057be24dac5c3" member_type: VOTER last_known_addr { host: "127.6.41.130" port: 45355 } } peers { permanent_uuid: "3a835f650cb84fe5932d0f44223049b3" member_type: VOTER last_known_addr { host: "127.6.41.131" port: 38893 } }
I20260709 14:47:35.846603  7623 raft_consensus.cc:385] T 47e527ea763f41ca99dee0ea4fc7824b P e9b20b498c134f73a9a057be24dac5c3 [term 0 FOLLOWER]: Consensus starting up: Expiring failure detector timer to make a prompt election more likely
I20260709 14:47:35.846832  7623 raft_consensus.cc:740] T 47e527ea763f41ca99dee0ea4fc7824b P e9b20b498c134f73a9a057be24dac5c3 [term 0 FOLLOWER]: Becoming Follower/Learner. State: Replica: e9b20b498c134f73a9a057be24dac5c3, State: Initialized, Role: FOLLOWER
I20260709 14:47:35.841279  7577 raft_consensus.cc:2468] T 7fd92bb704d143ed93f3062638991176 P 3a835f650cb84fe5932d0f44223049b3 [term 1 FOLLOWER]: Leader election vote request: Granting yes vote for candidate 8f6595cc8189488ea1b348943158884a in term 1.
I20260709 14:47:35.833461  7508 raft_consensus.cc:2468] T 7fd92bb704d143ed93f3062638991176 P e9b20b498c134f73a9a057be24dac5c3 [term 1 FOLLOWER]: Leader election vote request: Granting yes vote for candidate 8f6595cc8189488ea1b348943158884a in term 1.
W20260709 14:47:35.852505  7546 leader_election.cc:343] T fbb7b19e751c4c468764fbed53ffff77 P 3a835f650cb84fe5932d0f44223049b3 [CANDIDATE]: Term 1 pre-election: Tablet error from VoteRequest() call to peer 8f6595cc8189488ea1b348943158884a (127.6.41.129:34483): Illegal state: must be running to vote when last-logged opid is not known
W20260709 14:47:35.853742  7546 leader_election.cc:343] T fbb7b19e751c4c468764fbed53ffff77 P 3a835f650cb84fe5932d0f44223049b3 [CANDIDATE]: Term 1 pre-election: Tablet error from VoteRequest() call to peer e9b20b498c134f73a9a057be24dac5c3 (127.6.41.130:45355): Illegal state: must be running to vote when last-logged opid is not known
I20260709 14:47:35.853991  7397 leader_election.cc:304] T 7fd92bb704d143ed93f3062638991176 P 8f6595cc8189488ea1b348943158884a [CANDIDATE]: Term 1 election: Election decided. Result: candidate won. Election summary: received 2 responses out of 3 voters: 2 yes votes; 0 no votes. yes voters: 3a835f650cb84fe5932d0f44223049b3, 8f6595cc8189488ea1b348943158884a; no voters: 
I20260709 14:47:35.854319  7546 leader_election.cc:304] T fbb7b19e751c4c468764fbed53ffff77 P 3a835f650cb84fe5932d0f44223049b3 [CANDIDATE]: Term 1 pre-election: Election decided. Result: candidate lost. Election summary: received 3 responses out of 3 voters: 1 yes votes; 2 no votes. yes voters: 3a835f650cb84fe5932d0f44223049b3; no voters: 8f6595cc8189488ea1b348943158884a, e9b20b498c134f73a9a057be24dac5c3
I20260709 14:47:35.855230  7778 raft_consensus.cc:2749] T fbb7b19e751c4c468764fbed53ffff77 P 3a835f650cb84fe5932d0f44223049b3 [term 0 FOLLOWER]: Leader pre-election lost for term 1. Reason: could not achieve majority
I20260709 14:47:35.859166  7623 consensus_queue.cc:260] T 47e527ea763f41ca99dee0ea4fc7824b P e9b20b498c134f73a9a057be24dac5c3 [NON_LEADER]: Queue going to NON_LEADER mode. State: All replicated index: 0, Majority replicated index: 0, Committed index: 0, Last appended: 0.0, Last appended by leader: 0, Current term: 0, Majority size: -1, State: 0, Mode: NON_LEADER, active raft config: opid_index: -1 OBSOLETE_local: false peers { permanent_uuid: "8f6595cc8189488ea1b348943158884a" member_type: VOTER last_known_addr { host: "127.6.41.129" port: 34483 } } peers { permanent_uuid: "e9b20b498c134f73a9a057be24dac5c3" member_type: VOTER last_known_addr { host: "127.6.41.130" port: 45355 } } peers { permanent_uuid: "3a835f650cb84fe5932d0f44223049b3" member_type: VOTER last_known_addr { host: "127.6.41.131" port: 38893 } }
I20260709 14:47:35.865840  7623 ts_tablet_manager.cc:1434] T 47e527ea763f41ca99dee0ea4fc7824b P e9b20b498c134f73a9a057be24dac5c3: Time spent starting tablet: real 0.043s	user 0.005s	sys 0.004s
I20260709 14:47:35.864877  7709 raft_consensus.cc:2804] T 7fd92bb704d143ed93f3062638991176 P 8f6595cc8189488ea1b348943158884a [term 1 FOLLOWER]: Leader election won for term 1
I20260709 14:47:35.867859  7709 raft_consensus.cc:697] T 7fd92bb704d143ed93f3062638991176 P 8f6595cc8189488ea1b348943158884a [term 1 LEADER]: Becoming Leader. State: Replica: 8f6595cc8189488ea1b348943158884a, State: Running, Role: LEADER
I20260709 14:47:35.867744  7623 tablet_bootstrap.cc:492] T 88fca05323034d67a634a657e5f9e298 P e9b20b498c134f73a9a057be24dac5c3: Bootstrap starting.
I20260709 14:47:35.868644  7709 consensus_queue.cc:237] T 7fd92bb704d143ed93f3062638991176 P 8f6595cc8189488ea1b348943158884a [LEADER]: Queue going to LEADER mode. State: All replicated index: 0, Majority replicated index: 0, Committed index: 0, Last appended: 0.0, Last appended by leader: 0, Current term: 1, Majority size: 2, State: 0, Mode: LEADER, active raft config: opid_index: -1 OBSOLETE_local: false peers { permanent_uuid: "8f6595cc8189488ea1b348943158884a" member_type: VOTER last_known_addr { host: "127.6.41.129" port: 34483 } } peers { permanent_uuid: "e9b20b498c134f73a9a057be24dac5c3" member_type: VOTER last_known_addr { host: "127.6.41.130" port: 45355 } } peers { permanent_uuid: "3a835f650cb84fe5932d0f44223049b3" member_type: VOTER last_known_addr { host: "127.6.41.131" port: 38893 } }
I20260709 14:47:35.881484  7623 tablet_bootstrap.cc:654] T 88fca05323034d67a634a657e5f9e298 P e9b20b498c134f73a9a057be24dac5c3: Neither blocks nor log segments found. Creating new log.
I20260709 14:47:35.883860  7625 tablet_bootstrap.cc:654] T d0e160dbed0d4241aa77f6a1f9931e60 P 3a835f650cb84fe5932d0f44223049b3: Neither blocks nor log segments found. Creating new log.
I20260709 14:47:35.889796  7715 consensus_queue.cc:1048] T f1063888895849c2aab5672acaf219bf P 3a835f650cb84fe5932d0f44223049b3 [LEADER]: Connected to new peer: Peer: permanent_uuid: "e9b20b498c134f73a9a057be24dac5c3" member_type: VOTER last_known_addr { host: "127.6.41.130" port: 45355 }, Status: LMP_MISMATCH, Last received: 0.0, Next index: 1, Last known committed idx: 0, Time since last communication: 0.001s
I20260709 14:47:35.895036  7622 tablet_bootstrap.cc:492] T b7c275b0a5004075822c9c7144efe135 P 8f6595cc8189488ea1b348943158884a: No bootstrap required, opened a new log
I20260709 14:47:35.895624  7622 ts_tablet_manager.cc:1403] T b7c275b0a5004075822c9c7144efe135 P 8f6595cc8189488ea1b348943158884a: Time spent bootstrapping tablet: real 0.080s	user 0.009s	sys 0.002s
I20260709 14:47:35.901665  7622 raft_consensus.cc:359] T b7c275b0a5004075822c9c7144efe135 P 8f6595cc8189488ea1b348943158884a [term 0 FOLLOWER]: Replica starting. Triggering 0 pending ops. Active config: opid_index: -1 OBSOLETE_local: false peers { permanent_uuid: "8f6595cc8189488ea1b348943158884a" member_type: VOTER last_known_addr { host: "127.6.41.129" port: 34483 } } peers { permanent_uuid: "e9b20b498c134f73a9a057be24dac5c3" member_type: VOTER last_known_addr { host: "127.6.41.130" port: 45355 } } peers { permanent_uuid: "3a835f650cb84fe5932d0f44223049b3" member_type: VOTER last_known_addr { host: "127.6.41.131" port: 38893 } }
I20260709 14:47:35.903395  7622 raft_consensus.cc:385] T b7c275b0a5004075822c9c7144efe135 P 8f6595cc8189488ea1b348943158884a [term 0 FOLLOWER]: Consensus starting up: Expiring failure detector timer to make a prompt election more likely
I20260709 14:47:35.904081  7622 raft_consensus.cc:740] T b7c275b0a5004075822c9c7144efe135 P 8f6595cc8189488ea1b348943158884a [term 0 FOLLOWER]: Becoming Follower/Learner. State: Replica: 8f6595cc8189488ea1b348943158884a, State: Initialized, Role: FOLLOWER
I20260709 14:47:35.909642  7331 catalog_manager.cc:5697] T 7fd92bb704d143ed93f3062638991176 P 8f6595cc8189488ea1b348943158884a reported cstate change: term changed from 0 to 1, leader changed from <none> to 8f6595cc8189488ea1b348943158884a (127.6.41.129). New cstate: current_term: 1 leader_uuid: "8f6595cc8189488ea1b348943158884a" committed_config { opid_index: -1 OBSOLETE_local: false peers { permanent_uuid: "8f6595cc8189488ea1b348943158884a" member_type: VOTER last_known_addr { host: "127.6.41.129" port: 34483 } health_report { overall_health: HEALTHY } } peers { permanent_uuid: "e9b20b498c134f73a9a057be24dac5c3" member_type: VOTER last_known_addr { host: "127.6.41.130" port: 45355 } health_report { overall_health: UNKNOWN } } peers { permanent_uuid: "3a835f650cb84fe5932d0f44223049b3" member_type: VOTER last_known_addr { host: "127.6.41.131" port: 38893 } health_report { overall_health: UNKNOWN } } }
I20260709 14:47:35.905532  7622 consensus_queue.cc:260] T b7c275b0a5004075822c9c7144efe135 P 8f6595cc8189488ea1b348943158884a [NON_LEADER]: Queue going to NON_LEADER mode. State: All replicated index: 0, Majority replicated index: 0, Committed index: 0, Last appended: 0.0, Last appended by leader: 0, Current term: 0, Majority size: -1, State: 0, Mode: NON_LEADER, active raft config: opid_index: -1 OBSOLETE_local: false peers { permanent_uuid: "8f6595cc8189488ea1b348943158884a" member_type: VOTER last_known_addr { host: "127.6.41.129" port: 34483 } } peers { permanent_uuid: "e9b20b498c134f73a9a057be24dac5c3" member_type: VOTER last_known_addr { host: "127.6.41.130" port: 45355 } } peers { permanent_uuid: "3a835f650cb84fe5932d0f44223049b3" member_type: VOTER last_known_addr { host: "127.6.41.131" port: 38893 } }
I20260709 14:47:35.914361  7622 ts_tablet_manager.cc:1434] T b7c275b0a5004075822c9c7144efe135 P 8f6595cc8189488ea1b348943158884a: Time spent starting tablet: real 0.018s	user 0.006s	sys 0.002s
I20260709 14:47:35.915592  7622 tablet_bootstrap.cc:492] T 9495bcbc9cb54104865c2ba8381251a3 P 8f6595cc8189488ea1b348943158884a: Bootstrap starting.
I20260709 14:47:35.924762  7622 tablet_bootstrap.cc:654] T 9495bcbc9cb54104865c2ba8381251a3 P 8f6595cc8189488ea1b348943158884a: Neither blocks nor log segments found. Creating new log.
I20260709 14:47:35.930765  7623 tablet_bootstrap.cc:492] T 88fca05323034d67a634a657e5f9e298 P e9b20b498c134f73a9a057be24dac5c3: No bootstrap required, opened a new log
I20260709 14:47:35.931195  7623 ts_tablet_manager.cc:1403] T 88fca05323034d67a634a657e5f9e298 P e9b20b498c134f73a9a057be24dac5c3: Time spent bootstrapping tablet: real 0.064s	user 0.012s	sys 0.007s
I20260709 14:47:35.934499  7623 raft_consensus.cc:359] T 88fca05323034d67a634a657e5f9e298 P e9b20b498c134f73a9a057be24dac5c3 [term 0 FOLLOWER]: Replica starting. Triggering 0 pending ops. Active config: opid_index: -1 OBSOLETE_local: false peers { permanent_uuid: "8f6595cc8189488ea1b348943158884a" member_type: VOTER last_known_addr { host: "127.6.41.129" port: 34483 } } peers { permanent_uuid: "e9b20b498c134f73a9a057be24dac5c3" member_type: VOTER last_known_addr { host: "127.6.41.130" port: 45355 } } peers { permanent_uuid: "3a835f650cb84fe5932d0f44223049b3" member_type: VOTER last_known_addr { host: "127.6.41.131" port: 38893 } }
I20260709 14:47:35.935189  7623 raft_consensus.cc:385] T 88fca05323034d67a634a657e5f9e298 P e9b20b498c134f73a9a057be24dac5c3 [term 0 FOLLOWER]: Consensus starting up: Expiring failure detector timer to make a prompt election more likely
I20260709 14:47:35.935384  7625 tablet_bootstrap.cc:492] T d0e160dbed0d4241aa77f6a1f9931e60 P 3a835f650cb84fe5932d0f44223049b3: No bootstrap required, opened a new log
I20260709 14:47:35.935506  7623 raft_consensus.cc:740] T 88fca05323034d67a634a657e5f9e298 P e9b20b498c134f73a9a057be24dac5c3 [term 0 FOLLOWER]: Becoming Follower/Learner. State: Replica: e9b20b498c134f73a9a057be24dac5c3, State: Initialized, Role: FOLLOWER
I20260709 14:47:35.935881  7625 ts_tablet_manager.cc:1403] T d0e160dbed0d4241aa77f6a1f9931e60 P 3a835f650cb84fe5932d0f44223049b3: Time spent bootstrapping tablet: real 0.094s	user 0.010s	sys 0.003s
I20260709 14:47:35.936492  7623 consensus_queue.cc:260] T 88fca05323034d67a634a657e5f9e298 P e9b20b498c134f73a9a057be24dac5c3 [NON_LEADER]: Queue going to NON_LEADER mode. State: All replicated index: 0, Majority replicated index: 0, Committed index: 0, Last appended: 0.0, Last appended by leader: 0, Current term: 0, Majority size: -1, State: 0, Mode: NON_LEADER, active raft config: opid_index: -1 OBSOLETE_local: false peers { permanent_uuid: "8f6595cc8189488ea1b348943158884a" member_type: VOTER last_known_addr { host: "127.6.41.129" port: 34483 } } peers { permanent_uuid: "e9b20b498c134f73a9a057be24dac5c3" member_type: VOTER last_known_addr { host: "127.6.41.130" port: 45355 } } peers { permanent_uuid: "3a835f650cb84fe5932d0f44223049b3" member_type: VOTER last_known_addr { host: "127.6.41.131" port: 38893 } }
I20260709 14:47:35.937297  7622 tablet_bootstrap.cc:492] T 9495bcbc9cb54104865c2ba8381251a3 P 8f6595cc8189488ea1b348943158884a: No bootstrap required, opened a new log
I20260709 14:47:35.937693  7622 ts_tablet_manager.cc:1403] T 9495bcbc9cb54104865c2ba8381251a3 P 8f6595cc8189488ea1b348943158884a: Time spent bootstrapping tablet: real 0.022s	user 0.008s	sys 0.008s
I20260709 14:47:35.938985  7623 ts_tablet_manager.cc:1434] T 88fca05323034d67a634a657e5f9e298 P e9b20b498c134f73a9a057be24dac5c3: Time spent starting tablet: real 0.007s	user 0.006s	sys 0.000s
