I20260709 14:47:26.947311  7660 leader_election.cc:290] T 1bc7e43e31bf4e31a25bde488a5a1a37 P 63fb3192a3a84593bceefb0f09e0b384 [CANDIDATE]: Term 1 election: Requested vote from peers 90bf4a117d57424ab2b62d241110aa79 (127.6.55.65:37853), 8c8e56316bb0469ab065dc893f785a63 (127.6.55.66:46825)
I20260709 14:47:26.961210  7732 raft_consensus.cc:2804] T 4ceb2a7e1cc44b8b87e3e63ee58bbd5b P 8c8e56316bb0469ab065dc893f785a63 [term 0 FOLLOWER]: Leader pre-election won for term 1
I20260709 14:47:26.961404  7461 tablet_service.cc:1917] Received RequestConsensusVote() RPC: tablet_id: "9d3bec53de5349de8654c7592a695fef" candidate_uuid: "8c8e56316bb0469ab065dc893f785a63" candidate_term: 1 candidate_status { last_received { term: 0 index: 0 } } ignore_live_leader: false dest_uuid: "90bf4a117d57424ab2b62d241110aa79" is_pre_election: true
I20260709 14:47:26.961707  7732 raft_consensus.cc:493] T 4ceb2a7e1cc44b8b87e3e63ee58bbd5b P 8c8e56316bb0469ab065dc893f785a63 [term 0 FOLLOWER]: Starting leader election (no leader contacted us within the election timeout)
I20260709 14:47:26.962857  7678 leader_election.cc:290] T 9d3bec53de5349de8654c7592a695fef P 63fb3192a3a84593bceefb0f09e0b384 [CANDIDATE]: Term 1 election: Requested vote from peers 90bf4a117d57424ab2b62d241110aa79 (127.6.55.65:37853), 8c8e56316bb0469ab065dc893f785a63 (127.6.55.66:46825)
I20260709 14:47:26.962071  7461 raft_consensus.cc:2468] T 9d3bec53de5349de8654c7592a695fef P 90bf4a117d57424ab2b62d241110aa79 [term 0 FOLLOWER]: Leader pre-election vote request: Granting yes vote for candidate 8c8e56316bb0469ab065dc893f785a63 in term 0.
I20260709 14:47:26.966043  7838 raft_consensus.cc:493] T 27de57bf588747d09f8a31423a7c5dbf P 63fb3192a3a84593bceefb0f09e0b384 [term 0 FOLLOWER]: Starting pre-election (no leader contacted us within the election timeout)
I20260709 14:47:26.966552  7838 raft_consensus.cc:515] T 27de57bf588747d09f8a31423a7c5dbf P 63fb3192a3a84593bceefb0f09e0b384 [term 0 FOLLOWER]: Starting pre-election with config: opid_index: -1 OBSOLETE_local: false peers { permanent_uuid: "90bf4a117d57424ab2b62d241110aa79" member_type: VOTER last_known_addr { host: "127.6.55.65" port: 37853 } } peers { permanent_uuid: "8c8e56316bb0469ab065dc893f785a63" member_type: VOTER last_known_addr { host: "127.6.55.66" port: 46825 } } peers { permanent_uuid: "63fb3192a3a84593bceefb0f09e0b384" member_type: VOTER last_known_addr { host: "127.6.55.67" port: 44441 } }
I20260709 14:47:26.962065  7732 raft_consensus.cc:3060] T 4ceb2a7e1cc44b8b87e3e63ee58bbd5b P 8c8e56316bb0469ab065dc893f785a63 [term 0 FOLLOWER]: Advancing to term 1
I20260709 14:47:26.980801  7612 tablet_service.cc:1917] Received RequestConsensusVote() RPC: tablet_id: "9d3bec53de5349de8654c7592a695fef" candidate_uuid: "8c8e56316bb0469ab065dc893f785a63" candidate_term: 1 candidate_status { last_received { term: 0 index: 0 } } ignore_live_leader: false dest_uuid: "63fb3192a3a84593bceefb0f09e0b384" is_pre_election: true
I20260709 14:47:26.953800  7840 raft_consensus.cc:515] T 7d4e9a1629c642fe8ae8c5d60f666f5b P 8c8e56316bb0469ab065dc893f785a63 [term 0 FOLLOWER]: Starting pre-election with config: opid_index: -1 OBSOLETE_local: false peers { permanent_uuid: "90bf4a117d57424ab2b62d241110aa79" member_type: VOTER last_known_addr { host: "127.6.55.65" port: 37853 } } peers { permanent_uuid: "8c8e56316bb0469ab065dc893f785a63" member_type: VOTER last_known_addr { host: "127.6.55.66" port: 46825 } } peers { permanent_uuid: "63fb3192a3a84593bceefb0f09e0b384" member_type: VOTER last_known_addr { host: "127.6.55.67" port: 44441 } }
I20260709 14:47:26.981704  7612 raft_consensus.cc:2393] T 9d3bec53de5349de8654c7592a695fef P 63fb3192a3a84593bceefb0f09e0b384 [term 1 FOLLOWER]: Leader pre-election vote request: Denying vote to candidate 8c8e56316bb0469ab065dc893f785a63 in current term 1: Already voted for candidate 63fb3192a3a84593bceefb0f09e0b384 in this term.
I20260709 14:47:26.986981  7504 leader_election.cc:304] T 9d3bec53de5349de8654c7592a695fef P 8c8e56316bb0469ab065dc893f785a63 [CANDIDATE]: Term 1 pre-election: Election decided. Result: candidate won. Election summary: received 2 responses out of 3 voters: 2 yes votes; 0 no votes. yes voters: 8c8e56316bb0469ab065dc893f785a63, 90bf4a117d57424ab2b62d241110aa79; no voters: 
I20260709 14:47:26.987946  7730 raft_consensus.cc:2804] T 9d3bec53de5349de8654c7592a695fef P 8c8e56316bb0469ab065dc893f785a63 [term 0 FOLLOWER]: Leader pre-election won for term 1
I20260709 14:47:26.989704  7730 raft_consensus.cc:493] T 9d3bec53de5349de8654c7592a695fef P 8c8e56316bb0469ab065dc893f785a63 [term 0 FOLLOWER]: Starting leader election (no leader contacted us within the election timeout)
I20260709 14:47:26.990048  7730 raft_consensus.cc:3060] T 9d3bec53de5349de8654c7592a695fef P 8c8e56316bb0469ab065dc893f785a63 [term 0 FOLLOWER]: Advancing to term 1
I20260709 14:47:26.991261  7685 leader_election.cc:290] T 300bded7fc084739a00cc86bc06a6125 P 8c8e56316bb0469ab065dc893f785a63 [CANDIDATE]: Term 1 pre-election: Requested pre-vote from peers 90bf4a117d57424ab2b62d241110aa79 (127.6.55.65:37853), 63fb3192a3a84593bceefb0f09e0b384 (127.6.55.67:44441)
I20260709 14:47:26.992530  7461 tablet_service.cc:1917] Received RequestConsensusVote() RPC: tablet_id: "300bded7fc084739a00cc86bc06a6125" candidate_uuid: "8c8e56316bb0469ab065dc893f785a63" candidate_term: 1 candidate_status { last_received { term: 0 index: 0 } } ignore_live_leader: false dest_uuid: "90bf4a117d57424ab2b62d241110aa79" is_pre_election: true
I20260709 14:47:26.996500  7838 leader_election.cc:290] T 27de57bf588747d09f8a31423a7c5dbf P 63fb3192a3a84593bceefb0f09e0b384 [CANDIDATE]: Term 1 pre-election: Requested pre-vote from peers 90bf4a117d57424ab2b62d241110aa79 (127.6.55.65:37853), 8c8e56316bb0469ab065dc893f785a63 (127.6.55.66:46825)
W20260709 14:47:26.997066  7504 leader_election.cc:343] T 300bded7fc084739a00cc86bc06a6125 P 8c8e56316bb0469ab065dc893f785a63 [CANDIDATE]: Term 1 pre-election: Tablet error from VoteRequest() call to peer 90bf4a117d57424ab2b62d241110aa79 (127.6.55.65:37853): Illegal state: must be running to vote when last-logged opid is not known
I20260709 14:47:26.998025  7576 leader_election.cc:304] T 7d4e9a1629c642fe8ae8c5d60f666f5b P 63fb3192a3a84593bceefb0f09e0b384 [CANDIDATE]: Term 1 pre-election: Election decided. Result: candidate won. Election summary: received 3 responses out of 3 voters: 2 yes votes; 1 no votes. yes voters: 63fb3192a3a84593bceefb0f09e0b384, 8c8e56316bb0469ab065dc893f785a63; no voters: 90bf4a117d57424ab2b62d241110aa79
I20260709 14:47:26.999729  7652 tablet_bootstrap.cc:654] T 7d4e9a1629c642fe8ae8c5d60f666f5b P 90bf4a117d57424ab2b62d241110aa79: Neither blocks nor log segments found. Creating new log.
I20260709 14:47:26.988950  7428 leader_election.cc:304] T a6379f32c21f40c8bd7e2c33adc823d1 P 90bf4a117d57424ab2b62d241110aa79 [CANDIDATE]: Term 1 pre-election: Election decided. Result: candidate lost. Election summary: received 3 responses out of 3 voters: 1 yes votes; 2 no votes. yes voters: 90bf4a117d57424ab2b62d241110aa79; no voters: 63fb3192a3a84593bceefb0f09e0b384, 8c8e56316bb0469ab065dc893f785a63
I20260709 14:47:27.002682  7838 raft_consensus.cc:2804] T 7d4e9a1629c642fe8ae8c5d60f666f5b P 63fb3192a3a84593bceefb0f09e0b384 [term 0 FOLLOWER]: Leader pre-election won for term 1
I20260709 14:47:27.005153  7755 raft_consensus.cc:3060] T a6379f32c21f40c8bd7e2c33adc823d1 P 90bf4a117d57424ab2b62d241110aa79 [term 0 FOLLOWER]: Advancing to term 1
I20260709 14:47:27.006353  7840 leader_election.cc:290] T 7d4e9a1629c642fe8ae8c5d60f666f5b P 8c8e56316bb0469ab065dc893f785a63 [CANDIDATE]: Term 1 pre-election: Requested pre-vote from peers 90bf4a117d57424ab2b62d241110aa79 (127.6.55.65:37853), 63fb3192a3a84593bceefb0f09e0b384 (127.6.55.67:44441)
I20260709 14:47:27.004222  7838 raft_consensus.cc:493] T 7d4e9a1629c642fe8ae8c5d60f666f5b P 63fb3192a3a84593bceefb0f09e0b384 [term 0 FOLLOWER]: Starting leader election (no leader contacted us within the election timeout)
I20260709 14:47:27.011050  7653 tablet_bootstrap.cc:492] T 2793092b595a457591a3f0d713f11134 P 8c8e56316bb0469ab065dc893f785a63: No bootstrap required, opened a new log
I20260709 14:47:27.011811  7838 raft_consensus.cc:3060] T 7d4e9a1629c642fe8ae8c5d60f666f5b P 63fb3192a3a84593bceefb0f09e0b384 [term 0 FOLLOWER]: Advancing to term 1
I20260709 14:47:27.012754  7461 tablet_service.cc:1917] Received RequestConsensusVote() RPC: tablet_id: "7d4e9a1629c642fe8ae8c5d60f666f5b" candidate_uuid: "8c8e56316bb0469ab065dc893f785a63" candidate_term: 1 candidate_status { last_received { term: 0 index: 0 } } ignore_live_leader: false dest_uuid: "90bf4a117d57424ab2b62d241110aa79" is_pre_election: true
I20260709 14:47:27.016948  7538 tablet_service.cc:1917] Received RequestConsensusVote() RPC: tablet_id: "1bc7e43e31bf4e31a25bde488a5a1a37" candidate_uuid: "63fb3192a3a84593bceefb0f09e0b384" candidate_term: 1 candidate_status { last_received { term: 0 index: 0 } } ignore_live_leader: false dest_uuid: "8c8e56316bb0469ab065dc893f785a63"
I20260709 14:47:27.017481  7538 raft_consensus.cc:3060] T 1bc7e43e31bf4e31a25bde488a5a1a37 P 8c8e56316bb0469ab065dc893f785a63 [term 0 FOLLOWER]: Advancing to term 1
I20260709 14:47:27.018002  7730 raft_consensus.cc:515] T 9d3bec53de5349de8654c7592a695fef P 8c8e56316bb0469ab065dc893f785a63 [term 1 FOLLOWER]: Starting leader election with config: opid_index: -1 OBSOLETE_local: false peers { permanent_uuid: "90bf4a117d57424ab2b62d241110aa79" member_type: VOTER last_known_addr { host: "127.6.55.65" port: 37853 } } peers { permanent_uuid: "8c8e56316bb0469ab065dc893f785a63" member_type: VOTER last_known_addr { host: "127.6.55.66" port: 46825 } } peers { permanent_uuid: "63fb3192a3a84593bceefb0f09e0b384" member_type: VOTER last_known_addr { host: "127.6.55.67" port: 44441 } }
I20260709 14:47:27.011706  7653 ts_tablet_manager.cc:1403] T 2793092b595a457591a3f0d713f11134 P 8c8e56316bb0469ab065dc893f785a63: Time spent bootstrapping tablet: real 0.248s	user 0.012s	sys 0.014s
I20260709 14:47:27.019721  7360 catalog_manager.cc:5697] T 5d0b8fd01d564f9da394be7c1c8c58ce P 8c8e56316bb0469ab065dc893f785a63 reported cstate change: term changed from 0 to 1, leader changed from <none> to 8c8e56316bb0469ab065dc893f785a63 (127.6.55.66). New cstate: current_term: 1 leader_uuid: "8c8e56316bb0469ab065dc893f785a63" committed_config { opid_index: -1 OBSOLETE_local: false peers { permanent_uuid: "90bf4a117d57424ab2b62d241110aa79" member_type: VOTER last_known_addr { host: "127.6.55.65" port: 37853 } health_report { overall_health: UNKNOWN } } peers { permanent_uuid: "8c8e56316bb0469ab065dc893f785a63" member_type: VOTER last_known_addr { host: "127.6.55.66" port: 46825 } health_report { overall_health: HEALTHY } } peers { permanent_uuid: "63fb3192a3a84593bceefb0f09e0b384" member_type: VOTER last_known_addr { host: "127.6.55.67" port: 44441 } health_report { overall_health: UNKNOWN } } }
I20260709 14:47:27.036641  7730 leader_election.cc:290] T 9d3bec53de5349de8654c7592a695fef P 8c8e56316bb0469ab065dc893f785a63 [CANDIDATE]: Term 1 election: Requested vote from peers 90bf4a117d57424ab2b62d241110aa79 (127.6.55.65:37853), 63fb3192a3a84593bceefb0f09e0b384 (127.6.55.67:44441)
I20260709 14:47:26.999862  7732 raft_consensus.cc:515] T 4ceb2a7e1cc44b8b87e3e63ee58bbd5b P 8c8e56316bb0469ab065dc893f785a63 [term 1 FOLLOWER]: Starting leader election with config: opid_index: -1 OBSOLETE_local: false peers { permanent_uuid: "90bf4a117d57424ab2b62d241110aa79" member_type: VOTER last_known_addr { host: "127.6.55.65" port: 37853 } } peers { permanent_uuid: "8c8e56316bb0469ab065dc893f785a63" member_type: VOTER last_known_addr { host: "127.6.55.66" port: 46825 } } peers { permanent_uuid: "63fb3192a3a84593bceefb0f09e0b384" member_type: VOTER last_known_addr { host: "127.6.55.67" port: 44441 } }
I20260709 14:47:27.068514  7459 raft_consensus.cc:2468] T 1bc7e43e31bf4e31a25bde488a5a1a37 P 90bf4a117d57424ab2b62d241110aa79 [term 1 FOLLOWER]: Leader election vote request: Granting yes vote for candidate 63fb3192a3a84593bceefb0f09e0b384 in term 1.
I20260709 14:47:27.070063  7651 tablet_bootstrap.cc:492] T b1a9e391f3514e8c97edb607d8495aef P 63fb3192a3a84593bceefb0f09e0b384: No bootstrap required, opened a new log
I20260709 14:47:27.070780  7651 ts_tablet_manager.cc:1403] T b1a9e391f3514e8c97edb607d8495aef P 63fb3192a3a84593bceefb0f09e0b384: Time spent bootstrapping tablet: real 0.318s	user 0.023s	sys 0.007s
I20260709 14:47:27.036720  7534 raft_consensus.cc:3060] T d705818b0753485bbb3d0c902f062959 P 8c8e56316bb0469ab065dc893f785a63 [term 0 FOLLOWER]: Advancing to term 1
I20260709 14:47:27.037981  7533 tablet_service.cc:1917] Received RequestConsensusVote() RPC: tablet_id: "9d3bec53de5349de8654c7592a695fef" candidate_uuid: "63fb3192a3a84593bceefb0f09e0b384" candidate_term: 1 candidate_status { last_received { term: 0 index: 0 } } ignore_live_leader: false dest_uuid: "8c8e56316bb0469ab065dc893f785a63"
I20260709 14:47:27.074360  7533 raft_consensus.cc:2393] T 9d3bec53de5349de8654c7592a695fef P 8c8e56316bb0469ab065dc893f785a63 [term 1 FOLLOWER]: Leader election vote request: Denying vote to candidate 63fb3192a3a84593bceefb0f09e0b384 in current term 1: Already voted for candidate 8c8e56316bb0469ab065dc893f785a63 in this term.
I20260709 14:47:27.081380  7535 tablet_service.cc:1917] Received RequestConsensusVote() RPC: tablet_id: "27de57bf588747d09f8a31423a7c5dbf" candidate_uuid: "63fb3192a3a84593bceefb0f09e0b384" candidate_term: 1 candidate_status { last_received { term: 0 index: 0 } } ignore_live_leader: false dest_uuid: "8c8e56316bb0469ab065dc893f785a63" is_pre_election: true
I20260709 14:47:27.081234  7730 consensus_queue.cc:1048] T 4226c86db93e4049a880ec31aaa53286 P 8c8e56316bb0469ab065dc893f785a63 [LEADER]: Connected to new peer: Peer: permanent_uuid: "63fb3192a3a84593bceefb0f09e0b384" member_type: VOTER last_known_addr { host: "127.6.55.67" port: 44441 }, Status: LMP_MISMATCH, Last received: 0.0, Next index: 1, Last known committed idx: 0, Time since last communication: 0.001s
I20260709 14:47:27.074280  7755 raft_consensus.cc:2749] T a6379f32c21f40c8bd7e2c33adc823d1 P 90bf4a117d57424ab2b62d241110aa79 [term 1 FOLLOWER]: Leader pre-election lost for term 1. Reason: could not achieve majority
I20260709 14:47:27.084055  7838 raft_consensus.cc:515] T 7d4e9a1629c642fe8ae8c5d60f666f5b P 63fb3192a3a84593bceefb0f09e0b384 [term 1 FOLLOWER]: Starting leader election with config: opid_index: -1 OBSOLETE_local: false peers { permanent_uuid: "90bf4a117d57424ab2b62d241110aa79" member_type: VOTER last_known_addr { host: "127.6.55.65" port: 37853 } } peers { permanent_uuid: "8c8e56316bb0469ab065dc893f785a63" member_type: VOTER last_known_addr { host: "127.6.55.66" port: 46825 } } peers { permanent_uuid: "63fb3192a3a84593bceefb0f09e0b384" member_type: VOTER last_known_addr { host: "127.6.55.67" port: 44441 } }
W20260709 14:47:27.084055  7504 leader_election.cc:343] T 7d4e9a1629c642fe8ae8c5d60f666f5b P 8c8e56316bb0469ab065dc893f785a63 [CANDIDATE]: Term 1 pre-election: Tablet error from VoteRequest() call to peer 90bf4a117d57424ab2b62d241110aa79 (127.6.55.65:37853): Illegal state: must be running to vote when last-logged opid is not known
I20260709 14:47:27.094252  7732 leader_election.cc:290] T 4ceb2a7e1cc44b8b87e3e63ee58bbd5b P 8c8e56316bb0469ab065dc893f785a63 [CANDIDATE]: Term 1 election: Requested vote from peers 90bf4a117d57424ab2b62d241110aa79 (127.6.55.65:37853), 63fb3192a3a84593bceefb0f09e0b384 (127.6.55.67:44441)
I20260709 14:47:27.098057  7651 raft_consensus.cc:359] T b1a9e391f3514e8c97edb607d8495aef P 63fb3192a3a84593bceefb0f09e0b384 [term 0 FOLLOWER]: Replica starting. Triggering 0 pending ops. Active config: opid_index: -1 OBSOLETE_local: false peers { permanent_uuid: "90bf4a117d57424ab2b62d241110aa79" member_type: VOTER last_known_addr { host: "127.6.55.65" port: 37853 } } peers { permanent_uuid: "8c8e56316bb0469ab065dc893f785a63" member_type: VOTER last_known_addr { host: "127.6.55.66" port: 46825 } } peers { permanent_uuid: "63fb3192a3a84593bceefb0f09e0b384" member_type: VOTER last_known_addr { host: "127.6.55.67" port: 44441 } }
I20260709 14:47:27.099898  7651 raft_consensus.cc:385] T b1a9e391f3514e8c97edb607d8495aef P 63fb3192a3a84593bceefb0f09e0b384 [term 0 FOLLOWER]: Consensus starting up: Expiring failure detector timer to make a prompt election more likely
I20260709 14:47:27.100229  7651 raft_consensus.cc:740] T b1a9e391f3514e8c97edb607d8495aef P 63fb3192a3a84593bceefb0f09e0b384 [term 0 FOLLOWER]: Becoming Follower/Learner. State: Replica: 63fb3192a3a84593bceefb0f09e0b384, State: Initialized, Role: FOLLOWER
I20260709 14:47:27.101142  7651 consensus_queue.cc:260] T b1a9e391f3514e8c97edb607d8495aef P 63fb3192a3a84593bceefb0f09e0b384 [NON_LEADER]: Queue going to NON_LEADER mode. State: All replicated index: 0, Majority replicated index: 0, Committed index: 0, Last appended: 0.0, Last appended by leader: 0, Current term: 0, Majority size: -1, State: 0, Mode: NON_LEADER, active raft config: opid_index: -1 OBSOLETE_local: false peers { permanent_uuid: "90bf4a117d57424ab2b62d241110aa79" member_type: VOTER last_known_addr { host: "127.6.55.65" port: 37853 } } peers { permanent_uuid: "8c8e56316bb0469ab065dc893f785a63" member_type: VOTER last_known_addr { host: "127.6.55.66" port: 46825 } } peers { permanent_uuid: "63fb3192a3a84593bceefb0f09e0b384" member_type: VOTER last_known_addr { host: "127.6.55.67" port: 44441 } }
I20260709 14:47:27.100793  7653 raft_consensus.cc:359] T 2793092b595a457591a3f0d713f11134 P 8c8e56316bb0469ab065dc893f785a63 [term 0 FOLLOWER]: Replica starting. Triggering 0 pending ops. Active config: opid_index: -1 OBSOLETE_local: false peers { permanent_uuid: "90bf4a117d57424ab2b62d241110aa79" member_type: VOTER last_known_addr { host: "127.6.55.65" port: 37853 } } peers { permanent_uuid: "8c8e56316bb0469ab065dc893f785a63" member_type: VOTER last_known_addr { host: "127.6.55.66" port: 46825 } } peers { permanent_uuid: "63fb3192a3a84593bceefb0f09e0b384" member_type: VOTER last_known_addr { host: "127.6.55.67" port: 44441 } }
I20260709 14:47:27.102636  7653 raft_consensus.cc:385] T 2793092b595a457591a3f0d713f11134 P 8c8e56316bb0469ab065dc893f785a63 [term 0 FOLLOWER]: Consensus starting up: Expiring failure detector timer to make a prompt election more likely
I20260709 14:47:27.102874  7653 raft_consensus.cc:740] T 2793092b595a457591a3f0d713f11134 P 8c8e56316bb0469ab065dc893f785a63 [term 0 FOLLOWER]: Becoming Follower/Learner. State: Replica: 8c8e56316bb0469ab065dc893f785a63, State: Initialized, Role: FOLLOWER
I20260709 14:47:27.103332  7653 consensus_queue.cc:260] T 2793092b595a457591a3f0d713f11134 P 8c8e56316bb0469ab065dc893f785a63 [NON_LEADER]: Queue going to NON_LEADER mode. State: All replicated index: 0, Majority replicated index: 0, Committed index: 0, Last appended: 0.0, Last appended by leader: 0, Current term: 0, Majority size: -1, State: 0, Mode: NON_LEADER, active raft config: opid_index: -1 OBSOLETE_local: false peers { permanent_uuid: "90bf4a117d57424ab2b62d241110aa79" member_type: VOTER last_known_addr { host: "127.6.55.65" port: 37853 } } peers { permanent_uuid: "8c8e56316bb0469ab065dc893f785a63" member_type: VOTER last_known_addr { host: "127.6.55.66" port: 46825 } } peers { permanent_uuid: "63fb3192a3a84593bceefb0f09e0b384" member_type: VOTER last_known_addr { host: "127.6.55.67" port: 44441 } }
I20260709 14:47:27.105458  7459 tablet_service.cc:1917] Received RequestConsensusVote() RPC: tablet_id: "9d3bec53de5349de8654c7592a695fef" candidate_uuid: "63fb3192a3a84593bceefb0f09e0b384" candidate_term: 1 candidate_status { last_received { term: 0 index: 0 } } ignore_live_leader: false dest_uuid: "90bf4a117d57424ab2b62d241110aa79"
I20260709 14:47:27.106333  7463 tablet_service.cc:1917] Received RequestConsensusVote() RPC: tablet_id: "27de57bf588747d09f8a31423a7c5dbf" candidate_uuid: "63fb3192a3a84593bceefb0f09e0b384" candidate_term: 1 candidate_status { last_received { term: 0 index: 0 } } ignore_live_leader: false dest_uuid: "90bf4a117d57424ab2b62d241110aa79" is_pre_election: true
I20260709 14:47:27.106355  7459 raft_consensus.cc:3060] T 9d3bec53de5349de8654c7592a695fef P 90bf4a117d57424ab2b62d241110aa79 [term 0 FOLLOWER]: Advancing to term 1
I20260709 14:47:27.108228  7652 tablet_bootstrap.cc:492] T 7d4e9a1629c642fe8ae8c5d60f666f5b P 90bf4a117d57424ab2b62d241110aa79: No bootstrap required, opened a new log
I20260709 14:47:27.108714  7652 ts_tablet_manager.cc:1403] T 7d4e9a1629c642fe8ae8c5d60f666f5b P 90bf4a117d57424ab2b62d241110aa79: Time spent bootstrapping tablet: real 0.162s	user 0.012s	sys 0.010s
I20260709 14:47:27.112282  7652 raft_consensus.cc:359] T 7d4e9a1629c642fe8ae8c5d60f666f5b P 90bf4a117d57424ab2b62d241110aa79 [term 0 FOLLOWER]: Replica starting. Triggering 0 pending ops. Active config: opid_index: -1 OBSOLETE_local: false peers { permanent_uuid: "90bf4a117d57424ab2b62d241110aa79" member_type: VOTER last_known_addr { host: "127.6.55.65" port: 37853 } } peers { permanent_uuid: "8c8e56316bb0469ab065dc893f785a63" member_type: VOTER last_known_addr { host: "127.6.55.66" port: 46825 } } peers { permanent_uuid: "63fb3192a3a84593bceefb0f09e0b384" member_type: VOTER last_known_addr { host: "127.6.55.67" port: 44441 } }
I20260709 14:47:27.120404  7652 raft_consensus.cc:385] T 7d4e9a1629c642fe8ae8c5d60f666f5b P 90bf4a117d57424ab2b62d241110aa79 [term 0 FOLLOWER]: Consensus starting up: Expiring failure detector timer to make a prompt election more likely
I20260709 14:47:27.120754  7652 raft_consensus.cc:740] T 7d4e9a1629c642fe8ae8c5d60f666f5b P 90bf4a117d57424ab2b62d241110aa79 [term 0 FOLLOWER]: Becoming Follower/Learner. State: Replica: 90bf4a117d57424ab2b62d241110aa79, State: Initialized, Role: FOLLOWER
I20260709 14:47:27.112753  7538 raft_consensus.cc:2468] T 1bc7e43e31bf4e31a25bde488a5a1a37 P 8c8e56316bb0469ab065dc893f785a63 [term 1 FOLLOWER]: Leader election vote request: Granting yes vote for candidate 63fb3192a3a84593bceefb0f09e0b384 in term 1.
I20260709 14:47:27.115023  7461 tablet_service.cc:1917] Received RequestConsensusVote() RPC: tablet_id: "9d3bec53de5349de8654c7592a695fef" candidate_uuid: "8c8e56316bb0469ab065dc893f785a63" candidate_term: 1 candidate_status { last_received { term: 0 index: 0 } } ignore_live_leader: false dest_uuid: "90bf4a117d57424ab2b62d241110aa79"
I20260709 14:47:27.118258  7463 tablet_service.cc:1917] Received RequestConsensusVote() RPC: tablet_id: "4ceb2a7e1cc44b8b87e3e63ee58bbd5b" candidate_uuid: "8c8e56316bb0469ab065dc893f785a63" candidate_term: 1 candidate_status { last_received { term: 0 index: 0 } } ignore_live_leader: false dest_uuid: "90bf4a117d57424ab2b62d241110aa79"
I20260709 14:47:27.121621  7609 tablet_service.cc:1917] Received RequestConsensusVote() RPC: tablet_id: "7d4e9a1629c642fe8ae8c5d60f666f5b" candidate_uuid: "8c8e56316bb0469ab065dc893f785a63" candidate_term: 1 candidate_status { last_received { term: 0 index: 0 } } ignore_live_leader: false dest_uuid: "63fb3192a3a84593bceefb0f09e0b384" is_pre_election: true
I20260709 14:47:27.119647  7612 tablet_service.cc:1917] Received RequestConsensusVote() RPC: tablet_id: "300bded7fc084739a00cc86bc06a6125" candidate_uuid: "8c8e56316bb0469ab065dc893f785a63" candidate_term: 1 candidate_status { last_received { term: 0 index: 0 } } ignore_live_leader: false dest_uuid: "63fb3192a3a84593bceefb0f09e0b384" is_pre_election: true
I20260709 14:47:27.124300  7608 tablet_service.cc:1917] Received RequestConsensusVote() RPC: tablet_id: "4ceb2a7e1cc44b8b87e3e63ee58bbd5b" candidate_uuid: "8c8e56316bb0469ab065dc893f785a63" candidate_term: 1 candidate_status { last_received { term: 0 index: 0 } } ignore_live_leader: false dest_uuid: "63fb3192a3a84593bceefb0f09e0b384"
I20260709 14:47:27.119834  7653 ts_tablet_manager.cc:1434] T 2793092b595a457591a3f0d713f11134 P 8c8e56316bb0469ab065dc893f785a63: Time spent starting tablet: real 0.099s	user 0.005s	sys 0.006s
I20260709 14:47:27.121955  7611 tablet_service.cc:1917] Received RequestConsensusVote() RPC: tablet_id: "9d3bec53de5349de8654c7592a695fef" candidate_uuid: "8c8e56316bb0469ab065dc893f785a63" candidate_term: 1 candidate_status { last_received { term: 0 index: 0 } } ignore_live_leader: false dest_uuid: "63fb3192a3a84593bceefb0f09e0b384"
I20260709 14:47:27.125080  7651 ts_tablet_manager.cc:1434] T b1a9e391f3514e8c97edb607d8495aef P 63fb3192a3a84593bceefb0f09e0b384: Time spent starting tablet: real 0.054s	user 0.006s	sys 0.001s
I20260709 14:47:27.121490  7652 consensus_queue.cc:260] T 7d4e9a1629c642fe8ae8c5d60f666f5b P 90bf4a117d57424ab2b62d241110aa79 [NON_LEADER]: Queue going to NON_LEADER mode. State: All replicated index: 0, Majority replicated index: 0, Committed index: 0, Last appended: 0.0, Last appended by leader: 0, Current term: 0, Majority size: -1, State: 0, Mode: NON_LEADER, active raft config: opid_index: -1 OBSOLETE_local: false peers { permanent_uuid: "90bf4a117d57424ab2b62d241110aa79" member_type: VOTER last_known_addr { host: "127.6.55.65" port: 37853 } } peers { permanent_uuid: "8c8e56316bb0469ab065dc893f785a63" member_type: VOTER last_known_addr { host: "127.6.55.66" port: 46825 } } peers { permanent_uuid: "63fb3192a3a84593bceefb0f09e0b384" member_type: VOTER last_known_addr { host: "127.6.55.67" port: 44441 } }
I20260709 14:47:27.121928  7463 raft_consensus.cc:3060] T 4ceb2a7e1cc44b8b87e3e63ee58bbd5b P 90bf4a117d57424ab2b62d241110aa79 [term 0 FOLLOWER]: Advancing to term 1
I20260709 14:47:27.119095  7838 leader_election.cc:290] T 7d4e9a1629c642fe8ae8c5d60f666f5b P 63fb3192a3a84593bceefb0f09e0b384 [CANDIDATE]: Term 1 election: Requested vote from peers 90bf4a117d57424ab2b62d241110aa79 (127.6.55.65:37853), 8c8e56316bb0469ab065dc893f785a63 (127.6.55.66:46825)
I20260709 14:47:27.124404  7612 raft_consensus.cc:2468] T 300bded7fc084739a00cc86bc06a6125 P 63fb3192a3a84593bceefb0f09e0b384 [term 0 FOLLOWER]: Leader pre-election vote request: Granting yes vote for candidate 8c8e56316bb0469ab065dc893f785a63 in term 0.
I20260709 14:47:27.125977  7651 tablet_bootstrap.cc:492] T 86a185247c5b4e67895123d3ef830024 P 63fb3192a3a84593bceefb0f09e0b384: Bootstrap starting.
I20260709 14:47:27.126073  7653 tablet_bootstrap.cc:492] T 27de57bf588747d09f8a31423a7c5dbf P 8c8e56316bb0469ab065dc893f785a63: Bootstrap starting.
I20260709 14:47:27.114128  7578 leader_election.cc:304] T 1bc7e43e31bf4e31a25bde488a5a1a37 P 63fb3192a3a84593bceefb0f09e0b384 [CANDIDATE]: Term 1 election: Election decided. Result: candidate won. Election summary: received 2 responses out of 3 voters: 2 yes votes; 0 no votes. yes voters: 63fb3192a3a84593bceefb0f09e0b384, 90bf4a117d57424ab2b62d241110aa79; no voters: 
I20260709 14:47:27.128852  7652 ts_tablet_manager.cc:1434] T 7d4e9a1629c642fe8ae8c5d60f666f5b P 90bf4a117d57424ab2b62d241110aa79: Time spent starting tablet: real 0.020s	user 0.005s	sys 0.000s
I20260709 14:47:27.129791  7611 raft_consensus.cc:2393] T 9d3bec53de5349de8654c7592a695fef P 63fb3192a3a84593bceefb0f09e0b384 [term 1 FOLLOWER]: Leader election vote request: Denying vote to candidate 8c8e56316bb0469ab065dc893f785a63 in current term 1: Already voted for candidate 63fb3192a3a84593bceefb0f09e0b384 in this term.
I20260709 14:47:27.124913  7608 raft_consensus.cc:3060] T 4ceb2a7e1cc44b8b87e3e63ee58bbd5b P 63fb3192a3a84593bceefb0f09e0b384 [term 0 FOLLOWER]: Advancing to term 1
I20260709 14:47:27.136459  7459 raft_consensus.cc:2468] T 9d3bec53de5349de8654c7592a695fef P 90bf4a117d57424ab2b62d241110aa79 [term 1 FOLLOWER]: Leader election vote request: Granting yes vote for candidate 63fb3192a3a84593bceefb0f09e0b384 in term 1.
I20260709 14:47:27.142258  7609 raft_consensus.cc:2393] T 7d4e9a1629c642fe8ae8c5d60f666f5b P 63fb3192a3a84593bceefb0f09e0b384 [term 1 FOLLOWER]: Leader pre-election vote request: Denying vote to candidate 8c8e56316bb0469ab065dc893f785a63 in current term 1: Already voted for candidate 63fb3192a3a84593bceefb0f09e0b384 in this term.
I20260709 14:47:27.147038  7652 tablet_bootstrap.cc:492] T 300bded7fc084739a00cc86bc06a6125 P 90bf4a117d57424ab2b62d241110aa79: Bootstrap starting.
I20260709 14:47:27.148525  7730 raft_consensus.cc:493] T 2793092b595a457591a3f0d713f11134 P 8c8e56316bb0469ab065dc893f785a63 [term 0 FOLLOWER]: Starting pre-election (no leader contacted us within the election timeout)
I20260709 14:47:27.149242  7463 raft_consensus.cc:2468] T 4ceb2a7e1cc44b8b87e3e63ee58bbd5b P 90bf4a117d57424ab2b62d241110aa79 [term 1 FOLLOWER]: Leader election vote request: Granting yes vote for candidate 8c8e56316bb0469ab065dc893f785a63 in term 1.
I20260709 14:47:27.148978  7730 raft_consensus.cc:515] T 2793092b595a457591a3f0d713f11134 P 8c8e56316bb0469ab065dc893f785a63 [term 0 FOLLOWER]: Starting pre-election with config: opid_index: -1 OBSOLETE_local: false peers { permanent_uuid: "90bf4a117d57424ab2b62d241110aa79" member_type: VOTER last_known_addr { host: "127.6.55.65" port: 37853 } } peers { permanent_uuid: "8c8e56316bb0469ab065dc893f785a63" member_type: VOTER last_known_addr { host: "127.6.55.66" port: 46825 } } peers { permanent_uuid: "63fb3192a3a84593bceefb0f09e0b384" member_type: VOTER last_known_addr { host: "127.6.55.67" port: 44441 } }
I20260709 14:47:27.134042  7838 raft_consensus.cc:2804] T 1bc7e43e31bf4e31a25bde488a5a1a37 P 63fb3192a3a84593bceefb0f09e0b384 [term 1 FOLLOWER]: Leader election won for term 1
I20260709 14:47:27.151072  7730 leader_election.cc:290] T 2793092b595a457591a3f0d713f11134 P 8c8e56316bb0469ab065dc893f785a63 [CANDIDATE]: Term 1 pre-election: Requested pre-vote from peers 90bf4a117d57424ab2b62d241110aa79 (127.6.55.65:37853), 63fb3192a3a84593bceefb0f09e0b384 (127.6.55.67:44441)
I20260709 14:47:27.151563  7660 consensus_queue.cc:1048] T d705818b0753485bbb3d0c902f062959 P 63fb3192a3a84593bceefb0f09e0b384 [LEADER]: Connected to new peer: Peer: permanent_uuid: "90bf4a117d57424ab2b62d241110aa79" member_type: VOTER last_known_addr { host: "127.6.55.65" port: 37853 }, Status: LMP_MISMATCH, Last received: 0.0, Next index: 1, Last known committed idx: 0, Time since last communication: 0.000s
W20260709 14:47:27.152020  7578 leader_election.cc:343] T 27de57bf588747d09f8a31423a7c5dbf P 63fb3192a3a84593bceefb0f09e0b384 [CANDIDATE]: Term 1 pre-election: Tablet error from VoteRequest() call to peer 90bf4a117d57424ab2b62d241110aa79 (127.6.55.65:37853): Illegal state: must be running to vote when last-logged opid is not known
I20260709 14:47:27.152506  7838 raft_consensus.cc:697] T 1bc7e43e31bf4e31a25bde488a5a1a37 P 63fb3192a3a84593bceefb0f09e0b384 [term 1 LEADER]: Becoming Leader. State: Replica: 63fb3192a3a84593bceefb0f09e0b384, State: Running, Role: LEADER
I20260709 14:47:27.153410  7838 consensus_queue.cc:237] T 1bc7e43e31bf4e31a25bde488a5a1a37 P 63fb3192a3a84593bceefb0f09e0b384 [LEADER]: Queue going to LEADER mode. State: All replicated index: 0, Majority replicated index: 0, Committed index: 0, Last appended: 0.0, Last appended by leader: 0, Current term: 1, Majority size: 2, State: 0, Mode: LEADER, active raft config: opid_index: -1 OBSOLETE_local: false peers { permanent_uuid: "90bf4a117d57424ab2b62d241110aa79" member_type: VOTER last_known_addr { host: "127.6.55.65" port: 37853 } } peers { permanent_uuid: "8c8e56316bb0469ab065dc893f785a63" member_type: VOTER last_known_addr { host: "127.6.55.66" port: 46825 } } peers { permanent_uuid: "63fb3192a3a84593bceefb0f09e0b384" member_type: VOTER last_known_addr { host: "127.6.55.67" port: 44441 } }
I20260709 14:47:27.153873  7504 leader_election.cc:304] T 4ceb2a7e1cc44b8b87e3e63ee58bbd5b P 8c8e56316bb0469ab065dc893f785a63 [CANDIDATE]: Term 1 election: Election decided. Result: candidate won. Election summary: received 2 responses out of 3 voters: 2 yes votes; 0 no votes. yes voters: 8c8e56316bb0469ab065dc893f785a63, 90bf4a117d57424ab2b62d241110aa79; no voters: 
I20260709 14:47:27.153502  7459 tablet_service.cc:1917] Received RequestConsensusVote() RPC: tablet_id: "2793092b595a457591a3f0d713f11134" candidate_uuid: "8c8e56316bb0469ab065dc893f785a63" candidate_term: 1 candidate_status { last_received { term: 0 index: 0 } } ignore_live_leader: false dest_uuid: "90bf4a117d57424ab2b62d241110aa79" is_pre_election: true
I20260709 14:47:27.154774  7730 raft_consensus.cc:2804] T 4ceb2a7e1cc44b8b87e3e63ee58bbd5b P 8c8e56316bb0469ab065dc893f785a63 [term 1 FOLLOWER]: Leader election won for term 1
I20260709 14:47:27.154764  7459 raft_consensus.cc:2468] T 2793092b595a457591a3f0d713f11134 P 90bf4a117d57424ab2b62d241110aa79 [term 0 FOLLOWER]: Leader pre-election vote request: Granting yes vote for candidate 8c8e56316bb0469ab065dc893f785a63 in term 0.
I20260709 14:47:27.155442  7538 tablet_service.cc:1917] Received RequestConsensusVote() RPC: tablet_id: "7d4e9a1629c642fe8ae8c5d60f666f5b" candidate_uuid: "63fb3192a3a84593bceefb0f09e0b384" candidate_term: 1 candidate_status { last_received { term: 0 index: 0 } } ignore_live_leader: false dest_uuid: "8c8e56316bb0469ab065dc893f785a63"
I20260709 14:47:27.156001  7538 raft_consensus.cc:3060] T 7d4e9a1629c642fe8ae8c5d60f666f5b P 8c8e56316bb0469ab065dc893f785a63 [term 0 FOLLOWER]: Advancing to term 1
I20260709 14:47:27.155575  7608 raft_consensus.cc:2468] T 4ceb2a7e1cc44b8b87e3e63ee58bbd5b P 63fb3192a3a84593bceefb0f09e0b384 [term 1 FOLLOWER]: Leader election vote request: Granting yes vote for candidate 8c8e56316bb0469ab065dc893f785a63 in term 1.
I20260709 14:47:27.155575  7730 raft_consensus.cc:697] T 4ceb2a7e1cc44b8b87e3e63ee58bbd5b P 8c8e56316bb0469ab065dc893f785a63 [term 1 LEADER]: Becoming Leader. State: Replica: 8c8e56316bb0469ab065dc893f785a63, State: Running, Role: LEADER
I20260709 14:47:27.156203  7504 leader_election.cc:304] T 2793092b595a457591a3f0d713f11134 P 8c8e56316bb0469ab065dc893f785a63 [CANDIDATE]: Term 1 pre-election: Election decided. Result: candidate won. Election summary: received 2 responses out of 3 voters: 2 yes votes; 0 no votes. yes voters: 8c8e56316bb0469ab065dc893f785a63, 90bf4a117d57424ab2b62d241110aa79; no voters: 
I20260709 14:47:27.157164  7730 consensus_queue.cc:237] T 4ceb2a7e1cc44b8b87e3e63ee58bbd5b P 8c8e56316bb0469ab065dc893f785a63 [LEADER]: Queue going to LEADER mode. State: All replicated index: 0, Majority replicated index: 0, Committed index: 0, Last appended: 0.0, Last appended by leader: 0, Current term: 1, Majority size: 2, State: 0, Mode: LEADER, active raft config: opid_index: -1 OBSOLETE_local: false peers { permanent_uuid: "90bf4a117d57424ab2b62d241110aa79" member_type: VOTER last_known_addr { host: "127.6.55.65" port: 37853 } } peers { permanent_uuid: "8c8e56316bb0469ab065dc893f785a63" member_type: VOTER last_known_addr { host: "127.6.55.66" port: 46825 } } peers { permanent_uuid: "63fb3192a3a84593bceefb0f09e0b384" member_type: VOTER last_known_addr { host: "127.6.55.67" port: 44441 } }
I20260709 14:47:27.157629  7734 raft_consensus.cc:2804] T 2793092b595a457591a3f0d713f11134 P 8c8e56316bb0469ab065dc893f785a63 [term 0 FOLLOWER]: Leader pre-election won for term 1
I20260709 14:47:27.158030  7734 raft_consensus.cc:493] T 2793092b595a457591a3f0d713f11134 P 8c8e56316bb0469ab065dc893f785a63 [term 0 FOLLOWER]: Starting leader election (no leader contacted us within the election timeout)
I20260709 14:47:27.158401  7734 raft_consensus.cc:3060] T 2793092b595a457591a3f0d713f11134 P 8c8e56316bb0469ab065dc893f785a63 [term 0 FOLLOWER]: Advancing to term 1
I20260709 14:47:27.160101  7799 raft_consensus.cc:493] T 2793092b595a457591a3f0d713f11134 P 63fb3192a3a84593bceefb0f09e0b384 [term 0 FOLLOWER]: Starting pre-election (no leader contacted us within the election timeout)
I20260709 14:47:27.161705  7799 raft_consensus.cc:515] T 2793092b595a457591a3f0d713f11134 P 63fb3192a3a84593bceefb0f09e0b384 [term 0 FOLLOWER]: Starting pre-election with config: opid_index: -1 OBSOLETE_local: false peers { permanent_uuid: "90bf4a117d57424ab2b62d241110aa79" member_type: VOTER last_known_addr { host: "127.6.55.65" port: 37853 } } peers { permanent_uuid: "8c8e56316bb0469ab065dc893f785a63" member_type: VOTER last_known_addr { host: "127.6.55.66" port: 46825 } } peers { permanent_uuid: "63fb3192a3a84593bceefb0f09e0b384" member_type: VOTER last_known_addr { host: "127.6.55.67" port: 44441 } }
I20260709 14:47:27.163743  7799 leader_election.cc:290] T 2793092b595a457591a3f0d713f11134 P 63fb3192a3a84593bceefb0f09e0b384 [CANDIDATE]: Term 1 pre-election: Requested pre-vote from peers 90bf4a117d57424ab2b62d241110aa79 (127.6.55.65:37853), 8c8e56316bb0469ab065dc893f785a63 (127.6.55.66:46825)
W20260709 14:47:27.165124  7576 leader_election.cc:343] T 27de57bf588747d09f8a31423a7c5dbf P 63fb3192a3a84593bceefb0f09e0b384 [CANDIDATE]: Term 1 pre-election: Tablet error from VoteRequest() call to peer 8c8e56316bb0469ab065dc893f785a63 (127.6.55.66:46825): Illegal state: must be running to vote when last-logged opid is not known
I20260709 14:47:27.166612  7578 leader_election.cc:304] T 9d3bec53de5349de8654c7592a695fef P 63fb3192a3a84593bceefb0f09e0b384 [CANDIDATE]: Term 1 election: Election decided. Result: candidate won. Election summary: received 3 responses out of 3 voters: 2 yes votes; 1 no votes. yes voters: 63fb3192a3a84593bceefb0f09e0b384, 90bf4a117d57424ab2b62d241110aa79; no voters: 8c8e56316bb0469ab065dc893f785a63
I20260709 14:47:27.178820  7576 leader_election.cc:304] T 27de57bf588747d09f8a31423a7c5dbf P 63fb3192a3a84593bceefb0f09e0b384 [CANDIDATE]: Term 1 pre-election: Election decided. Result: candidate lost. Election summary: received 3 responses out of 3 voters: 1 yes votes; 2 no votes. yes voters: 63fb3192a3a84593bceefb0f09e0b384; no voters: 8c8e56316bb0469ab065dc893f785a63, 90bf4a117d57424ab2b62d241110aa79
I20260709 14:47:27.179474  7838 raft_consensus.cc:2804] T 9d3bec53de5349de8654c7592a695fef P 63fb3192a3a84593bceefb0f09e0b384 [term 1 FOLLOWER]: Leader election won for term 1
I20260709 14:47:27.179949  7838 raft_consensus.cc:697] T 9d3bec53de5349de8654c7592a695fef P 63fb3192a3a84593bceefb0f09e0b384 [term 1 LEADER]: Becoming Leader. State: Replica: 63fb3192a3a84593bceefb0f09e0b384, State: Running, Role: LEADER
I20260709 14:47:27.180689  7838 consensus_queue.cc:237] T 9d3bec53de5349de8654c7592a695fef P 63fb3192a3a84593bceefb0f09e0b384 [LEADER]: Queue going to LEADER mode. State: All replicated index: 0, Majority replicated index: 0, Committed index: 0, Last appended: 0.0, Last appended by leader: 0, Current term: 1, Majority size: 2, State: 0, Mode: LEADER, active raft config: opid_index: -1 OBSOLETE_local: false peers { permanent_uuid: "90bf4a117d57424ab2b62d241110aa79" member_type: VOTER last_known_addr { host: "127.6.55.65" port: 37853 } } peers { permanent_uuid: "8c8e56316bb0469ab065dc893f785a63" member_type: VOTER last_known_addr { host: "127.6.55.66" port: 46825 } } peers { permanent_uuid: "63fb3192a3a84593bceefb0f09e0b384" member_type: VOTER last_known_addr { host: "127.6.55.67" port: 44441 } }
I20260709 14:47:27.182729  7459 tablet_service.cc:1917] Received RequestConsensusVote() RPC: tablet_id: "7d4e9a1629c642fe8ae8c5d60f666f5b" candidate_uuid: "63fb3192a3a84593bceefb0f09e0b384" candidate_term: 1 candidate_status { last_received { term: 0 index: 0 } } ignore_live_leader: false dest_uuid: "90bf4a117d57424ab2b62d241110aa79"
I20260709 14:47:27.183369  7459 raft_consensus.cc:3060] T 7d4e9a1629c642fe8ae8c5d60f666f5b P 90bf4a117d57424ab2b62d241110aa79 [term 0 FOLLOWER]: Advancing to term 1
I20260709 14:47:27.214567  7799 raft_consensus.cc:2749] T 27de57bf588747d09f8a31423a7c5dbf P 63fb3192a3a84593bceefb0f09e0b384 [term 0 FOLLOWER]: Leader pre-election lost for term 1. Reason: could not achieve majority
I20260709 14:47:27.168372  7734 raft_consensus.cc:515] T 2793092b595a457591a3f0d713f11134 P 8c8e56316bb0469ab065dc893f785a63 [term 1 FOLLOWER]: Starting leader election with config: opid_index: -1 OBSOLETE_local: false peers { permanent_uuid: "90bf4a117d57424ab2b62d241110aa79" member_type: VOTER last_known_addr { host: "127.6.55.65" port: 37853 } } peers { permanent_uuid: "8c8e56316bb0469ab065dc893f785a63" member_type: VOTER last_known_addr { host: "127.6.55.66" port: 46825 } } peers { permanent_uuid: "63fb3192a3a84593bceefb0f09e0b384" member_type: VOTER last_known_addr { host: "127.6.55.67" port: 44441 } }
I20260709 14:47:27.215647  7462 tablet_service.cc:1917] Received RequestConsensusVote() RPC: tablet_id: "2793092b595a457591a3f0d713f11134" candidate_uuid: "63fb3192a3a84593bceefb0f09e0b384" candidate_term: 1 candidate_status { last_received { term: 0 index: 0 } } ignore_live_leader: false dest_uuid: "90bf4a117d57424ab2b62d241110aa79" is_pre_election: true
I20260709 14:47:27.244572  7651 tablet_bootstrap.cc:654] T 86a185247c5b4e67895123d3ef830024 P 63fb3192a3a84593bceefb0f09e0b384: Neither blocks nor log segments found. Creating new log.
W20260709 14:47:27.241539  7576 outbound_call.cc:321] RPC callback for RPC call kudu.consensus.ConsensusService.RequestConsensusVote -> {remote=127.6.55.66:46825, user_credentials={real_user=slave}} blocked reactor thread for 76440.3us
I20260709 14:47:27.239912  7459 raft_consensus.cc:2468] T 7d4e9a1629c642fe8ae8c5d60f666f5b P 90bf4a117d57424ab2b62d241110aa79 [term 1 FOLLOWER]: Leader election vote request: Granting yes vote for candidate 63fb3192a3a84593bceefb0f09e0b384 in term 1.
I20260709 14:47:27.248227  7678 consensus_queue.cc:1048] T d705818b0753485bbb3d0c902f062959 P 63fb3192a3a84593bceefb0f09e0b384 [LEADER]: Connected to new peer: Peer: permanent_uuid: "8c8e56316bb0469ab065dc893f785a63" member_type: VOTER last_known_addr { host: "127.6.55.66" port: 46825 }, Status: LMP_MISMATCH, Last received: 0.0, Next index: 1, Last known committed idx: 0, Time since last communication: 0.000s
I20260709 14:47:27.248411  7578 leader_election.cc:304] T 7d4e9a1629c642fe8ae8c5d60f666f5b P 63fb3192a3a84593bceefb0f09e0b384 [CANDIDATE]: Term 1 election: Election decided. Result: candidate won. Election summary: received 2 responses out of 3 voters: 2 yes votes; 0 no votes. yes voters: 63fb3192a3a84593bceefb0f09e0b384, 90bf4a117d57424ab2b62d241110aa79; no voters: 
I20260709 14:47:27.249214  7653 tablet_bootstrap.cc:654] T 27de57bf588747d09f8a31423a7c5dbf P 8c8e56316bb0469ab065dc893f785a63: Neither blocks nor log segments found. Creating new log.
I20260709 14:47:27.249151  7660 raft_consensus.cc:2804] T 7d4e9a1629c642fe8ae8c5d60f666f5b P 63fb3192a3a84593bceefb0f09e0b384 [term 1 FOLLOWER]: Leader election won for term 1
I20260709 14:47:27.249742  7660 raft_consensus.cc:697] T 7d4e9a1629c642fe8ae8c5d60f666f5b P 63fb3192a3a84593bceefb0f09e0b384 [term 1 LEADER]: Becoming Leader. State: Replica: 63fb3192a3a84593bceefb0f09e0b384, State: Running, Role: LEADER
I20260709 14:47:27.251137  7660 consensus_queue.cc:237] T 7d4e9a1629c642fe8ae8c5d60f666f5b P 63fb3192a3a84593bceefb0f09e0b384 [LEADER]: Queue going to LEADER mode. State: All replicated index: 0, Majority replicated index: 0, Committed index: 0, Last appended: 0.0, Last appended by leader: 0, Current term: 1, Majority size: 2, State: 0, Mode: LEADER, active raft config: opid_index: -1 OBSOLETE_local: false peers { permanent_uuid: "90bf4a117d57424ab2b62d241110aa79" member_type: VOTER last_known_addr { host: "127.6.55.65" port: 37853 } } peers { permanent_uuid: "8c8e56316bb0469ab065dc893f785a63" member_type: VOTER last_known_addr { host: "127.6.55.66" port: 46825 } } peers { permanent_uuid: "63fb3192a3a84593bceefb0f09e0b384" member_type: VOTER last_known_addr { host: "127.6.55.67" port: 44441 } }
I20260709 14:47:27.252251  7460 tablet_service.cc:1917] Received RequestConsensusVote() RPC: tablet_id: "2793092b595a457591a3f0d713f11134" candidate_uuid: "8c8e56316bb0469ab065dc893f785a63" candidate_term: 1 candidate_status { last_received { term: 0 index: 0 } } ignore_live_leader: false dest_uuid: "90bf4a117d57424ab2b62d241110aa79"
I20260709 14:47:27.253295  7503 leader_election.cc:304] T 300bded7fc084739a00cc86bc06a6125 P 8c8e56316bb0469ab065dc893f785a63 [CANDIDATE]: Term 1 pre-election: Election decided. Result: candidate won. Election summary: received 3 responses out of 3 voters: 2 yes votes; 1 no votes. yes voters: 63fb3192a3a84593bceefb0f09e0b384, 8c8e56316bb0469ab065dc893f785a63; no voters: 90bf4a117d57424ab2b62d241110aa79
I20260709 14:47:27.254061  7840 raft_consensus.cc:2804] T 300bded7fc084739a00cc86bc06a6125 P 8c8e56316bb0469ab065dc893f785a63 [term 0 FOLLOWER]: Leader pre-election won for term 1
I20260709 14:47:27.254410  7840 raft_consensus.cc:493] T 300bded7fc084739a00cc86bc06a6125 P 8c8e56316bb0469ab065dc893f785a63 [term 0 FOLLOWER]: Starting leader election (no leader contacted us within the election timeout)
I20260709 14:47:27.244534  7462 raft_consensus.cc:2468] T 2793092b595a457591a3f0d713f11134 P 90bf4a117d57424ab2b62d241110aa79 [term 0 FOLLOWER]: Leader pre-election vote request: Granting yes vote for candidate 63fb3192a3a84593bceefb0f09e0b384 in term 0.
I20260709 14:47:27.252463  7652 tablet_bootstrap.cc:654] T 300bded7fc084739a00cc86bc06a6125 P 90bf4a117d57424ab2b62d241110aa79: Neither blocks nor log segments found. Creating new log.
I20260709 14:47:27.254716  7503 leader_election.cc:304] T 9d3bec53de5349de8654c7592a695fef P 8c8e56316bb0469ab065dc893f785a63 [CANDIDATE]: Term 1 election: Election decided. Result: candidate lost. Election summary: received 3 responses out of 3 voters: 1 yes votes; 2 no votes. yes voters: 8c8e56316bb0469ab065dc893f785a63; no voters: 63fb3192a3a84593bceefb0f09e0b384, 90bf4a117d57424ab2b62d241110aa79
I20260709 14:47:27.254717  7840 raft_consensus.cc:3060] T 300bded7fc084739a00cc86bc06a6125 P 8c8e56316bb0469ab065dc893f785a63 [term 0 FOLLOWER]: Advancing to term 1
I20260709 14:47:27.256352  7360 catalog_manager.cc:5697] T 4ceb2a7e1cc44b8b87e3e63ee58bbd5b P 8c8e56316bb0469ab065dc893f785a63 reported cstate change: term changed from 0 to 1, leader changed from <none> to 8c8e56316bb0469ab065dc893f785a63 (127.6.55.66). New cstate: current_term: 1 leader_uuid: "8c8e56316bb0469ab065dc893f785a63" committed_config { opid_index: -1 OBSOLETE_local: false peers { permanent_uuid: "90bf4a117d57424ab2b62d241110aa79" member_type: VOTER last_known_addr { host: "127.6.55.65" port: 37853 } health_report { overall_health: UNKNOWN } } peers { permanent_uuid: "8c8e56316bb0469ab065dc893f785a63" member_type: VOTER last_known_addr { host: "127.6.55.66" port: 46825 } health_report { overall_health: HEALTHY } } peers { permanent_uuid: "63fb3192a3a84593bceefb0f09e0b384" member_type: VOTER last_known_addr { host: "127.6.55.67" port: 44441 } health_report { overall_health: UNKNOWN } } }
I20260709 14:47:27.262720  7503 leader_election.cc:304] T 7d4e9a1629c642fe8ae8c5d60f666f5b P 8c8e56316bb0469ab065dc893f785a63 [CANDIDATE]: Term 1 pre-election: Election decided. Result: candidate lost. Election summary: received 3 responses out of 3 voters: 1 yes votes; 2 no votes. yes voters: 8c8e56316bb0469ab065dc893f785a63; no voters: 63fb3192a3a84593bceefb0f09e0b384, 90bf4a117d57424ab2b62d241110aa79
I20260709 14:47:27.263276  7730 raft_consensus.cc:2749] T 9d3bec53de5349de8654c7592a695fef P 8c8e56316bb0469ab065dc893f785a63 [term 1 FOLLOWER]: Leader election lost for term 1. Reason: could not achieve majority
I20260709 14:47:27.244781  7734 leader_election.cc:290] T 2793092b595a457591a3f0d713f11134 P 8c8e56316bb0469ab065dc893f785a63 [CANDIDATE]: Term 1 election: Requested vote from peers 90bf4a117d57424ab2b62d241110aa79 (127.6.55.65:37853), 63fb3192a3a84593bceefb0f09e0b384 (127.6.55.67:44441)
I20260709 14:47:27.270781  7538 raft_consensus.cc:2468] T 7d4e9a1629c642fe8ae8c5d60f666f5b P 8c8e56316bb0469ab065dc893f785a63 [term 1 FOLLOWER]: Leader election vote request: Granting yes vote for candidate 63fb3192a3a84593bceefb0f09e0b384 in term 1.
I20260709 14:47:27.271263  7732 raft_consensus.cc:2749] T 7d4e9a1629c642fe8ae8c5d60f666f5b P 8c8e56316bb0469ab065dc893f785a63 [term 1 FOLLOWER]: Leader pre-election lost for term 1. Reason: could not achieve majority
I20260709 14:47:27.272467  7840 raft_consensus.cc:515] T 300bded7fc084739a00cc86bc06a6125 P 8c8e56316bb0469ab065dc893f785a63 [term 1 FOLLOWER]: Starting leader election with config: opid_index: -1 OBSOLETE_local: false peers { permanent_uuid: "90bf4a117d57424ab2b62d241110aa79" member_type: VOTER last_known_addr { host: "127.6.55.65" port: 37853 } } peers { permanent_uuid: "8c8e56316bb0469ab065dc893f785a63" member_type: VOTER last_known_addr { host: "127.6.55.66" port: 46825 } } peers { permanent_uuid: "63fb3192a3a84593bceefb0f09e0b384" member_type: VOTER last_known_addr { host: "127.6.55.67" port: 44441 } }
I20260709 14:47:27.275183  7460 tablet_service.cc:1917] Received RequestConsensusVote() RPC: tablet_id: "300bded7fc084739a00cc86bc06a6125" candidate_uuid: "8c8e56316bb0469ab065dc893f785a63" candidate_term: 1 candidate_status { last_received { term: 0 index: 0 } } ignore_live_leader: false dest_uuid: "90bf4a117d57424ab2b62d241110aa79"
W20260709 14:47:27.276703  7504 leader_election.cc:343] T 300bded7fc084739a00cc86bc06a6125 P 8c8e56316bb0469ab065dc893f785a63 [CANDIDATE]: Term 1 election: Tablet error from VoteRequest() call to peer 90bf4a117d57424ab2b62d241110aa79 (127.6.55.65:37853): Illegal state: must be running to vote when last-logged opid is not known
I20260709 14:47:27.281030  7578 leader_election.cc:304] T 2793092b595a457591a3f0d713f11134 P 63fb3192a3a84593bceefb0f09e0b384 [CANDIDATE]: Term 1 pre-election: Election decided. Result: candidate won. Election summary: received 2 responses out of 3 voters: 2 yes votes; 0 no votes. yes voters: 63fb3192a3a84593bceefb0f09e0b384, 90bf4a117d57424ab2b62d241110aa79; no voters: 
I20260709 14:47:27.281847  7660 raft_consensus.cc:2804] T 2793092b595a457591a3f0d713f11134 P 63fb3192a3a84593bceefb0f09e0b384 [term 0 FOLLOWER]: Leader pre-election won for term 1
I20260709 14:47:27.282208  7660 raft_consensus.cc:493] T 2793092b595a457591a3f0d713f11134 P 63fb3192a3a84593bceefb0f09e0b384 [term 0 FOLLOWER]: Starting leader election (no leader contacted us within the election timeout)
I20260709 14:47:27.282529  7660 raft_consensus.cc:3060] T 2793092b595a457591a3f0d713f11134 P 63fb3192a3a84593bceefb0f09e0b384 [term 0 FOLLOWER]: Advancing to term 1
