W20260709 14:48:05.217185  1571 consensus_peers.cc:597] T e0d706368e4442289ad79da5bea34b4a P c54630e4c8a1446b864721e98f986e2a -> Peer ba1334c51d554a6da71f8c09113c4f35 (127.0.107.193:38233): Couldn't send request to peer ba1334c51d554a6da71f8c09113c4f35. Error code: TABLET_NOT_RUNNING (12). Status: Illegal state: Tablet not RUNNING: INITIALIZED. This is attempt 1: this message will repeat every 5th retry.
I20260709 14:48:05.219427  1498 leader_election.cc:304] T 8d1fc43a2049447b8b05dc09d76db9e4 P ba1334c51d554a6da71f8c09113c4f35 [CANDIDATE]: Term 1 election: Election decided. Result: candidate won. Election summary: received 3 responses out of 3 voters: 2 yes votes; 1 no votes. yes voters: ba1334c51d554a6da71f8c09113c4f35, c54630e4c8a1446b864721e98f986e2a; no voters: 74a3c740cf9447b09f837ed6ac5df969
I20260709 14:48:05.224092  1572 leader_election.cc:304] T 3acbe54b11494ed3a46119a2db50aaad P c54630e4c8a1446b864721e98f986e2a [CANDIDATE]: Term 1 pre-election: Election decided. Result: candidate won. Election summary: received 3 responses out of 3 voters: 2 yes votes; 1 no votes. yes voters: 74a3c740cf9447b09f837ed6ac5df969, c54630e4c8a1446b864721e98f986e2a; no voters: ba1334c51d554a6da71f8c09113c4f35
I20260709 14:48:05.224821  1774 raft_consensus.cc:2804] T 3acbe54b11494ed3a46119a2db50aaad P c54630e4c8a1446b864721e98f986e2a [term 0 FOLLOWER]: Leader pre-election won for term 1
I20260709 14:48:05.225036  1721 tablet_bootstrap.cc:492] T 8d1fc43a2049447b8b05dc09d76db9e4 P 74a3c740cf9447b09f837ed6ac5df969: No bootstrap required, opened a new log
I20260709 14:48:05.225144  1774 raft_consensus.cc:493] T 3acbe54b11494ed3a46119a2db50aaad P c54630e4c8a1446b864721e98f986e2a [term 0 FOLLOWER]: Starting leader election (no leader contacted us within the election timeout)
I20260709 14:48:05.225569  1721 ts_tablet_manager.cc:1403] T 8d1fc43a2049447b8b05dc09d76db9e4 P 74a3c740cf9447b09f837ed6ac5df969: Time spent bootstrapping tablet: real 0.022s	user 0.013s	sys 0.007s
I20260709 14:48:05.220492  1426 catalog_manager.cc:5697] T 0374846134fb4ff0b55be1d3f1b8f2d4 P c54630e4c8a1446b864721e98f986e2a reported cstate change: term changed from 0 to 1, leader changed from <none> to c54630e4c8a1446b864721e98f986e2a (127.0.107.194). New cstate: current_term: 1 leader_uuid: "c54630e4c8a1446b864721e98f986e2a" committed_config { opid_index: -1 OBSOLETE_local: false peers { permanent_uuid: "ba1334c51d554a6da71f8c09113c4f35" member_type: VOTER last_known_addr { host: "127.0.107.193" port: 38233 } health_report { overall_health: UNKNOWN } } peers { permanent_uuid: "c54630e4c8a1446b864721e98f986e2a" member_type: VOTER last_known_addr { host: "127.0.107.194" port: 43753 } health_report { overall_health: HEALTHY } } peers { permanent_uuid: "74a3c740cf9447b09f837ed6ac5df969" member_type: VOTER last_known_addr { host: "127.0.107.195" port: 42795 } health_report { overall_health: UNKNOWN } } }
I20260709 14:48:05.225546  1774 raft_consensus.cc:3060] T 3acbe54b11494ed3a46119a2db50aaad P c54630e4c8a1446b864721e98f986e2a [term 0 FOLLOWER]: Advancing to term 1
I20260709 14:48:05.230917  1722 tablet_bootstrap.cc:492] T 3143b76c6ab546a3a444f558871ae593 P c54630e4c8a1446b864721e98f986e2a: No bootstrap required, opened a new log
I20260709 14:48:05.231400  1722 ts_tablet_manager.cc:1403] T 3143b76c6ab546a3a444f558871ae593 P c54630e4c8a1446b864721e98f986e2a: Time spent bootstrapping tablet: real 0.025s	user 0.008s	sys 0.008s
I20260709 14:48:05.231683  1774 raft_consensus.cc:515] T 3acbe54b11494ed3a46119a2db50aaad P c54630e4c8a1446b864721e98f986e2a [term 1 FOLLOWER]: Starting leader election with config: opid_index: -1 OBSOLETE_local: false peers { permanent_uuid: "ba1334c51d554a6da71f8c09113c4f35" member_type: VOTER last_known_addr { host: "127.0.107.193" port: 38233 } } peers { permanent_uuid: "c54630e4c8a1446b864721e98f986e2a" member_type: VOTER last_known_addr { host: "127.0.107.194" port: 43753 } } peers { permanent_uuid: "74a3c740cf9447b09f837ed6ac5df969" member_type: VOTER last_known_addr { host: "127.0.107.195" port: 42795 } }
I20260709 14:48:05.225165  1987 raft_consensus.cc:2804] T 8d1fc43a2049447b8b05dc09d76db9e4 P ba1334c51d554a6da71f8c09113c4f35 [term 1 FOLLOWER]: Leader election won for term 1
I20260709 14:48:05.234433  1987 raft_consensus.cc:697] T 8d1fc43a2049447b8b05dc09d76db9e4 P ba1334c51d554a6da71f8c09113c4f35 [term 1 LEADER]: Becoming Leader. State: Replica: ba1334c51d554a6da71f8c09113c4f35, State: Running, Role: LEADER
I20260709 14:48:05.235400  1529 tablet_service.cc:1917] Received RequestConsensusVote() RPC: tablet_id: "3acbe54b11494ed3a46119a2db50aaad" candidate_uuid: "c54630e4c8a1446b864721e98f986e2a" candidate_term: 1 candidate_status { last_received { term: 0 index: 0 } } ignore_live_leader: false dest_uuid: "ba1334c51d554a6da71f8c09113c4f35"
I20260709 14:48:05.235201  1987 consensus_queue.cc:237] T 8d1fc43a2049447b8b05dc09d76db9e4 P ba1334c51d554a6da71f8c09113c4f35 [LEADER]: Queue going to LEADER mode. State: All replicated index: 0, Majority replicated index: 0, Committed index: 0, Last appended: 0.0, Last appended by leader: 0, Current term: 1, Majority size: 2, State: 0, Mode: LEADER, active raft config: opid_index: -1 OBSOLETE_local: false peers { permanent_uuid: "ba1334c51d554a6da71f8c09113c4f35" member_type: VOTER last_known_addr { host: "127.0.107.193" port: 38233 } } peers { permanent_uuid: "c54630e4c8a1446b864721e98f986e2a" member_type: VOTER last_known_addr { host: "127.0.107.194" port: 43753 } } peers { permanent_uuid: "74a3c740cf9447b09f837ed6ac5df969" member_type: VOTER last_known_addr { host: "127.0.107.195" port: 42795 } }
W20260709 14:48:05.237855  1571 leader_election.cc:343] T 3acbe54b11494ed3a46119a2db50aaad P c54630e4c8a1446b864721e98f986e2a [CANDIDATE]: Term 1 election: Tablet error from VoteRequest() call to peer ba1334c51d554a6da71f8c09113c4f35 (127.0.107.193:38233): Illegal state: must be running to vote when last-logged opid is not known
I20260709 14:48:05.240729  1774 leader_election.cc:290] T 3acbe54b11494ed3a46119a2db50aaad P c54630e4c8a1446b864721e98f986e2a [CANDIDATE]: Term 1 election: Requested vote from peers ba1334c51d554a6da71f8c09113c4f35 (127.0.107.193:38233), 74a3c740cf9447b09f837ed6ac5df969 (127.0.107.195:42795)
I20260709 14:48:05.245772  1721 raft_consensus.cc:359] T 8d1fc43a2049447b8b05dc09d76db9e4 P 74a3c740cf9447b09f837ed6ac5df969 [term 0 FOLLOWER]: Replica starting. Triggering 0 pending ops. Active config: opid_index: -1 OBSOLETE_local: false peers { permanent_uuid: "ba1334c51d554a6da71f8c09113c4f35" member_type: VOTER last_known_addr { host: "127.0.107.193" port: 38233 } } peers { permanent_uuid: "c54630e4c8a1446b864721e98f986e2a" member_type: VOTER last_known_addr { host: "127.0.107.194" port: 43753 } } peers { permanent_uuid: "74a3c740cf9447b09f837ed6ac5df969" member_type: VOTER last_known_addr { host: "127.0.107.195" port: 42795 } }
I20260709 14:48:05.245961  1722 raft_consensus.cc:359] T 3143b76c6ab546a3a444f558871ae593 P c54630e4c8a1446b864721e98f986e2a [term 0 FOLLOWER]: Replica starting. Triggering 0 pending ops. Active config: opid_index: -1 OBSOLETE_local: false peers { permanent_uuid: "ba1334c51d554a6da71f8c09113c4f35" member_type: VOTER last_known_addr { host: "127.0.107.193" port: 38233 } } peers { permanent_uuid: "c54630e4c8a1446b864721e98f986e2a" member_type: VOTER last_known_addr { host: "127.0.107.194" port: 43753 } } peers { permanent_uuid: "74a3c740cf9447b09f837ed6ac5df969" member_type: VOTER last_known_addr { host: "127.0.107.195" port: 42795 } }
I20260709 14:48:05.246472  1721 raft_consensus.cc:385] T 8d1fc43a2049447b8b05dc09d76db9e4 P 74a3c740cf9447b09f837ed6ac5df969 [term 0 FOLLOWER]: Consensus starting up: Expiring failure detector timer to make a prompt election more likely
I20260709 14:48:05.246546  1722 raft_consensus.cc:385] T 3143b76c6ab546a3a444f558871ae593 P c54630e4c8a1446b864721e98f986e2a [term 0 FOLLOWER]: Consensus starting up: Expiring failure detector timer to make a prompt election more likely
I20260709 14:48:05.246770  1721 raft_consensus.cc:740] T 8d1fc43a2049447b8b05dc09d76db9e4 P 74a3c740cf9447b09f837ed6ac5df969 [term 0 FOLLOWER]: Becoming Follower/Learner. State: Replica: 74a3c740cf9447b09f837ed6ac5df969, State: Initialized, Role: FOLLOWER
I20260709 14:48:05.246856  1722 raft_consensus.cc:740] T 3143b76c6ab546a3a444f558871ae593 P c54630e4c8a1446b864721e98f986e2a [term 0 FOLLOWER]: Becoming Follower/Learner. State: Replica: c54630e4c8a1446b864721e98f986e2a, State: Initialized, Role: FOLLOWER
I20260709 14:48:05.247449  1721 consensus_queue.cc:260] T 8d1fc43a2049447b8b05dc09d76db9e4 P 74a3c740cf9447b09f837ed6ac5df969 [NON_LEADER]: Queue going to NON_LEADER mode. State: All replicated index: 0, Majority replicated index: 0, Committed index: 0, Last appended: 0.0, Last appended by leader: 0, Current term: 0, Majority size: -1, State: 0, Mode: NON_LEADER, active raft config: opid_index: -1 OBSOLETE_local: false peers { permanent_uuid: "ba1334c51d554a6da71f8c09113c4f35" member_type: VOTER last_known_addr { host: "127.0.107.193" port: 38233 } } peers { permanent_uuid: "c54630e4c8a1446b864721e98f986e2a" member_type: VOTER last_known_addr { host: "127.0.107.194" port: 43753 } } peers { permanent_uuid: "74a3c740cf9447b09f837ed6ac5df969" member_type: VOTER last_known_addr { host: "127.0.107.195" port: 42795 } }
I20260709 14:48:05.247673  1722 consensus_queue.cc:260] T 3143b76c6ab546a3a444f558871ae593 P c54630e4c8a1446b864721e98f986e2a [NON_LEADER]: Queue going to NON_LEADER mode. State: All replicated index: 0, Majority replicated index: 0, Committed index: 0, Last appended: 0.0, Last appended by leader: 0, Current term: 0, Majority size: -1, State: 0, Mode: NON_LEADER, active raft config: opid_index: -1 OBSOLETE_local: false peers { permanent_uuid: "ba1334c51d554a6da71f8c09113c4f35" member_type: VOTER last_known_addr { host: "127.0.107.193" port: 38233 } } peers { permanent_uuid: "c54630e4c8a1446b864721e98f986e2a" member_type: VOTER last_known_addr { host: "127.0.107.194" port: 43753 } } peers { permanent_uuid: "74a3c740cf9447b09f837ed6ac5df969" member_type: VOTER last_known_addr { host: "127.0.107.195" port: 42795 } }
I20260709 14:48:05.249262  1722 ts_tablet_manager.cc:1434] T 3143b76c6ab546a3a444f558871ae593 P c54630e4c8a1446b864721e98f986e2a: Time spent starting tablet: real 0.018s	user 0.005s	sys 0.000s
I20260709 14:48:05.249776  1896 consensus_queue.cc:1048] T f22fce528fd940418b9990141dc51192 P 74a3c740cf9447b09f837ed6ac5df969 [LEADER]: Connected to new peer: Peer: permanent_uuid: "c54630e4c8a1446b864721e98f986e2a" member_type: VOTER last_known_addr { host: "127.0.107.194" port: 43753 }, Status: LMP_MISMATCH, Last received: 0.0, Next index: 1, Last known committed idx: 0, Time since last communication: 0.000s
I20260709 14:48:05.251679  1680 tablet_service.cc:1917] Received RequestConsensusVote() RPC: tablet_id: "3acbe54b11494ed3a46119a2db50aaad" candidate_uuid: "c54630e4c8a1446b864721e98f986e2a" candidate_term: 1 candidate_status { last_received { term: 0 index: 0 } } ignore_live_leader: false dest_uuid: "74a3c740cf9447b09f837ed6ac5df969"
I20260709 14:48:05.252202  1680 raft_consensus.cc:3060] T 3acbe54b11494ed3a46119a2db50aaad P 74a3c740cf9447b09f837ed6ac5df969 [term 0 FOLLOWER]: Advancing to term 1
I20260709 14:48:05.254328  1721 ts_tablet_manager.cc:1434] T 8d1fc43a2049447b8b05dc09d76db9e4 P 74a3c740cf9447b09f837ed6ac5df969: Time spent starting tablet: real 0.028s	user 0.004s	sys 0.001s
I20260709 14:48:05.254630  1722 tablet_bootstrap.cc:492] T 3b60941db9ac45b1aa862ed57f21ca52 P c54630e4c8a1446b864721e98f986e2a: Bootstrap starting.
I20260709 14:48:05.255196  1721 tablet_bootstrap.cc:492] T 913d403ff74e46a0bf1526c0f8031859 P 74a3c740cf9447b09f837ed6ac5df969: Bootstrap starting.
I20260709 14:48:05.262217  1722 tablet_bootstrap.cc:654] T 3b60941db9ac45b1aa862ed57f21ca52 P c54630e4c8a1446b864721e98f986e2a: Neither blocks nor log segments found. Creating new log.
I20260709 14:48:05.267663  1680 raft_consensus.cc:2468] T 3acbe54b11494ed3a46119a2db50aaad P 74a3c740cf9447b09f837ed6ac5df969 [term 1 FOLLOWER]: Leader election vote request: Granting yes vote for candidate c54630e4c8a1446b864721e98f986e2a in term 1.
I20260709 14:48:05.270244  1721 tablet_bootstrap.cc:654] T 913d403ff74e46a0bf1526c0f8031859 P 74a3c740cf9447b09f837ed6ac5df969: Neither blocks nor log segments found. Creating new log.
I20260709 14:48:05.272576  1855 consensus_queue.cc:1048] T e0d706368e4442289ad79da5bea34b4a P c54630e4c8a1446b864721e98f986e2a [LEADER]: Connected to new peer: Peer: permanent_uuid: "74a3c740cf9447b09f837ed6ac5df969" member_type: VOTER last_known_addr { host: "127.0.107.195" port: 42795 }, Status: LMP_MISMATCH, Last received: 0.0, Next index: 1, Last known committed idx: 0, Time since last communication: 0.000s
I20260709 14:48:05.273892  1427 catalog_manager.cc:5697] T 8d1fc43a2049447b8b05dc09d76db9e4 P ba1334c51d554a6da71f8c09113c4f35 reported cstate change: term changed from 0 to 1, leader changed from <none> to ba1334c51d554a6da71f8c09113c4f35 (127.0.107.193). New cstate: current_term: 1 leader_uuid: "ba1334c51d554a6da71f8c09113c4f35" committed_config { opid_index: -1 OBSOLETE_local: false peers { permanent_uuid: "ba1334c51d554a6da71f8c09113c4f35" member_type: VOTER last_known_addr { host: "127.0.107.193" port: 38233 } health_report { overall_health: HEALTHY } } peers { permanent_uuid: "c54630e4c8a1446b864721e98f986e2a" member_type: VOTER last_known_addr { host: "127.0.107.194" port: 43753 } health_report { overall_health: UNKNOWN } } peers { permanent_uuid: "74a3c740cf9447b09f837ed6ac5df969" member_type: VOTER last_known_addr { host: "127.0.107.195" port: 42795 } health_report { overall_health: UNKNOWN } } }
I20260709 14:48:05.279371  1572 leader_election.cc:304] T 3acbe54b11494ed3a46119a2db50aaad P c54630e4c8a1446b864721e98f986e2a [CANDIDATE]: Term 1 election: Election decided. Result: candidate won. Election summary: received 3 responses out of 3 voters: 2 yes votes; 1 no votes. yes voters: 74a3c740cf9447b09f837ed6ac5df969, c54630e4c8a1446b864721e98f986e2a; no voters: ba1334c51d554a6da71f8c09113c4f35
I20260709 14:48:05.280376  1855 raft_consensus.cc:2804] T 3acbe54b11494ed3a46119a2db50aaad P c54630e4c8a1446b864721e98f986e2a [term 1 FOLLOWER]: Leader election won for term 1
I20260709 14:48:05.280846  1855 raft_consensus.cc:697] T 3acbe54b11494ed3a46119a2db50aaad P c54630e4c8a1446b864721e98f986e2a [term 1 LEADER]: Becoming Leader. State: Replica: c54630e4c8a1446b864721e98f986e2a, State: Running, Role: LEADER
I20260709 14:48:05.281653  1855 consensus_queue.cc:237] T 3acbe54b11494ed3a46119a2db50aaad P c54630e4c8a1446b864721e98f986e2a [LEADER]: Queue going to LEADER mode. State: All replicated index: 0, Majority replicated index: 0, Committed index: 0, Last appended: 0.0, Last appended by leader: 0, Current term: 1, Majority size: 2, State: 0, Mode: LEADER, active raft config: opid_index: -1 OBSOLETE_local: false peers { permanent_uuid: "ba1334c51d554a6da71f8c09113c4f35" member_type: VOTER last_known_addr { host: "127.0.107.193" port: 38233 } } peers { permanent_uuid: "c54630e4c8a1446b864721e98f986e2a" member_type: VOTER last_known_addr { host: "127.0.107.194" port: 43753 } } peers { permanent_uuid: "74a3c740cf9447b09f837ed6ac5df969" member_type: VOTER last_known_addr { host: "127.0.107.195" port: 42795 } }
I20260709 14:48:05.291772  1994 consensus_queue.cc:1048] T 61a27ff1bb084f668bdb0ee9ce31b459 P ba1334c51d554a6da71f8c09113c4f35 [LEADER]: Connected to new peer: Peer: permanent_uuid: "74a3c740cf9447b09f837ed6ac5df969" member_type: VOTER last_known_addr { host: "127.0.107.195" port: 42795 }, Status: LMP_MISMATCH, Last received: 0.0, Next index: 1, Last known committed idx: 0, Time since last communication: 0.000s
I20260709 14:48:05.299764  1994 consensus_queue.cc:1048] T 61a27ff1bb084f668bdb0ee9ce31b459 P ba1334c51d554a6da71f8c09113c4f35 [LEADER]: Connected to new peer: Peer: permanent_uuid: "c54630e4c8a1446b864721e98f986e2a" member_type: VOTER last_known_addr { host: "127.0.107.194" port: 43753 }, Status: LMP_MISMATCH, Last received: 0.0, Next index: 1, Last known committed idx: 0, Time since last communication: 0.000s
I20260709 14:48:05.315006  1722 tablet_bootstrap.cc:492] T 3b60941db9ac45b1aa862ed57f21ca52 P c54630e4c8a1446b864721e98f986e2a: No bootstrap required, opened a new log
I20260709 14:48:05.322517  1722 ts_tablet_manager.cc:1403] T 3b60941db9ac45b1aa862ed57f21ca52 P c54630e4c8a1446b864721e98f986e2a: Time spent bootstrapping tablet: real 0.068s	user 0.019s	sys 0.018s
I20260709 14:48:05.324810  1723 tablet_bootstrap.cc:492] T 595d83044d6c4a99a14ecb494ee7e53d P ba1334c51d554a6da71f8c09113c4f35: No bootstrap required, opened a new log
I20260709 14:48:05.325342  1723 ts_tablet_manager.cc:1403] T 595d83044d6c4a99a14ecb494ee7e53d P ba1334c51d554a6da71f8c09113c4f35: Time spent bootstrapping tablet: real 0.153s	user 0.015s	sys 0.025s
I20260709 14:48:05.334247  1722 raft_consensus.cc:359] T 3b60941db9ac45b1aa862ed57f21ca52 P c54630e4c8a1446b864721e98f986e2a [term 0 FOLLOWER]: Replica starting. Triggering 0 pending ops. Active config: opid_index: -1 OBSOLETE_local: false peers { permanent_uuid: "ba1334c51d554a6da71f8c09113c4f35" member_type: VOTER last_known_addr { host: "127.0.107.193" port: 38233 } } peers { permanent_uuid: "c54630e4c8a1446b864721e98f986e2a" member_type: VOTER last_known_addr { host: "127.0.107.194" port: 43753 } } peers { permanent_uuid: "74a3c740cf9447b09f837ed6ac5df969" member_type: VOTER last_known_addr { host: "127.0.107.195" port: 42795 } }
I20260709 14:48:05.334841  1722 raft_consensus.cc:385] T 3b60941db9ac45b1aa862ed57f21ca52 P c54630e4c8a1446b864721e98f986e2a [term 0 FOLLOWER]: Consensus starting up: Expiring failure detector timer to make a prompt election more likely
I20260709 14:48:05.335041  1722 raft_consensus.cc:740] T 3b60941db9ac45b1aa862ed57f21ca52 P c54630e4c8a1446b864721e98f986e2a [term 0 FOLLOWER]: Becoming Follower/Learner. State: Replica: c54630e4c8a1446b864721e98f986e2a, State: Initialized, Role: FOLLOWER
I20260709 14:48:05.335543  1722 consensus_queue.cc:260] T 3b60941db9ac45b1aa862ed57f21ca52 P c54630e4c8a1446b864721e98f986e2a [NON_LEADER]: Queue going to NON_LEADER mode. State: All replicated index: 0, Majority replicated index: 0, Committed index: 0, Last appended: 0.0, Last appended by leader: 0, Current term: 0, Majority size: -1, State: 0, Mode: NON_LEADER, active raft config: opid_index: -1 OBSOLETE_local: false peers { permanent_uuid: "ba1334c51d554a6da71f8c09113c4f35" member_type: VOTER last_known_addr { host: "127.0.107.193" port: 38233 } } peers { permanent_uuid: "c54630e4c8a1446b864721e98f986e2a" member_type: VOTER last_known_addr { host: "127.0.107.194" port: 43753 } } peers { permanent_uuid: "74a3c740cf9447b09f837ed6ac5df969" member_type: VOTER last_known_addr { host: "127.0.107.195" port: 42795 } }
I20260709 14:48:05.336959  1722 ts_tablet_manager.cc:1434] T 3b60941db9ac45b1aa862ed57f21ca52 P c54630e4c8a1446b864721e98f986e2a: Time spent starting tablet: real 0.014s	user 0.001s	sys 0.000s
I20260709 14:48:05.337837  1722 tablet_bootstrap.cc:492] T 2e78a37a47154cf9818d09f03add91f6 P c54630e4c8a1446b864721e98f986e2a: Bootstrap starting.
I20260709 14:48:05.340512  1426 catalog_manager.cc:5697] T 3acbe54b11494ed3a46119a2db50aaad P c54630e4c8a1446b864721e98f986e2a reported cstate change: term changed from 0 to 1, leader changed from <none> to c54630e4c8a1446b864721e98f986e2a (127.0.107.194). New cstate: current_term: 1 leader_uuid: "c54630e4c8a1446b864721e98f986e2a" committed_config { opid_index: -1 OBSOLETE_local: false peers { permanent_uuid: "ba1334c51d554a6da71f8c09113c4f35" member_type: VOTER last_known_addr { host: "127.0.107.193" port: 38233 } health_report { overall_health: UNKNOWN } } peers { permanent_uuid: "c54630e4c8a1446b864721e98f986e2a" member_type: VOTER last_known_addr { host: "127.0.107.194" port: 43753 } health_report { overall_health: HEALTHY } } peers { permanent_uuid: "74a3c740cf9447b09f837ed6ac5df969" member_type: VOTER last_known_addr { host: "127.0.107.195" port: 42795 } health_report { overall_health: UNKNOWN } } }
I20260709 14:48:05.346216  1721 tablet_bootstrap.cc:492] T 913d403ff74e46a0bf1526c0f8031859 P 74a3c740cf9447b09f837ed6ac5df969: No bootstrap required, opened a new log
I20260709 14:48:05.353907  1722 tablet_bootstrap.cc:654] T 2e78a37a47154cf9818d09f03add91f6 P c54630e4c8a1446b864721e98f986e2a: Neither blocks nor log segments found. Creating new log.
I20260709 14:48:05.363428  1804 consensus_queue.cc:1048] T 0aa0c1b9c0c74b60bfcea89e014eacd4 P c54630e4c8a1446b864721e98f986e2a [LEADER]: Connected to new peer: Peer: permanent_uuid: "74a3c740cf9447b09f837ed6ac5df969" member_type: VOTER last_known_addr { host: "127.0.107.195" port: 42795 }, Status: LMP_MISMATCH, Last received: 0.0, Next index: 1, Last known committed idx: 0, Time since last communication: 0.000s
I20260709 14:48:05.365943  1721 ts_tablet_manager.cc:1403] T 913d403ff74e46a0bf1526c0f8031859 P 74a3c740cf9447b09f837ed6ac5df969: Time spent bootstrapping tablet: real 0.092s	user 0.030s	sys 0.024s
I20260709 14:48:05.372514  1721 raft_consensus.cc:359] T 913d403ff74e46a0bf1526c0f8031859 P 74a3c740cf9447b09f837ed6ac5df969 [term 0 FOLLOWER]: Replica starting. Triggering 0 pending ops. Active config: opid_index: -1 OBSOLETE_local: false peers { permanent_uuid: "ba1334c51d554a6da71f8c09113c4f35" member_type: VOTER last_known_addr { host: "127.0.107.193" port: 38233 } } peers { permanent_uuid: "c54630e4c8a1446b864721e98f986e2a" member_type: VOTER last_known_addr { host: "127.0.107.194" port: 43753 } } peers { permanent_uuid: "74a3c740cf9447b09f837ed6ac5df969" member_type: VOTER last_known_addr { host: "127.0.107.195" port: 42795 } }
I20260709 14:48:05.373176  1721 raft_consensus.cc:385] T 913d403ff74e46a0bf1526c0f8031859 P 74a3c740cf9447b09f837ed6ac5df969 [term 0 FOLLOWER]: Consensus starting up: Expiring failure detector timer to make a prompt election more likely
I20260709 14:48:05.373440  1721 raft_consensus.cc:740] T 913d403ff74e46a0bf1526c0f8031859 P 74a3c740cf9447b09f837ed6ac5df969 [term 0 FOLLOWER]: Becoming Follower/Learner. State: Replica: 74a3c740cf9447b09f837ed6ac5df969, State: Initialized, Role: FOLLOWER
I20260709 14:48:05.374063  1721 consensus_queue.cc:260] T 913d403ff74e46a0bf1526c0f8031859 P 74a3c740cf9447b09f837ed6ac5df969 [NON_LEADER]: Queue going to NON_LEADER mode. State: All replicated index: 0, Majority replicated index: 0, Committed index: 0, Last appended: 0.0, Last appended by leader: 0, Current term: 0, Majority size: -1, State: 0, Mode: NON_LEADER, active raft config: opid_index: -1 OBSOLETE_local: false peers { permanent_uuid: "ba1334c51d554a6da71f8c09113c4f35" member_type: VOTER last_known_addr { host: "127.0.107.193" port: 38233 } } peers { permanent_uuid: "c54630e4c8a1446b864721e98f986e2a" member_type: VOTER last_known_addr { host: "127.0.107.194" port: 43753 } } peers { permanent_uuid: "74a3c740cf9447b09f837ed6ac5df969" member_type: VOTER last_known_addr { host: "127.0.107.195" port: 42795 } }
I20260709 14:48:05.375195  1723 raft_consensus.cc:359] T 595d83044d6c4a99a14ecb494ee7e53d P ba1334c51d554a6da71f8c09113c4f35 [term 0 FOLLOWER]: Replica starting. Triggering 0 pending ops. Active config: opid_index: -1 OBSOLETE_local: false peers { permanent_uuid: "ba1334c51d554a6da71f8c09113c4f35" member_type: VOTER last_known_addr { host: "127.0.107.193" port: 38233 } } peers { permanent_uuid: "c54630e4c8a1446b864721e98f986e2a" member_type: VOTER last_known_addr { host: "127.0.107.194" port: 43753 } } peers { permanent_uuid: "74a3c740cf9447b09f837ed6ac5df969" member_type: VOTER last_known_addr { host: "127.0.107.195" port: 42795 } }
I20260709 14:48:05.375854  1723 raft_consensus.cc:385] T 595d83044d6c4a99a14ecb494ee7e53d P ba1334c51d554a6da71f8c09113c4f35 [term 0 FOLLOWER]: Consensus starting up: Expiring failure detector timer to make a prompt election more likely
I20260709 14:48:05.376124  1723 raft_consensus.cc:740] T 595d83044d6c4a99a14ecb494ee7e53d P ba1334c51d554a6da71f8c09113c4f35 [term 0 FOLLOWER]: Becoming Follower/Learner. State: Replica: ba1334c51d554a6da71f8c09113c4f35, State: Initialized, Role: FOLLOWER
I20260709 14:48:05.377068  1721 ts_tablet_manager.cc:1434] T 913d403ff74e46a0bf1526c0f8031859 P 74a3c740cf9447b09f837ed6ac5df969: Time spent starting tablet: real 0.011s	user 0.005s	sys 0.000s
I20260709 14:48:05.379309  1723 consensus_queue.cc:260] T 595d83044d6c4a99a14ecb494ee7e53d P ba1334c51d554a6da71f8c09113c4f35 [NON_LEADER]: Queue going to NON_LEADER mode. State: All replicated index: 0, Majority replicated index: 0, Committed index: 0, Last appended: 0.0, Last appended by leader: 0, Current term: 0, Majority size: -1, State: 0, Mode: NON_LEADER, active raft config: opid_index: -1 OBSOLETE_local: false peers { permanent_uuid: "ba1334c51d554a6da71f8c09113c4f35" member_type: VOTER last_known_addr { host: "127.0.107.193" port: 38233 } } peers { permanent_uuid: "c54630e4c8a1446b864721e98f986e2a" member_type: VOTER last_known_addr { host: "127.0.107.194" port: 43753 } } peers { permanent_uuid: "74a3c740cf9447b09f837ed6ac5df969" member_type: VOTER last_known_addr { host: "127.0.107.195" port: 42795 } }
I20260709 14:48:05.381829  1723 ts_tablet_manager.cc:1434] T 595d83044d6c4a99a14ecb494ee7e53d P ba1334c51d554a6da71f8c09113c4f35: Time spent starting tablet: real 0.056s	user 0.005s	sys 0.001s
I20260709 14:48:05.378041  1721 tablet_bootstrap.cc:492] T 595d83044d6c4a99a14ecb494ee7e53d P 74a3c740cf9447b09f837ed6ac5df969: Bootstrap starting.
I20260709 14:48:05.382736  1723 tablet_bootstrap.cc:492] T 3b60941db9ac45b1aa862ed57f21ca52 P ba1334c51d554a6da71f8c09113c4f35: Bootstrap starting.
I20260709 14:48:05.411244  1723 tablet_bootstrap.cc:654] T 3b60941db9ac45b1aa862ed57f21ca52 P ba1334c51d554a6da71f8c09113c4f35: Neither blocks nor log segments found. Creating new log.
I20260709 14:48:05.414636  1994 raft_consensus.cc:493] T 4fd6c5a30a7b46d1a8210a629cf6e20a P ba1334c51d554a6da71f8c09113c4f35 [term 0 FOLLOWER]: Starting pre-election (no leader contacted us within the election timeout)
I20260709 14:48:05.415169  1994 raft_consensus.cc:515] T 4fd6c5a30a7b46d1a8210a629cf6e20a P ba1334c51d554a6da71f8c09113c4f35 [term 0 FOLLOWER]: Starting pre-election with config: opid_index: -1 OBSOLETE_local: false peers { permanent_uuid: "ba1334c51d554a6da71f8c09113c4f35" member_type: VOTER last_known_addr { host: "127.0.107.193" port: 38233 } } peers { permanent_uuid: "c54630e4c8a1446b864721e98f986e2a" member_type: VOTER last_known_addr { host: "127.0.107.194" port: 43753 } } peers { permanent_uuid: "74a3c740cf9447b09f837ed6ac5df969" member_type: VOTER last_known_addr { host: "127.0.107.195" port: 42795 } }
I20260709 14:48:05.418794  1994 leader_election.cc:290] T 4fd6c5a30a7b46d1a8210a629cf6e20a P ba1334c51d554a6da71f8c09113c4f35 [CANDIDATE]: Term 1 pre-election: Requested pre-vote from peers c54630e4c8a1446b864721e98f986e2a (127.0.107.194:43753), 74a3c740cf9447b09f837ed6ac5df969 (127.0.107.195:42795)
I20260709 14:48:05.419569  1604 tablet_service.cc:1917] Received RequestConsensusVote() RPC: tablet_id: "4fd6c5a30a7b46d1a8210a629cf6e20a" candidate_uuid: "ba1334c51d554a6da71f8c09113c4f35" candidate_term: 1 candidate_status { last_received { term: 0 index: 0 } } ignore_live_leader: false dest_uuid: "c54630e4c8a1446b864721e98f986e2a" is_pre_election: true
I20260709 14:48:05.419792  1680 tablet_service.cc:1917] Received RequestConsensusVote() RPC: tablet_id: "4fd6c5a30a7b46d1a8210a629cf6e20a" candidate_uuid: "ba1334c51d554a6da71f8c09113c4f35" candidate_term: 1 candidate_status { last_received { term: 0 index: 0 } } ignore_live_leader: false dest_uuid: "74a3c740cf9447b09f837ed6ac5df969" is_pre_election: true
I20260709 14:48:05.422118  1855 raft_consensus.cc:493] T 3143b76c6ab546a3a444f558871ae593 P c54630e4c8a1446b864721e98f986e2a [term 0 FOLLOWER]: Starting pre-election (no leader contacted us within the election timeout)
I20260709 14:48:05.422564  1855 raft_consensus.cc:515] T 3143b76c6ab546a3a444f558871ae593 P c54630e4c8a1446b864721e98f986e2a [term 0 FOLLOWER]: Starting pre-election with config: opid_index: -1 OBSOLETE_local: false peers { permanent_uuid: "ba1334c51d554a6da71f8c09113c4f35" member_type: VOTER last_known_addr { host: "127.0.107.193" port: 38233 } } peers { permanent_uuid: "c54630e4c8a1446b864721e98f986e2a" member_type: VOTER last_known_addr { host: "127.0.107.194" port: 43753 } } peers { permanent_uuid: "74a3c740cf9447b09f837ed6ac5df969" member_type: VOTER last_known_addr { host: "127.0.107.195" port: 42795 } }
I20260709 14:48:05.422760  1498 leader_election.cc:304] T 4fd6c5a30a7b46d1a8210a629cf6e20a P ba1334c51d554a6da71f8c09113c4f35 [CANDIDATE]: Term 1 pre-election: Election decided. Result: candidate lost. Election summary: received 3 responses out of 3 voters: 1 yes votes; 2 no votes. yes voters: ba1334c51d554a6da71f8c09113c4f35; no voters: 74a3c740cf9447b09f837ed6ac5df969, c54630e4c8a1446b864721e98f986e2a
I20260709 14:48:05.424400  1987 raft_consensus.cc:2749] T 4fd6c5a30a7b46d1a8210a629cf6e20a P ba1334c51d554a6da71f8c09113c4f35 [term 0 FOLLOWER]: Leader pre-election lost for term 1. Reason: could not achieve majority
I20260709 14:48:05.426594  1529 tablet_service.cc:1917] Received RequestConsensusVote() RPC: tablet_id: "3143b76c6ab546a3a444f558871ae593" candidate_uuid: "c54630e4c8a1446b864721e98f986e2a" candidate_term: 1 candidate_status { last_received { term: 0 index: 0 } } ignore_live_leader: false dest_uuid: "ba1334c51d554a6da71f8c09113c4f35" is_pre_election: true
I20260709 14:48:05.425706  1855 leader_election.cc:290] T 3143b76c6ab546a3a444f558871ae593 P c54630e4c8a1446b864721e98f986e2a [CANDIDATE]: Term 1 pre-election: Requested pre-vote from peers ba1334c51d554a6da71f8c09113c4f35 (127.0.107.193:38233), 74a3c740cf9447b09f837ed6ac5df969 (127.0.107.195:42795)
I20260709 14:48:05.427641  1680 tablet_service.cc:1917] Received RequestConsensusVote() RPC: tablet_id: "3143b76c6ab546a3a444f558871ae593" candidate_uuid: "c54630e4c8a1446b864721e98f986e2a" candidate_term: 1 candidate_status { last_received { term: 0 index: 0 } } ignore_live_leader: false dest_uuid: "74a3c740cf9447b09f837ed6ac5df969" is_pre_election: true
W20260709 14:48:05.429750  1572 leader_election.cc:343] T 3143b76c6ab546a3a444f558871ae593 P c54630e4c8a1446b864721e98f986e2a [CANDIDATE]: Term 1 pre-election: Tablet error from VoteRequest() call to peer 74a3c740cf9447b09f837ed6ac5df969 (127.0.107.195:42795): Illegal state: must be running to vote when last-logged opid is not known
W20260709 14:48:05.431593  1571 leader_election.cc:343] T 3143b76c6ab546a3a444f558871ae593 P c54630e4c8a1446b864721e98f986e2a [CANDIDATE]: Term 1 pre-election: Tablet error from VoteRequest() call to peer ba1334c51d554a6da71f8c09113c4f35 (127.0.107.193:38233): Illegal state: must be running to vote when last-logged opid is not known
I20260709 14:48:05.432024  1571 leader_election.cc:304] T 3143b76c6ab546a3a444f558871ae593 P c54630e4c8a1446b864721e98f986e2a [CANDIDATE]: Term 1 pre-election: Election decided. Result: candidate lost. Election summary: received 3 responses out of 3 voters: 1 yes votes; 2 no votes. yes voters: c54630e4c8a1446b864721e98f986e2a; no voters: 74a3c740cf9447b09f837ed6ac5df969, ba1334c51d554a6da71f8c09113c4f35
I20260709 14:48:05.434126  1774 raft_consensus.cc:493] T 721a0ba687df4af08b0fc22101407ab3 P c54630e4c8a1446b864721e98f986e2a [term 0 FOLLOWER]: Starting pre-election (no leader contacted us within the election timeout)
I20260709 14:48:05.434546  1774 raft_consensus.cc:515] T 721a0ba687df4af08b0fc22101407ab3 P c54630e4c8a1446b864721e98f986e2a [term 0 FOLLOWER]: Starting pre-election with config: opid_index: -1 OBSOLETE_local: false peers { permanent_uuid: "ba1334c51d554a6da71f8c09113c4f35" member_type: VOTER last_known_addr { host: "127.0.107.193" port: 38233 } } peers { permanent_uuid: "c54630e4c8a1446b864721e98f986e2a" member_type: VOTER last_known_addr { host: "127.0.107.194" port: 43753 } } peers { permanent_uuid: "74a3c740cf9447b09f837ed6ac5df969" member_type: VOTER last_known_addr { host: "127.0.107.195" port: 42795 } }
I20260709 14:48:05.436590  1774 leader_election.cc:290] T 721a0ba687df4af08b0fc22101407ab3 P c54630e4c8a1446b864721e98f986e2a [CANDIDATE]: Term 1 pre-election: Requested pre-vote from peers ba1334c51d554a6da71f8c09113c4f35 (127.0.107.193:38233), 74a3c740cf9447b09f837ed6ac5df969 (127.0.107.195:42795)
I20260709 14:48:05.437422  1680 tablet_service.cc:1917] Received RequestConsensusVote() RPC: tablet_id: "721a0ba687df4af08b0fc22101407ab3" candidate_uuid: "c54630e4c8a1446b864721e98f986e2a" candidate_term: 1 candidate_status { last_received { term: 0 index: 0 } } ignore_live_leader: false dest_uuid: "74a3c740cf9447b09f837ed6ac5df969" is_pre_election: true
I20260709 14:48:05.437959  1680 raft_consensus.cc:2468] T 721a0ba687df4af08b0fc22101407ab3 P 74a3c740cf9447b09f837ed6ac5df969 [term 0 FOLLOWER]: Leader pre-election vote request: Granting yes vote for candidate c54630e4c8a1446b864721e98f986e2a in term 0.
I20260709 14:48:05.433630  1855 raft_consensus.cc:2749] T 3143b76c6ab546a3a444f558871ae593 P c54630e4c8a1446b864721e98f986e2a [term 0 FOLLOWER]: Leader pre-election lost for term 1. Reason: could not achieve majority
I20260709 14:48:05.435597  1859 consensus_queue.cc:1048] T 9d4d333f355b4b369f98a0186361755a P ba1334c51d554a6da71f8c09113c4f35 [LEADER]: Connected to new peer: Peer: permanent_uuid: "c54630e4c8a1446b864721e98f986e2a" member_type: VOTER last_known_addr { host: "127.0.107.194" port: 43753 }, Status: LMP_MISMATCH, Last received: 0.0, Next index: 1, Last known committed idx: 0, Time since last communication: 0.003s
I20260709 14:48:05.439052  1572 leader_election.cc:304] T 721a0ba687df4af08b0fc22101407ab3 P c54630e4c8a1446b864721e98f986e2a [CANDIDATE]: Term 1 pre-election: Election decided. Result: candidate won. Election summary: received 2 responses out of 3 voters: 2 yes votes; 0 no votes. yes voters: 74a3c740cf9447b09f837ed6ac5df969, c54630e4c8a1446b864721e98f986e2a; no voters: 
I20260709 14:48:05.439980  1532 tablet_service.cc:1917] Received RequestConsensusVote() RPC: tablet_id: "721a0ba687df4af08b0fc22101407ab3" candidate_uuid: "c54630e4c8a1446b864721e98f986e2a" candidate_term: 1 candidate_status { last_received { term: 0 index: 0 } } ignore_live_leader: false dest_uuid: "ba1334c51d554a6da71f8c09113c4f35" is_pre_election: true
I20260709 14:48:05.441180  1855 raft_consensus.cc:2804] T 721a0ba687df4af08b0fc22101407ab3 P c54630e4c8a1446b864721e98f986e2a [term 0 FOLLOWER]: Leader pre-election won for term 1
W20260709 14:48:05.441488  1571 leader_election.cc:343] T 721a0ba687df4af08b0fc22101407ab3 P c54630e4c8a1446b864721e98f986e2a [CANDIDATE]: Term 1 pre-election: Tablet error from VoteRequest() call to peer ba1334c51d554a6da71f8c09113c4f35 (127.0.107.193:38233): Illegal state: must be running to vote when last-logged opid is not known
I20260709 14:48:05.441545  1855 raft_consensus.cc:493] T 721a0ba687df4af08b0fc22101407ab3 P c54630e4c8a1446b864721e98f986e2a [term 0 FOLLOWER]: Starting leader election (no leader contacted us within the election timeout)
I20260709 14:48:05.443783  1855 raft_consensus.cc:3060] T 721a0ba687df4af08b0fc22101407ab3 P c54630e4c8a1446b864721e98f986e2a [term 0 FOLLOWER]: Advancing to term 1
I20260709 14:48:05.454586  1722 tablet_bootstrap.cc:492] T 2e78a37a47154cf9818d09f03add91f6 P c54630e4c8a1446b864721e98f986e2a: No bootstrap required, opened a new log
I20260709 14:48:05.454706  1855 raft_consensus.cc:515] T 721a0ba687df4af08b0fc22101407ab3 P c54630e4c8a1446b864721e98f986e2a [term 1 FOLLOWER]: Starting leader election with config: opid_index: -1 OBSOLETE_local: false peers { permanent_uuid: "ba1334c51d554a6da71f8c09113c4f35" member_type: VOTER last_known_addr { host: "127.0.107.193" port: 38233 } } peers { permanent_uuid: "c54630e4c8a1446b864721e98f986e2a" member_type: VOTER last_known_addr { host: "127.0.107.194" port: 43753 } } peers { permanent_uuid: "74a3c740cf9447b09f837ed6ac5df969" member_type: VOTER last_known_addr { host: "127.0.107.195" port: 42795 } }
I20260709 14:48:05.457253  1532 tablet_service.cc:1917] Received RequestConsensusVote() RPC: tablet_id: "721a0ba687df4af08b0fc22101407ab3" candidate_uuid: "c54630e4c8a1446b864721e98f986e2a" candidate_term: 1 candidate_status { last_received { term: 0 index: 0 } } ignore_live_leader: false dest_uuid: "ba1334c51d554a6da71f8c09113c4f35"
I20260709 14:48:05.458037  1722 ts_tablet_manager.cc:1403] T 2e78a37a47154cf9818d09f03add91f6 P c54630e4c8a1446b864721e98f986e2a: Time spent bootstrapping tablet: real 0.120s	user 0.023s	sys 0.036s
I20260709 14:48:05.459049  1774 raft_consensus.cc:493] T 3b60941db9ac45b1aa862ed57f21ca52 P c54630e4c8a1446b864721e98f986e2a [term 0 FOLLOWER]: Starting pre-election (no leader contacted us within the election timeout)
I20260709 14:48:05.459383  1774 raft_consensus.cc:515] T 3b60941db9ac45b1aa862ed57f21ca52 P c54630e4c8a1446b864721e98f986e2a [term 0 FOLLOWER]: Starting pre-election with config: opid_index: -1 OBSOLETE_local: false peers { permanent_uuid: "ba1334c51d554a6da71f8c09113c4f35" member_type: VOTER last_known_addr { host: "127.0.107.193" port: 38233 } } peers { permanent_uuid: "c54630e4c8a1446b864721e98f986e2a" member_type: VOTER last_known_addr { host: "127.0.107.194" port: 43753 } } peers { permanent_uuid: "74a3c740cf9447b09f837ed6ac5df969" member_type: VOTER last_known_addr { host: "127.0.107.195" port: 42795 } }
W20260709 14:48:05.458511  1571 leader_election.cc:343] T 721a0ba687df4af08b0fc22101407ab3 P c54630e4c8a1446b864721e98f986e2a [CANDIDATE]: Term 1 election: Tablet error from VoteRequest() call to peer ba1334c51d554a6da71f8c09113c4f35 (127.0.107.193:38233): Illegal state: must be running to vote when last-logged opid is not known
I20260709 14:48:05.463660  1532 raft_consensus.cc:3060] T 4fd6c5a30a7b46d1a8210a629cf6e20a P ba1334c51d554a6da71f8c09113c4f35 [term 0 FOLLOWER]: Advancing to term 1
I20260709 14:48:05.467168  1774 leader_election.cc:290] T 3b60941db9ac45b1aa862ed57f21ca52 P c54630e4c8a1446b864721e98f986e2a [CANDIDATE]: Term 1 pre-election: Requested pre-vote from peers ba1334c51d554a6da71f8c09113c4f35 (127.0.107.193:38233), 74a3c740cf9447b09f837ed6ac5df969 (127.0.107.195:42795)
I20260709 14:48:05.468031  1680 tablet_service.cc:1917] Received RequestConsensusVote() RPC: tablet_id: "3b60941db9ac45b1aa862ed57f21ca52" candidate_uuid: "c54630e4c8a1446b864721e98f986e2a" candidate_term: 1 candidate_status { last_received { term: 0 index: 0 } } ignore_live_leader: false dest_uuid: "74a3c740cf9447b09f837ed6ac5df969" is_pre_election: true
I20260709 14:48:05.467872  1722 raft_consensus.cc:359] T 2e78a37a47154cf9818d09f03add91f6 P c54630e4c8a1446b864721e98f986e2a [term 0 FOLLOWER]: Replica starting. Triggering 0 pending ops. Active config: opid_index: -1 OBSOLETE_local: false peers { permanent_uuid: "ba1334c51d554a6da71f8c09113c4f35" member_type: VOTER last_known_addr { host: "127.0.107.193" port: 38233 } } peers { permanent_uuid: "c54630e4c8a1446b864721e98f986e2a" member_type: VOTER last_known_addr { host: "127.0.107.194" port: 43753 } } peers { permanent_uuid: "74a3c740cf9447b09f837ed6ac5df969" member_type: VOTER last_known_addr { host: "127.0.107.195" port: 42795 } }
I20260709 14:48:05.468539  1722 raft_consensus.cc:385] T 2e78a37a47154cf9818d09f03add91f6 P c54630e4c8a1446b864721e98f986e2a [term 0 FOLLOWER]: Consensus starting up: Expiring failure detector timer to make a prompt election more likely
I20260709 14:48:05.468798  1722 raft_consensus.cc:740] T 2e78a37a47154cf9818d09f03add91f6 P c54630e4c8a1446b864721e98f986e2a [term 0 FOLLOWER]: Becoming Follower/Learner. State: Replica: c54630e4c8a1446b864721e98f986e2a, State: Initialized, Role: FOLLOWER
W20260709 14:48:05.469349  1572 leader_election.cc:343] T 3b60941db9ac45b1aa862ed57f21ca52 P c54630e4c8a1446b864721e98f986e2a [CANDIDATE]: Term 1 pre-election: Tablet error from VoteRequest() call to peer 74a3c740cf9447b09f837ed6ac5df969 (127.0.107.195:42795): Illegal state: must be running to vote when last-logged opid is not known
I20260709 14:48:05.470958  1530 tablet_service.cc:1917] Received RequestConsensusVote() RPC: tablet_id: "3b60941db9ac45b1aa862ed57f21ca52" candidate_uuid: "c54630e4c8a1446b864721e98f986e2a" candidate_term: 1 candidate_status { last_received { term: 0 index: 0 } } ignore_live_leader: false dest_uuid: "ba1334c51d554a6da71f8c09113c4f35" is_pre_election: true
I20260709 14:48:05.469367  1722 consensus_queue.cc:260] T 2e78a37a47154cf9818d09f03add91f6 P c54630e4c8a1446b864721e98f986e2a [NON_LEADER]: Queue going to NON_LEADER mode. State: All replicated index: 0, Majority replicated index: 0, Committed index: 0, Last appended: 0.0, Last appended by leader: 0, Current term: 0, Majority size: -1, State: 0, Mode: NON_LEADER, active raft config: opid_index: -1 OBSOLETE_local: false peers { permanent_uuid: "ba1334c51d554a6da71f8c09113c4f35" member_type: VOTER last_known_addr { host: "127.0.107.193" port: 38233 } } peers { permanent_uuid: "c54630e4c8a1446b864721e98f986e2a" member_type: VOTER last_known_addr { host: "127.0.107.194" port: 43753 } } peers { permanent_uuid: "74a3c740cf9447b09f837ed6ac5df969" member_type: VOTER last_known_addr { host: "127.0.107.195" port: 42795 } }
W20260709 14:48:05.472884  1571 leader_election.cc:343] T 3b60941db9ac45b1aa862ed57f21ca52 P c54630e4c8a1446b864721e98f986e2a [CANDIDATE]: Term 1 pre-election: Tablet error from VoteRequest() call to peer ba1334c51d554a6da71f8c09113c4f35 (127.0.107.193:38233): Illegal state: must be running to vote when last-logged opid is not known
I20260709 14:48:05.473323  1571 leader_election.cc:304] T 3b60941db9ac45b1aa862ed57f21ca52 P c54630e4c8a1446b864721e98f986e2a [CANDIDATE]: Term 1 pre-election: Election decided. Result: candidate lost. Election summary: received 3 responses out of 3 voters: 1 yes votes; 2 no votes. yes voters: c54630e4c8a1446b864721e98f986e2a; no voters: 74a3c740cf9447b09f837ed6ac5df969, ba1334c51d554a6da71f8c09113c4f35
I20260709 14:48:05.474099  1774 raft_consensus.cc:2749] T 3b60941db9ac45b1aa862ed57f21ca52 P c54630e4c8a1446b864721e98f986e2a [term 0 FOLLOWER]: Leader pre-election lost for term 1. Reason: could not achieve majority
I20260709 14:48:05.474591  1792 consensus_queue.cc:1048] T 0aa0c1b9c0c74b60bfcea89e014eacd4 P c54630e4c8a1446b864721e98f986e2a [LEADER]: Connected to new peer: Peer: permanent_uuid: "ba1334c51d554a6da71f8c09113c4f35" member_type: VOTER last_known_addr { host: "127.0.107.193" port: 38233 }, Status: LMP_MISMATCH, Last received: 0.0, Next index: 1, Last known committed idx: 0, Time since last communication: 0.000s
W20260709 14:48:05.476377  1478 auto_rebalancer.cc:288] Could not retrieve cluster info: Service unavailable: Tablet not running
I20260709 14:48:05.478094  1677 tablet_service.cc:1917] Received RequestConsensusVote() RPC: tablet_id: "721a0ba687df4af08b0fc22101407ab3" candidate_uuid: "c54630e4c8a1446b864721e98f986e2a" candidate_term: 1 candidate_status { last_received { term: 0 index: 0 } } ignore_live_leader: false dest_uuid: "74a3c740cf9447b09f837ed6ac5df969"
I20260709 14:48:05.479039  1677 raft_consensus.cc:3060] T 721a0ba687df4af08b0fc22101407ab3 P 74a3c740cf9447b09f837ed6ac5df969 [term 0 FOLLOWER]: Advancing to term 1
I20260709 14:48:05.481076  1722 ts_tablet_manager.cc:1434] T 2e78a37a47154cf9818d09f03add91f6 P c54630e4c8a1446b864721e98f986e2a: Time spent starting tablet: real 0.023s	user 0.005s	sys 0.001s
I20260709 14:48:05.482069  1722 tablet_bootstrap.cc:492] T a43f1b1f64de41a8b7ebad56e9f384c7 P c54630e4c8a1446b864721e98f986e2a: Bootstrap starting.
I20260709 14:48:05.485574  1677 raft_consensus.cc:2468] T 721a0ba687df4af08b0fc22101407ab3 P 74a3c740cf9447b09f837ed6ac5df969 [term 1 FOLLOWER]: Leader election vote request: Granting yes vote for candidate c54630e4c8a1446b864721e98f986e2a in term 1.
I20260709 14:48:05.478408  1855 leader_election.cc:290] T 721a0ba687df4af08b0fc22101407ab3 P c54630e4c8a1446b864721e98f986e2a [CANDIDATE]: Term 1 election: Requested vote from peers ba1334c51d554a6da71f8c09113c4f35 (127.0.107.193:38233), 74a3c740cf9447b09f837ed6ac5df969 (127.0.107.195:42795)
I20260709 14:48:05.488490  1572 leader_election.cc:304] T 721a0ba687df4af08b0fc22101407ab3 P c54630e4c8a1446b864721e98f986e2a [CANDIDATE]: Term 1 election: Election decided. Result: candidate won. Election summary: received 3 responses out of 3 voters: 2 yes votes; 1 no votes. yes voters: 74a3c740cf9447b09f837ed6ac5df969, c54630e4c8a1446b864721e98f986e2a; no voters: ba1334c51d554a6da71f8c09113c4f35
I20260709 14:48:05.493722  1721 tablet_bootstrap.cc:654] T 595d83044d6c4a99a14ecb494ee7e53d P 74a3c740cf9447b09f837ed6ac5df969: Neither blocks nor log segments found. Creating new log.
I20260709 14:48:05.493777  1855 raft_consensus.cc:2804] T 721a0ba687df4af08b0fc22101407ab3 P c54630e4c8a1446b864721e98f986e2a [term 1 FOLLOWER]: Leader election won for term 1
I20260709 14:48:05.494325  1855 raft_consensus.cc:697] T 721a0ba687df4af08b0fc22101407ab3 P c54630e4c8a1446b864721e98f986e2a [term 1 LEADER]: Becoming Leader. State: Replica: c54630e4c8a1446b864721e98f986e2a, State: Running, Role: LEADER
I20260709 14:48:05.499836  1855 consensus_queue.cc:237] T 721a0ba687df4af08b0fc22101407ab3 P c54630e4c8a1446b864721e98f986e2a [LEADER]: Queue going to LEADER mode. State: All replicated index: 0, Majority replicated index: 0, Committed index: 0, Last appended: 0.0, Last appended by leader: 0, Current term: 1, Majority size: 2, State: 0, Mode: LEADER, active raft config: opid_index: -1 OBSOLETE_local: false peers { permanent_uuid: "ba1334c51d554a6da71f8c09113c4f35" member_type: VOTER last_known_addr { host: "127.0.107.193" port: 38233 } } peers { permanent_uuid: "c54630e4c8a1446b864721e98f986e2a" member_type: VOTER last_known_addr { host: "127.0.107.194" port: 43753 } } peers { permanent_uuid: "74a3c740cf9447b09f837ed6ac5df969" member_type: VOTER last_known_addr { host: "127.0.107.195" port: 42795 } }
I20260709 14:48:05.513908  1993 consensus_queue.cc:1048] T 9d4d333f355b4b369f98a0186361755a P ba1334c51d554a6da71f8c09113c4f35 [LEADER]: Connected to new peer: Peer: permanent_uuid: "74a3c740cf9447b09f837ed6ac5df969" member_type: VOTER last_known_addr { host: "127.0.107.195" port: 42795 }, Status: LMP_MISMATCH, Last received: 0.0, Next index: 1, Last known committed idx: 0, Time since last communication: 0.001s
W20260709 14:48:05.519260  2017 log.cc:927] Time spent T 9d4d333f355b4b369f98a0186361755a P c54630e4c8a1446b864721e98f986e2a: Append to log took a long time: real 0.066s	user 0.000s	sys 0.000s
I20260709 14:48:05.533768  1723 tablet_bootstrap.cc:492] T 3b60941db9ac45b1aa862ed57f21ca52 P ba1334c51d554a6da71f8c09113c4f35: No bootstrap required, opened a new log
I20260709 14:48:05.534204  1723 ts_tablet_manager.cc:1403] T 3b60941db9ac45b1aa862ed57f21ca52 P ba1334c51d554a6da71f8c09113c4f35: Time spent bootstrapping tablet: real 0.152s	user 0.023s	sys 0.015s
I20260709 14:48:05.535315  1722 tablet_bootstrap.cc:654] T a43f1b1f64de41a8b7ebad56e9f384c7 P c54630e4c8a1446b864721e98f986e2a: Neither blocks nor log segments found. Creating new log.
I20260709 14:48:05.536617  1723 raft_consensus.cc:359] T 3b60941db9ac45b1aa862ed57f21ca52 P ba1334c51d554a6da71f8c09113c4f35 [term 0 FOLLOWER]: Replica starting. Triggering 0 pending ops. Active config: opid_index: -1 OBSOLETE_local: false peers { permanent_uuid: "ba1334c51d554a6da71f8c09113c4f35" member_type: VOTER last_known_addr { host: "127.0.107.193" port: 38233 } } peers { permanent_uuid: "c54630e4c8a1446b864721e98f986e2a" member_type: VOTER last_known_addr { host: "127.0.107.194" port: 43753 } } peers { permanent_uuid: "74a3c740cf9447b09f837ed6ac5df969" member_type: VOTER last_known_addr { host: "127.0.107.195" port: 42795 } }
I20260709 14:48:05.537577  1723 raft_consensus.cc:385] T 3b60941db9ac45b1aa862ed57f21ca52 P ba1334c51d554a6da71f8c09113c4f35 [term 0 FOLLOWER]: Consensus starting up: Expiring failure detector timer to make a prompt election more likely
I20260709 14:48:05.537935  1723 raft_consensus.cc:740] T 3b60941db9ac45b1aa862ed57f21ca52 P ba1334c51d554a6da71f8c09113c4f35 [term 0 FOLLOWER]: Becoming Follower/Learner. State: Replica: ba1334c51d554a6da71f8c09113c4f35, State: Initialized, Role: FOLLOWER
I20260709 14:48:05.537482  1896 raft_consensus.cc:493] T 8d1fc43a2049447b8b05dc09d76db9e4 P 74a3c740cf9447b09f837ed6ac5df969 [term 0 FOLLOWER]: Starting pre-election (no leader contacted us within the election timeout)
I20260709 14:48:05.538710  1723 consensus_queue.cc:260] T 3b60941db9ac45b1aa862ed57f21ca52 P ba1334c51d554a6da71f8c09113c4f35 [NON_LEADER]: Queue going to NON_LEADER mode. State: All replicated index: 0, Majority replicated index: 0, Committed index: 0, Last appended: 0.0, Last appended by leader: 0, Current term: 0, Majority size: -1, State: 0, Mode: NON_LEADER, active raft config: opid_index: -1 OBSOLETE_local: false peers { permanent_uuid: "ba1334c51d554a6da71f8c09113c4f35" member_type: VOTER last_known_addr { host: "127.0.107.193" port: 38233 } } peers { permanent_uuid: "c54630e4c8a1446b864721e98f986e2a" member_type: VOTER last_known_addr { host: "127.0.107.194" port: 43753 } } peers { permanent_uuid: "74a3c740cf9447b09f837ed6ac5df969" member_type: VOTER last_known_addr { host: "127.0.107.195" port: 42795 } }
I20260709 14:48:05.539251  1896 raft_consensus.cc:515] T 8d1fc43a2049447b8b05dc09d76db9e4 P 74a3c740cf9447b09f837ed6ac5df969 [term 0 FOLLOWER]: Starting pre-election with config: opid_index: -1 OBSOLETE_local: false peers { permanent_uuid: "ba1334c51d554a6da71f8c09113c4f35" member_type: VOTER last_known_addr { host: "127.0.107.193" port: 38233 } } peers { permanent_uuid: "c54630e4c8a1446b864721e98f986e2a" member_type: VOTER last_known_addr { host: "127.0.107.194" port: 43753 } } peers { permanent_uuid: "74a3c740cf9447b09f837ed6ac5df969" member_type: VOTER last_known_addr { host: "127.0.107.195" port: 42795 } }
