I20260709 14:47:07.346760  7135 data_dirs.cc:400] Could only allocate 1 dirs of requested 3 for tablet 75a2761810544020a6ec9dbe4f1b27cf. 1 dirs total, 0 dirs full, 0 dirs failed
I20260709 14:47:07.353942  7134 tablet_service.cc:1511] Processing CreateTablet for tablet b06eae2b0be34c6eb86c2f2cff6e810f (DEFAULT_TABLE table=test-workload [id=4533137a0c36452ba89fb5a7362f5bea]), partition=RANGE (key) PARTITION 1503238548 <= VALUES < 1717986912
I20260709 14:47:07.355252  7134 data_dirs.cc:400] Could only allocate 1 dirs of requested 3 for tablet b06eae2b0be34c6eb86c2f2cff6e810f. 1 dirs total, 0 dirs full, 0 dirs failed
I20260709 14:47:07.359005  7133 tablet_service.cc:1511] Processing CreateTablet for tablet a1ded83c7ea74dbfb1ed24a5f621a4a1 (DEFAULT_TABLE table=test-workload [id=4533137a0c36452ba89fb5a7362f5bea]), partition=RANGE (key) PARTITION 1717986912 <= VALUES < 1932735276
I20260709 14:47:07.361833  7133 data_dirs.cc:400] Could only allocate 1 dirs of requested 3 for tablet a1ded83c7ea74dbfb1ed24a5f621a4a1. 1 dirs total, 0 dirs full, 0 dirs failed
I20260709 14:47:07.365391  7066 tablet_service.cc:1511] Processing CreateTablet for tablet 4dcefec537f44a9d94a9cd47cc8194e7 (DEFAULT_TABLE table=test-workload [id=4533137a0c36452ba89fb5a7362f5bea]), partition=RANGE (key) PARTITION 214748364 <= VALUES < 429496728
I20260709 14:47:07.366801  7066 data_dirs.cc:400] Could only allocate 1 dirs of requested 3 for tablet 4dcefec537f44a9d94a9cd47cc8194e7. 1 dirs total, 0 dirs full, 0 dirs failed
I20260709 14:47:07.368829  7067 tablet_service.cc:1511] Processing CreateTablet for tablet f543d31007294a6ab89abef80c86f572 (DEFAULT_TABLE table=test-workload [id=4533137a0c36452ba89fb5a7362f5bea]), partition=RANGE (key) PARTITION VALUES < 214748364
I20260709 14:47:07.370071  7067 data_dirs.cc:400] Could only allocate 1 dirs of requested 3 for tablet f543d31007294a6ab89abef80c86f572. 1 dirs total, 0 dirs full, 0 dirs failed
I20260709 14:47:07.369905  7065 tablet_service.cc:1511] Processing CreateTablet for tablet f623664a885c4cbcb52cf8674268b88d (DEFAULT_TABLE table=test-workload [id=4533137a0c36452ba89fb5a7362f5bea]), partition=RANGE (key) PARTITION 429496728 <= VALUES < 644245092
I20260709 14:47:07.371193  7065 data_dirs.cc:400] Could only allocate 1 dirs of requested 3 for tablet f623664a885c4cbcb52cf8674268b88d. 1 dirs total, 0 dirs full, 0 dirs failed
I20260709 14:47:07.373864  7064 tablet_service.cc:1511] Processing CreateTablet for tablet 10cf2cdbb7c94eb8bd1921774a7b4473 (DEFAULT_TABLE table=test-workload [id=4533137a0c36452ba89fb5a7362f5bea]), partition=RANGE (key) PARTITION 644245092 <= VALUES < 858993456
I20260709 14:47:07.375106  7064 data_dirs.cc:400] Could only allocate 1 dirs of requested 3 for tablet 10cf2cdbb7c94eb8bd1921774a7b4473. 1 dirs total, 0 dirs full, 0 dirs failed
I20260709 14:47:07.377784  7063 tablet_service.cc:1511] Processing CreateTablet for tablet c2a4da2fc5e44ed1861e9133d63464da (DEFAULT_TABLE table=test-workload [id=4533137a0c36452ba89fb5a7362f5bea]), partition=RANGE (key) PARTITION 858993456 <= VALUES < 1073741820
I20260709 14:47:07.379011  7063 data_dirs.cc:400] Could only allocate 1 dirs of requested 3 for tablet c2a4da2fc5e44ed1861e9133d63464da. 1 dirs total, 0 dirs full, 0 dirs failed
I20260709 14:47:07.381791  7062 tablet_service.cc:1511] Processing CreateTablet for tablet 43c3ad3227ae48e3b0137f5d53c9a9e0 (DEFAULT_TABLE table=test-workload [id=4533137a0c36452ba89fb5a7362f5bea]), partition=RANGE (key) PARTITION 1073741820 <= VALUES < 1288490184
I20260709 14:47:07.383016  7062 data_dirs.cc:400] Could only allocate 1 dirs of requested 3 for tablet 43c3ad3227ae48e3b0137f5d53c9a9e0. 1 dirs total, 0 dirs full, 0 dirs failed
I20260709 14:47:07.386085  7061 tablet_service.cc:1511] Processing CreateTablet for tablet 75a2761810544020a6ec9dbe4f1b27cf (DEFAULT_TABLE table=test-workload [id=4533137a0c36452ba89fb5a7362f5bea]), partition=RANGE (key) PARTITION 1288490184 <= VALUES < 1503238548
I20260709 14:47:07.387322  7061 data_dirs.cc:400] Could only allocate 1 dirs of requested 3 for tablet 75a2761810544020a6ec9dbe4f1b27cf. 1 dirs total, 0 dirs full, 0 dirs failed
I20260709 14:47:07.389950  7060 tablet_service.cc:1511] Processing CreateTablet for tablet b06eae2b0be34c6eb86c2f2cff6e810f (DEFAULT_TABLE table=test-workload [id=4533137a0c36452ba89fb5a7362f5bea]), partition=RANGE (key) PARTITION 1503238548 <= VALUES < 1717986912
I20260709 14:47:07.391142  7060 data_dirs.cc:400] Could only allocate 1 dirs of requested 3 for tablet b06eae2b0be34c6eb86c2f2cff6e810f. 1 dirs total, 0 dirs full, 0 dirs failed
I20260709 14:47:07.392519  7059 tablet_service.cc:1511] Processing CreateTablet for tablet a1ded83c7ea74dbfb1ed24a5f621a4a1 (DEFAULT_TABLE table=test-workload [id=4533137a0c36452ba89fb5a7362f5bea]), partition=RANGE (key) PARTITION 1717986912 <= VALUES < 1932735276
I20260709 14:47:07.393792  7059 data_dirs.cc:400] Could only allocate 1 dirs of requested 3 for tablet a1ded83c7ea74dbfb1ed24a5f621a4a1. 1 dirs total, 0 dirs full, 0 dirs failed
I20260709 14:47:07.396241  7132 tablet_service.cc:1511] Processing CreateTablet for tablet 10d4186073d8450aa6b589f33854a383 (DEFAULT_TABLE table=test-workload [id=4533137a0c36452ba89fb5a7362f5bea]), partition=RANGE (key) PARTITION 1932735276 <= VALUES
I20260709 14:47:07.398343  7132 data_dirs.cc:400] Could only allocate 1 dirs of requested 3 for tablet 10d4186073d8450aa6b589f33854a383. 1 dirs total, 0 dirs full, 0 dirs failed
I20260709 14:47:07.399209  7058 tablet_service.cc:1511] Processing CreateTablet for tablet 10d4186073d8450aa6b589f33854a383 (DEFAULT_TABLE table=test-workload [id=4533137a0c36452ba89fb5a7362f5bea]), partition=RANGE (key) PARTITION 1932735276 <= VALUES
I20260709 14:47:07.400445  7058 data_dirs.cc:400] Could only allocate 1 dirs of requested 3 for tablet 10d4186073d8450aa6b589f33854a383. 1 dirs total, 0 dirs full, 0 dirs failed
I20260709 14:47:07.449887  6990 tablet_service.cc:1511] Processing CreateTablet for tablet f623664a885c4cbcb52cf8674268b88d (DEFAULT_TABLE table=test-workload [id=4533137a0c36452ba89fb5a7362f5bea]), partition=RANGE (key) PARTITION 429496728 <= VALUES < 644245092
I20260709 14:47:07.451269  6990 data_dirs.cc:400] Could only allocate 1 dirs of requested 3 for tablet f623664a885c4cbcb52cf8674268b88d. 1 dirs total, 0 dirs full, 0 dirs failed
I20260709 14:47:07.453763  6988 tablet_service.cc:1511] Processing CreateTablet for tablet c2a4da2fc5e44ed1861e9133d63464da (DEFAULT_TABLE table=test-workload [id=4533137a0c36452ba89fb5a7362f5bea]), partition=RANGE (key) PARTITION 858993456 <= VALUES < 1073741820
I20260709 14:47:07.455073  6988 data_dirs.cc:400] Could only allocate 1 dirs of requested 3 for tablet c2a4da2fc5e44ed1861e9133d63464da. 1 dirs total, 0 dirs full, 0 dirs failed
I20260709 14:47:07.457556  7191 tablet_bootstrap.cc:492] T 10d4186073d8450aa6b589f33854a383 P 051f036647f8411ebe002f551e32b698: Bootstrap starting.
I20260709 14:47:07.458014  6986 tablet_service.cc:1511] Processing CreateTablet for tablet 75a2761810544020a6ec9dbe4f1b27cf (DEFAULT_TABLE table=test-workload [id=4533137a0c36452ba89fb5a7362f5bea]), partition=RANGE (key) PARTITION 1288490184 <= VALUES < 1503238548
I20260709 14:47:07.459355  6986 data_dirs.cc:400] Could only allocate 1 dirs of requested 3 for tablet 75a2761810544020a6ec9dbe4f1b27cf. 1 dirs total, 0 dirs full, 0 dirs failed
I20260709 14:47:07.461889  6985 tablet_service.cc:1511] Processing CreateTablet for tablet b06eae2b0be34c6eb86c2f2cff6e810f (DEFAULT_TABLE table=test-workload [id=4533137a0c36452ba89fb5a7362f5bea]), partition=RANGE (key) PARTITION 1503238548 <= VALUES < 1717986912
I20260709 14:47:07.463127  6985 data_dirs.cc:400] Could only allocate 1 dirs of requested 3 for tablet b06eae2b0be34c6eb86c2f2cff6e810f. 1 dirs total, 0 dirs full, 0 dirs failed
I20260709 14:47:07.465966  6984 tablet_service.cc:1511] Processing CreateTablet for tablet a1ded83c7ea74dbfb1ed24a5f621a4a1 (DEFAULT_TABLE table=test-workload [id=4533137a0c36452ba89fb5a7362f5bea]), partition=RANGE (key) PARTITION 1717986912 <= VALUES < 1932735276
I20260709 14:47:07.467259  6984 data_dirs.cc:400] Could only allocate 1 dirs of requested 3 for tablet a1ded83c7ea74dbfb1ed24a5f621a4a1. 1 dirs total, 0 dirs full, 0 dirs failed
I20260709 14:47:07.472708  7190 tablet_bootstrap.cc:492] T b06eae2b0be34c6eb86c2f2cff6e810f P 93a917805fc14a25a79d79d66fb51ff9: Bootstrap starting.
I20260709 14:47:07.472759  6987 tablet_service.cc:1511] Processing CreateTablet for tablet 43c3ad3227ae48e3b0137f5d53c9a9e0 (DEFAULT_TABLE table=test-workload [id=4533137a0c36452ba89fb5a7362f5bea]), partition=RANGE (key) PARTITION 1073741820 <= VALUES < 1288490184
I20260709 14:47:07.473520  6992 tablet_service.cc:1511] Processing CreateTablet for tablet f543d31007294a6ab89abef80c86f572 (DEFAULT_TABLE table=test-workload [id=4533137a0c36452ba89fb5a7362f5bea]), partition=RANGE (key) PARTITION VALUES < 214748364
I20260709 14:47:07.469924  6983 tablet_service.cc:1511] Processing CreateTablet for tablet 10d4186073d8450aa6b589f33854a383 (DEFAULT_TABLE table=test-workload [id=4533137a0c36452ba89fb5a7362f5bea]), partition=RANGE (key) PARTITION 1932735276 <= VALUES
I20260709 14:47:07.473837  6989 tablet_service.cc:1511] Processing CreateTablet for tablet 10cf2cdbb7c94eb8bd1921774a7b4473 (DEFAULT_TABLE table=test-workload [id=4533137a0c36452ba89fb5a7362f5bea]), partition=RANGE (key) PARTITION 644245092 <= VALUES < 858993456
I20260709 14:47:07.480494  6987 data_dirs.cc:400] Could only allocate 1 dirs of requested 3 for tablet 43c3ad3227ae48e3b0137f5d53c9a9e0. 1 dirs total, 0 dirs full, 0 dirs failed
I20260709 14:47:07.485069  6992 data_dirs.cc:400] Could only allocate 1 dirs of requested 3 for tablet f543d31007294a6ab89abef80c86f572. 1 dirs total, 0 dirs full, 0 dirs failed
I20260709 14:47:07.485855  7190 tablet_bootstrap.cc:654] T b06eae2b0be34c6eb86c2f2cff6e810f P 93a917805fc14a25a79d79d66fb51ff9: Neither blocks nor log segments found. Creating new log.
I20260709 14:47:07.472661  6991 tablet_service.cc:1511] Processing CreateTablet for tablet 4dcefec537f44a9d94a9cd47cc8194e7 (DEFAULT_TABLE table=test-workload [id=4533137a0c36452ba89fb5a7362f5bea]), partition=RANGE (key) PARTITION 214748364 <= VALUES < 429496728
I20260709 14:47:07.489449  6991 data_dirs.cc:400] Could only allocate 1 dirs of requested 3 for tablet 4dcefec537f44a9d94a9cd47cc8194e7. 1 dirs total, 0 dirs full, 0 dirs failed
I20260709 14:47:07.493141  6989 data_dirs.cc:400] Could only allocate 1 dirs of requested 3 for tablet 10cf2cdbb7c94eb8bd1921774a7b4473. 1 dirs total, 0 dirs full, 0 dirs failed
I20260709 14:47:07.493836  6983 data_dirs.cc:400] Could only allocate 1 dirs of requested 3 for tablet 10d4186073d8450aa6b589f33854a383. 1 dirs total, 0 dirs full, 0 dirs failed
I20260709 14:47:07.522853  7190 tablet_bootstrap.cc:492] T b06eae2b0be34c6eb86c2f2cff6e810f P 93a917805fc14a25a79d79d66fb51ff9: No bootstrap required, opened a new log
I20260709 14:47:07.523365  7190 ts_tablet_manager.cc:1403] T b06eae2b0be34c6eb86c2f2cff6e810f P 93a917805fc14a25a79d79d66fb51ff9: Time spent bootstrapping tablet: real 0.051s	user 0.010s	sys 0.000s
I20260709 14:47:07.526177  7190 raft_consensus.cc:359] T b06eae2b0be34c6eb86c2f2cff6e810f P 93a917805fc14a25a79d79d66fb51ff9 [term 0 FOLLOWER]: Replica starting. Triggering 0 pending ops. Active config: opid_index: -1 OBSOLETE_local: false peers { permanent_uuid: "5ce4f0d5e55543449140ac9ca436cfc5" member_type: VOTER last_known_addr { host: "127.6.57.193" port: 33457 } } peers { permanent_uuid: "051f036647f8411ebe002f551e32b698" member_type: VOTER last_known_addr { host: "127.6.57.194" port: 46587 } } peers { permanent_uuid: "93a917805fc14a25a79d79d66fb51ff9" member_type: VOTER last_known_addr { host: "127.6.57.195" port: 44755 } }
I20260709 14:47:07.526875  7190 raft_consensus.cc:385] T b06eae2b0be34c6eb86c2f2cff6e810f P 93a917805fc14a25a79d79d66fb51ff9 [term 0 FOLLOWER]: Consensus starting up: Expiring failure detector timer to make a prompt election more likely
I20260709 14:47:07.527172  7190 raft_consensus.cc:740] T b06eae2b0be34c6eb86c2f2cff6e810f P 93a917805fc14a25a79d79d66fb51ff9 [term 0 FOLLOWER]: Becoming Follower/Learner. State: Replica: 93a917805fc14a25a79d79d66fb51ff9, State: Initialized, Role: FOLLOWER
I20260709 14:47:07.527866  7190 consensus_queue.cc:260] T b06eae2b0be34c6eb86c2f2cff6e810f P 93a917805fc14a25a79d79d66fb51ff9 [NON_LEADER]: Queue going to NON_LEADER mode. State: All replicated index: 0, Majority replicated index: 0, Committed index: 0, Last appended: 0.0, Last appended by leader: 0, Current term: 0, Majority size: -1, State: 0, Mode: NON_LEADER, active raft config: opid_index: -1 OBSOLETE_local: false peers { permanent_uuid: "5ce4f0d5e55543449140ac9ca436cfc5" member_type: VOTER last_known_addr { host: "127.6.57.193" port: 33457 } } peers { permanent_uuid: "051f036647f8411ebe002f551e32b698" member_type: VOTER last_known_addr { host: "127.6.57.194" port: 46587 } } peers { permanent_uuid: "93a917805fc14a25a79d79d66fb51ff9" member_type: VOTER last_known_addr { host: "127.6.57.195" port: 44755 } }
I20260709 14:47:07.538303  7176 heartbeater.cc:499] Master 127.6.57.254:34065 was elected leader, sending a full tablet report...
I20260709 14:47:07.538311  7190 ts_tablet_manager.cc:1434] T b06eae2b0be34c6eb86c2f2cff6e810f P 93a917805fc14a25a79d79d66fb51ff9: Time spent starting tablet: real 0.015s	user 0.008s	sys 0.000s
I20260709 14:47:07.540740  7190 tablet_bootstrap.cc:492] T a1ded83c7ea74dbfb1ed24a5f621a4a1 P 93a917805fc14a25a79d79d66fb51ff9: Bootstrap starting.
I20260709 14:47:07.540750  7191 tablet_bootstrap.cc:654] T 10d4186073d8450aa6b589f33854a383 P 051f036647f8411ebe002f551e32b698: Neither blocks nor log segments found. Creating new log.
I20260709 14:47:07.545922  7192 tablet_bootstrap.cc:492] T c2a4da2fc5e44ed1861e9133d63464da P 5ce4f0d5e55543449140ac9ca436cfc5: Bootstrap starting.
I20260709 14:47:07.548574  7190 tablet_bootstrap.cc:654] T a1ded83c7ea74dbfb1ed24a5f621a4a1 P 93a917805fc14a25a79d79d66fb51ff9: Neither blocks nor log segments found. Creating new log.
I20260709 14:47:07.553555  7192 tablet_bootstrap.cc:654] T c2a4da2fc5e44ed1861e9133d63464da P 5ce4f0d5e55543449140ac9ca436cfc5: Neither blocks nor log segments found. Creating new log.
I20260709 14:47:07.555191  7191 tablet_bootstrap.cc:492] T 10d4186073d8450aa6b589f33854a383 P 051f036647f8411ebe002f551e32b698: No bootstrap required, opened a new log
I20260709 14:47:07.555652  7191 ts_tablet_manager.cc:1403] T 10d4186073d8450aa6b589f33854a383 P 051f036647f8411ebe002f551e32b698: Time spent bootstrapping tablet: real 0.099s	user 0.014s	sys 0.000s
I20260709 14:47:07.559064  7191 raft_consensus.cc:359] T 10d4186073d8450aa6b589f33854a383 P 051f036647f8411ebe002f551e32b698 [term 0 FOLLOWER]: Replica starting. Triggering 0 pending ops. Active config: opid_index: -1 OBSOLETE_local: false peers { permanent_uuid: "5ce4f0d5e55543449140ac9ca436cfc5" member_type: VOTER last_known_addr { host: "127.6.57.193" port: 33457 } } peers { permanent_uuid: "051f036647f8411ebe002f551e32b698" member_type: VOTER last_known_addr { host: "127.6.57.194" port: 46587 } } peers { permanent_uuid: "93a917805fc14a25a79d79d66fb51ff9" member_type: VOTER last_known_addr { host: "127.6.57.195" port: 44755 } }
I20260709 14:47:07.559993  7191 raft_consensus.cc:385] T 10d4186073d8450aa6b589f33854a383 P 051f036647f8411ebe002f551e32b698 [term 0 FOLLOWER]: Consensus starting up: Expiring failure detector timer to make a prompt election more likely
I20260709 14:47:07.560348  7191 raft_consensus.cc:740] T 10d4186073d8450aa6b589f33854a383 P 051f036647f8411ebe002f551e32b698 [term 0 FOLLOWER]: Becoming Follower/Learner. State: Replica: 051f036647f8411ebe002f551e32b698, State: Initialized, Role: FOLLOWER
I20260709 14:47:07.561565  7191 consensus_queue.cc:260] T 10d4186073d8450aa6b589f33854a383 P 051f036647f8411ebe002f551e32b698 [NON_LEADER]: Queue going to NON_LEADER mode. State: All replicated index: 0, Majority replicated index: 0, Committed index: 0, Last appended: 0.0, Last appended by leader: 0, Current term: 0, Majority size: -1, State: 0, Mode: NON_LEADER, active raft config: opid_index: -1 OBSOLETE_local: false peers { permanent_uuid: "5ce4f0d5e55543449140ac9ca436cfc5" member_type: VOTER last_known_addr { host: "127.6.57.193" port: 33457 } } peers { permanent_uuid: "051f036647f8411ebe002f551e32b698" member_type: VOTER last_known_addr { host: "127.6.57.194" port: 46587 } } peers { permanent_uuid: "93a917805fc14a25a79d79d66fb51ff9" member_type: VOTER last_known_addr { host: "127.6.57.195" port: 44755 } }
I20260709 14:47:07.566558  7102 heartbeater.cc:499] Master 127.6.57.254:34065 was elected leader, sending a full tablet report...
I20260709 14:47:07.567142  7191 ts_tablet_manager.cc:1434] T 10d4186073d8450aa6b589f33854a383 P 051f036647f8411ebe002f551e32b698: Time spent starting tablet: real 0.011s	user 0.011s	sys 0.000s
I20260709 14:47:07.568066  7191 tablet_bootstrap.cc:492] T f543d31007294a6ab89abef80c86f572 P 051f036647f8411ebe002f551e32b698: Bootstrap starting.
I20260709 14:47:07.569042  7190 tablet_bootstrap.cc:492] T a1ded83c7ea74dbfb1ed24a5f621a4a1 P 93a917805fc14a25a79d79d66fb51ff9: No bootstrap required, opened a new log
I20260709 14:47:07.569563  7190 ts_tablet_manager.cc:1403] T a1ded83c7ea74dbfb1ed24a5f621a4a1 P 93a917805fc14a25a79d79d66fb51ff9: Time spent bootstrapping tablet: real 0.029s	user 0.013s	sys 0.012s
I20260709 14:47:07.569674  7198 raft_consensus.cc:493] T 10d4186073d8450aa6b589f33854a383 P 051f036647f8411ebe002f551e32b698 [term 0 FOLLOWER]: Starting pre-election (no leader contacted us within the election timeout)
I20260709 14:47:07.570130  7198 raft_consensus.cc:515] T 10d4186073d8450aa6b589f33854a383 P 051f036647f8411ebe002f551e32b698 [term 0 FOLLOWER]: Starting pre-election with config: opid_index: -1 OBSOLETE_local: false peers { permanent_uuid: "5ce4f0d5e55543449140ac9ca436cfc5" member_type: VOTER last_known_addr { host: "127.6.57.193" port: 33457 } } peers { permanent_uuid: "051f036647f8411ebe002f551e32b698" member_type: VOTER last_known_addr { host: "127.6.57.194" port: 46587 } } peers { permanent_uuid: "93a917805fc14a25a79d79d66fb51ff9" member_type: VOTER last_known_addr { host: "127.6.57.195" port: 44755 } }
I20260709 14:47:07.572592  7190 raft_consensus.cc:359] T a1ded83c7ea74dbfb1ed24a5f621a4a1 P 93a917805fc14a25a79d79d66fb51ff9 [term 0 FOLLOWER]: Replica starting. Triggering 0 pending ops. Active config: opid_index: -1 OBSOLETE_local: false peers { permanent_uuid: "5ce4f0d5e55543449140ac9ca436cfc5" member_type: VOTER last_known_addr { host: "127.6.57.193" port: 33457 } } peers { permanent_uuid: "051f036647f8411ebe002f551e32b698" member_type: VOTER last_known_addr { host: "127.6.57.194" port: 46587 } } peers { permanent_uuid: "93a917805fc14a25a79d79d66fb51ff9" member_type: VOTER last_known_addr { host: "127.6.57.195" port: 44755 } }
I20260709 14:47:07.573411  7190 raft_consensus.cc:385] T a1ded83c7ea74dbfb1ed24a5f621a4a1 P 93a917805fc14a25a79d79d66fb51ff9 [term 0 FOLLOWER]: Consensus starting up: Expiring failure detector timer to make a prompt election more likely
I20260709 14:47:07.573776  7190 raft_consensus.cc:740] T a1ded83c7ea74dbfb1ed24a5f621a4a1 P 93a917805fc14a25a79d79d66fb51ff9 [term 0 FOLLOWER]: Becoming Follower/Learner. State: Replica: 93a917805fc14a25a79d79d66fb51ff9, State: Initialized, Role: FOLLOWER
I20260709 14:47:07.574576  7190 consensus_queue.cc:260] T a1ded83c7ea74dbfb1ed24a5f621a4a1 P 93a917805fc14a25a79d79d66fb51ff9 [NON_LEADER]: Queue going to NON_LEADER mode. State: All replicated index: 0, Majority replicated index: 0, Committed index: 0, Last appended: 0.0, Last appended by leader: 0, Current term: 0, Majority size: -1, State: 0, Mode: NON_LEADER, active raft config: opid_index: -1 OBSOLETE_local: false peers { permanent_uuid: "5ce4f0d5e55543449140ac9ca436cfc5" member_type: VOTER last_known_addr { host: "127.6.57.193" port: 33457 } } peers { permanent_uuid: "051f036647f8411ebe002f551e32b698" member_type: VOTER last_known_addr { host: "127.6.57.194" port: 46587 } } peers { permanent_uuid: "93a917805fc14a25a79d79d66fb51ff9" member_type: VOTER last_known_addr { host: "127.6.57.195" port: 44755 } }
I20260709 14:47:07.568079  7192 tablet_bootstrap.cc:492] T c2a4da2fc5e44ed1861e9133d63464da P 5ce4f0d5e55543449140ac9ca436cfc5: No bootstrap required, opened a new log
I20260709 14:47:07.575637  7192 ts_tablet_manager.cc:1403] T c2a4da2fc5e44ed1861e9133d63464da P 5ce4f0d5e55543449140ac9ca436cfc5: Time spent bootstrapping tablet: real 0.030s	user 0.016s	sys 0.003s
I20260709 14:47:07.575749  7198 leader_election.cc:290] T 10d4186073d8450aa6b589f33854a383 P 051f036647f8411ebe002f551e32b698 [CANDIDATE]: Term 1 pre-election: Requested pre-vote from peers 5ce4f0d5e55543449140ac9ca436cfc5 (127.6.57.193:33457), 93a917805fc14a25a79d79d66fb51ff9 (127.6.57.195:44755)
I20260709 14:47:07.576923  7190 ts_tablet_manager.cc:1434] T a1ded83c7ea74dbfb1ed24a5f621a4a1 P 93a917805fc14a25a79d79d66fb51ff9: Time spent starting tablet: real 0.007s	user 0.006s	sys 0.000s
I20260709 14:47:07.577911  7190 tablet_bootstrap.cc:492] T f623664a885c4cbcb52cf8674268b88d P 93a917805fc14a25a79d79d66fb51ff9: Bootstrap starting.
I20260709 14:47:07.578634  7192 raft_consensus.cc:359] T c2a4da2fc5e44ed1861e9133d63464da P 5ce4f0d5e55543449140ac9ca436cfc5 [term 0 FOLLOWER]: Replica starting. Triggering 0 pending ops. Active config: opid_index: -1 OBSOLETE_local: false peers { permanent_uuid: "5ce4f0d5e55543449140ac9ca436cfc5" member_type: VOTER last_known_addr { host: "127.6.57.193" port: 33457 } } peers { permanent_uuid: "051f036647f8411ebe002f551e32b698" member_type: VOTER last_known_addr { host: "127.6.57.194" port: 46587 } } peers { permanent_uuid: "93a917805fc14a25a79d79d66fb51ff9" member_type: VOTER last_known_addr { host: "127.6.57.195" port: 44755 } }
I20260709 14:47:07.579345  7192 raft_consensus.cc:385] T c2a4da2fc5e44ed1861e9133d63464da P 5ce4f0d5e55543449140ac9ca436cfc5 [term 0 FOLLOWER]: Consensus starting up: Expiring failure detector timer to make a prompt election more likely
I20260709 14:47:07.579645  7192 raft_consensus.cc:740] T c2a4da2fc5e44ed1861e9133d63464da P 5ce4f0d5e55543449140ac9ca436cfc5 [term 0 FOLLOWER]: Becoming Follower/Learner. State: Replica: 5ce4f0d5e55543449140ac9ca436cfc5, State: Initialized, Role: FOLLOWER
I20260709 14:47:07.580502  7192 consensus_queue.cc:260] T c2a4da2fc5e44ed1861e9133d63464da P 5ce4f0d5e55543449140ac9ca436cfc5 [NON_LEADER]: Queue going to NON_LEADER mode. State: All replicated index: 0, Majority replicated index: 0, Committed index: 0, Last appended: 0.0, Last appended by leader: 0, Current term: 0, Majority size: -1, State: 0, Mode: NON_LEADER, active raft config: opid_index: -1 OBSOLETE_local: false peers { permanent_uuid: "5ce4f0d5e55543449140ac9ca436cfc5" member_type: VOTER last_known_addr { host: "127.6.57.193" port: 33457 } } peers { permanent_uuid: "051f036647f8411ebe002f551e32b698" member_type: VOTER last_known_addr { host: "127.6.57.194" port: 46587 } } peers { permanent_uuid: "93a917805fc14a25a79d79d66fb51ff9" member_type: VOTER last_known_addr { host: "127.6.57.195" port: 44755 } }
I20260709 14:47:07.581470  7191 tablet_bootstrap.cc:654] T f543d31007294a6ab89abef80c86f572 P 051f036647f8411ebe002f551e32b698: Neither blocks nor log segments found. Creating new log.
I20260709 14:47:07.585474  7190 tablet_bootstrap.cc:654] T f623664a885c4cbcb52cf8674268b88d P 93a917805fc14a25a79d79d66fb51ff9: Neither blocks nor log segments found. Creating new log.
I20260709 14:47:07.588182  7194 raft_consensus.cc:493] T b06eae2b0be34c6eb86c2f2cff6e810f P 93a917805fc14a25a79d79d66fb51ff9 [term 0 FOLLOWER]: Starting pre-election (no leader contacted us within the election timeout)
I20260709 14:47:07.592406  7002 tablet_service.cc:1917] Received RequestConsensusVote() RPC: tablet_id: "10d4186073d8450aa6b589f33854a383" candidate_uuid: "051f036647f8411ebe002f551e32b698" candidate_term: 1 candidate_status { last_received { term: 0 index: 0 } } ignore_live_leader: false dest_uuid: "5ce4f0d5e55543449140ac9ca436cfc5" is_pre_election: true
I20260709 14:47:07.593595  7192 ts_tablet_manager.cc:1434] T c2a4da2fc5e44ed1861e9133d63464da P 5ce4f0d5e55543449140ac9ca436cfc5: Time spent starting tablet: real 0.018s	user 0.009s	sys 0.004s
W20260709 14:47:07.593974  7040 leader_election.cc:343] T 10d4186073d8450aa6b589f33854a383 P 051f036647f8411ebe002f551e32b698 [CANDIDATE]: Term 1 pre-election: Tablet error from VoteRequest() call to peer 5ce4f0d5e55543449140ac9ca436cfc5 (127.6.57.193:33457): Illegal state: must be running to vote when last-logged opid is not known
I20260709 14:47:07.594252  7027 heartbeater.cc:499] Master 127.6.57.254:34065 was elected leader, sending a full tablet report...
I20260709 14:47:07.588713  7194 raft_consensus.cc:515] T b06eae2b0be34c6eb86c2f2cff6e810f P 93a917805fc14a25a79d79d66fb51ff9 [term 0 FOLLOWER]: Starting pre-election with config: opid_index: -1 OBSOLETE_local: false peers { permanent_uuid: "5ce4f0d5e55543449140ac9ca436cfc5" member_type: VOTER last_known_addr { host: "127.6.57.193" port: 33457 } } peers { permanent_uuid: "051f036647f8411ebe002f551e32b698" member_type: VOTER last_known_addr { host: "127.6.57.194" port: 46587 } } peers { permanent_uuid: "93a917805fc14a25a79d79d66fb51ff9" member_type: VOTER last_known_addr { host: "127.6.57.195" port: 44755 } }
I20260709 14:47:07.599463  7194 leader_election.cc:290] T b06eae2b0be34c6eb86c2f2cff6e810f P 93a917805fc14a25a79d79d66fb51ff9 [CANDIDATE]: Term 1 pre-election: Requested pre-vote from peers 5ce4f0d5e55543449140ac9ca436cfc5 (127.6.57.193:33457), 051f036647f8411ebe002f551e32b698 (127.6.57.194:46587)
I20260709 14:47:07.605852  7192 tablet_bootstrap.cc:492] T 4dcefec537f44a9d94a9cd47cc8194e7 P 5ce4f0d5e55543449140ac9ca436cfc5: Bootstrap starting.
I20260709 14:47:07.624536  7192 tablet_bootstrap.cc:654] T 4dcefec537f44a9d94a9cd47cc8194e7 P 5ce4f0d5e55543449140ac9ca436cfc5: Neither blocks nor log segments found. Creating new log.
I20260709 14:47:07.641456  7002 tablet_service.cc:1917] Received RequestConsensusVote() RPC: tablet_id: "b06eae2b0be34c6eb86c2f2cff6e810f" candidate_uuid: "93a917805fc14a25a79d79d66fb51ff9" candidate_term: 1 candidate_status { last_received { term: 0 index: 0 } } ignore_live_leader: false dest_uuid: "5ce4f0d5e55543449140ac9ca436cfc5" is_pre_election: true
W20260709 14:47:07.643719  7114 leader_election.cc:343] T b06eae2b0be34c6eb86c2f2cff6e810f P 93a917805fc14a25a79d79d66fb51ff9 [CANDIDATE]: Term 1 pre-election: Tablet error from VoteRequest() call to peer 5ce4f0d5e55543449140ac9ca436cfc5 (127.6.57.193:33457): Illegal state: must be running to vote when last-logged opid is not known
I20260709 14:47:07.655496  7151 tablet_service.cc:1917] Received RequestConsensusVote() RPC: tablet_id: "10d4186073d8450aa6b589f33854a383" candidate_uuid: "051f036647f8411ebe002f551e32b698" candidate_term: 1 candidate_status { last_received { term: 0 index: 0 } } ignore_live_leader: false dest_uuid: "93a917805fc14a25a79d79d66fb51ff9" is_pre_election: true
W20260709 14:47:07.657760  7042 leader_election.cc:343] T 10d4186073d8450aa6b589f33854a383 P 051f036647f8411ebe002f551e32b698 [CANDIDATE]: Term 1 pre-election: Tablet error from VoteRequest() call to peer 93a917805fc14a25a79d79d66fb51ff9 (127.6.57.195:44755): Illegal state: must be running to vote when last-logged opid is not known
I20260709 14:47:07.658308  7042 leader_election.cc:304] T 10d4186073d8450aa6b589f33854a383 P 051f036647f8411ebe002f551e32b698 [CANDIDATE]: Term 1 pre-election: Election decided. Result: candidate lost. Election summary: received 3 responses out of 3 voters: 1 yes votes; 2 no votes. yes voters: 051f036647f8411ebe002f551e32b698; no voters: 5ce4f0d5e55543449140ac9ca436cfc5, 93a917805fc14a25a79d79d66fb51ff9
I20260709 14:47:07.659322  7198 raft_consensus.cc:2749] T 10d4186073d8450aa6b589f33854a383 P 051f036647f8411ebe002f551e32b698 [term 0 FOLLOWER]: Leader pre-election lost for term 1. Reason: could not achieve majority
I20260709 14:47:07.661701  7192 tablet_bootstrap.cc:492] T 4dcefec537f44a9d94a9cd47cc8194e7 P 5ce4f0d5e55543449140ac9ca436cfc5: No bootstrap required, opened a new log
I20260709 14:47:07.662469  7194 raft_consensus.cc:493] T a1ded83c7ea74dbfb1ed24a5f621a4a1 P 93a917805fc14a25a79d79d66fb51ff9 [term 0 FOLLOWER]: Starting pre-election (no leader contacted us within the election timeout)
I20260709 14:47:07.662957  7194 raft_consensus.cc:515] T a1ded83c7ea74dbfb1ed24a5f621a4a1 P 93a917805fc14a25a79d79d66fb51ff9 [term 0 FOLLOWER]: Starting pre-election with config: opid_index: -1 OBSOLETE_local: false peers { permanent_uuid: "5ce4f0d5e55543449140ac9ca436cfc5" member_type: VOTER last_known_addr { host: "127.6.57.193" port: 33457 } } peers { permanent_uuid: "051f036647f8411ebe002f551e32b698" member_type: VOTER last_known_addr { host: "127.6.57.194" port: 46587 } } peers { permanent_uuid: "93a917805fc14a25a79d79d66fb51ff9" member_type: VOTER last_known_addr { host: "127.6.57.195" port: 44755 } }
I20260709 14:47:07.663843  7077 tablet_service.cc:1917] Received RequestConsensusVote() RPC: tablet_id: "b06eae2b0be34c6eb86c2f2cff6e810f" candidate_uuid: "93a917805fc14a25a79d79d66fb51ff9" candidate_term: 1 candidate_status { last_received { term: 0 index: 0 } } ignore_live_leader: false dest_uuid: "051f036647f8411ebe002f551e32b698" is_pre_election: true
I20260709 14:47:07.664996  7194 leader_election.cc:290] T a1ded83c7ea74dbfb1ed24a5f621a4a1 P 93a917805fc14a25a79d79d66fb51ff9 [CANDIDATE]: Term 1 pre-election: Requested pre-vote from peers 5ce4f0d5e55543449140ac9ca436cfc5 (127.6.57.193:33457), 051f036647f8411ebe002f551e32b698 (127.6.57.194:46587)
I20260709 14:47:07.665930  7191 tablet_bootstrap.cc:492] T f543d31007294a6ab89abef80c86f572 P 051f036647f8411ebe002f551e32b698: No bootstrap required, opened a new log
I20260709 14:47:07.666555  7191 ts_tablet_manager.cc:1403] T f543d31007294a6ab89abef80c86f572 P 051f036647f8411ebe002f551e32b698: Time spent bootstrapping tablet: real 0.099s	user 0.039s	sys 0.050s
I20260709 14:47:07.666409  7002 tablet_service.cc:1917] Received RequestConsensusVote() RPC: tablet_id: "a1ded83c7ea74dbfb1ed24a5f621a4a1" candidate_uuid: "93a917805fc14a25a79d79d66fb51ff9" candidate_term: 1 candidate_status { last_received { term: 0 index: 0 } } ignore_live_leader: false dest_uuid: "5ce4f0d5e55543449140ac9ca436cfc5" is_pre_election: true
I20260709 14:47:07.662189  7192 ts_tablet_manager.cc:1403] T 4dcefec537f44a9d94a9cd47cc8194e7 P 5ce4f0d5e55543449140ac9ca436cfc5: Time spent bootstrapping tablet: real 0.057s	user 0.013s	sys 0.000s
W20260709 14:47:07.668123  7114 leader_election.cc:343] T b06eae2b0be34c6eb86c2f2cff6e810f P 93a917805fc14a25a79d79d66fb51ff9 [CANDIDATE]: Term 1 pre-election: Tablet error from VoteRequest() call to peer 051f036647f8411ebe002f551e32b698 (127.6.57.194:46587): Illegal state: must be running to vote when last-logged opid is not known
I20260709 14:47:07.668571  7114 leader_election.cc:304] T b06eae2b0be34c6eb86c2f2cff6e810f P 93a917805fc14a25a79d79d66fb51ff9 [CANDIDATE]: Term 1 pre-election: Election decided. Result: candidate lost. Election summary: received 3 responses out of 3 voters: 1 yes votes; 2 no votes. yes voters: 93a917805fc14a25a79d79d66fb51ff9; no voters: 051f036647f8411ebe002f551e32b698, 5ce4f0d5e55543449140ac9ca436cfc5
I20260709 14:47:07.669463  7077 tablet_service.cc:1917] Received RequestConsensusVote() RPC: tablet_id: "a1ded83c7ea74dbfb1ed24a5f621a4a1" candidate_uuid: "93a917805fc14a25a79d79d66fb51ff9" candidate_term: 1 candidate_status { last_received { term: 0 index: 0 } } ignore_live_leader: false dest_uuid: "051f036647f8411ebe002f551e32b698" is_pre_election: true
I20260709 14:47:07.669751  7194 raft_consensus.cc:2749] T b06eae2b0be34c6eb86c2f2cff6e810f P 93a917805fc14a25a79d79d66fb51ff9 [term 0 FOLLOWER]: Leader pre-election lost for term 1. Reason: could not achieve majority
I20260709 14:47:07.669579  7191 raft_consensus.cc:359] T f543d31007294a6ab89abef80c86f572 P 051f036647f8411ebe002f551e32b698 [term 0 FOLLOWER]: Replica starting. Triggering 0 pending ops. Active config: opid_index: -1 OBSOLETE_local: false peers { permanent_uuid: "93a917805fc14a25a79d79d66fb51ff9" member_type: VOTER last_known_addr { host: "127.6.57.195" port: 44755 } } peers { permanent_uuid: "051f036647f8411ebe002f551e32b698" member_type: VOTER last_known_addr { host: "127.6.57.194" port: 46587 } } peers { permanent_uuid: "5ce4f0d5e55543449140ac9ca436cfc5" member_type: VOTER last_known_addr { host: "127.6.57.193" port: 33457 } }
I20260709 14:47:07.670312  7191 raft_consensus.cc:385] T f543d31007294a6ab89abef80c86f572 P 051f036647f8411ebe002f551e32b698 [term 0 FOLLOWER]: Consensus starting up: Expiring failure detector timer to make a prompt election more likely
I20260709 14:47:07.669852  7192 raft_consensus.cc:359] T 4dcefec537f44a9d94a9cd47cc8194e7 P 5ce4f0d5e55543449140ac9ca436cfc5 [term 0 FOLLOWER]: Replica starting. Triggering 0 pending ops. Active config: opid_index: -1 OBSOLETE_local: false peers { permanent_uuid: "5ce4f0d5e55543449140ac9ca436cfc5" member_type: VOTER last_known_addr { host: "127.6.57.193" port: 33457 } } peers { permanent_uuid: "051f036647f8411ebe002f551e32b698" member_type: VOTER last_known_addr { host: "127.6.57.194" port: 46587 } } peers { permanent_uuid: "93a917805fc14a25a79d79d66fb51ff9" member_type: VOTER last_known_addr { host: "127.6.57.195" port: 44755 } }
I20260709 14:47:07.670619  7191 raft_consensus.cc:740] T f543d31007294a6ab89abef80c86f572 P 051f036647f8411ebe002f551e32b698 [term 0 FOLLOWER]: Becoming Follower/Learner. State: Replica: 051f036647f8411ebe002f551e32b698, State: Initialized, Role: FOLLOWER
I20260709 14:47:07.670882  7192 raft_consensus.cc:385] T 4dcefec537f44a9d94a9cd47cc8194e7 P 5ce4f0d5e55543449140ac9ca436cfc5 [term 0 FOLLOWER]: Consensus starting up: Expiring failure detector timer to make a prompt election more likely
W20260709 14:47:07.671000  7114 leader_election.cc:343] T a1ded83c7ea74dbfb1ed24a5f621a4a1 P 93a917805fc14a25a79d79d66fb51ff9 [CANDIDATE]: Term 1 pre-election: Tablet error from VoteRequest() call to peer 5ce4f0d5e55543449140ac9ca436cfc5 (127.6.57.193:33457): Illegal state: must be running to vote when last-logged opid is not known
I20260709 14:47:07.671430  7192 raft_consensus.cc:740] T 4dcefec537f44a9d94a9cd47cc8194e7 P 5ce4f0d5e55543449140ac9ca436cfc5 [term 0 FOLLOWER]: Becoming Follower/Learner. State: Replica: 5ce4f0d5e55543449140ac9ca436cfc5, State: Initialized, Role: FOLLOWER
W20260709 14:47:07.671722  7114 leader_election.cc:343] T a1ded83c7ea74dbfb1ed24a5f621a4a1 P 93a917805fc14a25a79d79d66fb51ff9 [CANDIDATE]: Term 1 pre-election: Tablet error from VoteRequest() call to peer 051f036647f8411ebe002f551e32b698 (127.6.57.194:46587): Illegal state: must be running to vote when last-logged opid is not known
I20260709 14:47:07.671360  7191 consensus_queue.cc:260] T f543d31007294a6ab89abef80c86f572 P 051f036647f8411ebe002f551e32b698 [NON_LEADER]: Queue going to NON_LEADER mode. State: All replicated index: 0, Majority replicated index: 0, Committed index: 0, Last appended: 0.0, Last appended by leader: 0, Current term: 0, Majority size: -1, State: 0, Mode: NON_LEADER, active raft config: opid_index: -1 OBSOLETE_local: false peers { permanent_uuid: "93a917805fc14a25a79d79d66fb51ff9" member_type: VOTER last_known_addr { host: "127.6.57.195" port: 44755 } } peers { permanent_uuid: "051f036647f8411ebe002f551e32b698" member_type: VOTER last_known_addr { host: "127.6.57.194" port: 46587 } } peers { permanent_uuid: "5ce4f0d5e55543449140ac9ca436cfc5" member_type: VOTER last_known_addr { host: "127.6.57.193" port: 33457 } }
I20260709 14:47:07.672149  7114 leader_election.cc:304] T a1ded83c7ea74dbfb1ed24a5f621a4a1 P 93a917805fc14a25a79d79d66fb51ff9 [CANDIDATE]: Term 1 pre-election: Election decided. Result: candidate lost. Election summary: received 3 responses out of 3 voters: 1 yes votes; 2 no votes. yes voters: 93a917805fc14a25a79d79d66fb51ff9; no voters: 051f036647f8411ebe002f551e32b698, 5ce4f0d5e55543449140ac9ca436cfc5
I20260709 14:47:07.672844  7194 raft_consensus.cc:2749] T a1ded83c7ea74dbfb1ed24a5f621a4a1 P 93a917805fc14a25a79d79d66fb51ff9 [term 0 FOLLOWER]: Leader pre-election lost for term 1. Reason: could not achieve majority
I20260709 14:47:07.668241  7190 tablet_bootstrap.cc:492] T f623664a885c4cbcb52cf8674268b88d P 93a917805fc14a25a79d79d66fb51ff9: No bootstrap required, opened a new log
I20260709 14:47:07.673573  7191 ts_tablet_manager.cc:1434] T f543d31007294a6ab89abef80c86f572 P 051f036647f8411ebe002f551e32b698: Time spent starting tablet: real 0.007s	user 0.006s	sys 0.001s
I20260709 14:47:07.673578  7190 ts_tablet_manager.cc:1403] T f623664a885c4cbcb52cf8674268b88d P 93a917805fc14a25a79d79d66fb51ff9: Time spent bootstrapping tablet: real 0.096s	user 0.035s	sys 0.053s
I20260709 14:47:07.672847  7192 consensus_queue.cc:260] T 4dcefec537f44a9d94a9cd47cc8194e7 P 5ce4f0d5e55543449140ac9ca436cfc5 [NON_LEADER]: Queue going to NON_LEADER mode. State: All replicated index: 0, Majority replicated index: 0, Committed index: 0, Last appended: 0.0, Last appended by leader: 0, Current term: 0, Majority size: -1, State: 0, Mode: NON_LEADER, active raft config: opid_index: -1 OBSOLETE_local: false peers { permanent_uuid: "5ce4f0d5e55543449140ac9ca436cfc5" member_type: VOTER last_known_addr { host: "127.6.57.193" port: 33457 } } peers { permanent_uuid: "051f036647f8411ebe002f551e32b698" member_type: VOTER last_known_addr { host: "127.6.57.194" port: 46587 } } peers { permanent_uuid: "93a917805fc14a25a79d79d66fb51ff9" member_type: VOTER last_known_addr { host: "127.6.57.195" port: 44755 } }
I20260709 14:47:07.674866  7191 tablet_bootstrap.cc:492] T f623664a885c4cbcb52cf8674268b88d P 051f036647f8411ebe002f551e32b698: Bootstrap starting.
I20260709 14:47:07.676623  7190 raft_consensus.cc:359] T f623664a885c4cbcb52cf8674268b88d P 93a917805fc14a25a79d79d66fb51ff9 [term 0 FOLLOWER]: Replica starting. Triggering 0 pending ops. Active config: opid_index: -1 OBSOLETE_local: false peers { permanent_uuid: "5ce4f0d5e55543449140ac9ca436cfc5" member_type: VOTER last_known_addr { host: "127.6.57.193" port: 33457 } } peers { permanent_uuid: "051f036647f8411ebe002f551e32b698" member_type: VOTER last_known_addr { host: "127.6.57.194" port: 46587 } } peers { permanent_uuid: "93a917805fc14a25a79d79d66fb51ff9" member_type: VOTER last_known_addr { host: "127.6.57.195" port: 44755 } }
I20260709 14:47:07.677336  7190 raft_consensus.cc:385] T f623664a885c4cbcb52cf8674268b88d P 93a917805fc14a25a79d79d66fb51ff9 [term 0 FOLLOWER]: Consensus starting up: Expiring failure detector timer to make a prompt election more likely
I20260709 14:47:07.677611  7190 raft_consensus.cc:740] T f623664a885c4cbcb52cf8674268b88d P 93a917805fc14a25a79d79d66fb51ff9 [term 0 FOLLOWER]: Becoming Follower/Learner. State: Replica: 93a917805fc14a25a79d79d66fb51ff9, State: Initialized, Role: FOLLOWER
I20260709 14:47:07.678308  7190 consensus_queue.cc:260] T f623664a885c4cbcb52cf8674268b88d P 93a917805fc14a25a79d79d66fb51ff9 [NON_LEADER]: Queue going to NON_LEADER mode. State: All replicated index: 0, Majority replicated index: 0, Committed index: 0, Last appended: 0.0, Last appended by leader: 0, Current term: 0, Majority size: -1, State: 0, Mode: NON_LEADER, active raft config: opid_index: -1 OBSOLETE_local: false peers { permanent_uuid: "5ce4f0d5e55543449140ac9ca436cfc5" member_type: VOTER last_known_addr { host: "127.6.57.193" port: 33457 } } peers { permanent_uuid: "051f036647f8411ebe002f551e32b698" member_type: VOTER last_known_addr { host: "127.6.57.194" port: 46587 } } peers { permanent_uuid: "93a917805fc14a25a79d79d66fb51ff9" member_type: VOTER last_known_addr { host: "127.6.57.195" port: 44755 } }
I20260709 14:47:07.680400  7190 ts_tablet_manager.cc:1434] T f623664a885c4cbcb52cf8674268b88d P 93a917805fc14a25a79d79d66fb51ff9: Time spent starting tablet: real 0.006s	user 0.003s	sys 0.000s
I20260709 14:47:07.681721  7191 tablet_bootstrap.cc:654] T f623664a885c4cbcb52cf8674268b88d P 051f036647f8411ebe002f551e32b698: Neither blocks nor log segments found. Creating new log.
I20260709 14:47:07.682904  7190 tablet_bootstrap.cc:492] T c2a4da2fc5e44ed1861e9133d63464da P 93a917805fc14a25a79d79d66fb51ff9: Bootstrap starting.
I20260709 14:47:07.685536  7192 ts_tablet_manager.cc:1434] T 4dcefec537f44a9d94a9cd47cc8194e7 P 5ce4f0d5e55543449140ac9ca436cfc5: Time spent starting tablet: real 0.018s	user 0.006s	sys 0.001s
I20260709 14:47:07.687935  7192 tablet_bootstrap.cc:492] T 10cf2cdbb7c94eb8bd1921774a7b4473 P 5ce4f0d5e55543449140ac9ca436cfc5: Bootstrap starting.
I20260709 14:47:07.689303  7200 raft_consensus.cc:493] T 4dcefec537f44a9d94a9cd47cc8194e7 P 5ce4f0d5e55543449140ac9ca436cfc5 [term 0 FOLLOWER]: Starting pre-election (no leader contacted us within the election timeout)
I20260709 14:47:07.689731  7200 raft_consensus.cc:515] T 4dcefec537f44a9d94a9cd47cc8194e7 P 5ce4f0d5e55543449140ac9ca436cfc5 [term 0 FOLLOWER]: Starting pre-election with config: opid_index: -1 OBSOLETE_local: false peers { permanent_uuid: "5ce4f0d5e55543449140ac9ca436cfc5" member_type: VOTER last_known_addr { host: "127.6.57.193" port: 33457 } } peers { permanent_uuid: "051f036647f8411ebe002f551e32b698" member_type: VOTER last_known_addr { host: "127.6.57.194" port: 46587 } } peers { permanent_uuid: "93a917805fc14a25a79d79d66fb51ff9" member_type: VOTER last_known_addr { host: "127.6.57.195" port: 44755 } }
I20260709 14:47:07.691157  7190 tablet_bootstrap.cc:654] T c2a4da2fc5e44ed1861e9133d63464da P 93a917805fc14a25a79d79d66fb51ff9: Neither blocks nor log segments found. Creating new log.
I20260709 14:47:07.692407  7200 leader_election.cc:290] T 4dcefec537f44a9d94a9cd47cc8194e7 P 5ce4f0d5e55543449140ac9ca436cfc5 [CANDIDATE]: Term 1 pre-election: Requested pre-vote from peers 051f036647f8411ebe002f551e32b698 (127.6.57.194:46587), 93a917805fc14a25a79d79d66fb51ff9 (127.6.57.195:44755)
I20260709 14:47:07.696491  7192 tablet_bootstrap.cc:654] T 10cf2cdbb7c94eb8bd1921774a7b4473 P 5ce4f0d5e55543449140ac9ca436cfc5: Neither blocks nor log segments found. Creating new log.
I20260709 14:47:07.703084  7192 tablet_bootstrap.cc:492] T 10cf2cdbb7c94eb8bd1921774a7b4473 P 5ce4f0d5e55543449140ac9ca436cfc5: No bootstrap required, opened a new log
I20260709 14:47:07.703624  7192 ts_tablet_manager.cc:1403] T 10cf2cdbb7c94eb8bd1921774a7b4473 P 5ce4f0d5e55543449140ac9ca436cfc5: Time spent bootstrapping tablet: real 0.016s	user 0.006s	sys 0.003s
I20260709 14:47:07.703831  7191 tablet_bootstrap.cc:492] T f623664a885c4cbcb52cf8674268b88d P 051f036647f8411ebe002f551e32b698: No bootstrap required, opened a new log
I20260709 14:47:07.704447  7191 ts_tablet_manager.cc:1403] T f623664a885c4cbcb52cf8674268b88d P 051f036647f8411ebe002f551e32b698: Time spent bootstrapping tablet: real 0.030s	user 0.007s	sys 0.016s
I20260709 14:47:07.706753  7192 raft_consensus.cc:359] T 10cf2cdbb7c94eb8bd1921774a7b4473 P 5ce4f0d5e55543449140ac9ca436cfc5 [term 0 FOLLOWER]: Replica starting. Triggering 0 pending ops. Active config: opid_index: -1 OBSOLETE_local: false peers { permanent_uuid: "5ce4f0d5e55543449140ac9ca436cfc5" member_type: VOTER last_known_addr { host: "127.6.57.193" port: 33457 } } peers { permanent_uuid: "051f036647f8411ebe002f551e32b698" member_type: VOTER last_known_addr { host: "127.6.57.194" port: 46587 } } peers { permanent_uuid: "93a917805fc14a25a79d79d66fb51ff9" member_type: VOTER last_known_addr { host: "127.6.57.195" port: 44755 } }
I20260709 14:47:07.707489  7192 raft_consensus.cc:385] T 10cf2cdbb7c94eb8bd1921774a7b4473 P 5ce4f0d5e55543449140ac9ca436cfc5 [term 0 FOLLOWER]: Consensus starting up: Expiring failure detector timer to make a prompt election more likely
I20260709 14:47:07.707798  7192 raft_consensus.cc:740] T 10cf2cdbb7c94eb8bd1921774a7b4473 P 5ce4f0d5e55543449140ac9ca436cfc5 [term 0 FOLLOWER]: Becoming Follower/Learner. State: Replica: 5ce4f0d5e55543449140ac9ca436cfc5, State: Initialized, Role: FOLLOWER
I20260709 14:47:07.708241  7191 raft_consensus.cc:359] T f623664a885c4cbcb52cf8674268b88d P 051f036647f8411ebe002f551e32b698 [term 0 FOLLOWER]: Replica starting. Triggering 0 pending ops. Active config: opid_index: -1 OBSOLETE_local: false peers { permanent_uuid: "5ce4f0d5e55543449140ac9ca436cfc5" member_type: VOTER last_known_addr { host: "127.6.57.193" port: 33457 } } peers { permanent_uuid: "051f036647f8411ebe002f551e32b698" member_type: VOTER last_known_addr { host: "127.6.57.194" port: 46587 } } peers { permanent_uuid: "93a917805fc14a25a79d79d66fb51ff9" member_type: VOTER last_known_addr { host: "127.6.57.195" port: 44755 } }
I20260709 14:47:07.709203  7191 raft_consensus.cc:385] T f623664a885c4cbcb52cf8674268b88d P 051f036647f8411ebe002f551e32b698 [term 0 FOLLOWER]: Consensus starting up: Expiring failure detector timer to make a prompt election more likely
I20260709 14:47:07.709594  7191 raft_consensus.cc:740] T f623664a885c4cbcb52cf8674268b88d P 051f036647f8411ebe002f551e32b698 [term 0 FOLLOWER]: Becoming Follower/Learner. State: Replica: 051f036647f8411ebe002f551e32b698, State: Initialized, Role: FOLLOWER
I20260709 14:47:07.710350  7191 consensus_queue.cc:260] T f623664a885c4cbcb52cf8674268b88d P 051f036647f8411ebe002f551e32b698 [NON_LEADER]: Queue going to NON_LEADER mode. State: All replicated index: 0, Majority replicated index: 0, Committed index: 0, Last appended: 0.0, Last appended by leader: 0, Current term: 0, Majority size: -1, State: 0, Mode: NON_LEADER, active raft config: opid_index: -1 OBSOLETE_local: false peers { permanent_uuid: "5ce4f0d5e55543449140ac9ca436cfc5" member_type: VOTER last_known_addr { host: "127.6.57.193" port: 33457 } } peers { permanent_uuid: "051f036647f8411ebe002f551e32b698" member_type: VOTER last_known_addr { host: "127.6.57.194" port: 46587 } } peers { permanent_uuid: "93a917805fc14a25a79d79d66fb51ff9" member_type: VOTER last_known_addr { host: "127.6.57.195" port: 44755 } }
I20260709 14:47:07.711107  7192 consensus_queue.cc:260] T 10cf2cdbb7c94eb8bd1921774a7b4473 P 5ce4f0d5e55543449140ac9ca436cfc5 [NON_LEADER]: Queue going to NON_LEADER mode. State: All replicated index: 0, Majority replicated index: 0, Committed index: 0, Last appended: 0.0, Last appended by leader: 0, Current term: 0, Majority size: -1, State: 0, Mode: NON_LEADER, active raft config: opid_index: -1 OBSOLETE_local: false peers { permanent_uuid: "5ce4f0d5e55543449140ac9ca436cfc5" member_type: VOTER last_known_addr { host: "127.6.57.193" port: 33457 } } peers { permanent_uuid: "051f036647f8411ebe002f551e32b698" member_type: VOTER last_known_addr { host: "127.6.57.194" port: 46587 } } peers { permanent_uuid: "93a917805fc14a25a79d79d66fb51ff9" member_type: VOTER last_known_addr { host: "127.6.57.195" port: 44755 } }
I20260709 14:47:07.712059  7190 tablet_bootstrap.cc:492] T c2a4da2fc5e44ed1861e9133d63464da P 93a917805fc14a25a79d79d66fb51ff9: No bootstrap required, opened a new log
I20260709 14:47:07.712473  7191 ts_tablet_manager.cc:1434] T f623664a885c4cbcb52cf8674268b88d P 051f036647f8411ebe002f551e32b698: Time spent starting tablet: real 0.008s	user 0.004s	sys 0.000s
I20260709 14:47:07.712558  7190 ts_tablet_manager.cc:1403] T c2a4da2fc5e44ed1861e9133d63464da P 93a917805fc14a25a79d79d66fb51ff9: Time spent bootstrapping tablet: real 0.030s	user 0.016s	sys 0.012s
I20260709 14:47:07.713512  7191 tablet_bootstrap.cc:492] T c2a4da2fc5e44ed1861e9133d63464da P 051f036647f8411ebe002f551e32b698: Bootstrap starting.
I20260709 14:47:07.715620  7190 raft_consensus.cc:359] T c2a4da2fc5e44ed1861e9133d63464da P 93a917805fc14a25a79d79d66fb51ff9 [term 0 FOLLOWER]: Replica starting. Triggering 0 pending ops. Active config: opid_index: -1 OBSOLETE_local: false peers { permanent_uuid: "5ce4f0d5e55543449140ac9ca436cfc5" member_type: VOTER last_known_addr { host: "127.6.57.193" port: 33457 } } peers { permanent_uuid: "051f036647f8411ebe002f551e32b698" member_type: VOTER last_known_addr { host: "127.6.57.194" port: 46587 } } peers { permanent_uuid: "93a917805fc14a25a79d79d66fb51ff9" member_type: VOTER last_known_addr { host: "127.6.57.195" port: 44755 } }
I20260709 14:47:07.716344  7190 raft_consensus.cc:385] T c2a4da2fc5e44ed1861e9133d63464da P 93a917805fc14a25a79d79d66fb51ff9 [term 0 FOLLOWER]: Consensus starting up: Expiring failure detector timer to make a prompt election more likely
I20260709 14:47:07.716681  7190 raft_consensus.cc:740] T c2a4da2fc5e44ed1861e9133d63464da P 93a917805fc14a25a79d79d66fb51ff9 [term 0 FOLLOWER]: Becoming Follower/Learner. State: Replica: 93a917805fc14a25a79d79d66fb51ff9, State: Initialized, Role: FOLLOWER
I20260709 14:47:07.717538  7190 consensus_queue.cc:260] T c2a4da2fc5e44ed1861e9133d63464da P 93a917805fc14a25a79d79d66fb51ff9 [NON_LEADER]: Queue going to NON_LEADER mode. State: All replicated index: 0, Majority replicated index: 0, Committed index: 0, Last appended: 0.0, Last appended by leader: 0, Current term: 0, Majority size: -1, State: 0, Mode: NON_LEADER, active raft config: opid_index: -1 OBSOLETE_local: false peers { permanent_uuid: "5ce4f0d5e55543449140ac9ca436cfc5" member_type: VOTER last_known_addr { host: "127.6.57.193" port: 33457 } } peers { permanent_uuid: "051f036647f8411ebe002f551e32b698" member_type: VOTER last_known_addr { host: "127.6.57.194" port: 46587 } } peers { permanent_uuid: "93a917805fc14a25a79d79d66fb51ff9" member_type: VOTER last_known_addr { host: "127.6.57.195" port: 44755 } }
I20260709 14:47:07.721652  7191 tablet_bootstrap.cc:654] T c2a4da2fc5e44ed1861e9133d63464da P 051f036647f8411ebe002f551e32b698: Neither blocks nor log segments found. Creating new log.
I20260709 14:47:07.722534  7192 ts_tablet_manager.cc:1434] T 10cf2cdbb7c94eb8bd1921774a7b4473 P 5ce4f0d5e55543449140ac9ca436cfc5: Time spent starting tablet: real 0.019s	user 0.008s	sys 0.001s
