I20260709 14:47:53.164103  1779 raft_consensus.cc:359] T 02da5b114acc443f8944acbf852f75cf P 5c43168acbc7416baf3c8bfbdcb798d7 [term 0 FOLLOWER]: Replica starting. Triggering 0 pending ops. Active config: opid_index: -1 OBSOLETE_local: false peers { permanent_uuid: "5c43168acbc7416baf3c8bfbdcb798d7" member_type: VOTER last_known_addr { host: "127.0.107.193" port: 35859 } } peers { permanent_uuid: "712ee62c02f646149f627ed5f45fc615" member_type: VOTER last_known_addr { host: "127.0.107.194" port: 38667 } } peers { permanent_uuid: "47e47c9aaa2640efa18ef5a0f4aa513b" member_type: VOTER last_known_addr { host: "127.0.107.195" port: 42349 } }
I20260709 14:47:53.164918  1779 raft_consensus.cc:385] T 02da5b114acc443f8944acbf852f75cf P 5c43168acbc7416baf3c8bfbdcb798d7 [term 0 FOLLOWER]: Consensus starting up: Expiring failure detector timer to make a prompt election more likely
I20260709 14:47:53.165230  1779 raft_consensus.cc:740] T 02da5b114acc443f8944acbf852f75cf P 5c43168acbc7416baf3c8bfbdcb798d7 [term 0 FOLLOWER]: Becoming Follower/Learner. State: Replica: 5c43168acbc7416baf3c8bfbdcb798d7, State: Initialized, Role: FOLLOWER
I20260709 14:47:53.165684  1646 tablet_service.cc:1511] Processing CreateTablet for tablet fc2fb7219f99435686d898c0f24ba1e9 (DEFAULT_TABLE table=test-workload [id=96772bd95d2b4485b2e72e3cd61fe3ca]), partition=RANGE (key) PARTITION 327582243 <= VALUES < 363980270
I20260709 14:47:53.166006  1779 consensus_queue.cc:260] T 02da5b114acc443f8944acbf852f75cf P 5c43168acbc7416baf3c8bfbdcb798d7 [NON_LEADER]: Queue going to NON_LEADER mode. State: All replicated index: 0, Majority replicated index: 0, Committed index: 0, Last appended: 0.0, Last appended by leader: 0, Current term: 0, Majority size: -1, State: 0, Mode: NON_LEADER, active raft config: opid_index: -1 OBSOLETE_local: false peers { permanent_uuid: "5c43168acbc7416baf3c8bfbdcb798d7" member_type: VOTER last_known_addr { host: "127.0.107.193" port: 35859 } } peers { permanent_uuid: "712ee62c02f646149f627ed5f45fc615" member_type: VOTER last_known_addr { host: "127.0.107.194" port: 38667 } } peers { permanent_uuid: "47e47c9aaa2640efa18ef5a0f4aa513b" member_type: VOTER last_known_addr { host: "127.0.107.195" port: 42349 } }
I20260709 14:47:53.155359  1574 tablet_service.cc:1511] Processing CreateTablet for tablet 26c32e1423f14c1d8f1c5c262b274521 (DEFAULT_TABLE table=test-workload [id=96772bd95d2b4485b2e72e3cd61fe3ca]), partition=RANGE (key) PARTITION 363980270 <= VALUES < 400378297
I20260709 14:47:53.155654  1579 tablet_service.cc:1511] Processing CreateTablet for tablet fc2fb7219f99435686d898c0f24ba1e9 (DEFAULT_TABLE table=test-workload [id=96772bd95d2b4485b2e72e3cd61fe3ca]), partition=RANGE (key) PARTITION 327582243 <= VALUES < 363980270
I20260709 14:47:53.168238  1574 data_dirs.cc:400] Could only allocate 1 dirs of requested 3 for tablet 26c32e1423f14c1d8f1c5c262b274521. 1 dirs total, 0 dirs full, 0 dirs failed
I20260709 14:47:53.168769  1579 data_dirs.cc:400] Could only allocate 1 dirs of requested 3 for tablet fc2fb7219f99435686d898c0f24ba1e9. 1 dirs total, 0 dirs full, 0 dirs failed
I20260709 14:47:53.156965  1573 tablet_service.cc:1511] Processing CreateTablet for tablet 936caf0207f84daa92122e3af285360e (DEFAULT_TABLE table=test-workload [id=96772bd95d2b4485b2e72e3cd61fe3ca]), partition=RANGE (key) PARTITION 400378297 <= VALUES < 436776324
I20260709 14:47:53.169950  1573 data_dirs.cc:400] Could only allocate 1 dirs of requested 3 for tablet 936caf0207f84daa92122e3af285360e. 1 dirs total, 0 dirs full, 0 dirs failed
I20260709 14:47:53.158380  1572 tablet_service.cc:1511] Processing CreateTablet for tablet 938ef065c3f846b48c01b3b9b5f1d9a2 (DEFAULT_TABLE table=test-workload [id=96772bd95d2b4485b2e72e3cd61fe3ca]), partition=RANGE (key) PARTITION 436776324 <= VALUES < 473174351
I20260709 14:47:53.173929  1572 data_dirs.cc:400] Could only allocate 1 dirs of requested 3 for tablet 938ef065c3f846b48c01b3b9b5f1d9a2. 1 dirs total, 0 dirs full, 0 dirs failed
I20260709 14:47:53.159762  1571 tablet_service.cc:1511] Processing CreateTablet for tablet c353025f13034a4db4b18bdd2a6821fb (DEFAULT_TABLE table=test-workload [id=96772bd95d2b4485b2e72e3cd61fe3ca]), partition=RANGE (key) PARTITION 473174351 <= VALUES < 509572378
I20260709 14:47:53.177940  1571 data_dirs.cc:400] Could only allocate 1 dirs of requested 3 for tablet c353025f13034a4db4b18bdd2a6821fb. 1 dirs total, 0 dirs full, 0 dirs failed
I20260709 14:47:53.182150  1580 tablet_service.cc:1511] Processing CreateTablet for tablet 05b9d7190a004d5db432c9a4182d24cb (DEFAULT_TABLE table=test-workload [id=96772bd95d2b4485b2e72e3cd61fe3ca]), partition=RANGE (key) PARTITION 545970405 <= VALUES < 582368432
I20260709 14:47:53.183351  1580 data_dirs.cc:400] Could only allocate 1 dirs of requested 3 for tablet 05b9d7190a004d5db432c9a4182d24cb. 1 dirs total, 0 dirs full, 0 dirs failed
I20260709 14:47:53.164177  1653 data_dirs.cc:400] Could only allocate 1 dirs of requested 3 for tablet b7f7c5f6ceda4a73a96342087205fba0. 1 dirs total, 0 dirs full, 0 dirs failed
I20260709 14:47:53.186026  1615 heartbeater.cc:499] Master 127.0.107.254:44587 was elected leader, sending a full tablet report...
I20260709 14:47:53.186399  1779 ts_tablet_manager.cc:1434] T 02da5b114acc443f8944acbf852f75cf P 5c43168acbc7416baf3c8bfbdcb798d7: Time spent starting tablet: real 0.025s	user 0.006s	sys 0.000s
I20260709 14:47:53.189354  1646 data_dirs.cc:400] Could only allocate 1 dirs of requested 3 for tablet fc2fb7219f99435686d898c0f24ba1e9. 1 dirs total, 0 dirs full, 0 dirs failed
I20260709 14:47:53.198776  1779 tablet_bootstrap.cc:492] T 600a3596a8ae4bfeabf6c2b73ee8d00a P 5c43168acbc7416baf3c8bfbdcb798d7: Bootstrap starting.
I20260709 14:47:53.207374  1574 tablet_service.cc:1511] Processing CreateTablet for tablet 3efdc69a8f4e4ec98c2214c78ea3907e (DEFAULT_TABLE table=test-workload [id=96772bd95d2b4485b2e72e3cd61fe3ca]), partition=RANGE (key) PARTITION 509572378 <= VALUES < 545970405
I20260709 14:47:53.208555  1574 data_dirs.cc:400] Could only allocate 1 dirs of requested 3 for tablet 3efdc69a8f4e4ec98c2214c78ea3907e. 1 dirs total, 0 dirs full, 0 dirs failed
I20260709 14:47:53.213869  1779 tablet_bootstrap.cc:654] T 600a3596a8ae4bfeabf6c2b73ee8d00a P 5c43168acbc7416baf3c8bfbdcb798d7: Neither blocks nor log segments found. Creating new log.
I20260709 14:47:53.218042  1580 tablet_service.cc:1511] Processing CreateTablet for tablet cb866d2ca2294a3ea3c9a7cedb5fd8c7 (DEFAULT_TABLE table=test-workload [id=96772bd95d2b4485b2e72e3cd61fe3ca]), partition=RANGE (key) PARTITION 582368432 <= VALUES < 618766459
I20260709 14:47:53.219159  1580 data_dirs.cc:400] Could only allocate 1 dirs of requested 3 for tablet cb866d2ca2294a3ea3c9a7cedb5fd8c7. 1 dirs total, 0 dirs full, 0 dirs failed
I20260709 14:47:53.221587  1571 tablet_service.cc:1511] Processing CreateTablet for tablet af674b7c98cc4796924884beeacc269e (DEFAULT_TABLE table=test-workload [id=96772bd95d2b4485b2e72e3cd61fe3ca]), partition=RANGE (key) PARTITION 618766459 <= VALUES < 655164486
I20260709 14:47:53.223894  1579 tablet_service.cc:1511] Processing CreateTablet for tablet 15180a9fa13d4e52ac04abe1dcd6d3c2 (DEFAULT_TABLE table=test-workload [id=96772bd95d2b4485b2e72e3cd61fe3ca]), partition=RANGE (key) PARTITION 655164486 <= VALUES < 691562513
I20260709 14:47:53.225015  1579 data_dirs.cc:400] Could only allocate 1 dirs of requested 3 for tablet 15180a9fa13d4e52ac04abe1dcd6d3c2. 1 dirs total, 0 dirs full, 0 dirs failed
I20260709 14:47:53.235010  1655 tablet_service.cc:1511] Processing CreateTablet for tablet 26c32e1423f14c1d8f1c5c262b274521 (DEFAULT_TABLE table=test-workload [id=96772bd95d2b4485b2e72e3cd61fe3ca]), partition=RANGE (key) PARTITION 363980270 <= VALUES < 400378297
I20260709 14:47:53.236117  1655 data_dirs.cc:400] Could only allocate 1 dirs of requested 3 for tablet 26c32e1423f14c1d8f1c5c262b274521. 1 dirs total, 0 dirs full, 0 dirs failed
I20260709 14:47:53.231134  1785 tablet_bootstrap.cc:492] T 600a3596a8ae4bfeabf6c2b73ee8d00a P 712ee62c02f646149f627ed5f45fc615: Bootstrap starting.
I20260709 14:47:53.249440  1785 tablet_bootstrap.cc:654] T 600a3596a8ae4bfeabf6c2b73ee8d00a P 712ee62c02f646149f627ed5f45fc615: Neither blocks nor log segments found. Creating new log.
I20260709 14:47:53.251586  1727 tablet_service.cc:1511] Processing CreateTablet for tablet 938ef065c3f846b48c01b3b9b5f1d9a2 (DEFAULT_TABLE table=test-workload [id=96772bd95d2b4485b2e72e3cd61fe3ca]), partition=RANGE (key) PARTITION 436776324 <= VALUES < 473174351
I20260709 14:47:53.252512  1783 raft_consensus.cc:493] T 02da5b114acc443f8944acbf852f75cf P 5c43168acbc7416baf3c8bfbdcb798d7 [term 0 FOLLOWER]: Starting pre-election (no leader contacted us within the election timeout)
I20260709 14:47:53.244743  1729 tablet_service.cc:1511] Processing CreateTablet for tablet 936caf0207f84daa92122e3af285360e (DEFAULT_TABLE table=test-workload [id=96772bd95d2b4485b2e72e3cd61fe3ca]), partition=RANGE (key) PARTITION 400378297 <= VALUES < 436776324
I20260709 14:47:53.254480  1783 raft_consensus.cc:515] T 02da5b114acc443f8944acbf852f75cf P 5c43168acbc7416baf3c8bfbdcb798d7 [term 0 FOLLOWER]: Starting pre-election with config: opid_index: -1 OBSOLETE_local: false peers { permanent_uuid: "5c43168acbc7416baf3c8bfbdcb798d7" member_type: VOTER last_known_addr { host: "127.0.107.193" port: 35859 } } peers { permanent_uuid: "712ee62c02f646149f627ed5f45fc615" member_type: VOTER last_known_addr { host: "127.0.107.194" port: 38667 } } peers { permanent_uuid: "47e47c9aaa2640efa18ef5a0f4aa513b" member_type: VOTER last_known_addr { host: "127.0.107.195" port: 42349 } }
I20260709 14:47:53.258235  1571 data_dirs.cc:400] Could only allocate 1 dirs of requested 3 for tablet af674b7c98cc4796924884beeacc269e. 1 dirs total, 0 dirs full, 0 dirs failed
I20260709 14:47:53.252943  1727 data_dirs.cc:400] Could only allocate 1 dirs of requested 3 for tablet 938ef065c3f846b48c01b3b9b5f1d9a2. 1 dirs total, 0 dirs full, 0 dirs failed
I20260709 14:47:53.266642  1724 tablet_service.cc:1511] Processing CreateTablet for tablet c353025f13034a4db4b18bdd2a6821fb (DEFAULT_TABLE table=test-workload [id=96772bd95d2b4485b2e72e3cd61fe3ca]), partition=RANGE (key) PARTITION 473174351 <= VALUES < 509572378
I20260709 14:47:53.150460  1647 tablet_service.cc:1511] Processing CreateTablet for tablet af9846cd108e48a6978637593251c8dd (DEFAULT_TABLE table=test-workload [id=96772bd95d2b4485b2e72e3cd61fe3ca]), partition=RANGE (key) PARTITION 291184216 <= VALUES < 327582243
I20260709 14:47:53.283344  1647 data_dirs.cc:400] Could only allocate 1 dirs of requested 3 for tablet af9846cd108e48a6978637593251c8dd. 1 dirs total, 0 dirs full, 0 dirs failed
I20260709 14:47:53.268247  1652 tablet_service.cc:1511] Processing CreateTablet for tablet 72d8679a7eea4081be5a9909468186f1 (DEFAULT_TABLE table=test-workload [id=96772bd95d2b4485b2e72e3cd61fe3ca]), partition=RANGE (key) PARTITION 109194081 <= VALUES < 145592108
I20260709 14:47:53.270546  1651 tablet_service.cc:1511] Processing CreateTablet for tablet a9db7274bae1446bb84c76ee4352d0e0 (DEFAULT_TABLE table=test-workload [id=96772bd95d2b4485b2e72e3cd61fe3ca]), partition=RANGE (key) PARTITION 145592108 <= VALUES < 181990135
I20260709 14:47:53.269481  1650 tablet_service.cc:1511] Processing CreateTablet for tablet 372cfe67b52a40f4a3358eb8c2cc77f4 (DEFAULT_TABLE table=test-workload [id=96772bd95d2b4485b2e72e3cd61fe3ca]), partition=RANGE (key) PARTITION 181990135 <= VALUES < 218388162
I20260709 14:47:53.282341  1779 tablet_bootstrap.cc:492] T 600a3596a8ae4bfeabf6c2b73ee8d00a P 5c43168acbc7416baf3c8bfbdcb798d7: No bootstrap required, opened a new log
I20260709 14:47:53.268204  1580 tablet_service.cc:1511] Processing CreateTablet for tablet 0ad072dd98254dc5beda182e817233af (DEFAULT_TABLE table=test-workload [id=96772bd95d2b4485b2e72e3cd61fe3ca]), partition=RANGE (key) PARTITION 691562513 <= VALUES < 727960540
I20260709 14:47:53.288244  1652 data_dirs.cc:400] Could only allocate 1 dirs of requested 3 for tablet 72d8679a7eea4081be5a9909468186f1. 1 dirs total, 0 dirs full, 0 dirs failed
I20260709 14:47:53.291311  1728 tablet_service.cc:1511] Processing CreateTablet for tablet 05b9d7190a004d5db432c9a4182d24cb (DEFAULT_TABLE table=test-workload [id=96772bd95d2b4485b2e72e3cd61fe3ca]), partition=RANGE (key) PARTITION 545970405 <= VALUES < 582368432
I20260709 14:47:53.292098  1655 tablet_service.cc:1511] Processing CreateTablet for tablet 936caf0207f84daa92122e3af285360e (DEFAULT_TABLE table=test-workload [id=96772bd95d2b4485b2e72e3cd61fe3ca]), partition=RANGE (key) PARTITION 400378297 <= VALUES < 436776324
I20260709 14:47:53.293414  1779 ts_tablet_manager.cc:1403] T 600a3596a8ae4bfeabf6c2b73ee8d00a P 5c43168acbc7416baf3c8bfbdcb798d7: Time spent bootstrapping tablet: real 0.095s	user 0.012s	sys 0.001s
I20260709 14:47:53.297806  1650 data_dirs.cc:400] Could only allocate 1 dirs of requested 3 for tablet 372cfe67b52a40f4a3358eb8c2cc77f4. 1 dirs total, 0 dirs full, 0 dirs failed
I20260709 14:47:53.299611  1574 tablet_service.cc:1511] Processing CreateTablet for tablet 2341482a88df4de7bb93f744d1f55c01 (DEFAULT_TABLE table=test-workload [id=96772bd95d2b4485b2e72e3cd61fe3ca]), partition=RANGE (key) PARTITION 764358567 <= VALUES < 800756594
I20260709 14:47:53.300344  1779 raft_consensus.cc:359] T 600a3596a8ae4bfeabf6c2b73ee8d00a P 5c43168acbc7416baf3c8bfbdcb798d7 [term 0 FOLLOWER]: Replica starting. Triggering 0 pending ops. Active config: opid_index: -1 OBSOLETE_local: false peers { permanent_uuid: "47e47c9aaa2640efa18ef5a0f4aa513b" member_type: VOTER last_known_addr { host: "127.0.107.195" port: 42349 } } peers { permanent_uuid: "5c43168acbc7416baf3c8bfbdcb798d7" member_type: VOTER last_known_addr { host: "127.0.107.193" port: 35859 } } peers { permanent_uuid: "712ee62c02f646149f627ed5f45fc615" member_type: VOTER last_known_addr { host: "127.0.107.194" port: 38667 } }
I20260709 14:47:53.301076  1779 raft_consensus.cc:385] T 600a3596a8ae4bfeabf6c2b73ee8d00a P 5c43168acbc7416baf3c8bfbdcb798d7 [term 0 FOLLOWER]: Consensus starting up: Expiring failure detector timer to make a prompt election more likely
I20260709 14:47:53.301416  1779 raft_consensus.cc:740] T 600a3596a8ae4bfeabf6c2b73ee8d00a P 5c43168acbc7416baf3c8bfbdcb798d7 [term 0 FOLLOWER]: Becoming Follower/Learner. State: Replica: 5c43168acbc7416baf3c8bfbdcb798d7, State: Initialized, Role: FOLLOWER
I20260709 14:47:53.289312  1580 data_dirs.cc:400] Could only allocate 1 dirs of requested 3 for tablet 0ad072dd98254dc5beda182e817233af. 1 dirs total, 0 dirs full, 0 dirs failed
I20260709 14:47:53.301769  1722 tablet_service.cc:1511] Processing CreateTablet for tablet cb866d2ca2294a3ea3c9a7cedb5fd8c7 (DEFAULT_TABLE table=test-workload [id=96772bd95d2b4485b2e72e3cd61fe3ca]), partition=RANGE (key) PARTITION 582368432 <= VALUES < 618766459
I20260709 14:47:53.276302  1576 tablet_service.cc:1511] Processing CreateTablet for tablet dd7afce8571d4337912209a53c5e2cdc (DEFAULT_TABLE table=test-workload [id=96772bd95d2b4485b2e72e3cd61fe3ca]), partition=RANGE (key) PARTITION 727960540 <= VALUES < 764358567
I20260709 14:47:53.305751  1651 data_dirs.cc:400] Could only allocate 1 dirs of requested 3 for tablet a9db7274bae1446bb84c76ee4352d0e0. 1 dirs total, 0 dirs full, 0 dirs failed
I20260709 14:47:53.308648  1575 tablet_service.cc:1511] Processing CreateTablet for tablet 42334890636a4ef1aaae998d5b62814f (DEFAULT_TABLE table=test-workload [id=96772bd95d2b4485b2e72e3cd61fe3ca]), partition=RANGE (key) PARTITION 800756594 <= VALUES < 837154621
I20260709 14:47:53.309546  1785 tablet_bootstrap.cc:492] T 600a3596a8ae4bfeabf6c2b73ee8d00a P 712ee62c02f646149f627ed5f45fc615: No bootstrap required, opened a new log
I20260709 14:47:53.309903  1729 data_dirs.cc:400] Could only allocate 1 dirs of requested 3 for tablet 936caf0207f84daa92122e3af285360e. 1 dirs total, 0 dirs full, 0 dirs failed
I20260709 14:47:53.309998  1785 ts_tablet_manager.cc:1403] T 600a3596a8ae4bfeabf6c2b73ee8d00a P 712ee62c02f646149f627ed5f45fc615: Time spent bootstrapping tablet: real 0.079s	user 0.002s	sys 0.010s
I20260709 14:47:53.305800  1576 data_dirs.cc:400] Could only allocate 1 dirs of requested 3 for tablet dd7afce8571d4337912209a53c5e2cdc. 1 dirs total, 0 dirs full, 0 dirs failed
I20260709 14:47:53.267110  1725 tablet_service.cc:1511] Processing CreateTablet for tablet 3efdc69a8f4e4ec98c2214c78ea3907e (DEFAULT_TABLE table=test-workload [id=96772bd95d2b4485b2e72e3cd61fe3ca]), partition=RANGE (key) PARTITION 509572378 <= VALUES < 545970405
I20260709 14:47:53.317652  1783 leader_election.cc:290] T 02da5b114acc443f8944acbf852f75cf P 5c43168acbc7416baf3c8bfbdcb798d7 [CANDIDATE]: Term 1 pre-election: Requested pre-vote from peers 712ee62c02f646149f627ed5f45fc615 (127.0.107.194:38667), 47e47c9aaa2640efa18ef5a0f4aa513b (127.0.107.195:42349)
I20260709 14:47:53.323282  1780 tablet_bootstrap.cc:492] T 30c9209edf0242ab9121004ec6a75e6b P 47e47c9aaa2640efa18ef5a0f4aa513b: No bootstrap required, opened a new log
I20260709 14:47:53.323750  1780 ts_tablet_manager.cc:1403] T 30c9209edf0242ab9121004ec6a75e6b P 47e47c9aaa2640efa18ef5a0f4aa513b: Time spent bootstrapping tablet: real 0.206s	user 0.015s	sys 0.029s
I20260709 14:47:53.332576  1722 data_dirs.cc:400] Could only allocate 1 dirs of requested 3 for tablet cb866d2ca2294a3ea3c9a7cedb5fd8c7. 1 dirs total, 0 dirs full, 0 dirs failed
I20260709 14:47:53.312922  1785 raft_consensus.cc:359] T 600a3596a8ae4bfeabf6c2b73ee8d00a P 712ee62c02f646149f627ed5f45fc615 [term 0 FOLLOWER]: Replica starting. Triggering 0 pending ops. Active config: opid_index: -1 OBSOLETE_local: false peers { permanent_uuid: "47e47c9aaa2640efa18ef5a0f4aa513b" member_type: VOTER last_known_addr { host: "127.0.107.195" port: 42349 } } peers { permanent_uuid: "5c43168acbc7416baf3c8bfbdcb798d7" member_type: VOTER last_known_addr { host: "127.0.107.193" port: 35859 } } peers { permanent_uuid: "712ee62c02f646149f627ed5f45fc615" member_type: VOTER last_known_addr { host: "127.0.107.194" port: 38667 } }
I20260709 14:47:53.328999  1655 data_dirs.cc:400] Could only allocate 1 dirs of requested 3 for tablet 936caf0207f84daa92122e3af285360e. 1 dirs total, 0 dirs full, 0 dirs failed
I20260709 14:47:53.334980  1574 data_dirs.cc:400] Could only allocate 1 dirs of requested 3 for tablet 2341482a88df4de7bb93f744d1f55c01. 1 dirs total, 0 dirs full, 0 dirs failed
I20260709 14:47:53.335738  1785 raft_consensus.cc:385] T 600a3596a8ae4bfeabf6c2b73ee8d00a P 712ee62c02f646149f627ed5f45fc615 [term 0 FOLLOWER]: Consensus starting up: Expiring failure detector timer to make a prompt election more likely
I20260709 14:47:53.344540  1724 data_dirs.cc:400] Could only allocate 1 dirs of requested 3 for tablet c353025f13034a4db4b18bdd2a6821fb. 1 dirs total, 0 dirs full, 0 dirs failed
I20260709 14:47:53.354071  1649 tablet_service.cc:1511] Processing CreateTablet for tablet c353025f13034a4db4b18bdd2a6821fb (DEFAULT_TABLE table=test-workload [id=96772bd95d2b4485b2e72e3cd61fe3ca]), partition=RANGE (key) PARTITION 473174351 <= VALUES < 509572378
I20260709 14:47:53.348239  1720 tablet_service.cc:1511] Processing CreateTablet for tablet af674b7c98cc4796924884beeacc269e (DEFAULT_TABLE table=test-workload [id=96772bd95d2b4485b2e72e3cd61fe3ca]), partition=RANGE (key) PARTITION 618766459 <= VALUES < 655164486
I20260709 14:47:53.361963  1575 data_dirs.cc:400] Could only allocate 1 dirs of requested 3 for tablet 42334890636a4ef1aaae998d5b62814f. 1 dirs total, 0 dirs full, 0 dirs failed
I20260709 14:47:53.358835  1649 data_dirs.cc:400] Could only allocate 1 dirs of requested 3 for tablet c353025f13034a4db4b18bdd2a6821fb. 1 dirs total, 0 dirs full, 0 dirs failed
I20260709 14:47:53.345643  1785 raft_consensus.cc:740] T 600a3596a8ae4bfeabf6c2b73ee8d00a P 712ee62c02f646149f627ed5f45fc615 [term 0 FOLLOWER]: Becoming Follower/Learner. State: Replica: 712ee62c02f646149f627ed5f45fc615, State: Initialized, Role: FOLLOWER
I20260709 14:47:53.337139  1646 tablet_service.cc:1511] Processing CreateTablet for tablet 938ef065c3f846b48c01b3b9b5f1d9a2 (DEFAULT_TABLE table=test-workload [id=96772bd95d2b4485b2e72e3cd61fe3ca]), partition=RANGE (key) PARTITION 436776324 <= VALUES < 473174351
I20260709 14:47:53.371052  1725 data_dirs.cc:400] Could only allocate 1 dirs of requested 3 for tablet 3efdc69a8f4e4ec98c2214c78ea3907e. 1 dirs total, 0 dirs full, 0 dirs failed
W20260709 14:47:53.376127  1536 auto_rebalancer.cc:288] Could not retrieve cluster info: Service unavailable: Tablet not running
I20260709 14:47:53.380448  1780 raft_consensus.cc:359] T 30c9209edf0242ab9121004ec6a75e6b P 47e47c9aaa2640efa18ef5a0f4aa513b [term 0 FOLLOWER]: Replica starting. Triggering 0 pending ops. Active config: opid_index: -1 OBSOLETE_local: false peers { permanent_uuid: "5c43168acbc7416baf3c8bfbdcb798d7" member_type: VOTER last_known_addr { host: "127.0.107.193" port: 35859 } } peers { permanent_uuid: "712ee62c02f646149f627ed5f45fc615" member_type: VOTER last_known_addr { host: "127.0.107.194" port: 38667 } } peers { permanent_uuid: "47e47c9aaa2640efa18ef5a0f4aa513b" member_type: VOTER last_known_addr { host: "127.0.107.195" port: 42349 } }
I20260709 14:47:53.380730  1785 consensus_queue.cc:260] T 600a3596a8ae4bfeabf6c2b73ee8d00a P 712ee62c02f646149f627ed5f45fc615 [NON_LEADER]: Queue going to NON_LEADER mode. State: All replicated index: 0, Majority replicated index: 0, Committed index: 0, Last appended: 0.0, Last appended by leader: 0, Current term: 0, Majority size: -1, State: 0, Mode: NON_LEADER, active raft config: opid_index: -1 OBSOLETE_local: false peers { permanent_uuid: "47e47c9aaa2640efa18ef5a0f4aa513b" member_type: VOTER last_known_addr { host: "127.0.107.195" port: 42349 } } peers { permanent_uuid: "5c43168acbc7416baf3c8bfbdcb798d7" member_type: VOTER last_known_addr { host: "127.0.107.193" port: 35859 } } peers { permanent_uuid: "712ee62c02f646149f627ed5f45fc615" member_type: VOTER last_known_addr { host: "127.0.107.194" port: 38667 } }
I20260709 14:47:53.381229  1780 raft_consensus.cc:385] T 30c9209edf0242ab9121004ec6a75e6b P 47e47c9aaa2640efa18ef5a0f4aa513b [term 0 FOLLOWER]: Consensus starting up: Expiring failure detector timer to make a prompt election more likely
I20260709 14:47:53.382043  1780 raft_consensus.cc:740] T 30c9209edf0242ab9121004ec6a75e6b P 47e47c9aaa2640efa18ef5a0f4aa513b [term 0 FOLLOWER]: Becoming Follower/Learner. State: Replica: 47e47c9aaa2640efa18ef5a0f4aa513b, State: Initialized, Role: FOLLOWER
I20260709 14:47:53.382851  1780 consensus_queue.cc:260] T 30c9209edf0242ab9121004ec6a75e6b P 47e47c9aaa2640efa18ef5a0f4aa513b [NON_LEADER]: Queue going to NON_LEADER mode. State: All replicated index: 0, Majority replicated index: 0, Committed index: 0, Last appended: 0.0, Last appended by leader: 0, Current term: 0, Majority size: -1, State: 0, Mode: NON_LEADER, active raft config: opid_index: -1 OBSOLETE_local: false peers { permanent_uuid: "5c43168acbc7416baf3c8bfbdcb798d7" member_type: VOTER last_known_addr { host: "127.0.107.193" port: 35859 } } peers { permanent_uuid: "712ee62c02f646149f627ed5f45fc615" member_type: VOTER last_known_addr { host: "127.0.107.194" port: 38667 } } peers { permanent_uuid: "47e47c9aaa2640efa18ef5a0f4aa513b" member_type: VOTER last_known_addr { host: "127.0.107.195" port: 42349 } }
I20260709 14:47:53.381786  1646 data_dirs.cc:400] Could only allocate 1 dirs of requested 3 for tablet 938ef065c3f846b48c01b3b9b5f1d9a2. 1 dirs total, 0 dirs full, 0 dirs failed
I20260709 14:47:53.371810  1779 consensus_queue.cc:260] T 600a3596a8ae4bfeabf6c2b73ee8d00a P 5c43168acbc7416baf3c8bfbdcb798d7 [NON_LEADER]: Queue going to NON_LEADER mode. State: All replicated index: 0, Majority replicated index: 0, Committed index: 0, Last appended: 0.0, Last appended by leader: 0, Current term: 0, Majority size: -1, State: 0, Mode: NON_LEADER, active raft config: opid_index: -1 OBSOLETE_local: false peers { permanent_uuid: "47e47c9aaa2640efa18ef5a0f4aa513b" member_type: VOTER last_known_addr { host: "127.0.107.195" port: 42349 } } peers { permanent_uuid: "5c43168acbc7416baf3c8bfbdcb798d7" member_type: VOTER last_known_addr { host: "127.0.107.193" port: 35859 } } peers { permanent_uuid: "712ee62c02f646149f627ed5f45fc615" member_type: VOTER last_known_addr { host: "127.0.107.194" port: 38667 } }
I20260709 14:47:53.386596  1783 raft_consensus.cc:493] T 600a3596a8ae4bfeabf6c2b73ee8d00a P 5c43168acbc7416baf3c8bfbdcb798d7 [term 0 FOLLOWER]: Starting pre-election (no leader contacted us within the election timeout)
I20260709 14:47:53.390175  1783 raft_consensus.cc:515] T 600a3596a8ae4bfeabf6c2b73ee8d00a P 5c43168acbc7416baf3c8bfbdcb798d7 [term 0 FOLLOWER]: Starting pre-election with config: opid_index: -1 OBSOLETE_local: false peers { permanent_uuid: "47e47c9aaa2640efa18ef5a0f4aa513b" member_type: VOTER last_known_addr { host: "127.0.107.195" port: 42349 } } peers { permanent_uuid: "5c43168acbc7416baf3c8bfbdcb798d7" member_type: VOTER last_known_addr { host: "127.0.107.193" port: 35859 } } peers { permanent_uuid: "712ee62c02f646149f627ed5f45fc615" member_type: VOTER last_known_addr { host: "127.0.107.194" port: 38667 } }
I20260709 14:47:53.393819  1577 tablet_service.cc:1511] Processing CreateTablet for tablet 4650c38d3e464ac5a17a3bb843a9dab5 (DEFAULT_TABLE table=test-workload [id=96772bd95d2b4485b2e72e3cd61fe3ca]), partition=RANGE (key) PARTITION 873552648 <= VALUES < 909950675
I20260709 14:47:53.394830  1577 data_dirs.cc:400] Could only allocate 1 dirs of requested 3 for tablet 4650c38d3e464ac5a17a3bb843a9dab5. 1 dirs total, 0 dirs full, 0 dirs failed
I20260709 14:47:53.395407  1726 tablet_service.cc:1511] Processing CreateTablet for tablet 0ad072dd98254dc5beda182e817233af (DEFAULT_TABLE table=test-workload [id=96772bd95d2b4485b2e72e3cd61fe3ca]), partition=RANGE (key) PARTITION 691562513 <= VALUES < 727960540
I20260709 14:47:53.396648  1726 data_dirs.cc:400] Could only allocate 1 dirs of requested 3 for tablet 0ad072dd98254dc5beda182e817233af. 1 dirs total, 0 dirs full, 0 dirs failed
I20260709 14:47:53.397506  1720 data_dirs.cc:400] Could only allocate 1 dirs of requested 3 for tablet af674b7c98cc4796924884beeacc269e. 1 dirs total, 0 dirs full, 0 dirs failed
I20260709 14:47:53.398753  1579 tablet_service.cc:1511] Processing CreateTablet for tablet 5316faa4e71441c7b99d42a0661f5882 (DEFAULT_TABLE table=test-workload [id=96772bd95d2b4485b2e72e3cd61fe3ca]), partition=RANGE (key) PARTITION 909950675 <= VALUES < 946348702
I20260709 14:47:53.400246  1579 data_dirs.cc:400] Could only allocate 1 dirs of requested 3 for tablet 5316faa4e71441c7b99d42a0661f5882. 1 dirs total, 0 dirs full, 0 dirs failed
I20260709 14:47:53.399924  1654 tablet_service.cc:1511] Processing CreateTablet for tablet 3efdc69a8f4e4ec98c2214c78ea3907e (DEFAULT_TABLE table=test-workload [id=96772bd95d2b4485b2e72e3cd61fe3ca]), partition=RANGE (key) PARTITION 509572378 <= VALUES < 545970405
I20260709 14:47:53.401228  1654 data_dirs.cc:400] Could only allocate 1 dirs of requested 3 for tablet 3efdc69a8f4e4ec98c2214c78ea3907e. 1 dirs total, 0 dirs full, 0 dirs failed
I20260709 14:47:53.372040  1721 tablet_service.cc:1511] Processing CreateTablet for tablet 15180a9fa13d4e52ac04abe1dcd6d3c2 (DEFAULT_TABLE table=test-workload [id=96772bd95d2b4485b2e72e3cd61fe3ca]), partition=RANGE (key) PARTITION 655164486 <= VALUES < 691562513
I20260709 14:47:53.426815  1690 heartbeater.cc:499] Master 127.0.107.254:44587 was elected leader, sending a full tablet report...
I20260709 14:47:53.436247  1779 ts_tablet_manager.cc:1434] T 600a3596a8ae4bfeabf6c2b73ee8d00a P 5c43168acbc7416baf3c8bfbdcb798d7: Time spent starting tablet: real 0.139s	user 0.008s	sys 0.008s
I20260709 14:47:53.437167  1779 tablet_bootstrap.cc:492] T b7f7c5f6ceda4a73a96342087205fba0 P 5c43168acbc7416baf3c8bfbdcb798d7: Bootstrap starting.
I20260709 14:47:53.437944  1783 leader_election.cc:290] T 600a3596a8ae4bfeabf6c2b73ee8d00a P 5c43168acbc7416baf3c8bfbdcb798d7 [CANDIDATE]: Term 1 pre-election: Requested pre-vote from peers 47e47c9aaa2640efa18ef5a0f4aa513b (127.0.107.195:42349), 712ee62c02f646149f627ed5f45fc615 (127.0.107.194:38667)
I20260709 14:47:53.443890  1779 tablet_bootstrap.cc:654] T b7f7c5f6ceda4a73a96342087205fba0 P 5c43168acbc7416baf3c8bfbdcb798d7: Neither blocks nor log segments found. Creating new log.
I20260709 14:47:53.445525  1578 tablet_service.cc:1511] Processing CreateTablet for tablet 65c1ec099f69465281e8bb9d68906640 (DEFAULT_TABLE table=test-workload [id=96772bd95d2b4485b2e72e3cd61fe3ca]), partition=RANGE (key) PARTITION 837154621 <= VALUES < 873552648
I20260709 14:47:53.447101  1578 data_dirs.cc:400] Could only allocate 1 dirs of requested 3 for tablet 65c1ec099f69465281e8bb9d68906640. 1 dirs total, 0 dirs full, 0 dirs failed
I20260709 14:47:53.447499  1653 tablet_service.cc:1511] Processing CreateTablet for tablet af674b7c98cc4796924884beeacc269e (DEFAULT_TABLE table=test-workload [id=96772bd95d2b4485b2e72e3cd61fe3ca]), partition=RANGE (key) PARTITION 618766459 <= VALUES < 655164486
I20260709 14:47:53.448719  1653 data_dirs.cc:400] Could only allocate 1 dirs of requested 3 for tablet af674b7c98cc4796924884beeacc269e. 1 dirs total, 0 dirs full, 0 dirs failed
I20260709 14:47:53.451450  1580 tablet_service.cc:1511] Processing CreateTablet for tablet d4287d994e3145f49f4115674f5e9128 (DEFAULT_TABLE table=test-workload [id=96772bd95d2b4485b2e72e3cd61fe3ca]), partition=RANGE (key) PARTITION 1091940810 <= VALUES < 1128338837
I20260709 14:47:53.452574  1580 data_dirs.cc:400] Could only allocate 1 dirs of requested 3 for tablet d4287d994e3145f49f4115674f5e9128. 1 dirs total, 0 dirs full, 0 dirs failed
I20260709 14:47:53.453819  1665 tablet_service.cc:1917] Received RequestConsensusVote() RPC: tablet_id: "02da5b114acc443f8944acbf852f75cf" candidate_uuid: "5c43168acbc7416baf3c8bfbdcb798d7" candidate_term: 1 candidate_status { last_received { term: 0 index: 0 } } ignore_live_leader: false dest_uuid: "712ee62c02f646149f627ed5f45fc615" is_pre_election: true
I20260709 14:47:53.455196  1664 tablet_service.cc:1917] Received RequestConsensusVote() RPC: tablet_id: "600a3596a8ae4bfeabf6c2b73ee8d00a" candidate_uuid: "5c43168acbc7416baf3c8bfbdcb798d7" candidate_term: 1 candidate_status { last_received { term: 0 index: 0 } } ignore_live_leader: false dest_uuid: "712ee62c02f646149f627ed5f45fc615" is_pre_election: true
I20260709 14:47:53.455775  1664 raft_consensus.cc:2468] T 600a3596a8ae4bfeabf6c2b73ee8d00a P 712ee62c02f646149f627ed5f45fc615 [term 0 FOLLOWER]: Leader pre-election vote request: Granting yes vote for candidate 5c43168acbc7416baf3c8bfbdcb798d7 in term 0.
W20260709 14:47:53.457091  1553 leader_election.cc:343] T 02da5b114acc443f8944acbf852f75cf P 5c43168acbc7416baf3c8bfbdcb798d7 [CANDIDATE]: Term 1 pre-election: Tablet error from VoteRequest() call to peer 712ee62c02f646149f627ed5f45fc615 (127.0.107.194:38667): Illegal state: must be running to vote when last-logged opid is not known
I20260709 14:47:53.457777  1553 leader_election.cc:304] T 600a3596a8ae4bfeabf6c2b73ee8d00a P 5c43168acbc7416baf3c8bfbdcb798d7 [CANDIDATE]: Term 1 pre-election: Election decided. Result: candidate won. Election summary: received 2 responses out of 3 voters: 2 yes votes; 0 no votes. yes voters: 5c43168acbc7416baf3c8bfbdcb798d7, 712ee62c02f646149f627ed5f45fc615; no voters: 
I20260709 14:47:53.461405  1783 raft_consensus.cc:2804] T 600a3596a8ae4bfeabf6c2b73ee8d00a P 5c43168acbc7416baf3c8bfbdcb798d7 [term 0 FOLLOWER]: Leader pre-election won for term 1
I20260709 14:47:53.461788  1783 raft_consensus.cc:493] T 600a3596a8ae4bfeabf6c2b73ee8d00a P 5c43168acbc7416baf3c8bfbdcb798d7 [term 0 FOLLOWER]: Starting leader election (no leader contacted us within the election timeout)
I20260709 14:47:53.462177  1651 tablet_service.cc:1511] Processing CreateTablet for tablet cb866d2ca2294a3ea3c9a7cedb5fd8c7 (DEFAULT_TABLE table=test-workload [id=96772bd95d2b4485b2e72e3cd61fe3ca]), partition=RANGE (key) PARTITION 582368432 <= VALUES < 618766459
I20260709 14:47:53.464805  1572 tablet_service.cc:1511] Processing CreateTablet for tablet 56a385d149ca41349077eced4c6c207a (DEFAULT_TABLE table=test-workload [id=96772bd95d2b4485b2e72e3cd61fe3ca]), partition=RANGE (key) PARTITION 1055542783 <= VALUES < 1091940810
I20260709 14:47:53.466154  1572 data_dirs.cc:400] Could only allocate 1 dirs of requested 3 for tablet 56a385d149ca41349077eced4c6c207a. 1 dirs total, 0 dirs full, 0 dirs failed
I20260709 14:47:53.462129  1783 raft_consensus.cc:3060] T 600a3596a8ae4bfeabf6c2b73ee8d00a P 5c43168acbc7416baf3c8bfbdcb798d7 [term 0 FOLLOWER]: Advancing to term 1
I20260709 14:47:53.430661  1728 data_dirs.cc:400] Could only allocate 1 dirs of requested 3 for tablet 05b9d7190a004d5db432c9a4182d24cb. 1 dirs total, 0 dirs full, 0 dirs failed
I20260709 14:47:53.424651  1723 tablet_service.cc:1511] Processing CreateTablet for tablet dd7afce8571d4337912209a53c5e2cdc (DEFAULT_TABLE table=test-workload [id=96772bd95d2b4485b2e72e3cd61fe3ca]), partition=RANGE (key) PARTITION 727960540 <= VALUES < 764358567
I20260709 14:47:53.472004  1723 data_dirs.cc:400] Could only allocate 1 dirs of requested 3 for tablet dd7afce8571d4337912209a53c5e2cdc. 1 dirs total, 0 dirs full, 0 dirs failed
I20260709 14:47:53.478960  1785 ts_tablet_manager.cc:1434] T 600a3596a8ae4bfeabf6c2b73ee8d00a P 712ee62c02f646149f627ed5f45fc615: Time spent starting tablet: real 0.169s	user 0.008s	sys 0.005s
I20260709 14:47:53.479336  1650 tablet_service.cc:1511] Processing CreateTablet for tablet 15180a9fa13d4e52ac04abe1dcd6d3c2 (DEFAULT_TABLE table=test-workload [id=96772bd95d2b4485b2e72e3cd61fe3ca]), partition=RANGE (key) PARTITION 655164486 <= VALUES < 691562513
I20260709 14:47:53.481381  1785 tablet_bootstrap.cc:492] T 26c32e1423f14c1d8f1c5c262b274521 P 712ee62c02f646149f627ed5f45fc615: Bootstrap starting.
I20260709 14:47:53.412950  1648 tablet_service.cc:1511] Processing CreateTablet for tablet 05b9d7190a004d5db432c9a4182d24cb (DEFAULT_TABLE table=test-workload [id=96772bd95d2b4485b2e72e3cd61fe3ca]), partition=RANGE (key) PARTITION 545970405 <= VALUES < 582368432
I20260709 14:47:53.484972  1576 tablet_service.cc:1511] Processing CreateTablet for tablet dd2bd508e1304c66a8914fd2e685fe6c (DEFAULT_TABLE table=test-workload [id=96772bd95d2b4485b2e72e3cd61fe3ca]), partition=RANGE (key) PARTITION 946348702 <= VALUES < 982746729
I20260709 14:47:53.501937  1576 data_dirs.cc:400] Could only allocate 1 dirs of requested 3 for tablet dd2bd508e1304c66a8914fd2e685fe6c. 1 dirs total, 0 dirs full, 0 dirs failed
I20260709 14:47:53.501773  1729 tablet_service.cc:1511] Processing CreateTablet for tablet 42334890636a4ef1aaae998d5b62814f (DEFAULT_TABLE table=test-workload [id=96772bd95d2b4485b2e72e3cd61fe3ca]), partition=RANGE (key) PARTITION 800756594 <= VALUES < 837154621
I20260709 14:47:53.481180  1783 raft_consensus.cc:515] T 600a3596a8ae4bfeabf6c2b73ee8d00a P 5c43168acbc7416baf3c8bfbdcb798d7 [term 1 FOLLOWER]: Starting leader election with config: opid_index: -1 OBSOLETE_local: false peers { permanent_uuid: "47e47c9aaa2640efa18ef5a0f4aa513b" member_type: VOTER last_known_addr { host: "127.0.107.195" port: 42349 } } peers { permanent_uuid: "5c43168acbc7416baf3c8bfbdcb798d7" member_type: VOTER last_known_addr { host: "127.0.107.193" port: 35859 } } peers { permanent_uuid: "712ee62c02f646149f627ed5f45fc615" member_type: VOTER last_known_addr { host: "127.0.107.194" port: 38667 } }
I20260709 14:47:53.508102  1654 tablet_service.cc:1511] Processing CreateTablet for tablet dd7afce8571d4337912209a53c5e2cdc (DEFAULT_TABLE table=test-workload [id=96772bd95d2b4485b2e72e3cd61fe3ca]), partition=RANGE (key) PARTITION 727960540 <= VALUES < 764358567
I20260709 14:47:53.485919  1573 tablet_service.cc:1511] Processing CreateTablet for tablet cc67223c7b6f40ce9aa9ba9825349e60 (DEFAULT_TABLE table=test-workload [id=96772bd95d2b4485b2e72e3cd61fe3ca]), partition=RANGE (key) PARTITION 982746729 <= VALUES < 1019144756
I20260709 14:47:53.491864  1727 tablet_service.cc:1511] Processing CreateTablet for tablet 2341482a88df4de7bb93f744d1f55c01 (DEFAULT_TABLE table=test-workload [id=96772bd95d2b4485b2e72e3cd61fe3ca]), partition=RANGE (key) PARTITION 764358567 <= VALUES < 800756594
I20260709 14:47:53.509053  1664 tablet_service.cc:1917] Received RequestConsensusVote() RPC: tablet_id: "600a3596a8ae4bfeabf6c2b73ee8d00a" candidate_uuid: "5c43168acbc7416baf3c8bfbdcb798d7" candidate_term: 1 candidate_status { last_received { term: 0 index: 0 } } ignore_live_leader: false dest_uuid: "712ee62c02f646149f627ed5f45fc615"
I20260709 14:47:53.493430  1721 data_dirs.cc:400] Could only allocate 1 dirs of requested 3 for tablet 15180a9fa13d4e52ac04abe1dcd6d3c2. 1 dirs total, 0 dirs full, 0 dirs failed
I20260709 14:47:53.509642  1664 raft_consensus.cc:3060] T 600a3596a8ae4bfeabf6c2b73ee8d00a P 712ee62c02f646149f627ed5f45fc615 [term 0 FOLLOWER]: Advancing to term 1
I20260709 14:47:53.511397  1727 data_dirs.cc:400] Could only allocate 1 dirs of requested 3 for tablet 2341482a88df4de7bb93f744d1f55c01. 1 dirs total, 0 dirs full, 0 dirs failed
I20260709 14:47:53.496763  1647 tablet_service.cc:1511] Processing CreateTablet for tablet 0ad072dd98254dc5beda182e817233af (DEFAULT_TABLE table=test-workload [id=96772bd95d2b4485b2e72e3cd61fe3ca]), partition=RANGE (key) PARTITION 691562513 <= VALUES < 727960540
I20260709 14:47:53.514164  1729 data_dirs.cc:400] Could only allocate 1 dirs of requested 3 for tablet 42334890636a4ef1aaae998d5b62814f. 1 dirs total, 0 dirs full, 0 dirs failed
I20260709 14:47:53.516835  1664 raft_consensus.cc:2468] T 600a3596a8ae4bfeabf6c2b73ee8d00a P 712ee62c02f646149f627ed5f45fc615 [term 1 FOLLOWER]: Leader election vote request: Granting yes vote for candidate 5c43168acbc7416baf3c8bfbdcb798d7 in term 1.
I20260709 14:47:53.497284  1651 data_dirs.cc:400] Could only allocate 1 dirs of requested 3 for tablet cb866d2ca2294a3ea3c9a7cedb5fd8c7. 1 dirs total, 0 dirs full, 0 dirs failed
I20260709 14:47:53.527406  1553 leader_election.cc:304] T 600a3596a8ae4bfeabf6c2b73ee8d00a P 5c43168acbc7416baf3c8bfbdcb798d7 [CANDIDATE]: Term 1 election: Election decided. Result: candidate won. Election summary: received 2 responses out of 3 voters: 2 yes votes; 0 no votes. yes voters: 5c43168acbc7416baf3c8bfbdcb798d7, 712ee62c02f646149f627ed5f45fc615; no voters: 
I20260709 14:47:53.524684  1571 tablet_service.cc:1511] Processing CreateTablet for tablet 1246f177d23c4610801505cc0b33158b (DEFAULT_TABLE table=test-workload [id=96772bd95d2b4485b2e72e3cd61fe3ca]), partition=RANGE (key) PARTITION 1019144756 <= VALUES < 1055542783
I20260709 14:47:53.528656  1571 data_dirs.cc:400] Could only allocate 1 dirs of requested 3 for tablet 1246f177d23c4610801505cc0b33158b. 1 dirs total, 0 dirs full, 0 dirs failed
I20260709 14:47:53.534555  1574 tablet_service.cc:1511] Processing CreateTablet for tablet ade8eda8f5024431a551594cbd85a9b7 (DEFAULT_TABLE table=test-workload [id=96772bd95d2b4485b2e72e3cd61fe3ca]), partition=RANGE (key) PARTITION 1128338837 <= VALUES < 1164736864
I20260709 14:47:53.538111  1739 tablet_service.cc:1917] Received RequestConsensusVote() RPC: tablet_id: "02da5b114acc443f8944acbf852f75cf" candidate_uuid: "5c43168acbc7416baf3c8bfbdcb798d7" candidate_term: 1 candidate_status { last_received { term: 0 index: 0 } } ignore_live_leader: false dest_uuid: "47e47c9aaa2640efa18ef5a0f4aa513b" is_pre_election: true
I20260709 14:47:53.538707  1737 tablet_service.cc:1917] Received RequestConsensusVote() RPC: tablet_id: "600a3596a8ae4bfeabf6c2b73ee8d00a" candidate_uuid: "5c43168acbc7416baf3c8bfbdcb798d7" candidate_term: 1 candidate_status { last_received { term: 0 index: 0 } } ignore_live_leader: false dest_uuid: "47e47c9aaa2640efa18ef5a0f4aa513b"
I20260709 14:47:53.539184  1789 raft_consensus.cc:2804] T 600a3596a8ae4bfeabf6c2b73ee8d00a P 5c43168acbc7416baf3c8bfbdcb798d7 [term 1 FOLLOWER]: Leader election won for term 1
I20260709 14:47:53.539741  1738 tablet_service.cc:1917] Received RequestConsensusVote() RPC: tablet_id: "600a3596a8ae4bfeabf6c2b73ee8d00a" candidate_uuid: "5c43168acbc7416baf3c8bfbdcb798d7" candidate_term: 1 candidate_status { last_received { term: 0 index: 0 } } ignore_live_leader: false dest_uuid: "47e47c9aaa2640efa18ef5a0f4aa513b" is_pre_election: true
I20260709 14:47:53.524500  1650 data_dirs.cc:400] Could only allocate 1 dirs of requested 3 for tablet 15180a9fa13d4e52ac04abe1dcd6d3c2. 1 dirs total, 0 dirs full, 0 dirs failed
W20260709 14:47:53.541510  1556 leader_election.cc:343] T 02da5b114acc443f8944acbf852f75cf P 5c43168acbc7416baf3c8bfbdcb798d7 [CANDIDATE]: Term 1 pre-election: Tablet error from VoteRequest() call to peer 47e47c9aaa2640efa18ef5a0f4aa513b (127.0.107.195:42349): Illegal state: must be running to vote when last-logged opid is not known
I20260709 14:47:53.541764  1647 data_dirs.cc:400] Could only allocate 1 dirs of requested 3 for tablet 0ad072dd98254dc5beda182e817233af. 1 dirs total, 0 dirs full, 0 dirs failed
I20260709 14:47:53.542019  1556 leader_election.cc:304] T 02da5b114acc443f8944acbf852f75cf P 5c43168acbc7416baf3c8bfbdcb798d7 [CANDIDATE]: Term 1 pre-election: Election decided. Result: candidate lost. Election summary: received 3 responses out of 3 voters: 1 yes votes; 2 no votes. yes voters: 5c43168acbc7416baf3c8bfbdcb798d7; no voters: 47e47c9aaa2640efa18ef5a0f4aa513b, 712ee62c02f646149f627ed5f45fc615
I20260709 14:47:53.545800  1574 data_dirs.cc:400] Could only allocate 1 dirs of requested 3 for tablet ade8eda8f5024431a551594cbd85a9b7. 1 dirs total, 0 dirs full, 0 dirs failed
I20260709 14:47:53.554512  1785 tablet_bootstrap.cc:654] T 26c32e1423f14c1d8f1c5c262b274521 P 712ee62c02f646149f627ed5f45fc615: Neither blocks nor log segments found. Creating new log.
I20260709 14:47:53.559114  1729 tablet_service.cc:1511] Processing CreateTablet for tablet 65c1ec099f69465281e8bb9d68906640 (DEFAULT_TABLE table=test-workload [id=96772bd95d2b4485b2e72e3cd61fe3ca]), partition=RANGE (key) PARTITION 837154621 <= VALUES < 873552648
I20260709 14:47:53.561131  1729 data_dirs.cc:400] Could only allocate 1 dirs of requested 3 for tablet 65c1ec099f69465281e8bb9d68906640. 1 dirs total, 0 dirs full, 0 dirs failed
I20260709 14:47:53.554423  1648 data_dirs.cc:400] Could only allocate 1 dirs of requested 3 for tablet 05b9d7190a004d5db432c9a4182d24cb. 1 dirs total, 0 dirs full, 0 dirs failed
I20260709 14:47:53.519591  1783 leader_election.cc:290] T 600a3596a8ae4bfeabf6c2b73ee8d00a P 5c43168acbc7416baf3c8bfbdcb798d7 [CANDIDATE]: Term 1 election: Requested vote from peers 47e47c9aaa2640efa18ef5a0f4aa513b (127.0.107.195:42349), 712ee62c02f646149f627ed5f45fc615 (127.0.107.194:38667)
I20260709 14:47:53.582973  1573 data_dirs.cc:400] Could only allocate 1 dirs of requested 3 for tablet cc67223c7b6f40ce9aa9ba9825349e60. 1 dirs total, 0 dirs full, 0 dirs failed
I20260709 14:47:53.584957  1764 heartbeater.cc:499] Master 127.0.107.254:44587 was elected leader, sending a full tablet report...
I20260709 14:47:53.581211  1783 raft_consensus.cc:2749] T 02da5b114acc443f8944acbf852f75cf P 5c43168acbc7416baf3c8bfbdcb798d7 [term 0 FOLLOWER]: Leader pre-election lost for term 1. Reason: could not achieve majority
I20260709 14:47:53.577255  1789 raft_consensus.cc:697] T 600a3596a8ae4bfeabf6c2b73ee8d00a P 5c43168acbc7416baf3c8bfbdcb798d7 [term 1 LEADER]: Becoming Leader. State: Replica: 5c43168acbc7416baf3c8bfbdcb798d7, State: Running, Role: LEADER
W20260709 14:47:53.588054  1556 outbound_call.cc:321] RPC callback for RPC call kudu.consensus.ConsensusService.RequestConsensusVote -> {remote=127.0.107.195:42349, user_credentials={real_user=slave}} blocked reactor thread for 46853.5us
W20260709 14:47:53.590600  1556 leader_election.cc:343] T 600a3596a8ae4bfeabf6c2b73ee8d00a P 5c43168acbc7416baf3c8bfbdcb798d7 [CANDIDATE]: Term 1 election: Tablet error from VoteRequest() call to peer 47e47c9aaa2640efa18ef5a0f4aa513b (127.0.107.195:42349): Illegal state: must be running to vote when last-logged opid is not known
I20260709 14:47:53.593331  1789 consensus_queue.cc:237] T 600a3596a8ae4bfeabf6c2b73ee8d00a P 5c43168acbc7416baf3c8bfbdcb798d7 [LEADER]: Queue going to LEADER mode. State: All replicated index: 0, Majority replicated index: 0, Committed index: 0, Last appended: 0.0, Last appended by leader: 0, Current term: 1, Majority size: 2, State: 0, Mode: LEADER, active raft config: opid_index: -1 OBSOLETE_local: false peers { permanent_uuid: "47e47c9aaa2640efa18ef5a0f4aa513b" member_type: VOTER last_known_addr { host: "127.0.107.195" port: 42349 } } peers { permanent_uuid: "5c43168acbc7416baf3c8bfbdcb798d7" member_type: VOTER last_known_addr { host: "127.0.107.193" port: 35859 } } peers { permanent_uuid: "712ee62c02f646149f627ed5f45fc615" member_type: VOTER last_known_addr { host: "127.0.107.194" port: 38667 } }
I20260709 14:47:53.589833  1654 data_dirs.cc:400] Could only allocate 1 dirs of requested 3 for tablet dd7afce8571d4337912209a53c5e2cdc. 1 dirs total, 0 dirs full, 0 dirs failed
I20260709 14:47:53.599576  1779 tablet_bootstrap.cc:492] T b7f7c5f6ceda4a73a96342087205fba0 P 5c43168acbc7416baf3c8bfbdcb798d7: No bootstrap required, opened a new log
I20260709 14:47:53.600039  1779 ts_tablet_manager.cc:1403] T b7f7c5f6ceda4a73a96342087205fba0 P 5c43168acbc7416baf3c8bfbdcb798d7: Time spent bootstrapping tablet: real 0.163s	user 0.002s	sys 0.010s
I20260709 14:47:53.600876  1724 tablet_service.cc:1511] Processing CreateTablet for tablet 4650c38d3e464ac5a17a3bb843a9dab5 (DEFAULT_TABLE table=test-workload [id=96772bd95d2b4485b2e72e3cd61fe3ca]), partition=RANGE (key) PARTITION 873552648 <= VALUES < 909950675
I20260709 14:47:53.602054  1724 data_dirs.cc:400] Could only allocate 1 dirs of requested 3 for tablet 4650c38d3e464ac5a17a3bb843a9dab5. 1 dirs total, 0 dirs full, 0 dirs failed
I20260709 14:47:53.602865  1779 raft_consensus.cc:359] T b7f7c5f6ceda4a73a96342087205fba0 P 5c43168acbc7416baf3c8bfbdcb798d7 [term 0 FOLLOWER]: Replica starting. Triggering 0 pending ops. Active config: opid_index: -1 OBSOLETE_local: false peers { permanent_uuid: "5c43168acbc7416baf3c8bfbdcb798d7" member_type: VOTER last_known_addr { host: "127.0.107.193" port: 35859 } } peers { permanent_uuid: "712ee62c02f646149f627ed5f45fc615" member_type: VOTER last_known_addr { host: "127.0.107.194" port: 38667 } } peers { permanent_uuid: "47e47c9aaa2640efa18ef5a0f4aa513b" member_type: VOTER last_known_addr { host: "127.0.107.195" port: 42349 } }
I20260709 14:47:53.603511  1779 raft_consensus.cc:385] T b7f7c5f6ceda4a73a96342087205fba0 P 5c43168acbc7416baf3c8bfbdcb798d7 [term 0 FOLLOWER]: Consensus starting up: Expiring failure detector timer to make a prompt election more likely
I20260709 14:47:53.603786  1779 raft_consensus.cc:740] T b7f7c5f6ceda4a73a96342087205fba0 P 5c43168acbc7416baf3c8bfbdcb798d7 [term 0 FOLLOWER]: Becoming Follower/Learner. State: Replica: 5c43168acbc7416baf3c8bfbdcb798d7, State: Initialized, Role: FOLLOWER
I20260709 14:47:53.604576  1779 consensus_queue.cc:260] T b7f7c5f6ceda4a73a96342087205fba0 P 5c43168acbc7416baf3c8bfbdcb798d7 [NON_LEADER]: Queue going to NON_LEADER mode. State: All replicated index: 0, Majority replicated index: 0, Committed index: 0, Last appended: 0.0, Last appended by leader: 0, Current term: 0, Majority size: -1, State: 0, Mode: NON_LEADER, active raft config: opid_index: -1 OBSOLETE_local: false peers { permanent_uuid: "5c43168acbc7416baf3c8bfbdcb798d7" member_type: VOTER last_known_addr { host: "127.0.107.193" port: 35859 } } peers { permanent_uuid: "712ee62c02f646149f627ed5f45fc615" member_type: VOTER last_known_addr { host: "127.0.107.194" port: 38667 } } peers { permanent_uuid: "47e47c9aaa2640efa18ef5a0f4aa513b" member_type: VOTER last_known_addr { host: "127.0.107.195" port: 42349 } }
I20260709 14:47:53.606573  1779 ts_tablet_manager.cc:1434] T b7f7c5f6ceda4a73a96342087205fba0 P 5c43168acbc7416baf3c8bfbdcb798d7: Time spent starting tablet: real 0.006s	user 0.007s	sys 0.000s
W20260709 14:47:53.606815  1556 leader_election.cc:343] T 600a3596a8ae4bfeabf6c2b73ee8d00a P 5c43168acbc7416baf3c8bfbdcb798d7 [CANDIDATE]: Term 1 pre-election: Tablet error from VoteRequest() call to peer 47e47c9aaa2640efa18ef5a0f4aa513b (127.0.107.195:42349): Illegal state: must be running to vote when last-logged opid is not known
I20260709 14:47:53.607461  1779 tablet_bootstrap.cc:492] T 72d8679a7eea4081be5a9909468186f1 P 5c43168acbc7416baf3c8bfbdcb798d7: Bootstrap starting.
I20260709 14:47:53.615175  1578 tablet_service.cc:1511] Processing CreateTablet for tablet 2e5d8bee8d5c44168d9a5d0b7d51c5dc (DEFAULT_TABLE table=test-workload [id=96772bd95d2b4485b2e72e3cd61fe3ca]), partition=RANGE (key) PARTITION 1164736864 <= VALUES < 1201134891
I20260709 14:47:53.616365  1578 data_dirs.cc:400] Could only allocate 1 dirs of requested 3 for tablet 2e5d8bee8d5c44168d9a5d0b7d51c5dc. 1 dirs total, 0 dirs full, 0 dirs failed
I20260709 14:47:53.617986  1727 tablet_service.cc:1511] Processing CreateTablet for tablet cc67223c7b6f40ce9aa9ba9825349e60 (DEFAULT_TABLE table=test-workload [id=96772bd95d2b4485b2e72e3cd61fe3ca]), partition=RANGE (key) PARTITION 982746729 <= VALUES < 1019144756
I20260709 14:47:53.621601  1780 ts_tablet_manager.cc:1434] T 30c9209edf0242ab9121004ec6a75e6b P 47e47c9aaa2640efa18ef5a0f4aa513b: Time spent starting tablet: real 0.298s	user 0.029s	sys 0.018s
I20260709 14:47:53.617949  1728 tablet_service.cc:1511] Processing CreateTablet for tablet 5316faa4e71441c7b99d42a0661f5882 (DEFAULT_TABLE table=test-workload [id=96772bd95d2b4485b2e72e3cd61fe3ca]), partition=RANGE (key) PARTITION 909950675 <= VALUES < 946348702
I20260709 14:47:53.622578  1780 tablet_bootstrap.cc:492] T 600a3596a8ae4bfeabf6c2b73ee8d00a P 47e47c9aaa2640efa18ef5a0f4aa513b: Bootstrap starting.
I20260709 14:47:53.622982  1580 tablet_service.cc:1511] Processing CreateTablet for tablet 02d2b51f39e244d8beabe2759f5b7778 (DEFAULT_TABLE table=test-workload [id=96772bd95d2b4485b2e72e3cd61fe3ca]), partition=RANGE (key) PARTITION 1237532918 <= VALUES < 1273930945
