I20260709 14:48:11.885097  1701 tablet_service.cc:1917] Received RequestConsensusVote() RPC: tablet_id: "b3cb1a02008f4bab8fdacdd52bee064a" candidate_uuid: "f8caa3e193c24722868223ba647a45e8" candidate_term: 1 candidate_status { last_received { term: 0 index: 0 } } ignore_live_leader: false dest_uuid: "8fd0906d5c8e4e4a8a3114f300e56c86" is_pre_election: true
I20260709 14:48:11.899055  1697 raft_consensus.cc:2468] T bc3effd7b6c4414ea91f1f6a779bda26 P 8fd0906d5c8e4e4a8a3114f300e56c86 [term 1 FOLLOWER]: Leader election vote request: Granting yes vote for candidate 118a10540b614e0495c6947620f360bc in term 1.
I20260709 14:48:11.901170  1594 leader_election.cc:304] T bc3effd7b6c4414ea91f1f6a779bda26 P 118a10540b614e0495c6947620f360bc [CANDIDATE]: Term 1 election: Election decided. Result: candidate won. Election summary: received 3 responses out of 3 voters: 2 yes votes; 1 no votes. yes voters: 118a10540b614e0495c6947620f360bc, 8fd0906d5c8e4e4a8a3114f300e56c86; no voters: f8caa3e193c24722868223ba647a45e8
I20260709 14:48:11.902671  1868 raft_consensus.cc:2804] T bc3effd7b6c4414ea91f1f6a779bda26 P 118a10540b614e0495c6947620f360bc [term 1 FOLLOWER]: Leader election won for term 1
I20260709 14:48:11.903285  1868 raft_consensus.cc:697] T bc3effd7b6c4414ea91f1f6a779bda26 P 118a10540b614e0495c6947620f360bc [term 1 LEADER]: Becoming Leader. State: Replica: 118a10540b614e0495c6947620f360bc, State: Running, Role: LEADER
I20260709 14:48:11.904386  1868 consensus_queue.cc:237] T bc3effd7b6c4414ea91f1f6a779bda26 P 118a10540b614e0495c6947620f360bc [LEADER]: Queue going to LEADER mode. State: All replicated index: 0, Majority replicated index: 0, Committed index: 0, Last appended: 0.0, Last appended by leader: 0, Current term: 1, Majority size: 2, State: 0, Mode: LEADER, active raft config: opid_index: -1 OBSOLETE_local: false peers { permanent_uuid: "f8caa3e193c24722868223ba647a45e8" member_type: VOTER last_known_addr { host: "127.0.107.193" port: 45929 } } peers { permanent_uuid: "118a10540b614e0495c6947620f360bc" member_type: VOTER last_known_addr { host: "127.0.107.194" port: 37883 } } peers { permanent_uuid: "8fd0906d5c8e4e4a8a3114f300e56c86" member_type: VOTER last_known_addr { host: "127.0.107.195" port: 41347 } }
I20260709 14:48:11.921849  1627 tablet_service.cc:1917] Received RequestConsensusVote() RPC: tablet_id: "b3cb1a02008f4bab8fdacdd52bee064a" candidate_uuid: "f8caa3e193c24722868223ba647a45e8" candidate_term: 1 candidate_status { last_received { term: 0 index: 0 } } ignore_live_leader: false dest_uuid: "118a10540b614e0495c6947620f360bc" is_pre_election: true
I20260709 14:48:11.923563  1746 ts_tablet_manager.cc:1434] T f58bf572c8f640bf98600f719a5cf328 P 8fd0906d5c8e4e4a8a3114f300e56c86: Time spent starting tablet: real 0.078s	user 0.008s	sys 0.000s
I20260709 14:48:11.927804  1519 leader_election.cc:304] T b3cb1a02008f4bab8fdacdd52bee064a P f8caa3e193c24722868223ba647a45e8 [CANDIDATE]: Term 1 pre-election: Election decided. Result: candidate lost. Election summary: received 3 responses out of 3 voters: 1 yes votes; 2 no votes. yes voters: f8caa3e193c24722868223ba647a45e8; no voters: 118a10540b614e0495c6947620f360bc, 8fd0906d5c8e4e4a8a3114f300e56c86
I20260709 14:48:11.930073  1746 tablet_bootstrap.cc:492] T d2c268e52dfb4868bb18c9ea463f926e P 8fd0906d5c8e4e4a8a3114f300e56c86: Bootstrap starting.
I20260709 14:48:11.929620  1750 raft_consensus.cc:2749] T b3cb1a02008f4bab8fdacdd52bee064a P f8caa3e193c24722868223ba647a45e8 [term 0 FOLLOWER]: Leader pre-election lost for term 1. Reason: could not achieve majority
I20260709 14:48:11.932829  1449 catalog_manager.cc:5697] T fc49755c968741e1a732c8927835a2fb P f8caa3e193c24722868223ba647a45e8 reported cstate change: term changed from 0 to 1, leader changed from <none> to f8caa3e193c24722868223ba647a45e8 (127.0.107.193). New cstate: current_term: 1 leader_uuid: "f8caa3e193c24722868223ba647a45e8" committed_config { opid_index: -1 OBSOLETE_local: false peers { permanent_uuid: "f8caa3e193c24722868223ba647a45e8" member_type: VOTER last_known_addr { host: "127.0.107.193" port: 45929 } health_report { overall_health: HEALTHY } } peers { permanent_uuid: "118a10540b614e0495c6947620f360bc" member_type: VOTER last_known_addr { host: "127.0.107.194" port: 37883 } health_report { overall_health: UNKNOWN } } peers { permanent_uuid: "8fd0906d5c8e4e4a8a3114f300e56c86" member_type: VOTER last_known_addr { host: "127.0.107.195" port: 41347 } health_report { overall_health: UNKNOWN } } }
I20260709 14:48:11.936370  1742 tablet_bootstrap.cc:492] T 1796c3619f6f4d60975e291bf5196cff P 118a10540b614e0495c6947620f360bc: No bootstrap required, opened a new log
I20260709 14:48:11.938483  1742 ts_tablet_manager.cc:1403] T 1796c3619f6f4d60975e291bf5196cff P 118a10540b614e0495c6947620f360bc: Time spent bootstrapping tablet: real 0.118s	user 0.017s	sys 0.019s
I20260709 14:48:11.939030  1745 tablet_bootstrap.cc:492] T ac89cdbcf16c4db788bde404e36d930d P f8caa3e193c24722868223ba647a45e8: No bootstrap required, opened a new log
I20260709 14:48:11.939467  1745 ts_tablet_manager.cc:1403] T ac89cdbcf16c4db788bde404e36d930d P f8caa3e193c24722868223ba647a45e8: Time spent bootstrapping tablet: real 0.124s	user 0.014s	sys 0.018s
I20260709 14:48:11.942551  1742 raft_consensus.cc:359] T 1796c3619f6f4d60975e291bf5196cff P 118a10540b614e0495c6947620f360bc [term 0 FOLLOWER]: Replica starting. Triggering 0 pending ops. Active config: opid_index: -1 OBSOLETE_local: false peers { permanent_uuid: "f8caa3e193c24722868223ba647a45e8" member_type: VOTER last_known_addr { host: "127.0.107.193" port: 45929 } } peers { permanent_uuid: "118a10540b614e0495c6947620f360bc" member_type: VOTER last_known_addr { host: "127.0.107.194" port: 37883 } } peers { permanent_uuid: "8fd0906d5c8e4e4a8a3114f300e56c86" member_type: VOTER last_known_addr { host: "127.0.107.195" port: 41347 } }
I20260709 14:48:11.943255  1742 raft_consensus.cc:385] T 1796c3619f6f4d60975e291bf5196cff P 118a10540b614e0495c6947620f360bc [term 0 FOLLOWER]: Consensus starting up: Expiring failure detector timer to make a prompt election more likely
I20260709 14:48:11.943516  1742 raft_consensus.cc:740] T 1796c3619f6f4d60975e291bf5196cff P 118a10540b614e0495c6947620f360bc [term 0 FOLLOWER]: Becoming Follower/Learner. State: Replica: 118a10540b614e0495c6947620f360bc, State: Initialized, Role: FOLLOWER
I20260709 14:48:11.944188  1745 raft_consensus.cc:359] T ac89cdbcf16c4db788bde404e36d930d P f8caa3e193c24722868223ba647a45e8 [term 0 FOLLOWER]: Replica starting. Triggering 0 pending ops. Active config: opid_index: -1 OBSOLETE_local: false peers { permanent_uuid: "f8caa3e193c24722868223ba647a45e8" member_type: VOTER last_known_addr { host: "127.0.107.193" port: 45929 } } peers { permanent_uuid: "118a10540b614e0495c6947620f360bc" member_type: VOTER last_known_addr { host: "127.0.107.194" port: 37883 } } peers { permanent_uuid: "8fd0906d5c8e4e4a8a3114f300e56c86" member_type: VOTER last_known_addr { host: "127.0.107.195" port: 41347 } }
I20260709 14:48:11.944123  1742 consensus_queue.cc:260] T 1796c3619f6f4d60975e291bf5196cff P 118a10540b614e0495c6947620f360bc [NON_LEADER]: Queue going to NON_LEADER mode. State: All replicated index: 0, Majority replicated index: 0, Committed index: 0, Last appended: 0.0, Last appended by leader: 0, Current term: 0, Majority size: -1, State: 0, Mode: NON_LEADER, active raft config: opid_index: -1 OBSOLETE_local: false peers { permanent_uuid: "f8caa3e193c24722868223ba647a45e8" member_type: VOTER last_known_addr { host: "127.0.107.193" port: 45929 } } peers { permanent_uuid: "118a10540b614e0495c6947620f360bc" member_type: VOTER last_known_addr { host: "127.0.107.194" port: 37883 } } peers { permanent_uuid: "8fd0906d5c8e4e4a8a3114f300e56c86" member_type: VOTER last_known_addr { host: "127.0.107.195" port: 41347 } }
I20260709 14:48:11.944729  1745 raft_consensus.cc:385] T ac89cdbcf16c4db788bde404e36d930d P f8caa3e193c24722868223ba647a45e8 [term 0 FOLLOWER]: Consensus starting up: Expiring failure detector timer to make a prompt election more likely
I20260709 14:48:11.944974  1745 raft_consensus.cc:740] T ac89cdbcf16c4db788bde404e36d930d P f8caa3e193c24722868223ba647a45e8 [term 0 FOLLOWER]: Becoming Follower/Learner. State: Replica: f8caa3e193c24722868223ba647a45e8, State: Initialized, Role: FOLLOWER
I20260709 14:48:11.945628  1745 consensus_queue.cc:260] T ac89cdbcf16c4db788bde404e36d930d P f8caa3e193c24722868223ba647a45e8 [NON_LEADER]: Queue going to NON_LEADER mode. State: All replicated index: 0, Majority replicated index: 0, Committed index: 0, Last appended: 0.0, Last appended by leader: 0, Current term: 0, Majority size: -1, State: 0, Mode: NON_LEADER, active raft config: opid_index: -1 OBSOLETE_local: false peers { permanent_uuid: "f8caa3e193c24722868223ba647a45e8" member_type: VOTER last_known_addr { host: "127.0.107.193" port: 45929 } } peers { permanent_uuid: "118a10540b614e0495c6947620f360bc" member_type: VOTER last_known_addr { host: "127.0.107.194" port: 37883 } } peers { permanent_uuid: "8fd0906d5c8e4e4a8a3114f300e56c86" member_type: VOTER last_known_addr { host: "127.0.107.195" port: 41347 } }
I20260709 14:48:11.947510  1745 ts_tablet_manager.cc:1434] T ac89cdbcf16c4db788bde404e36d930d P f8caa3e193c24722868223ba647a45e8: Time spent starting tablet: real 0.008s	user 0.003s	sys 0.003s
I20260709 14:48:11.948408  1745 tablet_bootstrap.cc:492] T 4c3e5835529f4abfb478408a7940a2aa P f8caa3e193c24722868223ba647a45e8: Bootstrap starting.
I20260709 14:48:11.956869  1746 tablet_bootstrap.cc:654] T d2c268e52dfb4868bb18c9ea463f926e P 8fd0906d5c8e4e4a8a3114f300e56c86: Neither blocks nor log segments found. Creating new log.
I20260709 14:48:11.958360  1742 ts_tablet_manager.cc:1434] T 1796c3619f6f4d60975e291bf5196cff P 118a10540b614e0495c6947620f360bc: Time spent starting tablet: real 0.020s	user 0.005s	sys 0.000s
I20260709 14:48:11.960047  1742 tablet_bootstrap.cc:492] T 96dce9be634c483d958203baa8d23edc P 118a10540b614e0495c6947620f360bc: Bootstrap starting.
I20260709 14:48:11.958905  1745 tablet_bootstrap.cc:654] T 4c3e5835529f4abfb478408a7940a2aa P f8caa3e193c24722868223ba647a45e8: Neither blocks nor log segments found. Creating new log.
I20260709 14:48:11.966234  1742 tablet_bootstrap.cc:654] T 96dce9be634c483d958203baa8d23edc P 118a10540b614e0495c6947620f360bc: Neither blocks nor log segments found. Creating new log.
I20260709 14:48:11.980278  1745 tablet_bootstrap.cc:492] T 4c3e5835529f4abfb478408a7940a2aa P f8caa3e193c24722868223ba647a45e8: No bootstrap required, opened a new log
I20260709 14:48:11.980799  1745 ts_tablet_manager.cc:1403] T 4c3e5835529f4abfb478408a7940a2aa P f8caa3e193c24722868223ba647a45e8: Time spent bootstrapping tablet: real 0.033s	user 0.008s	sys 0.011s
I20260709 14:48:11.984009  1745 raft_consensus.cc:359] T 4c3e5835529f4abfb478408a7940a2aa P f8caa3e193c24722868223ba647a45e8 [term 0 FOLLOWER]: Replica starting. Triggering 0 pending ops. Active config: opid_index: -1 OBSOLETE_local: false peers { permanent_uuid: "f8caa3e193c24722868223ba647a45e8" member_type: VOTER last_known_addr { host: "127.0.107.193" port: 45929 } } peers { permanent_uuid: "118a10540b614e0495c6947620f360bc" member_type: VOTER last_known_addr { host: "127.0.107.194" port: 37883 } } peers { permanent_uuid: "8fd0906d5c8e4e4a8a3114f300e56c86" member_type: VOTER last_known_addr { host: "127.0.107.195" port: 41347 } }
I20260709 14:48:11.984728  1745 raft_consensus.cc:385] T 4c3e5835529f4abfb478408a7940a2aa P f8caa3e193c24722868223ba647a45e8 [term 0 FOLLOWER]: Consensus starting up: Expiring failure detector timer to make a prompt election more likely
I20260709 14:48:11.987258  1746 tablet_bootstrap.cc:492] T d2c268e52dfb4868bb18c9ea463f926e P 8fd0906d5c8e4e4a8a3114f300e56c86: No bootstrap required, opened a new log
I20260709 14:48:11.987844  1746 ts_tablet_manager.cc:1403] T d2c268e52dfb4868bb18c9ea463f926e P 8fd0906d5c8e4e4a8a3114f300e56c86: Time spent bootstrapping tablet: real 0.060s	user 0.015s	sys 0.002s
I20260709 14:48:11.990622  1746 raft_consensus.cc:359] T d2c268e52dfb4868bb18c9ea463f926e P 8fd0906d5c8e4e4a8a3114f300e56c86 [term 0 FOLLOWER]: Replica starting. Triggering 0 pending ops. Active config: opid_index: -1 OBSOLETE_local: false peers { permanent_uuid: "f8caa3e193c24722868223ba647a45e8" member_type: VOTER last_known_addr { host: "127.0.107.193" port: 45929 } } peers { permanent_uuid: "118a10540b614e0495c6947620f360bc" member_type: VOTER last_known_addr { host: "127.0.107.194" port: 37883 } } peers { permanent_uuid: "8fd0906d5c8e4e4a8a3114f300e56c86" member_type: VOTER last_known_addr { host: "127.0.107.195" port: 41347 } }
I20260709 14:48:11.991313  1746 raft_consensus.cc:385] T d2c268e52dfb4868bb18c9ea463f926e P 8fd0906d5c8e4e4a8a3114f300e56c86 [term 0 FOLLOWER]: Consensus starting up: Expiring failure detector timer to make a prompt election more likely
I20260709 14:48:11.991581  1746 raft_consensus.cc:740] T d2c268e52dfb4868bb18c9ea463f926e P 8fd0906d5c8e4e4a8a3114f300e56c86 [term 0 FOLLOWER]: Becoming Follower/Learner. State: Replica: 8fd0906d5c8e4e4a8a3114f300e56c86, State: Initialized, Role: FOLLOWER
I20260709 14:48:11.985006  1745 raft_consensus.cc:740] T 4c3e5835529f4abfb478408a7940a2aa P f8caa3e193c24722868223ba647a45e8 [term 0 FOLLOWER]: Becoming Follower/Learner. State: Replica: f8caa3e193c24722868223ba647a45e8, State: Initialized, Role: FOLLOWER
I20260709 14:48:11.995126  1742 tablet_bootstrap.cc:492] T 96dce9be634c483d958203baa8d23edc P 118a10540b614e0495c6947620f360bc: No bootstrap required, opened a new log
I20260709 14:48:11.995723  1742 ts_tablet_manager.cc:1403] T 96dce9be634c483d958203baa8d23edc P 118a10540b614e0495c6947620f360bc: Time spent bootstrapping tablet: real 0.036s	user 0.013s	sys 0.008s
I20260709 14:48:11.999298  1742 raft_consensus.cc:359] T 96dce9be634c483d958203baa8d23edc P 118a10540b614e0495c6947620f360bc [term 0 FOLLOWER]: Replica starting. Triggering 0 pending ops. Active config: opid_index: -1 OBSOLETE_local: false peers { permanent_uuid: "f8caa3e193c24722868223ba647a45e8" member_type: VOTER last_known_addr { host: "127.0.107.193" port: 45929 } } peers { permanent_uuid: "118a10540b614e0495c6947620f360bc" member_type: VOTER last_known_addr { host: "127.0.107.194" port: 37883 } } peers { permanent_uuid: "8fd0906d5c8e4e4a8a3114f300e56c86" member_type: VOTER last_known_addr { host: "127.0.107.195" port: 41347 } }
I20260709 14:48:11.999955  1742 raft_consensus.cc:385] T 96dce9be634c483d958203baa8d23edc P 118a10540b614e0495c6947620f360bc [term 0 FOLLOWER]: Consensus starting up: Expiring failure detector timer to make a prompt election more likely
I20260709 14:48:12.000252  1742 raft_consensus.cc:740] T 96dce9be634c483d958203baa8d23edc P 118a10540b614e0495c6947620f360bc [term 0 FOLLOWER]: Becoming Follower/Learner. State: Replica: 118a10540b614e0495c6947620f360bc, State: Initialized, Role: FOLLOWER
I20260709 14:48:12.000073  1745 consensus_queue.cc:260] T 4c3e5835529f4abfb478408a7940a2aa P f8caa3e193c24722868223ba647a45e8 [NON_LEADER]: Queue going to NON_LEADER mode. State: All replicated index: 0, Majority replicated index: 0, Committed index: 0, Last appended: 0.0, Last appended by leader: 0, Current term: 0, Majority size: -1, State: 0, Mode: NON_LEADER, active raft config: opid_index: -1 OBSOLETE_local: false peers { permanent_uuid: "f8caa3e193c24722868223ba647a45e8" member_type: VOTER last_known_addr { host: "127.0.107.193" port: 45929 } } peers { permanent_uuid: "118a10540b614e0495c6947620f360bc" member_type: VOTER last_known_addr { host: "127.0.107.194" port: 37883 } } peers { permanent_uuid: "8fd0906d5c8e4e4a8a3114f300e56c86" member_type: VOTER last_known_addr { host: "127.0.107.195" port: 41347 } }
I20260709 14:48:12.000921  1742 consensus_queue.cc:260] T 96dce9be634c483d958203baa8d23edc P 118a10540b614e0495c6947620f360bc [NON_LEADER]: Queue going to NON_LEADER mode. State: All replicated index: 0, Majority replicated index: 0, Committed index: 0, Last appended: 0.0, Last appended by leader: 0, Current term: 0, Majority size: -1, State: 0, Mode: NON_LEADER, active raft config: opid_index: -1 OBSOLETE_local: false peers { permanent_uuid: "f8caa3e193c24722868223ba647a45e8" member_type: VOTER last_known_addr { host: "127.0.107.193" port: 45929 } } peers { permanent_uuid: "118a10540b614e0495c6947620f360bc" member_type: VOTER last_known_addr { host: "127.0.107.194" port: 37883 } } peers { permanent_uuid: "8fd0906d5c8e4e4a8a3114f300e56c86" member_type: VOTER last_known_addr { host: "127.0.107.195" port: 41347 } }
I20260709 14:48:12.002559  1745 ts_tablet_manager.cc:1434] T 4c3e5835529f4abfb478408a7940a2aa P f8caa3e193c24722868223ba647a45e8: Time spent starting tablet: real 0.021s	user 0.008s	sys 0.000s
I20260709 14:48:12.002887  1742 ts_tablet_manager.cc:1434] T 96dce9be634c483d958203baa8d23edc P 118a10540b614e0495c6947620f360bc: Time spent starting tablet: real 0.007s	user 0.004s	sys 0.004s
I20260709 14:48:12.003845  1742 tablet_bootstrap.cc:492] T 13cd1c538cec44bc8315a71db10487f7 P 118a10540b614e0495c6947620f360bc: Bootstrap starting.
I20260709 14:48:11.992247  1746 consensus_queue.cc:260] T d2c268e52dfb4868bb18c9ea463f926e P 8fd0906d5c8e4e4a8a3114f300e56c86 [NON_LEADER]: Queue going to NON_LEADER mode. State: All replicated index: 0, Majority replicated index: 0, Committed index: 0, Last appended: 0.0, Last appended by leader: 0, Current term: 0, Majority size: -1, State: 0, Mode: NON_LEADER, active raft config: opid_index: -1 OBSOLETE_local: false peers { permanent_uuid: "f8caa3e193c24722868223ba647a45e8" member_type: VOTER last_known_addr { host: "127.0.107.193" port: 45929 } } peers { permanent_uuid: "118a10540b614e0495c6947620f360bc" member_type: VOTER last_known_addr { host: "127.0.107.194" port: 37883 } } peers { permanent_uuid: "8fd0906d5c8e4e4a8a3114f300e56c86" member_type: VOTER last_known_addr { host: "127.0.107.195" port: 41347 } }
I20260709 14:48:12.006937  1746 ts_tablet_manager.cc:1434] T d2c268e52dfb4868bb18c9ea463f926e P 8fd0906d5c8e4e4a8a3114f300e56c86: Time spent starting tablet: real 0.019s	user 0.006s	sys 0.001s
I20260709 14:48:12.007354  1745 tablet_bootstrap.cc:492] T 7977008714aa4d2b92a2adf923493d14 P f8caa3e193c24722868223ba647a45e8: Bootstrap starting.
I20260709 14:48:12.009454  1742 tablet_bootstrap.cc:654] T 13cd1c538cec44bc8315a71db10487f7 P 118a10540b614e0495c6947620f360bc: Neither blocks nor log segments found. Creating new log.
I20260709 14:48:12.014961  1745 tablet_bootstrap.cc:654] T 7977008714aa4d2b92a2adf923493d14 P f8caa3e193c24722868223ba647a45e8: Neither blocks nor log segments found. Creating new log.
I20260709 14:48:12.018306  1746 tablet_bootstrap.cc:492] T ac25813c74f84ec6bafe0d7c280b371e P 8fd0906d5c8e4e4a8a3114f300e56c86: Bootstrap starting.
I20260709 14:48:11.993260  1448 catalog_manager.cc:5697] T bc3effd7b6c4414ea91f1f6a779bda26 P 118a10540b614e0495c6947620f360bc reported cstate change: term changed from 0 to 1, leader changed from <none> to 118a10540b614e0495c6947620f360bc (127.0.107.194). New cstate: current_term: 1 leader_uuid: "118a10540b614e0495c6947620f360bc" committed_config { opid_index: -1 OBSOLETE_local: false peers { permanent_uuid: "f8caa3e193c24722868223ba647a45e8" member_type: VOTER last_known_addr { host: "127.0.107.193" port: 45929 } health_report { overall_health: UNKNOWN } } peers { permanent_uuid: "118a10540b614e0495c6947620f360bc" member_type: VOTER last_known_addr { host: "127.0.107.194" port: 37883 } health_report { overall_health: HEALTHY } } peers { permanent_uuid: "8fd0906d5c8e4e4a8a3114f300e56c86" member_type: VOTER last_known_addr { host: "127.0.107.195" port: 41347 } health_report { overall_health: UNKNOWN } } }
I20260709 14:48:12.029773  1750 raft_consensus.cc:493] T ac89cdbcf16c4db788bde404e36d930d P f8caa3e193c24722868223ba647a45e8 [term 0 FOLLOWER]: Starting pre-election (no leader contacted us within the election timeout)
I20260709 14:48:12.030282  1750 raft_consensus.cc:515] T ac89cdbcf16c4db788bde404e36d930d P f8caa3e193c24722868223ba647a45e8 [term 0 FOLLOWER]: Starting pre-election with config: opid_index: -1 OBSOLETE_local: false peers { permanent_uuid: "f8caa3e193c24722868223ba647a45e8" member_type: VOTER last_known_addr { host: "127.0.107.193" port: 45929 } } peers { permanent_uuid: "118a10540b614e0495c6947620f360bc" member_type: VOTER last_known_addr { host: "127.0.107.194" port: 37883 } } peers { permanent_uuid: "8fd0906d5c8e4e4a8a3114f300e56c86" member_type: VOTER last_known_addr { host: "127.0.107.195" port: 41347 } }
I20260709 14:48:12.032146  1750 leader_election.cc:290] T ac89cdbcf16c4db788bde404e36d930d P f8caa3e193c24722868223ba647a45e8 [CANDIDATE]: Term 1 pre-election: Requested pre-vote from peers 118a10540b614e0495c6947620f360bc (127.0.107.194:37883), 8fd0906d5c8e4e4a8a3114f300e56c86 (127.0.107.195:41347)
I20260709 14:48:12.033627  1627 tablet_service.cc:1917] Received RequestConsensusVote() RPC: tablet_id: "ac89cdbcf16c4db788bde404e36d930d" candidate_uuid: "f8caa3e193c24722868223ba647a45e8" candidate_term: 1 candidate_status { last_received { term: 0 index: 0 } } ignore_live_leader: false dest_uuid: "118a10540b614e0495c6947620f360bc" is_pre_election: true
I20260709 14:48:12.033860  1697 tablet_service.cc:1917] Received RequestConsensusVote() RPC: tablet_id: "ac89cdbcf16c4db788bde404e36d930d" candidate_uuid: "f8caa3e193c24722868223ba647a45e8" candidate_term: 1 candidate_status { last_received { term: 0 index: 0 } } ignore_live_leader: false dest_uuid: "8fd0906d5c8e4e4a8a3114f300e56c86" is_pre_election: true
I20260709 14:48:12.034461  1697 raft_consensus.cc:2468] T ac89cdbcf16c4db788bde404e36d930d P 8fd0906d5c8e4e4a8a3114f300e56c86 [term 0 FOLLOWER]: Leader pre-election vote request: Granting yes vote for candidate f8caa3e193c24722868223ba647a45e8 in term 0.
W20260709 14:48:12.034963  1519 leader_election.cc:343] T ac89cdbcf16c4db788bde404e36d930d P f8caa3e193c24722868223ba647a45e8 [CANDIDATE]: Term 1 pre-election: Tablet error from VoteRequest() call to peer 118a10540b614e0495c6947620f360bc (127.0.107.194:37883): Illegal state: must be running to vote when last-logged opid is not known
I20260709 14:48:12.035522  1746 tablet_bootstrap.cc:654] T ac25813c74f84ec6bafe0d7c280b371e P 8fd0906d5c8e4e4a8a3114f300e56c86: Neither blocks nor log segments found. Creating new log.
I20260709 14:48:12.035733  1519 leader_election.cc:304] T ac89cdbcf16c4db788bde404e36d930d P f8caa3e193c24722868223ba647a45e8 [CANDIDATE]: Term 1 pre-election: Election decided. Result: candidate won. Election summary: received 3 responses out of 3 voters: 2 yes votes; 1 no votes. yes voters: 8fd0906d5c8e4e4a8a3114f300e56c86, f8caa3e193c24722868223ba647a45e8; no voters: 118a10540b614e0495c6947620f360bc
I20260709 14:48:12.036689  1750 raft_consensus.cc:2804] T ac89cdbcf16c4db788bde404e36d930d P f8caa3e193c24722868223ba647a45e8 [term 0 FOLLOWER]: Leader pre-election won for term 1
I20260709 14:48:12.037036  1750 raft_consensus.cc:493] T ac89cdbcf16c4db788bde404e36d930d P f8caa3e193c24722868223ba647a45e8 [term 0 FOLLOWER]: Starting leader election (no leader contacted us within the election timeout)
I20260709 14:48:12.037371  1750 raft_consensus.cc:3060] T ac89cdbcf16c4db788bde404e36d930d P f8caa3e193c24722868223ba647a45e8 [term 0 FOLLOWER]: Advancing to term 1
I20260709 14:48:12.046628  1750 raft_consensus.cc:515] T ac89cdbcf16c4db788bde404e36d930d P f8caa3e193c24722868223ba647a45e8 [term 1 FOLLOWER]: Starting leader election with config: opid_index: -1 OBSOLETE_local: false peers { permanent_uuid: "f8caa3e193c24722868223ba647a45e8" member_type: VOTER last_known_addr { host: "127.0.107.193" port: 45929 } } peers { permanent_uuid: "118a10540b614e0495c6947620f360bc" member_type: VOTER last_known_addr { host: "127.0.107.194" port: 37883 } } peers { permanent_uuid: "8fd0906d5c8e4e4a8a3114f300e56c86" member_type: VOTER last_known_addr { host: "127.0.107.195" port: 41347 } }
I20260709 14:48:12.049645  1626 tablet_service.cc:1917] Received RequestConsensusVote() RPC: tablet_id: "ac89cdbcf16c4db788bde404e36d930d" candidate_uuid: "f8caa3e193c24722868223ba647a45e8" candidate_term: 1 candidate_status { last_received { term: 0 index: 0 } } ignore_live_leader: false dest_uuid: "118a10540b614e0495c6947620f360bc"
W20260709 14:48:12.051198  1519 leader_election.cc:343] T ac89cdbcf16c4db788bde404e36d930d P f8caa3e193c24722868223ba647a45e8 [CANDIDATE]: Term 1 election: Tablet error from VoteRequest() call to peer 118a10540b614e0495c6947620f360bc (127.0.107.194:37883): Illegal state: must be running to vote when last-logged opid is not known
I20260709 14:48:12.053403  1742 tablet_bootstrap.cc:492] T 13cd1c538cec44bc8315a71db10487f7 P 118a10540b614e0495c6947620f360bc: No bootstrap required, opened a new log
I20260709 14:48:12.053931  1742 ts_tablet_manager.cc:1403] T 13cd1c538cec44bc8315a71db10487f7 P 118a10540b614e0495c6947620f360bc: Time spent bootstrapping tablet: real 0.050s	user 0.016s	sys 0.011s
I20260709 14:48:12.057672  1742 raft_consensus.cc:359] T 13cd1c538cec44bc8315a71db10487f7 P 118a10540b614e0495c6947620f360bc [term 0 FOLLOWER]: Replica starting. Triggering 0 pending ops. Active config: opid_index: -1 OBSOLETE_local: false peers { permanent_uuid: "f8caa3e193c24722868223ba647a45e8" member_type: VOTER last_known_addr { host: "127.0.107.193" port: 45929 } } peers { permanent_uuid: "118a10540b614e0495c6947620f360bc" member_type: VOTER last_known_addr { host: "127.0.107.194" port: 37883 } } peers { permanent_uuid: "8fd0906d5c8e4e4a8a3114f300e56c86" member_type: VOTER last_known_addr { host: "127.0.107.195" port: 41347 } }
I20260709 14:48:12.058481  1742 raft_consensus.cc:385] T 13cd1c538cec44bc8315a71db10487f7 P 118a10540b614e0495c6947620f360bc [term 0 FOLLOWER]: Consensus starting up: Expiring failure detector timer to make a prompt election more likely
I20260709 14:48:12.058808  1742 raft_consensus.cc:740] T 13cd1c538cec44bc8315a71db10487f7 P 118a10540b614e0495c6947620f360bc [term 0 FOLLOWER]: Becoming Follower/Learner. State: Replica: 118a10540b614e0495c6947620f360bc, State: Initialized, Role: FOLLOWER
I20260709 14:48:12.060882  1750 leader_election.cc:290] T ac89cdbcf16c4db788bde404e36d930d P f8caa3e193c24722868223ba647a45e8 [CANDIDATE]: Term 1 election: Requested vote from peers 118a10540b614e0495c6947620f360bc (127.0.107.194:37883), 8fd0906d5c8e4e4a8a3114f300e56c86 (127.0.107.195:41347)
I20260709 14:48:12.062116  1742 consensus_queue.cc:260] T 13cd1c538cec44bc8315a71db10487f7 P 118a10540b614e0495c6947620f360bc [NON_LEADER]: Queue going to NON_LEADER mode. State: All replicated index: 0, Majority replicated index: 0, Committed index: 0, Last appended: 0.0, Last appended by leader: 0, Current term: 0, Majority size: -1, State: 0, Mode: NON_LEADER, active raft config: opid_index: -1 OBSOLETE_local: false peers { permanent_uuid: "f8caa3e193c24722868223ba647a45e8" member_type: VOTER last_known_addr { host: "127.0.107.193" port: 45929 } } peers { permanent_uuid: "118a10540b614e0495c6947620f360bc" member_type: VOTER last_known_addr { host: "127.0.107.194" port: 37883 } } peers { permanent_uuid: "8fd0906d5c8e4e4a8a3114f300e56c86" member_type: VOTER last_known_addr { host: "127.0.107.195" port: 41347 } }
I20260709 14:48:12.061106  1697 tablet_service.cc:1917] Received RequestConsensusVote() RPC: tablet_id: "ac89cdbcf16c4db788bde404e36d930d" candidate_uuid: "f8caa3e193c24722868223ba647a45e8" candidate_term: 1 candidate_status { last_received { term: 0 index: 0 } } ignore_live_leader: false dest_uuid: "8fd0906d5c8e4e4a8a3114f300e56c86"
I20260709 14:48:12.065860  1697 raft_consensus.cc:3060] T ac89cdbcf16c4db788bde404e36d930d P 8fd0906d5c8e4e4a8a3114f300e56c86 [term 0 FOLLOWER]: Advancing to term 1
I20260709 14:48:12.067971  1742 ts_tablet_manager.cc:1434] T 13cd1c538cec44bc8315a71db10487f7 P 118a10540b614e0495c6947620f360bc: Time spent starting tablet: real 0.014s	user 0.007s	sys 0.000s
I20260709 14:48:12.069406  1742 tablet_bootstrap.cc:492] T ac89cdbcf16c4db788bde404e36d930d P 118a10540b614e0495c6947620f360bc: Bootstrap starting.
I20260709 14:48:12.073055  1697 raft_consensus.cc:2468] T ac89cdbcf16c4db788bde404e36d930d P 8fd0906d5c8e4e4a8a3114f300e56c86 [term 1 FOLLOWER]: Leader election vote request: Granting yes vote for candidate f8caa3e193c24722868223ba647a45e8 in term 1.
I20260709 14:48:12.074749  1519 leader_election.cc:304] T ac89cdbcf16c4db788bde404e36d930d P f8caa3e193c24722868223ba647a45e8 [CANDIDATE]: Term 1 election: Election decided. Result: candidate won. Election summary: received 3 responses out of 3 voters: 2 yes votes; 1 no votes. yes voters: 8fd0906d5c8e4e4a8a3114f300e56c86, f8caa3e193c24722868223ba647a45e8; no voters: 118a10540b614e0495c6947620f360bc
I20260709 14:48:12.075335  1750 raft_consensus.cc:2804] T ac89cdbcf16c4db788bde404e36d930d P f8caa3e193c24722868223ba647a45e8 [term 1 FOLLOWER]: Leader election won for term 1
I20260709 14:48:12.075814  1750 raft_consensus.cc:697] T ac89cdbcf16c4db788bde404e36d930d P f8caa3e193c24722868223ba647a45e8 [term 1 LEADER]: Becoming Leader. State: Replica: f8caa3e193c24722868223ba647a45e8, State: Running, Role: LEADER
I20260709 14:48:12.075829  1745 tablet_bootstrap.cc:492] T 7977008714aa4d2b92a2adf923493d14 P f8caa3e193c24722868223ba647a45e8: No bootstrap required, opened a new log
I20260709 14:48:12.076454  1745 ts_tablet_manager.cc:1403] T 7977008714aa4d2b92a2adf923493d14 P f8caa3e193c24722868223ba647a45e8: Time spent bootstrapping tablet: real 0.073s	user 0.015s	sys 0.009s
I20260709 14:48:12.077359  1750 consensus_queue.cc:237] T ac89cdbcf16c4db788bde404e36d930d P f8caa3e193c24722868223ba647a45e8 [LEADER]: Queue going to LEADER mode. State: All replicated index: 0, Majority replicated index: 0, Committed index: 0, Last appended: 0.0, Last appended by leader: 0, Current term: 1, Majority size: 2, State: 0, Mode: LEADER, active raft config: opid_index: -1 OBSOLETE_local: false peers { permanent_uuid: "f8caa3e193c24722868223ba647a45e8" member_type: VOTER last_known_addr { host: "127.0.107.193" port: 45929 } } peers { permanent_uuid: "118a10540b614e0495c6947620f360bc" member_type: VOTER last_known_addr { host: "127.0.107.194" port: 37883 } } peers { permanent_uuid: "8fd0906d5c8e4e4a8a3114f300e56c86" member_type: VOTER last_known_addr { host: "127.0.107.195" port: 41347 } }
I20260709 14:48:12.078907  1745 raft_consensus.cc:359] T 7977008714aa4d2b92a2adf923493d14 P f8caa3e193c24722868223ba647a45e8 [term 0 FOLLOWER]: Replica starting. Triggering 0 pending ops. Active config: opid_index: -1 OBSOLETE_local: false peers { permanent_uuid: "f8caa3e193c24722868223ba647a45e8" member_type: VOTER last_known_addr { host: "127.0.107.193" port: 45929 } } peers { permanent_uuid: "118a10540b614e0495c6947620f360bc" member_type: VOTER last_known_addr { host: "127.0.107.194" port: 37883 } } peers { permanent_uuid: "8fd0906d5c8e4e4a8a3114f300e56c86" member_type: VOTER last_known_addr { host: "127.0.107.195" port: 41347 } }
I20260709 14:48:12.079542  1745 raft_consensus.cc:385] T 7977008714aa4d2b92a2adf923493d14 P f8caa3e193c24722868223ba647a45e8 [term 0 FOLLOWER]: Consensus starting up: Expiring failure detector timer to make a prompt election more likely
I20260709 14:48:12.079799  1745 raft_consensus.cc:740] T 7977008714aa4d2b92a2adf923493d14 P f8caa3e193c24722868223ba647a45e8 [term 0 FOLLOWER]: Becoming Follower/Learner. State: Replica: f8caa3e193c24722868223ba647a45e8, State: Initialized, Role: FOLLOWER
I20260709 14:48:12.080494  1745 consensus_queue.cc:260] T 7977008714aa4d2b92a2adf923493d14 P f8caa3e193c24722868223ba647a45e8 [NON_LEADER]: Queue going to NON_LEADER mode. State: All replicated index: 0, Majority replicated index: 0, Committed index: 0, Last appended: 0.0, Last appended by leader: 0, Current term: 0, Majority size: -1, State: 0, Mode: NON_LEADER, active raft config: opid_index: -1 OBSOLETE_local: false peers { permanent_uuid: "f8caa3e193c24722868223ba647a45e8" member_type: VOTER last_known_addr { host: "127.0.107.193" port: 45929 } } peers { permanent_uuid: "118a10540b614e0495c6947620f360bc" member_type: VOTER last_known_addr { host: "127.0.107.194" port: 37883 } } peers { permanent_uuid: "8fd0906d5c8e4e4a8a3114f300e56c86" member_type: VOTER last_known_addr { host: "127.0.107.195" port: 41347 } }
I20260709 14:48:12.082374  1742 tablet_bootstrap.cc:654] T ac89cdbcf16c4db788bde404e36d930d P 118a10540b614e0495c6947620f360bc: Neither blocks nor log segments found. Creating new log.
I20260709 14:48:12.082577  1745 ts_tablet_manager.cc:1434] T 7977008714aa4d2b92a2adf923493d14 P f8caa3e193c24722868223ba647a45e8: Time spent starting tablet: real 0.006s	user 0.005s	sys 0.000s
I20260709 14:48:12.083748  1745 tablet_bootstrap.cc:492] T 13cd1c538cec44bc8315a71db10487f7 P f8caa3e193c24722868223ba647a45e8: Bootstrap starting.
I20260709 14:48:12.084225  1746 tablet_bootstrap.cc:492] T ac25813c74f84ec6bafe0d7c280b371e P 8fd0906d5c8e4e4a8a3114f300e56c86: No bootstrap required, opened a new log
I20260709 14:48:12.088368  1746 ts_tablet_manager.cc:1403] T ac25813c74f84ec6bafe0d7c280b371e P 8fd0906d5c8e4e4a8a3114f300e56c86: Time spent bootstrapping tablet: real 0.070s	user 0.012s	sys 0.016s
I20260709 14:48:12.089366  1745 tablet_bootstrap.cc:654] T 13cd1c538cec44bc8315a71db10487f7 P f8caa3e193c24722868223ba647a45e8: Neither blocks nor log segments found. Creating new log.
I20260709 14:48:12.098603  1745 tablet_bootstrap.cc:492] T 13cd1c538cec44bc8315a71db10487f7 P f8caa3e193c24722868223ba647a45e8: No bootstrap required, opened a new log
I20260709 14:48:12.099092  1745 ts_tablet_manager.cc:1403] T 13cd1c538cec44bc8315a71db10487f7 P f8caa3e193c24722868223ba647a45e8: Time spent bootstrapping tablet: real 0.016s	user 0.004s	sys 0.004s
I20260709 14:48:12.101591  1745 raft_consensus.cc:359] T 13cd1c538cec44bc8315a71db10487f7 P f8caa3e193c24722868223ba647a45e8 [term 0 FOLLOWER]: Replica starting. Triggering 0 pending ops. Active config: opid_index: -1 OBSOLETE_local: false peers { permanent_uuid: "f8caa3e193c24722868223ba647a45e8" member_type: VOTER last_known_addr { host: "127.0.107.193" port: 45929 } } peers { permanent_uuid: "118a10540b614e0495c6947620f360bc" member_type: VOTER last_known_addr { host: "127.0.107.194" port: 37883 } } peers { permanent_uuid: "8fd0906d5c8e4e4a8a3114f300e56c86" member_type: VOTER last_known_addr { host: "127.0.107.195" port: 41347 } }
I20260709 14:48:12.102229  1745 raft_consensus.cc:385] T 13cd1c538cec44bc8315a71db10487f7 P f8caa3e193c24722868223ba647a45e8 [term 0 FOLLOWER]: Consensus starting up: Expiring failure detector timer to make a prompt election more likely
I20260709 14:48:12.102489  1745 raft_consensus.cc:740] T 13cd1c538cec44bc8315a71db10487f7 P f8caa3e193c24722868223ba647a45e8 [term 0 FOLLOWER]: Becoming Follower/Learner. State: Replica: f8caa3e193c24722868223ba647a45e8, State: Initialized, Role: FOLLOWER
I20260709 14:48:12.104596  1742 tablet_bootstrap.cc:492] T ac89cdbcf16c4db788bde404e36d930d P 118a10540b614e0495c6947620f360bc: No bootstrap required, opened a new log
I20260709 14:48:12.105212  1742 ts_tablet_manager.cc:1403] T ac89cdbcf16c4db788bde404e36d930d P 118a10540b614e0495c6947620f360bc: Time spent bootstrapping tablet: real 0.036s	user 0.012s	sys 0.000s
I20260709 14:48:12.107664  1742 raft_consensus.cc:359] T ac89cdbcf16c4db788bde404e36d930d P 118a10540b614e0495c6947620f360bc [term 0 FOLLOWER]: Replica starting. Triggering 0 pending ops. Active config: opid_index: -1 OBSOLETE_local: false peers { permanent_uuid: "f8caa3e193c24722868223ba647a45e8" member_type: VOTER last_known_addr { host: "127.0.107.193" port: 45929 } } peers { permanent_uuid: "118a10540b614e0495c6947620f360bc" member_type: VOTER last_known_addr { host: "127.0.107.194" port: 37883 } } peers { permanent_uuid: "8fd0906d5c8e4e4a8a3114f300e56c86" member_type: VOTER last_known_addr { host: "127.0.107.195" port: 41347 } }
I20260709 14:48:12.107225  1450 catalog_manager.cc:5697] T ac89cdbcf16c4db788bde404e36d930d P f8caa3e193c24722868223ba647a45e8 reported cstate change: term changed from 0 to 1, leader changed from <none> to f8caa3e193c24722868223ba647a45e8 (127.0.107.193). New cstate: current_term: 1 leader_uuid: "f8caa3e193c24722868223ba647a45e8" committed_config { opid_index: -1 OBSOLETE_local: false peers { permanent_uuid: "f8caa3e193c24722868223ba647a45e8" member_type: VOTER last_known_addr { host: "127.0.107.193" port: 45929 } health_report { overall_health: HEALTHY } } peers { permanent_uuid: "118a10540b614e0495c6947620f360bc" member_type: VOTER last_known_addr { host: "127.0.107.194" port: 37883 } health_report { overall_health: UNKNOWN } } peers { permanent_uuid: "8fd0906d5c8e4e4a8a3114f300e56c86" member_type: VOTER last_known_addr { host: "127.0.107.195" port: 41347 } health_report { overall_health: UNKNOWN } } }
I20260709 14:48:12.108341  1742 raft_consensus.cc:385] T ac89cdbcf16c4db788bde404e36d930d P 118a10540b614e0495c6947620f360bc [term 0 FOLLOWER]: Consensus starting up: Expiring failure detector timer to make a prompt election more likely
I20260709 14:48:12.108628  1742 raft_consensus.cc:740] T ac89cdbcf16c4db788bde404e36d930d P 118a10540b614e0495c6947620f360bc [term 0 FOLLOWER]: Becoming Follower/Learner. State: Replica: 118a10540b614e0495c6947620f360bc, State: Initialized, Role: FOLLOWER
I20260709 14:48:12.109266  1742 consensus_queue.cc:260] T ac89cdbcf16c4db788bde404e36d930d P 118a10540b614e0495c6947620f360bc [NON_LEADER]: Queue going to NON_LEADER mode. State: All replicated index: 0, Majority replicated index: 0, Committed index: 0, Last appended: 0.0, Last appended by leader: 0, Current term: 0, Majority size: -1, State: 0, Mode: NON_LEADER, active raft config: opid_index: -1 OBSOLETE_local: false peers { permanent_uuid: "f8caa3e193c24722868223ba647a45e8" member_type: VOTER last_known_addr { host: "127.0.107.193" port: 45929 } } peers { permanent_uuid: "118a10540b614e0495c6947620f360bc" member_type: VOTER last_known_addr { host: "127.0.107.194" port: 37883 } } peers { permanent_uuid: "8fd0906d5c8e4e4a8a3114f300e56c86" member_type: VOTER last_known_addr { host: "127.0.107.195" port: 41347 } }
I20260709 14:48:12.111166  1742 ts_tablet_manager.cc:1434] T ac89cdbcf16c4db788bde404e36d930d P 118a10540b614e0495c6947620f360bc: Time spent starting tablet: real 0.006s	user 0.004s	sys 0.000s
I20260709 14:48:12.112572  1742 tablet_bootstrap.cc:492] T 4e0c90230fe74f7facd42b3032617976 P 118a10540b614e0495c6947620f360bc: Bootstrap starting.
I20260709 14:48:12.116624  1746 raft_consensus.cc:359] T ac25813c74f84ec6bafe0d7c280b371e P 8fd0906d5c8e4e4a8a3114f300e56c86 [term 0 FOLLOWER]: Replica starting. Triggering 0 pending ops. Active config: opid_index: -1 OBSOLETE_local: false peers { permanent_uuid: "f8caa3e193c24722868223ba647a45e8" member_type: VOTER last_known_addr { host: "127.0.107.193" port: 45929 } } peers { permanent_uuid: "118a10540b614e0495c6947620f360bc" member_type: VOTER last_known_addr { host: "127.0.107.194" port: 37883 } } peers { permanent_uuid: "8fd0906d5c8e4e4a8a3114f300e56c86" member_type: VOTER last_known_addr { host: "127.0.107.195" port: 41347 } }
I20260709 14:48:12.117539  1746 raft_consensus.cc:385] T ac25813c74f84ec6bafe0d7c280b371e P 8fd0906d5c8e4e4a8a3114f300e56c86 [term 0 FOLLOWER]: Consensus starting up: Expiring failure detector timer to make a prompt election more likely
I20260709 14:48:12.118963  1742 tablet_bootstrap.cc:654] T 4e0c90230fe74f7facd42b3032617976 P 118a10540b614e0495c6947620f360bc: Neither blocks nor log segments found. Creating new log.
I20260709 14:48:12.122133  1746 raft_consensus.cc:740] T ac25813c74f84ec6bafe0d7c280b371e P 8fd0906d5c8e4e4a8a3114f300e56c86 [term 0 FOLLOWER]: Becoming Follower/Learner. State: Replica: 8fd0906d5c8e4e4a8a3114f300e56c86, State: Initialized, Role: FOLLOWER
I20260709 14:48:12.111802  1745 consensus_queue.cc:260] T 13cd1c538cec44bc8315a71db10487f7 P f8caa3e193c24722868223ba647a45e8 [NON_LEADER]: Queue going to NON_LEADER mode. State: All replicated index: 0, Majority replicated index: 0, Committed index: 0, Last appended: 0.0, Last appended by leader: 0, Current term: 0, Majority size: -1, State: 0, Mode: NON_LEADER, active raft config: opid_index: -1 OBSOLETE_local: false peers { permanent_uuid: "f8caa3e193c24722868223ba647a45e8" member_type: VOTER last_known_addr { host: "127.0.107.193" port: 45929 } } peers { permanent_uuid: "118a10540b614e0495c6947620f360bc" member_type: VOTER last_known_addr { host: "127.0.107.194" port: 37883 } } peers { permanent_uuid: "8fd0906d5c8e4e4a8a3114f300e56c86" member_type: VOTER last_known_addr { host: "127.0.107.195" port: 41347 } }
I20260709 14:48:12.123956  1745 ts_tablet_manager.cc:1434] T 13cd1c538cec44bc8315a71db10487f7 P f8caa3e193c24722868223ba647a45e8: Time spent starting tablet: real 0.025s	user 0.005s	sys 0.002s
I20260709 14:48:12.124900  1745 tablet_bootstrap.cc:492] T bc3effd7b6c4414ea91f1f6a779bda26 P f8caa3e193c24722868223ba647a45e8: Bootstrap starting.
I20260709 14:48:12.124459  1746 consensus_queue.cc:260] T ac25813c74f84ec6bafe0d7c280b371e P 8fd0906d5c8e4e4a8a3114f300e56c86 [NON_LEADER]: Queue going to NON_LEADER mode. State: All replicated index: 0, Majority replicated index: 0, Committed index: 0, Last appended: 0.0, Last appended by leader: 0, Current term: 0, Majority size: -1, State: 0, Mode: NON_LEADER, active raft config: opid_index: -1 OBSOLETE_local: false peers { permanent_uuid: "f8caa3e193c24722868223ba647a45e8" member_type: VOTER last_known_addr { host: "127.0.107.193" port: 45929 } } peers { permanent_uuid: "118a10540b614e0495c6947620f360bc" member_type: VOTER last_known_addr { host: "127.0.107.194" port: 37883 } } peers { permanent_uuid: "8fd0906d5c8e4e4a8a3114f300e56c86" member_type: VOTER last_known_addr { host: "127.0.107.195" port: 41347 } }
I20260709 14:48:12.130728  1745 tablet_bootstrap.cc:654] T bc3effd7b6c4414ea91f1f6a779bda26 P f8caa3e193c24722868223ba647a45e8: Neither blocks nor log segments found. Creating new log.
I20260709 14:48:12.134382  1746 ts_tablet_manager.cc:1434] T ac25813c74f84ec6bafe0d7c280b371e P 8fd0906d5c8e4e4a8a3114f300e56c86: Time spent starting tablet: real 0.046s	user 0.006s	sys 0.000s
I20260709 14:48:12.135390  1746 tablet_bootstrap.cc:492] T d6aa87e61c9a4e028c13a0cfc9b07944 P 8fd0906d5c8e4e4a8a3114f300e56c86: Bootstrap starting.
I20260709 14:48:12.136137  1545 raft_consensus.cc:3060] T ee1a0a871b4f4bda80cf1615aace04f2 P f8caa3e193c24722868223ba647a45e8 [term 0 FOLLOWER]: Advancing to term 1
I20260709 14:48:12.145045  1786 raft_consensus.cc:493] T 13cd1c538cec44bc8315a71db10487f7 P f8caa3e193c24722868223ba647a45e8 [term 0 FOLLOWER]: Starting pre-election (no leader contacted us within the election timeout)
I20260709 14:48:12.145744  1786 raft_consensus.cc:515] T 13cd1c538cec44bc8315a71db10487f7 P f8caa3e193c24722868223ba647a45e8 [term 0 FOLLOWER]: Starting pre-election with config: opid_index: -1 OBSOLETE_local: false peers { permanent_uuid: "f8caa3e193c24722868223ba647a45e8" member_type: VOTER last_known_addr { host: "127.0.107.193" port: 45929 } } peers { permanent_uuid: "118a10540b614e0495c6947620f360bc" member_type: VOTER last_known_addr { host: "127.0.107.194" port: 37883 } } peers { permanent_uuid: "8fd0906d5c8e4e4a8a3114f300e56c86" member_type: VOTER last_known_addr { host: "127.0.107.195" port: 41347 } }
I20260709 14:48:12.148389  1786 leader_election.cc:290] T 13cd1c538cec44bc8315a71db10487f7 P f8caa3e193c24722868223ba647a45e8 [CANDIDATE]: Term 1 pre-election: Requested pre-vote from peers 118a10540b614e0495c6947620f360bc (127.0.107.194:37883), 8fd0906d5c8e4e4a8a3114f300e56c86 (127.0.107.195:41347)
I20260709 14:48:12.149111  1626 tablet_service.cc:1917] Received RequestConsensusVote() RPC: tablet_id: "13cd1c538cec44bc8315a71db10487f7" candidate_uuid: "f8caa3e193c24722868223ba647a45e8" candidate_term: 1 candidate_status { last_received { term: 0 index: 0 } } ignore_live_leader: false dest_uuid: "118a10540b614e0495c6947620f360bc" is_pre_election: true
I20260709 14:48:12.149768  1626 raft_consensus.cc:2468] T 13cd1c538cec44bc8315a71db10487f7 P 118a10540b614e0495c6947620f360bc [term 0 FOLLOWER]: Leader pre-election vote request: Granting yes vote for candidate f8caa3e193c24722868223ba647a45e8 in term 0.
I20260709 14:48:12.157810  1697 tablet_service.cc:1917] Received RequestConsensusVote() RPC: tablet_id: "13cd1c538cec44bc8315a71db10487f7" candidate_uuid: "f8caa3e193c24722868223ba647a45e8" candidate_term: 1 candidate_status { last_received { term: 0 index: 0 } } ignore_live_leader: false dest_uuid: "8fd0906d5c8e4e4a8a3114f300e56c86" is_pre_election: true
I20260709 14:48:12.159703  1697 raft_consensus.cc:2468] T 13cd1c538cec44bc8315a71db10487f7 P 8fd0906d5c8e4e4a8a3114f300e56c86 [term 0 FOLLOWER]: Leader pre-election vote request: Granting yes vote for candidate f8caa3e193c24722868223ba647a45e8 in term 0.
I20260709 14:48:12.162459  1519 leader_election.cc:304] T 13cd1c538cec44bc8315a71db10487f7 P f8caa3e193c24722868223ba647a45e8 [CANDIDATE]: Term 1 pre-election: Election decided. Result: candidate won. Election summary: received 2 responses out of 3 voters: 2 yes votes; 0 no votes. yes voters: 8fd0906d5c8e4e4a8a3114f300e56c86, f8caa3e193c24722868223ba647a45e8; no voters: 
I20260709 14:48:12.164186  1786 raft_consensus.cc:2804] T 13cd1c538cec44bc8315a71db10487f7 P f8caa3e193c24722868223ba647a45e8 [term 0 FOLLOWER]: Leader pre-election won for term 1
I20260709 14:48:12.164695  1786 raft_consensus.cc:493] T 13cd1c538cec44bc8315a71db10487f7 P f8caa3e193c24722868223ba647a45e8 [term 0 FOLLOWER]: Starting leader election (no leader contacted us within the election timeout)
I20260709 14:48:12.165047  1786 raft_consensus.cc:3060] T 13cd1c538cec44bc8315a71db10487f7 P f8caa3e193c24722868223ba647a45e8 [term 0 FOLLOWER]: Advancing to term 1
I20260709 14:48:12.173422  1742 tablet_bootstrap.cc:492] T 4e0c90230fe74f7facd42b3032617976 P 118a10540b614e0495c6947620f360bc: No bootstrap required, opened a new log
I20260709 14:48:12.174041  1742 ts_tablet_manager.cc:1403] T 4e0c90230fe74f7facd42b3032617976 P 118a10540b614e0495c6947620f360bc: Time spent bootstrapping tablet: real 0.062s	user 0.011s	sys 0.032s
I20260709 14:48:12.176026  1745 tablet_bootstrap.cc:492] T bc3effd7b6c4414ea91f1f6a779bda26 P f8caa3e193c24722868223ba647a45e8: No bootstrap required, opened a new log
I20260709 14:48:12.176494  1745 ts_tablet_manager.cc:1403] T bc3effd7b6c4414ea91f1f6a779bda26 P f8caa3e193c24722868223ba647a45e8: Time spent bootstrapping tablet: real 0.052s	user 0.018s	sys 0.010s
I20260709 14:48:12.177582  1742 raft_consensus.cc:359] T 4e0c90230fe74f7facd42b3032617976 P 118a10540b614e0495c6947620f360bc [term 0 FOLLOWER]: Replica starting. Triggering 0 pending ops. Active config: opid_index: -1 OBSOLETE_local: false peers { permanent_uuid: "f8caa3e193c24722868223ba647a45e8" member_type: VOTER last_known_addr { host: "127.0.107.193" port: 45929 } } peers { permanent_uuid: "118a10540b614e0495c6947620f360bc" member_type: VOTER last_known_addr { host: "127.0.107.194" port: 37883 } } peers { permanent_uuid: "8fd0906d5c8e4e4a8a3114f300e56c86" member_type: VOTER last_known_addr { host: "127.0.107.195" port: 41347 } }
I20260709 14:48:12.178642  1742 raft_consensus.cc:385] T 4e0c90230fe74f7facd42b3032617976 P 118a10540b614e0495c6947620f360bc [term 0 FOLLOWER]: Consensus starting up: Expiring failure detector timer to make a prompt election more likely
I20260709 14:48:12.178990  1742 raft_consensus.cc:740] T 4e0c90230fe74f7facd42b3032617976 P 118a10540b614e0495c6947620f360bc [term 0 FOLLOWER]: Becoming Follower/Learner. State: Replica: 118a10540b614e0495c6947620f360bc, State: Initialized, Role: FOLLOWER
I20260709 14:48:12.179790  1742 consensus_queue.cc:260] T 4e0c90230fe74f7facd42b3032617976 P 118a10540b614e0495c6947620f360bc [NON_LEADER]: Queue going to NON_LEADER mode. State: All replicated index: 0, Majority replicated index: 0, Committed index: 0, Last appended: 0.0, Last appended by leader: 0, Current term: 0, Majority size: -1, State: 0, Mode: NON_LEADER, active raft config: opid_index: -1 OBSOLETE_local: false peers { permanent_uuid: "f8caa3e193c24722868223ba647a45e8" member_type: VOTER last_known_addr { host: "127.0.107.193" port: 45929 } } peers { permanent_uuid: "118a10540b614e0495c6947620f360bc" member_type: VOTER last_known_addr { host: "127.0.107.194" port: 37883 } } peers { permanent_uuid: "8fd0906d5c8e4e4a8a3114f300e56c86" member_type: VOTER last_known_addr { host: "127.0.107.195" port: 41347 } }
I20260709 14:48:12.180608  1552 raft_consensus.cc:3060] T b3cb1a02008f4bab8fdacdd52bee064a P f8caa3e193c24722868223ba647a45e8 [term 0 FOLLOWER]: Advancing to term 1
I20260709 14:48:12.184122  1742 ts_tablet_manager.cc:1434] T 4e0c90230fe74f7facd42b3032617976 P 118a10540b614e0495c6947620f360bc: Time spent starting tablet: real 0.010s	user 0.007s	sys 0.001s
I20260709 14:48:12.185384  1742 tablet_bootstrap.cc:492] T b9404edc602a43bfbb5e4a2b1b56cad1 P 118a10540b614e0495c6947620f360bc: Bootstrap starting.
I20260709 14:48:12.185359  1840 consensus_queue.cc:1048] T fc49755c968741e1a732c8927835a2fb P f8caa3e193c24722868223ba647a45e8 [LEADER]: Connected to new peer: Peer: permanent_uuid: "118a10540b614e0495c6947620f360bc" member_type: VOTER last_known_addr { host: "127.0.107.194" port: 37883 }, Status: LMP_MISMATCH, Last received: 0.0, Next index: 1, Last known committed idx: 0, Time since last communication: 0.001s
I20260709 14:48:12.180292  1786 raft_consensus.cc:515] T 13cd1c538cec44bc8315a71db10487f7 P f8caa3e193c24722868223ba647a45e8 [term 1 FOLLOWER]: Starting leader election with config: opid_index: -1 OBSOLETE_local: false peers { permanent_uuid: "f8caa3e193c24722868223ba647a45e8" member_type: VOTER last_known_addr { host: "127.0.107.193" port: 45929 } } peers { permanent_uuid: "118a10540b614e0495c6947620f360bc" member_type: VOTER last_known_addr { host: "127.0.107.194" port: 37883 } } peers { permanent_uuid: "8fd0906d5c8e4e4a8a3114f300e56c86" member_type: VOTER last_known_addr { host: "127.0.107.195" port: 41347 } }
