I20260709 14:47:49.011449  1290 consensus_queue.cc:237] T 2c28491a40564feabef51ac5a462999e P 06a7ad7a188643daa8bccd9c6e64e509 [LEADER]: Queue going to LEADER mode. State: All replicated index: 0, Majority replicated index: 2, Committed index: 2, Last appended: 2.2, Last appended by leader: 2, Current term: 3, Majority size: 2, State: 0, Mode: LEADER, active raft config: opid_index: -1 OBSOLETE_local: false peers { permanent_uuid: "06a7ad7a188643daa8bccd9c6e64e509" member_type: VOTER last_known_addr { host: "127.0.107.193" port: 34469 } } peers { permanent_uuid: "32f63abd7b074ba083f6e4bb26a5b46f" member_type: VOTER last_known_addr { host: "127.0.107.194" port: 43231 } } peers { permanent_uuid: "c6d12afde3cd49ed894e3aef7ab0443e" member_type: VOTER last_known_addr { host: "127.0.107.195" port: 44989 } }
I20260709 14:47:49.012355  1057 raft_consensus.cc:3060] T 38038707131f4c3aa0aa05c78f20b42f P 06a7ad7a188643daa8bccd9c6e64e509 [term 1 FOLLOWER]: Advancing to term 2
I20260709 14:47:49.016194  1058 raft_consensus.cc:515] T 75e2b629dd634fbaa2d8881a281db81f P 06a7ad7a188643daa8bccd9c6e64e509 [term 4 FOLLOWER]: Starting forced leader election with config: opid_index: -1 OBSOLETE_local: false peers { permanent_uuid: "06a7ad7a188643daa8bccd9c6e64e509" member_type: VOTER last_known_addr { host: "127.0.107.193" port: 34469 } } peers { permanent_uuid: "c6d12afde3cd49ed894e3aef7ab0443e" member_type: VOTER last_known_addr { host: "127.0.107.195" port: 44989 } } peers { permanent_uuid: "32f63abd7b074ba083f6e4bb26a5b46f" member_type: VOTER last_known_addr { host: "127.0.107.194" port: 43231 } }
I20260709 14:47:49.017966  1058 leader_election.cc:290] T 75e2b629dd634fbaa2d8881a281db81f P 06a7ad7a188643daa8bccd9c6e64e509 [CANDIDATE]: Term 4 election: Requested vote from peers c6d12afde3cd49ed894e3aef7ab0443e (127.0.107.195:44989), 32f63abd7b074ba083f6e4bb26a5b46f (127.0.107.194:43231)
I20260709 14:47:49.019012  1207 tablet_service.cc:1917] Received RequestConsensusVote() RPC: tablet_id: "75e2b629dd634fbaa2d8881a281db81f" candidate_uuid: "06a7ad7a188643daa8bccd9c6e64e509" candidate_term: 4 candidate_status { last_received { term: 3 index: 3 } } ignore_live_leader: true dest_uuid: "c6d12afde3cd49ed894e3aef7ab0443e"
I20260709 14:47:49.019093  1132 tablet_service.cc:1917] Received RequestConsensusVote() RPC: tablet_id: "75e2b629dd634fbaa2d8881a281db81f" candidate_uuid: "06a7ad7a188643daa8bccd9c6e64e509" candidate_term: 4 candidate_status { last_received { term: 3 index: 3 } } ignore_live_leader: true dest_uuid: "32f63abd7b074ba083f6e4bb26a5b46f"
I20260709 14:47:49.018774   950 catalog_manager.cc:5697] T 2c28491a40564feabef51ac5a462999e P 06a7ad7a188643daa8bccd9c6e64e509 reported cstate change: term changed from 2 to 3, leader changed from 32f63abd7b074ba083f6e4bb26a5b46f (127.0.107.194) to 06a7ad7a188643daa8bccd9c6e64e509 (127.0.107.193). New cstate: current_term: 3 leader_uuid: "06a7ad7a188643daa8bccd9c6e64e509" committed_config { opid_index: -1 OBSOLETE_local: false peers { permanent_uuid: "06a7ad7a188643daa8bccd9c6e64e509" member_type: VOTER last_known_addr { host: "127.0.107.193" port: 34469 } health_report { overall_health: HEALTHY } } peers { permanent_uuid: "32f63abd7b074ba083f6e4bb26a5b46f" member_type: VOTER last_known_addr { host: "127.0.107.194" port: 43231 } health_report { overall_health: UNKNOWN } } peers { permanent_uuid: "c6d12afde3cd49ed894e3aef7ab0443e" member_type: VOTER last_known_addr { host: "127.0.107.195" port: 44989 } health_report { overall_health: UNKNOWN } } }
I20260709 14:47:49.019634  1207 raft_consensus.cc:3055] T 75e2b629dd634fbaa2d8881a281db81f P c6d12afde3cd49ed894e3aef7ab0443e [term 3 LEADER]: Stepping down as leader of term 3
I20260709 14:47:49.019704  1132 raft_consensus.cc:3060] T 75e2b629dd634fbaa2d8881a281db81f P 32f63abd7b074ba083f6e4bb26a5b46f [term 3 FOLLOWER]: Advancing to term 4
I20260709 14:47:49.020038  1207 raft_consensus.cc:740] T 75e2b629dd634fbaa2d8881a281db81f P c6d12afde3cd49ed894e3aef7ab0443e [term 3 LEADER]: Becoming Follower/Learner. State: Replica: c6d12afde3cd49ed894e3aef7ab0443e, State: Running, Role: LEADER
I20260709 14:47:49.021149  1207 consensus_queue.cc:260] T 75e2b629dd634fbaa2d8881a281db81f P c6d12afde3cd49ed894e3aef7ab0443e [NON_LEADER]: Queue going to NON_LEADER mode. State: All replicated index: 0, Majority replicated index: 3, Committed index: 3, Last appended: 3.3, Last appended by leader: 3, Current term: 3, Majority size: -1, State: 0, Mode: NON_LEADER, active raft config: opid_index: -1 OBSOLETE_local: false peers { permanent_uuid: "06a7ad7a188643daa8bccd9c6e64e509" member_type: VOTER last_known_addr { host: "127.0.107.193" port: 34469 } } peers { permanent_uuid: "c6d12afde3cd49ed894e3aef7ab0443e" member_type: VOTER last_known_addr { host: "127.0.107.195" port: 44989 } } peers { permanent_uuid: "32f63abd7b074ba083f6e4bb26a5b46f" member_type: VOTER last_known_addr { host: "127.0.107.194" port: 43231 } }
I20260709 14:47:49.022303  1207 raft_consensus.cc:3060] T 75e2b629dd634fbaa2d8881a281db81f P c6d12afde3cd49ed894e3aef7ab0443e [term 3 FOLLOWER]: Advancing to term 4
I20260709 14:47:49.026389  1132 raft_consensus.cc:2468] T 75e2b629dd634fbaa2d8881a281db81f P 32f63abd7b074ba083f6e4bb26a5b46f [term 4 FOLLOWER]: Leader election vote request: Granting yes vote for candidate 06a7ad7a188643daa8bccd9c6e64e509 in term 4.
I20260709 14:47:49.019692  1057 raft_consensus.cc:515] T 38038707131f4c3aa0aa05c78f20b42f P 06a7ad7a188643daa8bccd9c6e64e509 [term 2 FOLLOWER]: Starting forced leader election with config: opid_index: -1 OBSOLETE_local: false peers { permanent_uuid: "06a7ad7a188643daa8bccd9c6e64e509" member_type: VOTER last_known_addr { host: "127.0.107.193" port: 34469 } } peers { permanent_uuid: "32f63abd7b074ba083f6e4bb26a5b46f" member_type: VOTER last_known_addr { host: "127.0.107.194" port: 43231 } } peers { permanent_uuid: "c6d12afde3cd49ed894e3aef7ab0443e" member_type: VOTER last_known_addr { host: "127.0.107.195" port: 44989 } }
I20260709 14:47:49.027590  1024 leader_election.cc:304] T 75e2b629dd634fbaa2d8881a281db81f P 06a7ad7a188643daa8bccd9c6e64e509 [CANDIDATE]: Term 4 election: Election decided. Result: candidate won. Election summary: received 2 responses out of 3 voters: 2 yes votes; 0 no votes. yes voters: 06a7ad7a188643daa8bccd9c6e64e509, 32f63abd7b074ba083f6e4bb26a5b46f; no voters: 
I20260709 14:47:49.028218  1207 raft_consensus.cc:2468] T 75e2b629dd634fbaa2d8881a281db81f P c6d12afde3cd49ed894e3aef7ab0443e [term 4 FOLLOWER]: Leader election vote request: Granting yes vote for candidate 06a7ad7a188643daa8bccd9c6e64e509 in term 4.
I20260709 14:47:49.028342  1290 raft_consensus.cc:2804] T 75e2b629dd634fbaa2d8881a281db81f P 06a7ad7a188643daa8bccd9c6e64e509 [term 4 FOLLOWER]: Leader election won for term 4
I20260709 14:47:49.028863  1290 raft_consensus.cc:697] T 75e2b629dd634fbaa2d8881a281db81f P 06a7ad7a188643daa8bccd9c6e64e509 [term 4 LEADER]: Becoming Leader. State: Replica: 06a7ad7a188643daa8bccd9c6e64e509, State: Running, Role: LEADER
I20260709 14:47:49.029812  1132 tablet_service.cc:1917] Received RequestConsensusVote() RPC: tablet_id: "38038707131f4c3aa0aa05c78f20b42f" candidate_uuid: "06a7ad7a188643daa8bccd9c6e64e509" candidate_term: 2 candidate_status { last_received { term: 1 index: 1 } } ignore_live_leader: true dest_uuid: "32f63abd7b074ba083f6e4bb26a5b46f"
I20260709 14:47:49.029872  1057 leader_election.cc:290] T 38038707131f4c3aa0aa05c78f20b42f P 06a7ad7a188643daa8bccd9c6e64e509 [CANDIDATE]: Term 2 election: Requested vote from peers 32f63abd7b074ba083f6e4bb26a5b46f (127.0.107.194:43231), c6d12afde3cd49ed894e3aef7ab0443e (127.0.107.195:44989)
I20260709 14:47:49.030444  1132 raft_consensus.cc:3055] T 38038707131f4c3aa0aa05c78f20b42f P 32f63abd7b074ba083f6e4bb26a5b46f [term 1 LEADER]: Stepping down as leader of term 1
I20260709 14:47:49.030115  1290 consensus_queue.cc:237] T 75e2b629dd634fbaa2d8881a281db81f P 06a7ad7a188643daa8bccd9c6e64e509 [LEADER]: Queue going to LEADER mode. State: All replicated index: 0, Majority replicated index: 3, Committed index: 3, Last appended: 3.3, Last appended by leader: 3, Current term: 4, Majority size: 2, State: 0, Mode: LEADER, active raft config: opid_index: -1 OBSOLETE_local: false peers { permanent_uuid: "06a7ad7a188643daa8bccd9c6e64e509" member_type: VOTER last_known_addr { host: "127.0.107.193" port: 34469 } } peers { permanent_uuid: "c6d12afde3cd49ed894e3aef7ab0443e" member_type: VOTER last_known_addr { host: "127.0.107.195" port: 44989 } } peers { permanent_uuid: "32f63abd7b074ba083f6e4bb26a5b46f" member_type: VOTER last_known_addr { host: "127.0.107.194" port: 43231 } }
I20260709 14:47:49.030766  1132 raft_consensus.cc:740] T 38038707131f4c3aa0aa05c78f20b42f P 32f63abd7b074ba083f6e4bb26a5b46f [term 1 LEADER]: Becoming Follower/Learner. State: Replica: 32f63abd7b074ba083f6e4bb26a5b46f, State: Running, Role: LEADER
I20260709 14:47:49.030855  1207 tablet_service.cc:1917] Received RequestConsensusVote() RPC: tablet_id: "38038707131f4c3aa0aa05c78f20b42f" candidate_uuid: "06a7ad7a188643daa8bccd9c6e64e509" candidate_term: 2 candidate_status { last_received { term: 1 index: 1 } } ignore_live_leader: true dest_uuid: "c6d12afde3cd49ed894e3aef7ab0443e"
I20260709 14:47:49.031380  1207 raft_consensus.cc:3060] T 38038707131f4c3aa0aa05c78f20b42f P c6d12afde3cd49ed894e3aef7ab0443e [term 1 FOLLOWER]: Advancing to term 2
I20260709 14:47:49.031492  1132 consensus_queue.cc:260] T 38038707131f4c3aa0aa05c78f20b42f P 32f63abd7b074ba083f6e4bb26a5b46f [NON_LEADER]: Queue going to NON_LEADER mode. State: All replicated index: 0, Majority replicated index: 1, Committed index: 1, Last appended: 1.1, Last appended by leader: 1, Current term: 1, Majority size: -1, State: 0, Mode: NON_LEADER, active raft config: opid_index: -1 OBSOLETE_local: false peers { permanent_uuid: "06a7ad7a188643daa8bccd9c6e64e509" member_type: VOTER last_known_addr { host: "127.0.107.193" port: 34469 } } peers { permanent_uuid: "32f63abd7b074ba083f6e4bb26a5b46f" member_type: VOTER last_known_addr { host: "127.0.107.194" port: 43231 } } peers { permanent_uuid: "c6d12afde3cd49ed894e3aef7ab0443e" member_type: VOTER last_known_addr { host: "127.0.107.195" port: 44989 } }
I20260709 14:47:49.032582  1132 raft_consensus.cc:3060] T 38038707131f4c3aa0aa05c78f20b42f P 32f63abd7b074ba083f6e4bb26a5b46f [term 1 FOLLOWER]: Advancing to term 2
I20260709 14:47:49.035748  1207 raft_consensus.cc:2468] T 38038707131f4c3aa0aa05c78f20b42f P c6d12afde3cd49ed894e3aef7ab0443e [term 2 FOLLOWER]: Leader election vote request: Granting yes vote for candidate 06a7ad7a188643daa8bccd9c6e64e509 in term 2.
I20260709 14:47:49.036772  1023 leader_election.cc:304] T 38038707131f4c3aa0aa05c78f20b42f P 06a7ad7a188643daa8bccd9c6e64e509 [CANDIDATE]: Term 2 election: Election decided. Result: candidate won. Election summary: received 2 responses out of 3 voters: 2 yes votes; 0 no votes. yes voters: 06a7ad7a188643daa8bccd9c6e64e509, c6d12afde3cd49ed894e3aef7ab0443e; no voters: 
I20260709 14:47:49.037662  1290 raft_consensus.cc:2804] T 38038707131f4c3aa0aa05c78f20b42f P 06a7ad7a188643daa8bccd9c6e64e509 [term 2 FOLLOWER]: Leader election won for term 2
I20260709 14:47:49.038090  1290 raft_consensus.cc:697] T 38038707131f4c3aa0aa05c78f20b42f P 06a7ad7a188643daa8bccd9c6e64e509 [term 2 LEADER]: Becoming Leader. State: Replica: 06a7ad7a188643daa8bccd9c6e64e509, State: Running, Role: LEADER
I20260709 14:47:49.038842  1290 consensus_queue.cc:237] T 38038707131f4c3aa0aa05c78f20b42f P 06a7ad7a188643daa8bccd9c6e64e509 [LEADER]: Queue going to LEADER mode. State: All replicated index: 0, Majority replicated index: 1, Committed index: 1, Last appended: 1.1, Last appended by leader: 1, Current term: 2, Majority size: 2, State: 0, Mode: LEADER, active raft config: opid_index: -1 OBSOLETE_local: false peers { permanent_uuid: "06a7ad7a188643daa8bccd9c6e64e509" member_type: VOTER last_known_addr { host: "127.0.107.193" port: 34469 } } peers { permanent_uuid: "32f63abd7b074ba083f6e4bb26a5b46f" member_type: VOTER last_known_addr { host: "127.0.107.194" port: 43231 } } peers { permanent_uuid: "c6d12afde3cd49ed894e3aef7ab0443e" member_type: VOTER last_known_addr { host: "127.0.107.195" port: 44989 } }
I20260709 14:47:49.039474  1132 raft_consensus.cc:2468] T 38038707131f4c3aa0aa05c78f20b42f P 32f63abd7b074ba083f6e4bb26a5b46f [term 2 FOLLOWER]: Leader election vote request: Granting yes vote for candidate 06a7ad7a188643daa8bccd9c6e64e509 in term 2.
I20260709 14:47:49.049525   950 catalog_manager.cc:5697] T 75e2b629dd634fbaa2d8881a281db81f P 06a7ad7a188643daa8bccd9c6e64e509 reported cstate change: term changed from 3 to 4, leader changed from c6d12afde3cd49ed894e3aef7ab0443e (127.0.107.195) to 06a7ad7a188643daa8bccd9c6e64e509 (127.0.107.193). New cstate: current_term: 4 leader_uuid: "06a7ad7a188643daa8bccd9c6e64e509" committed_config { opid_index: -1 OBSOLETE_local: false peers { permanent_uuid: "06a7ad7a188643daa8bccd9c6e64e509" member_type: VOTER last_known_addr { host: "127.0.107.193" port: 34469 } health_report { overall_health: HEALTHY } } peers { permanent_uuid: "c6d12afde3cd49ed894e3aef7ab0443e" member_type: VOTER last_known_addr { host: "127.0.107.195" port: 44989 } health_report { overall_health: UNKNOWN } } peers { permanent_uuid: "32f63abd7b074ba083f6e4bb26a5b46f" member_type: VOTER last_known_addr { host: "127.0.107.194" port: 43231 } health_report { overall_health: UNKNOWN } } }
I20260709 14:47:49.050776   950 catalog_manager.cc:5697] T 38038707131f4c3aa0aa05c78f20b42f P 06a7ad7a188643daa8bccd9c6e64e509 reported cstate change: term changed from 1 to 2, leader changed from 32f63abd7b074ba083f6e4bb26a5b46f (127.0.107.194) to 06a7ad7a188643daa8bccd9c6e64e509 (127.0.107.193). New cstate: current_term: 2 leader_uuid: "06a7ad7a188643daa8bccd9c6e64e509" committed_config { opid_index: -1 OBSOLETE_local: false peers { permanent_uuid: "06a7ad7a188643daa8bccd9c6e64e509" member_type: VOTER last_known_addr { host: "127.0.107.193" port: 34469 } health_report { overall_health: HEALTHY } } peers { permanent_uuid: "32f63abd7b074ba083f6e4bb26a5b46f" member_type: VOTER last_known_addr { host: "127.0.107.194" port: 43231 } health_report { overall_health: UNKNOWN } } peers { permanent_uuid: "c6d12afde3cd49ed894e3aef7ab0443e" member_type: VOTER last_known_addr { host: "127.0.107.195" port: 44989 } health_report { overall_health: UNKNOWN } } }
I20260709 14:47:49.168716  1363 raft_consensus.cc:993] T c1ded4a7ed6045e59c565394164e633d P c6d12afde3cd49ed894e3aef7ab0443e: : Instructing follower 06a7ad7a188643daa8bccd9c6e64e509 to start an election
I20260709 14:47:49.169191  1349 raft_consensus.cc:1081] T c1ded4a7ed6045e59c565394164e633d P c6d12afde3cd49ed894e3aef7ab0443e [term 3 LEADER]: Signalling peer 06a7ad7a188643daa8bccd9c6e64e509 to start an election
I20260709 14:47:49.170588  1057 tablet_service.cc:2044] Received Run Leader Election RPC: tablet_id: "c1ded4a7ed6045e59c565394164e633d"
dest_uuid: "06a7ad7a188643daa8bccd9c6e64e509"
 from {username='slave'} at 127.0.0.1:33252
I20260709 14:47:49.171041  1057 raft_consensus.cc:493] T c1ded4a7ed6045e59c565394164e633d P 06a7ad7a188643daa8bccd9c6e64e509 [term 3 FOLLOWER]: Starting forced leader election (received explicit request)
I20260709 14:47:49.171384  1057 raft_consensus.cc:3060] T c1ded4a7ed6045e59c565394164e633d P 06a7ad7a188643daa8bccd9c6e64e509 [term 3 FOLLOWER]: Advancing to term 4
I20260709 14:47:49.176115  1057 raft_consensus.cc:515] T c1ded4a7ed6045e59c565394164e633d P 06a7ad7a188643daa8bccd9c6e64e509 [term 4 FOLLOWER]: Starting forced leader election with config: opid_index: -1 OBSOLETE_local: false peers { permanent_uuid: "06a7ad7a188643daa8bccd9c6e64e509" member_type: VOTER last_known_addr { host: "127.0.107.193" port: 34469 } } peers { permanent_uuid: "32f63abd7b074ba083f6e4bb26a5b46f" member_type: VOTER last_known_addr { host: "127.0.107.194" port: 43231 } } peers { permanent_uuid: "c6d12afde3cd49ed894e3aef7ab0443e" member_type: VOTER last_known_addr { host: "127.0.107.195" port: 44989 } }
I20260709 14:47:49.177605  1057 leader_election.cc:290] T c1ded4a7ed6045e59c565394164e633d P 06a7ad7a188643daa8bccd9c6e64e509 [CANDIDATE]: Term 4 election: Requested vote from peers 32f63abd7b074ba083f6e4bb26a5b46f (127.0.107.194:43231), c6d12afde3cd49ed894e3aef7ab0443e (127.0.107.195:44989)
I20260709 14:47:49.178244  1132 tablet_service.cc:1917] Received RequestConsensusVote() RPC: tablet_id: "c1ded4a7ed6045e59c565394164e633d" candidate_uuid: "06a7ad7a188643daa8bccd9c6e64e509" candidate_term: 4 candidate_status { last_received { term: 3 index: 3 } } ignore_live_leader: true dest_uuid: "32f63abd7b074ba083f6e4bb26a5b46f"
I20260709 14:47:49.178529  1207 tablet_service.cc:1917] Received RequestConsensusVote() RPC: tablet_id: "c1ded4a7ed6045e59c565394164e633d" candidate_uuid: "06a7ad7a188643daa8bccd9c6e64e509" candidate_term: 4 candidate_status { last_received { term: 3 index: 3 } } ignore_live_leader: true dest_uuid: "c6d12afde3cd49ed894e3aef7ab0443e"
I20260709 14:47:49.178784  1132 raft_consensus.cc:3060] T c1ded4a7ed6045e59c565394164e633d P 32f63abd7b074ba083f6e4bb26a5b46f [term 3 FOLLOWER]: Advancing to term 4
I20260709 14:47:49.179025  1207 raft_consensus.cc:3055] T c1ded4a7ed6045e59c565394164e633d P c6d12afde3cd49ed894e3aef7ab0443e [term 3 LEADER]: Stepping down as leader of term 3
I20260709 14:47:49.179311  1207 raft_consensus.cc:740] T c1ded4a7ed6045e59c565394164e633d P c6d12afde3cd49ed894e3aef7ab0443e [term 3 LEADER]: Becoming Follower/Learner. State: Replica: c6d12afde3cd49ed894e3aef7ab0443e, State: Running, Role: LEADER
I20260709 14:47:49.179994  1207 consensus_queue.cc:260] T c1ded4a7ed6045e59c565394164e633d P c6d12afde3cd49ed894e3aef7ab0443e [NON_LEADER]: Queue going to NON_LEADER mode. State: All replicated index: 0, Majority replicated index: 3, Committed index: 3, Last appended: 3.3, Last appended by leader: 3, Current term: 3, Majority size: -1, State: 0, Mode: NON_LEADER, active raft config: opid_index: -1 OBSOLETE_local: false peers { permanent_uuid: "06a7ad7a188643daa8bccd9c6e64e509" member_type: VOTER last_known_addr { host: "127.0.107.193" port: 34469 } } peers { permanent_uuid: "32f63abd7b074ba083f6e4bb26a5b46f" member_type: VOTER last_known_addr { host: "127.0.107.194" port: 43231 } } peers { permanent_uuid: "c6d12afde3cd49ed894e3aef7ab0443e" member_type: VOTER last_known_addr { host: "127.0.107.195" port: 44989 } }
I20260709 14:47:49.181022  1207 raft_consensus.cc:3060] T c1ded4a7ed6045e59c565394164e633d P c6d12afde3cd49ed894e3aef7ab0443e [term 3 FOLLOWER]: Advancing to term 4
I20260709 14:47:49.184612  1132 raft_consensus.cc:2468] T c1ded4a7ed6045e59c565394164e633d P 32f63abd7b074ba083f6e4bb26a5b46f [term 4 FOLLOWER]: Leader election vote request: Granting yes vote for candidate 06a7ad7a188643daa8bccd9c6e64e509 in term 4.
I20260709 14:47:49.185611  1024 leader_election.cc:304] T c1ded4a7ed6045e59c565394164e633d P 06a7ad7a188643daa8bccd9c6e64e509 [CANDIDATE]: Term 4 election: Election decided. Result: candidate won. Election summary: received 2 responses out of 3 voters: 2 yes votes; 0 no votes. yes voters: 06a7ad7a188643daa8bccd9c6e64e509, 32f63abd7b074ba083f6e4bb26a5b46f; no voters: 
I20260709 14:47:49.186257  1290 raft_consensus.cc:2804] T c1ded4a7ed6045e59c565394164e633d P 06a7ad7a188643daa8bccd9c6e64e509 [term 4 FOLLOWER]: Leader election won for term 4
I20260709 14:47:49.186602  1207 raft_consensus.cc:2468] T c1ded4a7ed6045e59c565394164e633d P c6d12afde3cd49ed894e3aef7ab0443e [term 4 FOLLOWER]: Leader election vote request: Granting yes vote for candidate 06a7ad7a188643daa8bccd9c6e64e509 in term 4.
I20260709 14:47:49.186784  1290 raft_consensus.cc:697] T c1ded4a7ed6045e59c565394164e633d P 06a7ad7a188643daa8bccd9c6e64e509 [term 4 LEADER]: Becoming Leader. State: Replica: 06a7ad7a188643daa8bccd9c6e64e509, State: Running, Role: LEADER
I20260709 14:47:49.187610  1290 consensus_queue.cc:237] T c1ded4a7ed6045e59c565394164e633d P 06a7ad7a188643daa8bccd9c6e64e509 [LEADER]: Queue going to LEADER mode. State: All replicated index: 0, Majority replicated index: 3, Committed index: 3, Last appended: 3.3, Last appended by leader: 3, Current term: 4, Majority size: 2, State: 0, Mode: LEADER, active raft config: opid_index: -1 OBSOLETE_local: false peers { permanent_uuid: "06a7ad7a188643daa8bccd9c6e64e509" member_type: VOTER last_known_addr { host: "127.0.107.193" port: 34469 } } peers { permanent_uuid: "32f63abd7b074ba083f6e4bb26a5b46f" member_type: VOTER last_known_addr { host: "127.0.107.194" port: 43231 } } peers { permanent_uuid: "c6d12afde3cd49ed894e3aef7ab0443e" member_type: VOTER last_known_addr { host: "127.0.107.195" port: 44989 } }
I20260709 14:47:49.193167   950 catalog_manager.cc:5697] T c1ded4a7ed6045e59c565394164e633d P 06a7ad7a188643daa8bccd9c6e64e509 reported cstate change: term changed from 3 to 4, leader changed from c6d12afde3cd49ed894e3aef7ab0443e (127.0.107.195) to 06a7ad7a188643daa8bccd9c6e64e509 (127.0.107.193). New cstate: current_term: 4 leader_uuid: "06a7ad7a188643daa8bccd9c6e64e509" committed_config { opid_index: -1 OBSOLETE_local: false peers { permanent_uuid: "06a7ad7a188643daa8bccd9c6e64e509" member_type: VOTER last_known_addr { host: "127.0.107.193" port: 34469 } health_report { overall_health: HEALTHY } } peers { permanent_uuid: "32f63abd7b074ba083f6e4bb26a5b46f" member_type: VOTER last_known_addr { host: "127.0.107.194" port: 43231 } health_report { overall_health: UNKNOWN } } peers { permanent_uuid: "c6d12afde3cd49ed894e3aef7ab0443e" member_type: VOTER last_known_addr { host: "127.0.107.195" port: 44989 } health_report { overall_health: UNKNOWN } } }
I20260709 14:47:49.392712  1369 raft_consensus.cc:993] T ec1ca56bed1147ef8981e1d887c417e7 P 32f63abd7b074ba083f6e4bb26a5b46f: : Instructing follower 06a7ad7a188643daa8bccd9c6e64e509 to start an election
I20260709 14:47:49.393119  1255 raft_consensus.cc:1081] T ec1ca56bed1147ef8981e1d887c417e7 P 32f63abd7b074ba083f6e4bb26a5b46f [term 2 LEADER]: Signalling peer 06a7ad7a188643daa8bccd9c6e64e509 to start an election
I20260709 14:47:49.394441  1057 tablet_service.cc:2044] Received Run Leader Election RPC: tablet_id: "ec1ca56bed1147ef8981e1d887c417e7"
dest_uuid: "06a7ad7a188643daa8bccd9c6e64e509"
 from {username='slave'} at 127.0.0.1:33246
I20260709 14:47:49.394905  1057 raft_consensus.cc:493] T ec1ca56bed1147ef8981e1d887c417e7 P 06a7ad7a188643daa8bccd9c6e64e509 [term 2 FOLLOWER]: Starting forced leader election (received explicit request)
I20260709 14:47:49.395273  1057 raft_consensus.cc:3060] T ec1ca56bed1147ef8981e1d887c417e7 P 06a7ad7a188643daa8bccd9c6e64e509 [term 2 FOLLOWER]: Advancing to term 3
I20260709 14:47:49.400053  1057 raft_consensus.cc:515] T ec1ca56bed1147ef8981e1d887c417e7 P 06a7ad7a188643daa8bccd9c6e64e509 [term 3 FOLLOWER]: Starting forced leader election with config: opid_index: -1 OBSOLETE_local: false peers { permanent_uuid: "06a7ad7a188643daa8bccd9c6e64e509" member_type: VOTER last_known_addr { host: "127.0.107.193" port: 34469 } } peers { permanent_uuid: "32f63abd7b074ba083f6e4bb26a5b46f" member_type: VOTER last_known_addr { host: "127.0.107.194" port: 43231 } } peers { permanent_uuid: "c6d12afde3cd49ed894e3aef7ab0443e" member_type: VOTER last_known_addr { host: "127.0.107.195" port: 44989 } }
I20260709 14:47:49.401471  1057 leader_election.cc:290] T ec1ca56bed1147ef8981e1d887c417e7 P 06a7ad7a188643daa8bccd9c6e64e509 [CANDIDATE]: Term 3 election: Requested vote from peers 32f63abd7b074ba083f6e4bb26a5b46f (127.0.107.194:43231), c6d12afde3cd49ed894e3aef7ab0443e (127.0.107.195:44989)
I20260709 14:47:49.402329  1132 tablet_service.cc:1917] Received RequestConsensusVote() RPC: tablet_id: "ec1ca56bed1147ef8981e1d887c417e7" candidate_uuid: "06a7ad7a188643daa8bccd9c6e64e509" candidate_term: 3 candidate_status { last_received { term: 2 index: 2 } } ignore_live_leader: true dest_uuid: "32f63abd7b074ba083f6e4bb26a5b46f"
I20260709 14:47:49.402475  1207 tablet_service.cc:1917] Received RequestConsensusVote() RPC: tablet_id: "ec1ca56bed1147ef8981e1d887c417e7" candidate_uuid: "06a7ad7a188643daa8bccd9c6e64e509" candidate_term: 3 candidate_status { last_received { term: 2 index: 2 } } ignore_live_leader: true dest_uuid: "c6d12afde3cd49ed894e3aef7ab0443e"
I20260709 14:47:49.402813  1132 raft_consensus.cc:3055] T ec1ca56bed1147ef8981e1d887c417e7 P 32f63abd7b074ba083f6e4bb26a5b46f [term 2 LEADER]: Stepping down as leader of term 2
I20260709 14:47:49.402969  1207 raft_consensus.cc:3060] T ec1ca56bed1147ef8981e1d887c417e7 P c6d12afde3cd49ed894e3aef7ab0443e [term 2 FOLLOWER]: Advancing to term 3
I20260709 14:47:49.403088  1132 raft_consensus.cc:740] T ec1ca56bed1147ef8981e1d887c417e7 P 32f63abd7b074ba083f6e4bb26a5b46f [term 2 LEADER]: Becoming Follower/Learner. State: Replica: 32f63abd7b074ba083f6e4bb26a5b46f, State: Running, Role: LEADER
I20260709 14:47:49.403791  1132 consensus_queue.cc:260] T ec1ca56bed1147ef8981e1d887c417e7 P 32f63abd7b074ba083f6e4bb26a5b46f [NON_LEADER]: Queue going to NON_LEADER mode. State: All replicated index: 0, Majority replicated index: 2, Committed index: 2, Last appended: 2.2, Last appended by leader: 2, Current term: 2, Majority size: -1, State: 0, Mode: NON_LEADER, active raft config: opid_index: -1 OBSOLETE_local: false peers { permanent_uuid: "06a7ad7a188643daa8bccd9c6e64e509" member_type: VOTER last_known_addr { host: "127.0.107.193" port: 34469 } } peers { permanent_uuid: "32f63abd7b074ba083f6e4bb26a5b46f" member_type: VOTER last_known_addr { host: "127.0.107.194" port: 43231 } } peers { permanent_uuid: "c6d12afde3cd49ed894e3aef7ab0443e" member_type: VOTER last_known_addr { host: "127.0.107.195" port: 44989 } }
I20260709 14:47:49.404551  1132 raft_consensus.cc:3060] T ec1ca56bed1147ef8981e1d887c417e7 P 32f63abd7b074ba083f6e4bb26a5b46f [term 2 FOLLOWER]: Advancing to term 3
I20260709 14:47:49.407065  1207 raft_consensus.cc:2468] T ec1ca56bed1147ef8981e1d887c417e7 P c6d12afde3cd49ed894e3aef7ab0443e [term 3 FOLLOWER]: Leader election vote request: Granting yes vote for candidate 06a7ad7a188643daa8bccd9c6e64e509 in term 3.
I20260709 14:47:49.407964  1023 leader_election.cc:304] T ec1ca56bed1147ef8981e1d887c417e7 P 06a7ad7a188643daa8bccd9c6e64e509 [CANDIDATE]: Term 3 election: Election decided. Result: candidate won. Election summary: received 2 responses out of 3 voters: 2 yes votes; 0 no votes. yes voters: 06a7ad7a188643daa8bccd9c6e64e509, c6d12afde3cd49ed894e3aef7ab0443e; no voters: 
I20260709 14:47:49.408632  1290 raft_consensus.cc:2804] T ec1ca56bed1147ef8981e1d887c417e7 P 06a7ad7a188643daa8bccd9c6e64e509 [term 3 FOLLOWER]: Leader election won for term 3
I20260709 14:47:49.409029  1132 raft_consensus.cc:2468] T ec1ca56bed1147ef8981e1d887c417e7 P 32f63abd7b074ba083f6e4bb26a5b46f [term 3 FOLLOWER]: Leader election vote request: Granting yes vote for candidate 06a7ad7a188643daa8bccd9c6e64e509 in term 3.
I20260709 14:47:49.409097  1290 raft_consensus.cc:697] T ec1ca56bed1147ef8981e1d887c417e7 P 06a7ad7a188643daa8bccd9c6e64e509 [term 3 LEADER]: Becoming Leader. State: Replica: 06a7ad7a188643daa8bccd9c6e64e509, State: Running, Role: LEADER
I20260709 14:47:49.409861  1290 consensus_queue.cc:237] T ec1ca56bed1147ef8981e1d887c417e7 P 06a7ad7a188643daa8bccd9c6e64e509 [LEADER]: Queue going to LEADER mode. State: All replicated index: 0, Majority replicated index: 2, Committed index: 2, Last appended: 2.2, Last appended by leader: 2, Current term: 3, Majority size: 2, State: 0, Mode: LEADER, active raft config: opid_index: -1 OBSOLETE_local: false peers { permanent_uuid: "06a7ad7a188643daa8bccd9c6e64e509" member_type: VOTER last_known_addr { host: "127.0.107.193" port: 34469 } } peers { permanent_uuid: "32f63abd7b074ba083f6e4bb26a5b46f" member_type: VOTER last_known_addr { host: "127.0.107.194" port: 43231 } } peers { permanent_uuid: "c6d12afde3cd49ed894e3aef7ab0443e" member_type: VOTER last_known_addr { host: "127.0.107.195" port: 44989 } }
I20260709 14:47:49.415205   950 catalog_manager.cc:5697] T ec1ca56bed1147ef8981e1d887c417e7 P 06a7ad7a188643daa8bccd9c6e64e509 reported cstate change: term changed from 2 to 3, leader changed from 32f63abd7b074ba083f6e4bb26a5b46f (127.0.107.194) to 06a7ad7a188643daa8bccd9c6e64e509 (127.0.107.193). New cstate: current_term: 3 leader_uuid: "06a7ad7a188643daa8bccd9c6e64e509" committed_config { opid_index: -1 OBSOLETE_local: false peers { permanent_uuid: "06a7ad7a188643daa8bccd9c6e64e509" member_type: VOTER last_known_addr { host: "127.0.107.193" port: 34469 } health_report { overall_health: HEALTHY } } peers { permanent_uuid: "32f63abd7b074ba083f6e4bb26a5b46f" member_type: VOTER last_known_addr { host: "127.0.107.194" port: 43231 } health_report { overall_health: UNKNOWN } } peers { permanent_uuid: "c6d12afde3cd49ed894e3aef7ab0443e" member_type: VOTER last_known_addr { host: "127.0.107.195" port: 44989 } health_report { overall_health: UNKNOWN } } }
I20260709 14:47:49.461470  1207 raft_consensus.cc:1275] T 38038707131f4c3aa0aa05c78f20b42f P c6d12afde3cd49ed894e3aef7ab0443e [term 2 FOLLOWER]: Refusing update from remote peer 06a7ad7a188643daa8bccd9c6e64e509: Log matching property violated. Preceding OpId in replica: term: 1 index: 1. Preceding OpId from leader: term: 2 index: 2. (index mismatch)
I20260709 14:47:49.462386  1206 raft_consensus.cc:1275] T 2c28491a40564feabef51ac5a462999e P c6d12afde3cd49ed894e3aef7ab0443e [term 3 FOLLOWER]: Refusing update from remote peer 06a7ad7a188643daa8bccd9c6e64e509: Log matching property violated. Preceding OpId in replica: term: 2 index: 2. Preceding OpId from leader: term: 3 index: 3. (index mismatch)
I20260709 14:47:49.462548  1290 consensus_queue.cc:1048] T 38038707131f4c3aa0aa05c78f20b42f P 06a7ad7a188643daa8bccd9c6e64e509 [LEADER]: Connected to new peer: Peer: permanent_uuid: "c6d12afde3cd49ed894e3aef7ab0443e" member_type: VOTER last_known_addr { host: "127.0.107.195" port: 44989 }, Status: LMP_MISMATCH, Last received: 0.0, Next index: 2, Last known committed idx: 1, Time since last communication: 0.000s
I20260709 14:47:49.463601  1370 consensus_queue.cc:1048] T 2c28491a40564feabef51ac5a462999e P 06a7ad7a188643daa8bccd9c6e64e509 [LEADER]: Connected to new peer: Peer: permanent_uuid: "c6d12afde3cd49ed894e3aef7ab0443e" member_type: VOTER last_known_addr { host: "127.0.107.195" port: 44989 }, Status: LMP_MISMATCH, Last received: 0.0, Next index: 3, Last known committed idx: 2, Time since last communication: 0.000s
I20260709 14:47:49.478452  1132 raft_consensus.cc:1275] T 38038707131f4c3aa0aa05c78f20b42f P 32f63abd7b074ba083f6e4bb26a5b46f [term 2 FOLLOWER]: Refusing update from remote peer 06a7ad7a188643daa8bccd9c6e64e509: Log matching property violated. Preceding OpId in replica: term: 1 index: 1. Preceding OpId from leader: term: 2 index: 2. (index mismatch)
I20260709 14:47:49.480095  1131 raft_consensus.cc:1275] T 2c28491a40564feabef51ac5a462999e P 32f63abd7b074ba083f6e4bb26a5b46f [term 3 FOLLOWER]: Refusing update from remote peer 06a7ad7a188643daa8bccd9c6e64e509: Log matching property violated. Preceding OpId in replica: term: 2 index: 2. Preceding OpId from leader: term: 3 index: 3. (index mismatch)
I20260709 14:47:49.484014  1290 consensus_queue.cc:1048] T 38038707131f4c3aa0aa05c78f20b42f P 06a7ad7a188643daa8bccd9c6e64e509 [LEADER]: Connected to new peer: Peer: permanent_uuid: "32f63abd7b074ba083f6e4bb26a5b46f" member_type: VOTER last_known_addr { host: "127.0.107.194" port: 43231 }, Status: LMP_MISMATCH, Last received: 0.0, Next index: 2, Last known committed idx: 1, Time since last communication: 0.000s
I20260709 14:47:49.485112  1290 consensus_queue.cc:1048] T 2c28491a40564feabef51ac5a462999e P 06a7ad7a188643daa8bccd9c6e64e509 [LEADER]: Connected to new peer: Peer: permanent_uuid: "32f63abd7b074ba083f6e4bb26a5b46f" member_type: VOTER last_known_addr { host: "127.0.107.194" port: 43231 }, Status: LMP_MISMATCH, Last received: 0.0, Next index: 3, Last known committed idx: 2, Time since last communication: 0.000s
I20260709 14:47:49.572579  1131 raft_consensus.cc:1275] T 75e2b629dd634fbaa2d8881a281db81f P 32f63abd7b074ba083f6e4bb26a5b46f [term 4 FOLLOWER]: Refusing update from remote peer 06a7ad7a188643daa8bccd9c6e64e509: Log matching property violated. Preceding OpId in replica: term: 3 index: 3. Preceding OpId from leader: term: 4 index: 4. (index mismatch)
I20260709 14:47:49.573709  1380 consensus_queue.cc:1048] T 75e2b629dd634fbaa2d8881a281db81f P 06a7ad7a188643daa8bccd9c6e64e509 [LEADER]: Connected to new peer: Peer: permanent_uuid: "32f63abd7b074ba083f6e4bb26a5b46f" member_type: VOTER last_known_addr { host: "127.0.107.194" port: 43231 }, Status: LMP_MISMATCH, Last received: 0.0, Next index: 4, Last known committed idx: 3, Time since last communication: 0.000s
I20260709 14:47:49.581228  1207 raft_consensus.cc:1275] T 75e2b629dd634fbaa2d8881a281db81f P c6d12afde3cd49ed894e3aef7ab0443e [term 4 FOLLOWER]: Refusing update from remote peer 06a7ad7a188643daa8bccd9c6e64e509: Log matching property violated. Preceding OpId in replica: term: 3 index: 3. Preceding OpId from leader: term: 4 index: 4. (index mismatch)
I20260709 14:47:49.582509  1383 consensus_queue.cc:1048] T 75e2b629dd634fbaa2d8881a281db81f P 06a7ad7a188643daa8bccd9c6e64e509 [LEADER]: Connected to new peer: Peer: permanent_uuid: "c6d12afde3cd49ed894e3aef7ab0443e" member_type: VOTER last_known_addr { host: "127.0.107.195" port: 44989 }, Status: LMP_MISMATCH, Last received: 0.0, Next index: 4, Last known committed idx: 3, Time since last communication: 0.000s
I20260709 14:47:49.617113  1207 raft_consensus.cc:1275] T c1ded4a7ed6045e59c565394164e633d P c6d12afde3cd49ed894e3aef7ab0443e [term 4 FOLLOWER]: Refusing update from remote peer 06a7ad7a188643daa8bccd9c6e64e509: Log matching property violated. Preceding OpId in replica: term: 3 index: 3. Preceding OpId from leader: term: 4 index: 4. (index mismatch)
I20260709 14:47:49.618343  1383 consensus_queue.cc:1048] T c1ded4a7ed6045e59c565394164e633d P 06a7ad7a188643daa8bccd9c6e64e509 [LEADER]: Connected to new peer: Peer: permanent_uuid: "c6d12afde3cd49ed894e3aef7ab0443e" member_type: VOTER last_known_addr { host: "127.0.107.195" port: 44989 }, Status: LMP_MISMATCH, Last received: 0.0, Next index: 4, Last known committed idx: 3, Time since last communication: 0.000s
I20260709 14:47:49.626865  1131 raft_consensus.cc:1275] T c1ded4a7ed6045e59c565394164e633d P 32f63abd7b074ba083f6e4bb26a5b46f [term 4 FOLLOWER]: Refusing update from remote peer 06a7ad7a188643daa8bccd9c6e64e509: Log matching property violated. Preceding OpId in replica: term: 3 index: 3. Preceding OpId from leader: term: 4 index: 4. (index mismatch)
I20260709 14:47:49.628011  1380 consensus_queue.cc:1048] T c1ded4a7ed6045e59c565394164e633d P 06a7ad7a188643daa8bccd9c6e64e509 [LEADER]: Connected to new peer: Peer: permanent_uuid: "32f63abd7b074ba083f6e4bb26a5b46f" member_type: VOTER last_known_addr { host: "127.0.107.194" port: 43231 }, Status: LMP_MISMATCH, Last received: 0.0, Next index: 4, Last known committed idx: 3, Time since last communication: 0.000s
I20260709 14:47:49.924839  1206 raft_consensus.cc:1275] T ec1ca56bed1147ef8981e1d887c417e7 P c6d12afde3cd49ed894e3aef7ab0443e [term 3 FOLLOWER]: Refusing update from remote peer 06a7ad7a188643daa8bccd9c6e64e509: Log matching property violated. Preceding OpId in replica: term: 2 index: 2. Preceding OpId from leader: term: 3 index: 3. (index mismatch)
I20260709 14:47:49.926164  1380 consensus_queue.cc:1048] T ec1ca56bed1147ef8981e1d887c417e7 P 06a7ad7a188643daa8bccd9c6e64e509 [LEADER]: Connected to new peer: Peer: permanent_uuid: "c6d12afde3cd49ed894e3aef7ab0443e" member_type: VOTER last_known_addr { host: "127.0.107.195" port: 44989 }, Status: LMP_MISMATCH, Last received: 0.0, Next index: 3, Last known committed idx: 2, Time since last communication: 0.000s
I20260709 14:47:49.980352  1131 raft_consensus.cc:1275] T ec1ca56bed1147ef8981e1d887c417e7 P 32f63abd7b074ba083f6e4bb26a5b46f [term 3 FOLLOWER]: Refusing update from remote peer 06a7ad7a188643daa8bccd9c6e64e509: Log matching property violated. Preceding OpId in replica: term: 2 index: 2. Preceding OpId from leader: term: 3 index: 3. (index mismatch)
I20260709 14:47:49.982795  1380 consensus_queue.cc:1048] T ec1ca56bed1147ef8981e1d887c417e7 P 06a7ad7a188643daa8bccd9c6e64e509 [LEADER]: Connected to new peer: Peer: permanent_uuid: "32f63abd7b074ba083f6e4bb26a5b46f" member_type: VOTER last_known_addr { host: "127.0.107.194" port: 43231 }, Status: LMP_MISMATCH, Last received: 0.0, Next index: 3, Last known committed idx: 2, Time since last communication: 0.001s
I20260709 14:47:51.991632   431 auto_leader_rebalancer.cc:141] leader rebalance for table test-workload
I20260709 14:47:52.000845  1057 tablet_service.cc:2072] Received LeaderStepDown RPC: tablet_id: "38038707131f4c3aa0aa05c78f20b42f"
dest_uuid: "06a7ad7a188643daa8bccd9c6e64e509"
mode: GRACEFUL
new_leader_uuid: "32f63abd7b074ba083f6e4bb26a5b46f"
 from {username='slave'} at 127.0.0.1:54214
I20260709 14:47:52.001668  1057 raft_consensus.cc:606] T 38038707131f4c3aa0aa05c78f20b42f P 06a7ad7a188643daa8bccd9c6e64e509 [term 2 LEADER]: Received request to transfer leadership to TS 32f63abd7b074ba083f6e4bb26a5b46f
I20260709 14:47:52.005090  1057 tablet_service.cc:2072] Received LeaderStepDown RPC: tablet_id: "c1ded4a7ed6045e59c565394164e633d"
dest_uuid: "06a7ad7a188643daa8bccd9c6e64e509"
mode: GRACEFUL
new_leader_uuid: "c6d12afde3cd49ed894e3aef7ab0443e"
 from {username='slave'} at 127.0.0.1:54214
I20260709 14:47:52.005752  1057 raft_consensus.cc:606] T c1ded4a7ed6045e59c565394164e633d P 06a7ad7a188643daa8bccd9c6e64e509 [term 4 LEADER]: Received request to transfer leadership to TS c6d12afde3cd49ed894e3aef7ab0443e
I20260709 14:47:52.008109  1057 tablet_service.cc:2072] Received LeaderStepDown RPC: tablet_id: "cc267caa122b4c93be61b92c73c91d14"
dest_uuid: "06a7ad7a188643daa8bccd9c6e64e509"
mode: GRACEFUL
new_leader_uuid: "32f63abd7b074ba083f6e4bb26a5b46f"
 from {username='slave'} at 127.0.0.1:54214
I20260709 14:47:52.008558  1057 raft_consensus.cc:606] T cc267caa122b4c93be61b92c73c91d14 P 06a7ad7a188643daa8bccd9c6e64e509 [term 2 LEADER]: Received request to transfer leadership to TS 32f63abd7b074ba083f6e4bb26a5b46f
I20260709 14:47:52.010560  1057 tablet_service.cc:2072] Received LeaderStepDown RPC: tablet_id: "ec1ca56bed1147ef8981e1d887c417e7"
dest_uuid: "06a7ad7a188643daa8bccd9c6e64e509"
mode: GRACEFUL
new_leader_uuid: "c6d12afde3cd49ed894e3aef7ab0443e"
 from {username='slave'} at 127.0.0.1:54214
I20260709 14:47:52.010980  1057 raft_consensus.cc:606] T ec1ca56bed1147ef8981e1d887c417e7 P 06a7ad7a188643daa8bccd9c6e64e509 [term 3 LEADER]: Received request to transfer leadership to TS c6d12afde3cd49ed894e3aef7ab0443e
I20260709 14:47:52.012033   431 auto_leader_rebalancer.cc:452] table: test-workload, leader rebalance finish, leader transfer count: 4
I20260709 14:47:52.012662   431 auto_leader_rebalancer.cc:527] All tables' leader rebalancing finished this round
I20260709 14:47:52.106680  1370 raft_consensus.cc:993] T 38038707131f4c3aa0aa05c78f20b42f P 06a7ad7a188643daa8bccd9c6e64e509: : Instructing follower 32f63abd7b074ba083f6e4bb26a5b46f to start an election
I20260709 14:47:52.107266  1391 raft_consensus.cc:1081] T 38038707131f4c3aa0aa05c78f20b42f P 06a7ad7a188643daa8bccd9c6e64e509 [term 2 LEADER]: Signalling peer 32f63abd7b074ba083f6e4bb26a5b46f to start an election
I20260709 14:47:52.108566  1131 tablet_service.cc:2044] Received Run Leader Election RPC: tablet_id: "38038707131f4c3aa0aa05c78f20b42f"
dest_uuid: "32f63abd7b074ba083f6e4bb26a5b46f"
 from {username='slave'} at 127.0.0.1:45116
I20260709 14:47:52.109047  1131 raft_consensus.cc:493] T 38038707131f4c3aa0aa05c78f20b42f P 32f63abd7b074ba083f6e4bb26a5b46f [term 2 FOLLOWER]: Starting forced leader election (received explicit request)
I20260709 14:47:52.109305  1131 raft_consensus.cc:3060] T 38038707131f4c3aa0aa05c78f20b42f P 32f63abd7b074ba083f6e4bb26a5b46f [term 2 FOLLOWER]: Advancing to term 3
I20260709 14:47:52.123908  1131 raft_consensus.cc:515] T 38038707131f4c3aa0aa05c78f20b42f P 32f63abd7b074ba083f6e4bb26a5b46f [term 3 FOLLOWER]: Starting forced leader election with config: opid_index: -1 OBSOLETE_local: false peers { permanent_uuid: "06a7ad7a188643daa8bccd9c6e64e509" member_type: VOTER last_known_addr { host: "127.0.107.193" port: 34469 } } peers { permanent_uuid: "32f63abd7b074ba083f6e4bb26a5b46f" member_type: VOTER last_known_addr { host: "127.0.107.194" port: 43231 } } peers { permanent_uuid: "c6d12afde3cd49ed894e3aef7ab0443e" member_type: VOTER last_known_addr { host: "127.0.107.195" port: 44989 } }
I20260709 14:47:52.125656  1131 leader_election.cc:290] T 38038707131f4c3aa0aa05c78f20b42f P 32f63abd7b074ba083f6e4bb26a5b46f [CANDIDATE]: Term 3 election: Requested vote from peers 06a7ad7a188643daa8bccd9c6e64e509 (127.0.107.193:34469), c6d12afde3cd49ed894e3aef7ab0443e (127.0.107.195:44989)
I20260709 14:47:52.126511  1057 tablet_service.cc:1917] Received RequestConsensusVote() RPC: tablet_id: "38038707131f4c3aa0aa05c78f20b42f" candidate_uuid: "32f63abd7b074ba083f6e4bb26a5b46f" candidate_term: 3 candidate_status { last_received { term: 2 index: 2 } } ignore_live_leader: true dest_uuid: "06a7ad7a188643daa8bccd9c6e64e509"
I20260709 14:47:52.126892  1206 tablet_service.cc:1917] Received RequestConsensusVote() RPC: tablet_id: "38038707131f4c3aa0aa05c78f20b42f" candidate_uuid: "32f63abd7b074ba083f6e4bb26a5b46f" candidate_term: 3 candidate_status { last_received { term: 2 index: 2 } } ignore_live_leader: true dest_uuid: "c6d12afde3cd49ed894e3aef7ab0443e"
I20260709 14:47:52.127214  1057 raft_consensus.cc:3055] T 38038707131f4c3aa0aa05c78f20b42f P 06a7ad7a188643daa8bccd9c6e64e509 [term 2 LEADER]: Stepping down as leader of term 2
I20260709 14:47:52.127451  1206 raft_consensus.cc:3060] T 38038707131f4c3aa0aa05c78f20b42f P c6d12afde3cd49ed894e3aef7ab0443e [term 2 FOLLOWER]: Advancing to term 3
I20260709 14:47:52.127599  1057 raft_consensus.cc:740] T 38038707131f4c3aa0aa05c78f20b42f P 06a7ad7a188643daa8bccd9c6e64e509 [term 2 LEADER]: Becoming Follower/Learner. State: Replica: 06a7ad7a188643daa8bccd9c6e64e509, State: Running, Role: LEADER
I20260709 14:47:52.128373  1057 consensus_queue.cc:260] T 38038707131f4c3aa0aa05c78f20b42f P 06a7ad7a188643daa8bccd9c6e64e509 [NON_LEADER]: Queue going to NON_LEADER mode. State: All replicated index: 0, Majority replicated index: 2, Committed index: 2, Last appended: 2.2, Last appended by leader: 2, Current term: 2, Majority size: -1, State: 0, Mode: NON_LEADER, active raft config: opid_index: -1 OBSOLETE_local: false peers { permanent_uuid: "06a7ad7a188643daa8bccd9c6e64e509" member_type: VOTER last_known_addr { host: "127.0.107.193" port: 34469 } } peers { permanent_uuid: "32f63abd7b074ba083f6e4bb26a5b46f" member_type: VOTER last_known_addr { host: "127.0.107.194" port: 43231 } } peers { permanent_uuid: "c6d12afde3cd49ed894e3aef7ab0443e" member_type: VOTER last_known_addr { host: "127.0.107.195" port: 44989 } }
I20260709 14:47:52.129357  1057 raft_consensus.cc:3060] T 38038707131f4c3aa0aa05c78f20b42f P 06a7ad7a188643daa8bccd9c6e64e509 [term 2 FOLLOWER]: Advancing to term 3
I20260709 14:47:52.151628  1206 raft_consensus.cc:2468] T 38038707131f4c3aa0aa05c78f20b42f P c6d12afde3cd49ed894e3aef7ab0443e [term 3 FOLLOWER]: Leader election vote request: Granting yes vote for candidate 32f63abd7b074ba083f6e4bb26a5b46f in term 3.
I20260709 14:47:52.151628  1057 raft_consensus.cc:2468] T 38038707131f4c3aa0aa05c78f20b42f P 06a7ad7a188643daa8bccd9c6e64e509 [term 3 FOLLOWER]: Leader election vote request: Granting yes vote for candidate 32f63abd7b074ba083f6e4bb26a5b46f in term 3.
I20260709 14:47:52.153383  1098 leader_election.cc:304] T 38038707131f4c3aa0aa05c78f20b42f P 32f63abd7b074ba083f6e4bb26a5b46f [CANDIDATE]: Term 3 election: Election decided. Result: candidate won. Election summary: received 2 responses out of 3 voters: 2 yes votes; 0 no votes. yes voters: 32f63abd7b074ba083f6e4bb26a5b46f, c6d12afde3cd49ed894e3aef7ab0443e; no voters: 
I20260709 14:47:52.154203  1255 raft_consensus.cc:2804] T 38038707131f4c3aa0aa05c78f20b42f P 32f63abd7b074ba083f6e4bb26a5b46f [term 3 FOLLOWER]: Leader election won for term 3
I20260709 14:47:52.155038  1255 raft_consensus.cc:697] T 38038707131f4c3aa0aa05c78f20b42f P 32f63abd7b074ba083f6e4bb26a5b46f [term 3 LEADER]: Becoming Leader. State: Replica: 32f63abd7b074ba083f6e4bb26a5b46f, State: Running, Role: LEADER
I20260709 14:47:52.155774  1255 consensus_queue.cc:237] T 38038707131f4c3aa0aa05c78f20b42f P 32f63abd7b074ba083f6e4bb26a5b46f [LEADER]: Queue going to LEADER mode. State: All replicated index: 0, Majority replicated index: 2, Committed index: 2, Last appended: 2.2, Last appended by leader: 2, Current term: 3, Majority size: 2, State: 0, Mode: LEADER, active raft config: opid_index: -1 OBSOLETE_local: false peers { permanent_uuid: "06a7ad7a188643daa8bccd9c6e64e509" member_type: VOTER last_known_addr { host: "127.0.107.193" port: 34469 } } peers { permanent_uuid: "32f63abd7b074ba083f6e4bb26a5b46f" member_type: VOTER last_known_addr { host: "127.0.107.194" port: 43231 } } peers { permanent_uuid: "c6d12afde3cd49ed894e3aef7ab0443e" member_type: VOTER last_known_addr { host: "127.0.107.195" port: 44989 } }
I20260709 14:47:52.162528   953 catalog_manager.cc:5697] T 38038707131f4c3aa0aa05c78f20b42f P 32f63abd7b074ba083f6e4bb26a5b46f reported cstate change: term changed from 2 to 3, leader changed from 06a7ad7a188643daa8bccd9c6e64e509 (127.0.107.193) to 32f63abd7b074ba083f6e4bb26a5b46f (127.0.107.194). New cstate: current_term: 3 leader_uuid: "32f63abd7b074ba083f6e4bb26a5b46f" committed_config { opid_index: -1 OBSOLETE_local: false peers { permanent_uuid: "06a7ad7a188643daa8bccd9c6e64e509" member_type: VOTER last_known_addr { host: "127.0.107.193" port: 34469 } health_report { overall_health: UNKNOWN } } peers { permanent_uuid: "32f63abd7b074ba083f6e4bb26a5b46f" member_type: VOTER last_known_addr { host: "127.0.107.194" port: 43231 } health_report { overall_health: HEALTHY } } peers { permanent_uuid: "c6d12afde3cd49ed894e3aef7ab0443e" member_type: VOTER last_known_addr { host: "127.0.107.195" port: 44989 } health_report { overall_health: UNKNOWN } } }
I20260709 14:47:52.230922  1370 raft_consensus.cc:993] T c1ded4a7ed6045e59c565394164e633d P 06a7ad7a188643daa8bccd9c6e64e509: : Instructing follower c6d12afde3cd49ed894e3aef7ab0443e to start an election
I20260709 14:47:52.231410  1391 raft_consensus.cc:1081] T c1ded4a7ed6045e59c565394164e633d P 06a7ad7a188643daa8bccd9c6e64e509 [term 4 LEADER]: Signalling peer c6d12afde3cd49ed894e3aef7ab0443e to start an election
I20260709 14:47:52.232944  1206 tablet_service.cc:2044] Received Run Leader Election RPC: tablet_id: "c1ded4a7ed6045e59c565394164e633d"
dest_uuid: "c6d12afde3cd49ed894e3aef7ab0443e"
 from {username='slave'} at 127.0.0.1:38462
I20260709 14:47:52.233387  1206 raft_consensus.cc:493] T c1ded4a7ed6045e59c565394164e633d P c6d12afde3cd49ed894e3aef7ab0443e [term 4 FOLLOWER]: Starting forced leader election (received explicit request)
I20260709 14:47:52.233687  1206 raft_consensus.cc:3060] T c1ded4a7ed6045e59c565394164e633d P c6d12afde3cd49ed894e3aef7ab0443e [term 4 FOLLOWER]: Advancing to term 5
I20260709 14:47:52.252223  1206 raft_consensus.cc:515] T c1ded4a7ed6045e59c565394164e633d P c6d12afde3cd49ed894e3aef7ab0443e [term 5 FOLLOWER]: Starting forced leader election with config: opid_index: -1 OBSOLETE_local: false peers { permanent_uuid: "06a7ad7a188643daa8bccd9c6e64e509" member_type: VOTER last_known_addr { host: "127.0.107.193" port: 34469 } } peers { permanent_uuid: "32f63abd7b074ba083f6e4bb26a5b46f" member_type: VOTER last_known_addr { host: "127.0.107.194" port: 43231 } } peers { permanent_uuid: "c6d12afde3cd49ed894e3aef7ab0443e" member_type: VOTER last_known_addr { host: "127.0.107.195" port: 44989 } }
I20260709 14:47:52.254237  1206 leader_election.cc:290] T c1ded4a7ed6045e59c565394164e633d P c6d12afde3cd49ed894e3aef7ab0443e [CANDIDATE]: Term 5 election: Requested vote from peers 06a7ad7a188643daa8bccd9c6e64e509 (127.0.107.193:34469), 32f63abd7b074ba083f6e4bb26a5b46f (127.0.107.194:43231)
I20260709 14:47:52.255282  1057 tablet_service.cc:1917] Received RequestConsensusVote() RPC: tablet_id: "c1ded4a7ed6045e59c565394164e633d" candidate_uuid: "c6d12afde3cd49ed894e3aef7ab0443e" candidate_term: 5 candidate_status { last_received { term: 4 index: 4 } } ignore_live_leader: true dest_uuid: "06a7ad7a188643daa8bccd9c6e64e509"
I20260709 14:47:52.255337  1131 tablet_service.cc:1917] Received RequestConsensusVote() RPC: tablet_id: "c1ded4a7ed6045e59c565394164e633d" candidate_uuid: "c6d12afde3cd49ed894e3aef7ab0443e" candidate_term: 5 candidate_status { last_received { term: 4 index: 4 } } ignore_live_leader: true dest_uuid: "32f63abd7b074ba083f6e4bb26a5b46f"
I20260709 14:47:52.255919  1057 raft_consensus.cc:3055] T c1ded4a7ed6045e59c565394164e633d P 06a7ad7a188643daa8bccd9c6e64e509 [term 4 LEADER]: Stepping down as leader of term 4
I20260709 14:47:52.255986  1131 raft_consensus.cc:3060] T c1ded4a7ed6045e59c565394164e633d P 32f63abd7b074ba083f6e4bb26a5b46f [term 4 FOLLOWER]: Advancing to term 5
I20260709 14:47:52.256345  1057 raft_consensus.cc:740] T c1ded4a7ed6045e59c565394164e633d P 06a7ad7a188643daa8bccd9c6e64e509 [term 4 LEADER]: Becoming Follower/Learner. State: Replica: 06a7ad7a188643daa8bccd9c6e64e509, State: Running, Role: LEADER
