I20260709 14:47:46.375732  1731 consensus_queue.cc:260] T 3de09cbba0254120b07b26a765e06a2e P 0a1d5db3f6994734980796df83fa63a3 [NON_LEADER]: Queue going to NON_LEADER mode. State: All replicated index: 0, Majority replicated index: 0, Committed index: 0, Last appended: 0.0, Last appended by leader: 0, Current term: 0, Majority size: -1, State: 0, Mode: NON_LEADER, active raft config: opid_index: -1 OBSOLETE_local: false peers { permanent_uuid: "5f0363b0b0f34cf985b09171430c16e5" member_type: VOTER last_known_addr { host: "127.0.107.193" port: 37681 } } peers { permanent_uuid: "0a1d5db3f6994734980796df83fa63a3" member_type: VOTER last_known_addr { host: "127.0.107.194" port: 33567 } } peers { permanent_uuid: "13504144509e4b369a9c9307395d6c0f" member_type: VOTER last_known_addr { host: "127.0.107.195" port: 39355 } }
I20260709 14:47:46.381552  1731 ts_tablet_manager.cc:1434] T 3de09cbba0254120b07b26a765e06a2e P 0a1d5db3f6994734980796df83fa63a3: Time spent starting tablet: real 0.023s	user 0.005s	sys 0.001s
I20260709 14:47:46.382462  1731 tablet_bootstrap.cc:492] T a7afcab1bbe14510bca360470157a65b P 0a1d5db3f6994734980796df83fa63a3: Bootstrap starting.
I20260709 14:47:46.387629  1732 tablet_bootstrap.cc:654] T 210e7abb62c3474d854acdc84013af8c P 13504144509e4b369a9c9307395d6c0f: Neither blocks nor log segments found. Creating new log.
I20260709 14:47:46.388033  1731 tablet_bootstrap.cc:654] T a7afcab1bbe14510bca360470157a65b P 0a1d5db3f6994734980796df83fa63a3: Neither blocks nor log segments found. Creating new log.
I20260709 14:47:46.371151  1730 consensus_queue.cc:260] T 4ab1095f76f3418fa45e6baefb0e4834 P 5f0363b0b0f34cf985b09171430c16e5 [NON_LEADER]: Queue going to NON_LEADER mode. State: All replicated index: 0, Majority replicated index: 0, Committed index: 0, Last appended: 0.0, Last appended by leader: 0, Current term: 0, Majority size: -1, State: 0, Mode: NON_LEADER, active raft config: opid_index: -1 OBSOLETE_local: false peers { permanent_uuid: "5f0363b0b0f34cf985b09171430c16e5" member_type: VOTER last_known_addr { host: "127.0.107.193" port: 37681 } } peers { permanent_uuid: "0a1d5db3f6994734980796df83fa63a3" member_type: VOTER last_known_addr { host: "127.0.107.194" port: 33567 } } peers { permanent_uuid: "13504144509e4b369a9c9307395d6c0f" member_type: VOTER last_known_addr { host: "127.0.107.195" port: 39355 } }
I20260709 14:47:46.401665  1730 ts_tablet_manager.cc:1434] T 4ab1095f76f3418fa45e6baefb0e4834 P 5f0363b0b0f34cf985b09171430c16e5: Time spent starting tablet: real 0.035s	user 0.004s	sys 0.000s
I20260709 14:47:46.402412  1731 tablet_bootstrap.cc:492] T a7afcab1bbe14510bca360470157a65b P 0a1d5db3f6994734980796df83fa63a3: No bootstrap required, opened a new log
I20260709 14:47:46.402853  1731 ts_tablet_manager.cc:1403] T a7afcab1bbe14510bca360470157a65b P 0a1d5db3f6994734980796df83fa63a3: Time spent bootstrapping tablet: real 0.021s	user 0.011s	sys 0.003s
I20260709 14:47:46.408977  1730 tablet_bootstrap.cc:492] T 6450a4a5c92b47cabbdd622a2aed9dde P 5f0363b0b0f34cf985b09171430c16e5: Bootstrap starting.
I20260709 14:47:46.415062  1730 tablet_bootstrap.cc:654] T 6450a4a5c92b47cabbdd622a2aed9dde P 5f0363b0b0f34cf985b09171430c16e5: Neither blocks nor log segments found. Creating new log.
I20260709 14:47:46.425848  1731 raft_consensus.cc:359] T a7afcab1bbe14510bca360470157a65b P 0a1d5db3f6994734980796df83fa63a3 [term 0 FOLLOWER]: Replica starting. Triggering 0 pending ops. Active config: opid_index: -1 OBSOLETE_local: false peers { permanent_uuid: "5f0363b0b0f34cf985b09171430c16e5" member_type: VOTER last_known_addr { host: "127.0.107.193" port: 37681 } } peers { permanent_uuid: "0a1d5db3f6994734980796df83fa63a3" member_type: VOTER last_known_addr { host: "127.0.107.194" port: 33567 } } peers { permanent_uuid: "13504144509e4b369a9c9307395d6c0f" member_type: VOTER last_known_addr { host: "127.0.107.195" port: 39355 } }
I20260709 14:47:46.426501  1731 raft_consensus.cc:385] T a7afcab1bbe14510bca360470157a65b P 0a1d5db3f6994734980796df83fa63a3 [term 0 FOLLOWER]: Consensus starting up: Expiring failure detector timer to make a prompt election more likely
I20260709 14:47:46.425310  2060 consensus_queue.cc:1048] T d17a1b5d8e1a43d180d93faf841080bf P 0a1d5db3f6994734980796df83fa63a3 [LEADER]: Connected to new peer: Peer: permanent_uuid: "5f0363b0b0f34cf985b09171430c16e5" member_type: VOTER last_known_addr { host: "127.0.107.193" port: 37681 }, Status: LMP_MISMATCH, Last received: 0.0, Next index: 1, Last known committed idx: 0, Time since last communication: 0.000s
I20260709 14:47:46.426738  1731 raft_consensus.cc:740] T a7afcab1bbe14510bca360470157a65b P 0a1d5db3f6994734980796df83fa63a3 [term 0 FOLLOWER]: Becoming Follower/Learner. State: Replica: 0a1d5db3f6994734980796df83fa63a3, State: Initialized, Role: FOLLOWER
I20260709 14:47:46.427361  1731 consensus_queue.cc:260] T a7afcab1bbe14510bca360470157a65b P 0a1d5db3f6994734980796df83fa63a3 [NON_LEADER]: Queue going to NON_LEADER mode. State: All replicated index: 0, Majority replicated index: 0, Committed index: 0, Last appended: 0.0, Last appended by leader: 0, Current term: 0, Majority size: -1, State: 0, Mode: NON_LEADER, active raft config: opid_index: -1 OBSOLETE_local: false peers { permanent_uuid: "5f0363b0b0f34cf985b09171430c16e5" member_type: VOTER last_known_addr { host: "127.0.107.193" port: 37681 } } peers { permanent_uuid: "0a1d5db3f6994734980796df83fa63a3" member_type: VOTER last_known_addr { host: "127.0.107.194" port: 33567 } } peers { permanent_uuid: "13504144509e4b369a9c9307395d6c0f" member_type: VOTER last_known_addr { host: "127.0.107.195" port: 39355 } }
I20260709 14:47:46.429415  1732 tablet_bootstrap.cc:492] T 210e7abb62c3474d854acdc84013af8c P 13504144509e4b369a9c9307395d6c0f: No bootstrap required, opened a new log
I20260709 14:47:46.429873  1732 ts_tablet_manager.cc:1403] T 210e7abb62c3474d854acdc84013af8c P 13504144509e4b369a9c9307395d6c0f: Time spent bootstrapping tablet: real 0.056s	user 0.021s	sys 0.010s
I20260709 14:47:46.431643  1731 ts_tablet_manager.cc:1434] T a7afcab1bbe14510bca360470157a65b P 0a1d5db3f6994734980796df83fa63a3: Time spent starting tablet: real 0.029s	user 0.007s	sys 0.001s
I20260709 14:47:46.432408  1732 raft_consensus.cc:359] T 210e7abb62c3474d854acdc84013af8c P 13504144509e4b369a9c9307395d6c0f [term 0 FOLLOWER]: Replica starting. Triggering 0 pending ops. Active config: opid_index: -1 OBSOLETE_local: false peers { permanent_uuid: "5f0363b0b0f34cf985b09171430c16e5" member_type: VOTER last_known_addr { host: "127.0.107.193" port: 37681 } } peers { permanent_uuid: "0a1d5db3f6994734980796df83fa63a3" member_type: VOTER last_known_addr { host: "127.0.107.194" port: 33567 } } peers { permanent_uuid: "13504144509e4b369a9c9307395d6c0f" member_type: VOTER last_known_addr { host: "127.0.107.195" port: 39355 } }
I20260709 14:47:46.433017  1732 raft_consensus.cc:385] T 210e7abb62c3474d854acdc84013af8c P 13504144509e4b369a9c9307395d6c0f [term 0 FOLLOWER]: Consensus starting up: Expiring failure detector timer to make a prompt election more likely
I20260709 14:47:46.433274  1732 raft_consensus.cc:740] T 210e7abb62c3474d854acdc84013af8c P 13504144509e4b369a9c9307395d6c0f [term 0 FOLLOWER]: Becoming Follower/Learner. State: Replica: 13504144509e4b369a9c9307395d6c0f, State: Initialized, Role: FOLLOWER
I20260709 14:47:46.433992  1731 tablet_bootstrap.cc:492] T 6f05d1aacb6d4a378f1a1a0bf4d1b4e2 P 0a1d5db3f6994734980796df83fa63a3: Bootstrap starting.
I20260709 14:47:46.441516  1731 tablet_bootstrap.cc:654] T 6f05d1aacb6d4a378f1a1a0bf4d1b4e2 P 0a1d5db3f6994734980796df83fa63a3: Neither blocks nor log segments found. Creating new log.
I20260709 14:47:46.443532  1732 consensus_queue.cc:260] T 210e7abb62c3474d854acdc84013af8c P 13504144509e4b369a9c9307395d6c0f [NON_LEADER]: Queue going to NON_LEADER mode. State: All replicated index: 0, Majority replicated index: 0, Committed index: 0, Last appended: 0.0, Last appended by leader: 0, Current term: 0, Majority size: -1, State: 0, Mode: NON_LEADER, active raft config: opid_index: -1 OBSOLETE_local: false peers { permanent_uuid: "5f0363b0b0f34cf985b09171430c16e5" member_type: VOTER last_known_addr { host: "127.0.107.193" port: 37681 } } peers { permanent_uuid: "0a1d5db3f6994734980796df83fa63a3" member_type: VOTER last_known_addr { host: "127.0.107.194" port: 33567 } } peers { permanent_uuid: "13504144509e4b369a9c9307395d6c0f" member_type: VOTER last_known_addr { host: "127.0.107.195" port: 39355 } }
I20260709 14:47:46.445674  1732 ts_tablet_manager.cc:1434] T 210e7abb62c3474d854acdc84013af8c P 13504144509e4b369a9c9307395d6c0f: Time spent starting tablet: real 0.016s	user 0.006s	sys 0.000s
I20260709 14:47:46.448092  1732 tablet_bootstrap.cc:492] T ce4a1de8f71c42e2a94f782f4dd4daab P 13504144509e4b369a9c9307395d6c0f: Bootstrap starting.
I20260709 14:47:46.451716  1538 raft_consensus.cc:3060] T 3ae74c7612e44f3cb6d4a3a772f24cb5 P 5f0363b0b0f34cf985b09171430c16e5 [term 0 FOLLOWER]: Advancing to term 1
I20260709 14:47:46.458904  2011 raft_consensus.cc:493] T 6f05d1aacb6d4a378f1a1a0bf4d1b4e2 P 13504144509e4b369a9c9307395d6c0f [term 0 FOLLOWER]: Starting pre-election (no leader contacted us within the election timeout)
I20260709 14:47:46.459378  2011 raft_consensus.cc:515] T 6f05d1aacb6d4a378f1a1a0bf4d1b4e2 P 13504144509e4b369a9c9307395d6c0f [term 0 FOLLOWER]: Starting pre-election with config: opid_index: -1 OBSOLETE_local: false peers { permanent_uuid: "5f0363b0b0f34cf985b09171430c16e5" member_type: VOTER last_known_addr { host: "127.0.107.193" port: 37681 } } peers { permanent_uuid: "0a1d5db3f6994734980796df83fa63a3" member_type: VOTER last_known_addr { host: "127.0.107.194" port: 33567 } } peers { permanent_uuid: "13504144509e4b369a9c9307395d6c0f" member_type: VOTER last_known_addr { host: "127.0.107.195" port: 39355 } }
I20260709 14:47:46.461941  1542 tablet_service.cc:1917] Received RequestConsensusVote() RPC: tablet_id: "6f05d1aacb6d4a378f1a1a0bf4d1b4e2" candidate_uuid: "13504144509e4b369a9c9307395d6c0f" candidate_term: 1 candidate_status { last_received { term: 0 index: 0 } } ignore_live_leader: false dest_uuid: "5f0363b0b0f34cf985b09171430c16e5" is_pre_election: true
W20260709 14:47:46.463186  1656 leader_election.cc:343] T 6f05d1aacb6d4a378f1a1a0bf4d1b4e2 P 13504144509e4b369a9c9307395d6c0f [CANDIDATE]: Term 1 pre-election: Tablet error from VoteRequest() call to peer 5f0363b0b0f34cf985b09171430c16e5 (127.0.107.193:37681): Illegal state: must be running to vote when last-logged opid is not known
I20260709 14:47:46.466536  1732 tablet_bootstrap.cc:654] T ce4a1de8f71c42e2a94f782f4dd4daab P 13504144509e4b369a9c9307395d6c0f: Neither blocks nor log segments found. Creating new log.
I20260709 14:47:46.471061  1999 consensus_queue.cc:1048] T 6450a4a5c92b47cabbdd622a2aed9dde P 13504144509e4b369a9c9307395d6c0f [LEADER]: Connected to new peer: Peer: permanent_uuid: "0a1d5db3f6994734980796df83fa63a3" member_type: VOTER last_known_addr { host: "127.0.107.194" port: 33567 }, Status: LMP_MISMATCH, Last received: 0.0, Next index: 1, Last known committed idx: 0, Time since last communication: 0.000s
I20260709 14:47:46.472085  2011 leader_election.cc:290] T 6f05d1aacb6d4a378f1a1a0bf4d1b4e2 P 13504144509e4b369a9c9307395d6c0f [CANDIDATE]: Term 1 pre-election: Requested pre-vote from peers 5f0363b0b0f34cf985b09171430c16e5 (127.0.107.193:37681), 0a1d5db3f6994734980796df83fa63a3 (127.0.107.194:33567)
I20260709 14:47:46.475314  1613 tablet_service.cc:1917] Received RequestConsensusVote() RPC: tablet_id: "6f05d1aacb6d4a378f1a1a0bf4d1b4e2" candidate_uuid: "13504144509e4b369a9c9307395d6c0f" candidate_term: 1 candidate_status { last_received { term: 0 index: 0 } } ignore_live_leader: false dest_uuid: "0a1d5db3f6994734980796df83fa63a3" is_pre_election: true
W20260709 14:47:46.477644  1655 leader_election.cc:343] T 6f05d1aacb6d4a378f1a1a0bf4d1b4e2 P 13504144509e4b369a9c9307395d6c0f [CANDIDATE]: Term 1 pre-election: Tablet error from VoteRequest() call to peer 0a1d5db3f6994734980796df83fa63a3 (127.0.107.194:33567): Illegal state: must be running to vote when last-logged opid is not known
I20260709 14:47:46.478082  1655 leader_election.cc:304] T 6f05d1aacb6d4a378f1a1a0bf4d1b4e2 P 13504144509e4b369a9c9307395d6c0f [CANDIDATE]: Term 1 pre-election: Election decided. Result: candidate lost. Election summary: received 3 responses out of 3 voters: 1 yes votes; 2 no votes. yes voters: 13504144509e4b369a9c9307395d6c0f; no voters: 0a1d5db3f6994734980796df83fa63a3, 5f0363b0b0f34cf985b09171430c16e5
I20260709 14:47:46.479133  2011 raft_consensus.cc:2749] T 6f05d1aacb6d4a378f1a1a0bf4d1b4e2 P 13504144509e4b369a9c9307395d6c0f [term 0 FOLLOWER]: Leader pre-election lost for term 1. Reason: could not achieve majority
I20260709 14:47:46.501505  1732 tablet_bootstrap.cc:492] T ce4a1de8f71c42e2a94f782f4dd4daab P 13504144509e4b369a9c9307395d6c0f: No bootstrap required, opened a new log
I20260709 14:47:46.502033  1732 ts_tablet_manager.cc:1403] T ce4a1de8f71c42e2a94f782f4dd4daab P 13504144509e4b369a9c9307395d6c0f: Time spent bootstrapping tablet: real 0.054s	user 0.010s	sys 0.003s
W20260709 14:47:46.504997  1656 consensus_peers.cc:597] T 6450a4a5c92b47cabbdd622a2aed9dde P 13504144509e4b369a9c9307395d6c0f -> Peer 5f0363b0b0f34cf985b09171430c16e5 (127.0.107.193:37681): Couldn't send request to peer 5f0363b0b0f34cf985b09171430c16e5. Error code: TABLET_NOT_RUNNING (12). Status: Illegal state: Tablet not RUNNING: BOOTSTRAPPING. This is attempt 1: this message will repeat every 5th retry.
I20260709 14:47:46.510178  1732 raft_consensus.cc:359] T ce4a1de8f71c42e2a94f782f4dd4daab P 13504144509e4b369a9c9307395d6c0f [term 0 FOLLOWER]: Replica starting. Triggering 0 pending ops. Active config: opid_index: -1 OBSOLETE_local: false peers { permanent_uuid: "5f0363b0b0f34cf985b09171430c16e5" member_type: VOTER last_known_addr { host: "127.0.107.193" port: 37681 } } peers { permanent_uuid: "0a1d5db3f6994734980796df83fa63a3" member_type: VOTER last_known_addr { host: "127.0.107.194" port: 33567 } } peers { permanent_uuid: "13504144509e4b369a9c9307395d6c0f" member_type: VOTER last_known_addr { host: "127.0.107.195" port: 39355 } }
I20260709 14:47:46.510340  2068 consensus_queue.cc:1048] T d17a1b5d8e1a43d180d93faf841080bf P 0a1d5db3f6994734980796df83fa63a3 [LEADER]: Connected to new peer: Peer: permanent_uuid: "13504144509e4b369a9c9307395d6c0f" member_type: VOTER last_known_addr { host: "127.0.107.195" port: 39355 }, Status: LMP_MISMATCH, Last received: 0.0, Next index: 1, Last known committed idx: 0, Time since last communication: 0.000s
I20260709 14:47:46.516618  1732 raft_consensus.cc:385] T ce4a1de8f71c42e2a94f782f4dd4daab P 13504144509e4b369a9c9307395d6c0f [term 0 FOLLOWER]: Consensus starting up: Expiring failure detector timer to make a prompt election more likely
I20260709 14:47:46.516954  1732 raft_consensus.cc:740] T ce4a1de8f71c42e2a94f782f4dd4daab P 13504144509e4b369a9c9307395d6c0f [term 0 FOLLOWER]: Becoming Follower/Learner. State: Replica: 13504144509e4b369a9c9307395d6c0f, State: Initialized, Role: FOLLOWER
I20260709 14:47:46.517588  1732 consensus_queue.cc:260] T ce4a1de8f71c42e2a94f782f4dd4daab P 13504144509e4b369a9c9307395d6c0f [NON_LEADER]: Queue going to NON_LEADER mode. State: All replicated index: 0, Majority replicated index: 0, Committed index: 0, Last appended: 0.0, Last appended by leader: 0, Current term: 0, Majority size: -1, State: 0, Mode: NON_LEADER, active raft config: opid_index: -1 OBSOLETE_local: false peers { permanent_uuid: "5f0363b0b0f34cf985b09171430c16e5" member_type: VOTER last_known_addr { host: "127.0.107.193" port: 37681 } } peers { permanent_uuid: "0a1d5db3f6994734980796df83fa63a3" member_type: VOTER last_known_addr { host: "127.0.107.194" port: 33567 } } peers { permanent_uuid: "13504144509e4b369a9c9307395d6c0f" member_type: VOTER last_known_addr { host: "127.0.107.195" port: 39355 } }
I20260709 14:47:46.523406  1732 ts_tablet_manager.cc:1434] T ce4a1de8f71c42e2a94f782f4dd4daab P 13504144509e4b369a9c9307395d6c0f: Time spent starting tablet: real 0.021s	user 0.007s	sys 0.000s
I20260709 14:47:46.524451  1732 tablet_bootstrap.cc:492] T a07d29af222f40ab881f34e7e9d468bb P 13504144509e4b369a9c9307395d6c0f: Bootstrap starting.
I20260709 14:47:46.531810  1730 tablet_bootstrap.cc:492] T 6450a4a5c92b47cabbdd622a2aed9dde P 5f0363b0b0f34cf985b09171430c16e5: No bootstrap required, opened a new log
I20260709 14:47:46.532305  1730 ts_tablet_manager.cc:1403] T 6450a4a5c92b47cabbdd622a2aed9dde P 5f0363b0b0f34cf985b09171430c16e5: Time spent bootstrapping tablet: real 0.124s	user 0.022s	sys 0.010s
I20260709 14:47:46.539997  1730 raft_consensus.cc:359] T 6450a4a5c92b47cabbdd622a2aed9dde P 5f0363b0b0f34cf985b09171430c16e5 [term 0 FOLLOWER]: Replica starting. Triggering 0 pending ops. Active config: opid_index: -1 OBSOLETE_local: false peers { permanent_uuid: "5f0363b0b0f34cf985b09171430c16e5" member_type: VOTER last_known_addr { host: "127.0.107.193" port: 37681 } } peers { permanent_uuid: "0a1d5db3f6994734980796df83fa63a3" member_type: VOTER last_known_addr { host: "127.0.107.194" port: 33567 } } peers { permanent_uuid: "13504144509e4b369a9c9307395d6c0f" member_type: VOTER last_known_addr { host: "127.0.107.195" port: 39355 } }
I20260709 14:47:46.540706  1730 raft_consensus.cc:385] T 6450a4a5c92b47cabbdd622a2aed9dde P 5f0363b0b0f34cf985b09171430c16e5 [term 0 FOLLOWER]: Consensus starting up: Expiring failure detector timer to make a prompt election more likely
I20260709 14:47:46.540966  1730 raft_consensus.cc:740] T 6450a4a5c92b47cabbdd622a2aed9dde P 5f0363b0b0f34cf985b09171430c16e5 [term 0 FOLLOWER]: Becoming Follower/Learner. State: Replica: 5f0363b0b0f34cf985b09171430c16e5, State: Initialized, Role: FOLLOWER
I20260709 14:47:46.542939  1730 consensus_queue.cc:260] T 6450a4a5c92b47cabbdd622a2aed9dde P 5f0363b0b0f34cf985b09171430c16e5 [NON_LEADER]: Queue going to NON_LEADER mode. State: All replicated index: 0, Majority replicated index: 0, Committed index: 0, Last appended: 0.0, Last appended by leader: 0, Current term: 0, Majority size: -1, State: 0, Mode: NON_LEADER, active raft config: opid_index: -1 OBSOLETE_local: false peers { permanent_uuid: "5f0363b0b0f34cf985b09171430c16e5" member_type: VOTER last_known_addr { host: "127.0.107.193" port: 37681 } } peers { permanent_uuid: "0a1d5db3f6994734980796df83fa63a3" member_type: VOTER last_known_addr { host: "127.0.107.194" port: 33567 } } peers { permanent_uuid: "13504144509e4b369a9c9307395d6c0f" member_type: VOTER last_known_addr { host: "127.0.107.195" port: 39355 } }
I20260709 14:47:46.546862  1730 ts_tablet_manager.cc:1434] T 6450a4a5c92b47cabbdd622a2aed9dde P 5f0363b0b0f34cf985b09171430c16e5: Time spent starting tablet: real 0.014s	user 0.006s	sys 0.000s
I20260709 14:47:46.548113  1732 tablet_bootstrap.cc:654] T a07d29af222f40ab881f34e7e9d468bb P 13504144509e4b369a9c9307395d6c0f: Neither blocks nor log segments found. Creating new log.
I20260709 14:47:46.548709  1730 tablet_bootstrap.cc:492] T fbbda4961d3c4cb2892d21fb3293c454 P 5f0363b0b0f34cf985b09171430c16e5: Bootstrap starting.
I20260709 14:47:46.552098  1738 raft_consensus.cc:493] T fbbda4961d3c4cb2892d21fb3293c454 P 13504144509e4b369a9c9307395d6c0f [term 0 FOLLOWER]: Starting pre-election (no leader contacted us within the election timeout)
I20260709 14:47:46.554764  1738 raft_consensus.cc:515] T fbbda4961d3c4cb2892d21fb3293c454 P 13504144509e4b369a9c9307395d6c0f [term 0 FOLLOWER]: Starting pre-election with config: opid_index: -1 OBSOLETE_local: false peers { permanent_uuid: "5f0363b0b0f34cf985b09171430c16e5" member_type: VOTER last_known_addr { host: "127.0.107.193" port: 37681 } } peers { permanent_uuid: "0a1d5db3f6994734980796df83fa63a3" member_type: VOTER last_known_addr { host: "127.0.107.194" port: 33567 } } peers { permanent_uuid: "13504144509e4b369a9c9307395d6c0f" member_type: VOTER last_known_addr { host: "127.0.107.195" port: 39355 } }
I20260709 14:47:46.557776  1542 tablet_service.cc:1917] Received RequestConsensusVote() RPC: tablet_id: "fbbda4961d3c4cb2892d21fb3293c454" candidate_uuid: "13504144509e4b369a9c9307395d6c0f" candidate_term: 1 candidate_status { last_received { term: 0 index: 0 } } ignore_live_leader: false dest_uuid: "5f0363b0b0f34cf985b09171430c16e5" is_pre_election: true
W20260709 14:47:46.559042  1656 leader_election.cc:343] T fbbda4961d3c4cb2892d21fb3293c454 P 13504144509e4b369a9c9307395d6c0f [CANDIDATE]: Term 1 pre-election: Tablet error from VoteRequest() call to peer 5f0363b0b0f34cf985b09171430c16e5 (127.0.107.193:37681): Illegal state: must be running to vote when last-logged opid is not known
I20260709 14:47:46.560958  1738 leader_election.cc:290] T fbbda4961d3c4cb2892d21fb3293c454 P 13504144509e4b369a9c9307395d6c0f [CANDIDATE]: Term 1 pre-election: Requested pre-vote from peers 5f0363b0b0f34cf985b09171430c16e5 (127.0.107.193:37681), 0a1d5db3f6994734980796df83fa63a3 (127.0.107.194:33567)
I20260709 14:47:46.561858  1731 tablet_bootstrap.cc:492] T 6f05d1aacb6d4a378f1a1a0bf4d1b4e2 P 0a1d5db3f6994734980796df83fa63a3: No bootstrap required, opened a new log
I20260709 14:47:46.561637  1613 tablet_service.cc:1917] Received RequestConsensusVote() RPC: tablet_id: "fbbda4961d3c4cb2892d21fb3293c454" candidate_uuid: "13504144509e4b369a9c9307395d6c0f" candidate_term: 1 candidate_status { last_received { term: 0 index: 0 } } ignore_live_leader: false dest_uuid: "0a1d5db3f6994734980796df83fa63a3" is_pre_election: true
W20260709 14:47:46.563117  1655 leader_election.cc:343] T fbbda4961d3c4cb2892d21fb3293c454 P 13504144509e4b369a9c9307395d6c0f [CANDIDATE]: Term 1 pre-election: Tablet error from VoteRequest() call to peer 0a1d5db3f6994734980796df83fa63a3 (127.0.107.194:33567): Illegal state: must be running to vote when last-logged opid is not known
I20260709 14:47:46.563501  1655 leader_election.cc:304] T fbbda4961d3c4cb2892d21fb3293c454 P 13504144509e4b369a9c9307395d6c0f [CANDIDATE]: Term 1 pre-election: Election decided. Result: candidate lost. Election summary: received 3 responses out of 3 voters: 1 yes votes; 2 no votes. yes voters: 13504144509e4b369a9c9307395d6c0f; no voters: 0a1d5db3f6994734980796df83fa63a3, 5f0363b0b0f34cf985b09171430c16e5
I20260709 14:47:46.564680  1730 tablet_bootstrap.cc:654] T fbbda4961d3c4cb2892d21fb3293c454 P 5f0363b0b0f34cf985b09171430c16e5: Neither blocks nor log segments found. Creating new log.
I20260709 14:47:46.564838  1731 ts_tablet_manager.cc:1403] T 6f05d1aacb6d4a378f1a1a0bf4d1b4e2 P 0a1d5db3f6994734980796df83fa63a3: Time spent bootstrapping tablet: real 0.131s	user 0.045s	sys 0.074s
I20260709 14:47:46.567909  1731 raft_consensus.cc:359] T 6f05d1aacb6d4a378f1a1a0bf4d1b4e2 P 0a1d5db3f6994734980796df83fa63a3 [term 0 FOLLOWER]: Replica starting. Triggering 0 pending ops. Active config: opid_index: -1 OBSOLETE_local: false peers { permanent_uuid: "5f0363b0b0f34cf985b09171430c16e5" member_type: VOTER last_known_addr { host: "127.0.107.193" port: 37681 } } peers { permanent_uuid: "0a1d5db3f6994734980796df83fa63a3" member_type: VOTER last_known_addr { host: "127.0.107.194" port: 33567 } } peers { permanent_uuid: "13504144509e4b369a9c9307395d6c0f" member_type: VOTER last_known_addr { host: "127.0.107.195" port: 39355 } }
I20260709 14:47:46.568542  1731 raft_consensus.cc:385] T 6f05d1aacb6d4a378f1a1a0bf4d1b4e2 P 0a1d5db3f6994734980796df83fa63a3 [term 0 FOLLOWER]: Consensus starting up: Expiring failure detector timer to make a prompt election more likely
I20260709 14:47:46.568794  1731 raft_consensus.cc:740] T 6f05d1aacb6d4a378f1a1a0bf4d1b4e2 P 0a1d5db3f6994734980796df83fa63a3 [term 0 FOLLOWER]: Becoming Follower/Learner. State: Replica: 0a1d5db3f6994734980796df83fa63a3, State: Initialized, Role: FOLLOWER
I20260709 14:47:46.569437  1731 consensus_queue.cc:260] T 6f05d1aacb6d4a378f1a1a0bf4d1b4e2 P 0a1d5db3f6994734980796df83fa63a3 [NON_LEADER]: Queue going to NON_LEADER mode. State: All replicated index: 0, Majority replicated index: 0, Committed index: 0, Last appended: 0.0, Last appended by leader: 0, Current term: 0, Majority size: -1, State: 0, Mode: NON_LEADER, active raft config: opid_index: -1 OBSOLETE_local: false peers { permanent_uuid: "5f0363b0b0f34cf985b09171430c16e5" member_type: VOTER last_known_addr { host: "127.0.107.193" port: 37681 } } peers { permanent_uuid: "0a1d5db3f6994734980796df83fa63a3" member_type: VOTER last_known_addr { host: "127.0.107.194" port: 33567 } } peers { permanent_uuid: "13504144509e4b369a9c9307395d6c0f" member_type: VOTER last_known_addr { host: "127.0.107.195" port: 39355 } }
I20260709 14:47:46.564719  1738 raft_consensus.cc:2749] T fbbda4961d3c4cb2892d21fb3293c454 P 13504144509e4b369a9c9307395d6c0f [term 0 FOLLOWER]: Leader pre-election lost for term 1. Reason: could not achieve majority
I20260709 14:47:46.580161  1745 consensus_queue.cc:1048] T c47eec5bd15f43c296056056b8c3402f P 5f0363b0b0f34cf985b09171430c16e5 [LEADER]: Connected to new peer: Peer: permanent_uuid: "13504144509e4b369a9c9307395d6c0f" member_type: VOTER last_known_addr { host: "127.0.107.195" port: 39355 }, Status: LMP_MISMATCH, Last received: 0.0, Next index: 1, Last known committed idx: 0, Time since last communication: 0.000s
I20260709 14:47:46.582388  1731 ts_tablet_manager.cc:1434] T 6f05d1aacb6d4a378f1a1a0bf4d1b4e2 P 0a1d5db3f6994734980796df83fa63a3: Time spent starting tablet: real 0.017s	user 0.005s	sys 0.001s
I20260709 14:47:46.584177  1731 tablet_bootstrap.cc:492] T 5a63474d3f884bc28f17abf2087cc0b7 P 0a1d5db3f6994734980796df83fa63a3: Bootstrap starting.
I20260709 14:47:46.602442  1738 raft_consensus.cc:493] T b6a1c0a07159486cbf7dcf4da762ed89 P 13504144509e4b369a9c9307395d6c0f [term 0 FOLLOWER]: Starting pre-election (no leader contacted us within the election timeout)
I20260709 14:47:46.602977  1738 raft_consensus.cc:515] T b6a1c0a07159486cbf7dcf4da762ed89 P 13504144509e4b369a9c9307395d6c0f [term 0 FOLLOWER]: Starting pre-election with config: opid_index: -1 OBSOLETE_local: false peers { permanent_uuid: "5f0363b0b0f34cf985b09171430c16e5" member_type: VOTER last_known_addr { host: "127.0.107.193" port: 37681 } } peers { permanent_uuid: "0a1d5db3f6994734980796df83fa63a3" member_type: VOTER last_known_addr { host: "127.0.107.194" port: 33567 } } peers { permanent_uuid: "13504144509e4b369a9c9307395d6c0f" member_type: VOTER last_known_addr { host: "127.0.107.195" port: 39355 } }
I20260709 14:47:46.604650  1738 leader_election.cc:290] T b6a1c0a07159486cbf7dcf4da762ed89 P 13504144509e4b369a9c9307395d6c0f [CANDIDATE]: Term 1 pre-election: Requested pre-vote from peers 5f0363b0b0f34cf985b09171430c16e5 (127.0.107.193:37681), 0a1d5db3f6994734980796df83fa63a3 (127.0.107.194:33567)
I20260709 14:47:46.605743  1537 tablet_service.cc:1917] Received RequestConsensusVote() RPC: tablet_id: "b6a1c0a07159486cbf7dcf4da762ed89" candidate_uuid: "13504144509e4b369a9c9307395d6c0f" candidate_term: 1 candidate_status { last_received { term: 0 index: 0 } } ignore_live_leader: false dest_uuid: "5f0363b0b0f34cf985b09171430c16e5" is_pre_election: true
I20260709 14:47:46.606943  1732 tablet_bootstrap.cc:492] T a07d29af222f40ab881f34e7e9d468bb P 13504144509e4b369a9c9307395d6c0f: No bootstrap required, opened a new log
I20260709 14:47:46.607370  1732 ts_tablet_manager.cc:1403] T a07d29af222f40ab881f34e7e9d468bb P 13504144509e4b369a9c9307395d6c0f: Time spent bootstrapping tablet: real 0.083s	user 0.008s	sys 0.008s
W20260709 14:47:46.607427  1656 leader_election.cc:343] T b6a1c0a07159486cbf7dcf4da762ed89 P 13504144509e4b369a9c9307395d6c0f [CANDIDATE]: Term 1 pre-election: Tablet error from VoteRequest() call to peer 5f0363b0b0f34cf985b09171430c16e5 (127.0.107.193:37681): Illegal state: must be running to vote when last-logged opid is not known
I20260709 14:47:46.607909  1731 tablet_bootstrap.cc:654] T 5a63474d3f884bc28f17abf2087cc0b7 P 0a1d5db3f6994734980796df83fa63a3: Neither blocks nor log segments found. Creating new log.
I20260709 14:47:46.612486  1732 raft_consensus.cc:359] T a07d29af222f40ab881f34e7e9d468bb P 13504144509e4b369a9c9307395d6c0f [term 0 FOLLOWER]: Replica starting. Triggering 0 pending ops. Active config: opid_index: -1 OBSOLETE_local: false peers { permanent_uuid: "5f0363b0b0f34cf985b09171430c16e5" member_type: VOTER last_known_addr { host: "127.0.107.193" port: 37681 } } peers { permanent_uuid: "0a1d5db3f6994734980796df83fa63a3" member_type: VOTER last_known_addr { host: "127.0.107.194" port: 33567 } } peers { permanent_uuid: "13504144509e4b369a9c9307395d6c0f" member_type: VOTER last_known_addr { host: "127.0.107.195" port: 39355 } }
I20260709 14:47:46.616536  1615 raft_consensus.cc:3060] T c47eec5bd15f43c296056056b8c3402f P 0a1d5db3f6994734980796df83fa63a3 [term 0 FOLLOWER]: Advancing to term 1
I20260709 14:47:46.618427  1616 tablet_service.cc:1917] Received RequestConsensusVote() RPC: tablet_id: "b6a1c0a07159486cbf7dcf4da762ed89" candidate_uuid: "13504144509e4b369a9c9307395d6c0f" candidate_term: 1 candidate_status { last_received { term: 0 index: 0 } } ignore_live_leader: false dest_uuid: "0a1d5db3f6994734980796df83fa63a3" is_pre_election: true
W20260709 14:47:46.622462  1655 leader_election.cc:343] T b6a1c0a07159486cbf7dcf4da762ed89 P 13504144509e4b369a9c9307395d6c0f [CANDIDATE]: Term 1 pre-election: Tablet error from VoteRequest() call to peer 0a1d5db3f6994734980796df83fa63a3 (127.0.107.194:33567): Illegal state: must be running to vote when last-logged opid is not known
I20260709 14:47:46.622846  1655 leader_election.cc:304] T b6a1c0a07159486cbf7dcf4da762ed89 P 13504144509e4b369a9c9307395d6c0f [CANDIDATE]: Term 1 pre-election: Election decided. Result: candidate lost. Election summary: received 3 responses out of 3 voters: 1 yes votes; 2 no votes. yes voters: 13504144509e4b369a9c9307395d6c0f; no voters: 0a1d5db3f6994734980796df83fa63a3, 5f0363b0b0f34cf985b09171430c16e5
I20260709 14:47:46.625664  1738 raft_consensus.cc:2749] T b6a1c0a07159486cbf7dcf4da762ed89 P 13504144509e4b369a9c9307395d6c0f [term 0 FOLLOWER]: Leader pre-election lost for term 1. Reason: could not achieve majority
I20260709 14:47:46.627965  1732 raft_consensus.cc:385] T a07d29af222f40ab881f34e7e9d468bb P 13504144509e4b369a9c9307395d6c0f [term 0 FOLLOWER]: Consensus starting up: Expiring failure detector timer to make a prompt election more likely
I20260709 14:47:46.628368  1732 raft_consensus.cc:740] T a07d29af222f40ab881f34e7e9d468bb P 13504144509e4b369a9c9307395d6c0f [term 0 FOLLOWER]: Becoming Follower/Learner. State: Replica: 13504144509e4b369a9c9307395d6c0f, State: Initialized, Role: FOLLOWER
I20260709 14:47:46.629230  1732 consensus_queue.cc:260] T a07d29af222f40ab881f34e7e9d468bb P 13504144509e4b369a9c9307395d6c0f [NON_LEADER]: Queue going to NON_LEADER mode. State: All replicated index: 0, Majority replicated index: 0, Committed index: 0, Last appended: 0.0, Last appended by leader: 0, Current term: 0, Majority size: -1, State: 0, Mode: NON_LEADER, active raft config: opid_index: -1 OBSOLETE_local: false peers { permanent_uuid: "5f0363b0b0f34cf985b09171430c16e5" member_type: VOTER last_known_addr { host: "127.0.107.193" port: 37681 } } peers { permanent_uuid: "0a1d5db3f6994734980796df83fa63a3" member_type: VOTER last_known_addr { host: "127.0.107.194" port: 33567 } } peers { permanent_uuid: "13504144509e4b369a9c9307395d6c0f" member_type: VOTER last_known_addr { host: "127.0.107.195" port: 39355 } }
I20260709 14:47:46.631369  1732 ts_tablet_manager.cc:1434] T a07d29af222f40ab881f34e7e9d468bb P 13504144509e4b369a9c9307395d6c0f: Time spent starting tablet: real 0.023s	user 0.004s	sys 0.001s
I20260709 14:47:46.632423  1732 tablet_bootstrap.cc:492] T bd2b7e983ada418e8dfb59251cd62ec8 P 13504144509e4b369a9c9307395d6c0f: Bootstrap starting.
I20260709 14:47:46.639456  1745 consensus_queue.cc:1048] T c47eec5bd15f43c296056056b8c3402f P 5f0363b0b0f34cf985b09171430c16e5 [LEADER]: Connected to new peer: Peer: permanent_uuid: "0a1d5db3f6994734980796df83fa63a3" member_type: VOTER last_known_addr { host: "127.0.107.194" port: 33567 }, Status: LMP_MISMATCH, Last received: 0.0, Next index: 1, Last known committed idx: 0, Time since last communication: 0.001s
I20260709 14:47:46.640142  2072 raft_consensus.cc:493] T 6f05d1aacb6d4a378f1a1a0bf4d1b4e2 P 0a1d5db3f6994734980796df83fa63a3 [term 0 FOLLOWER]: Starting pre-election (no leader contacted us within the election timeout)
I20260709 14:47:46.640618  2072 raft_consensus.cc:515] T 6f05d1aacb6d4a378f1a1a0bf4d1b4e2 P 0a1d5db3f6994734980796df83fa63a3 [term 0 FOLLOWER]: Starting pre-election with config: opid_index: -1 OBSOLETE_local: false peers { permanent_uuid: "5f0363b0b0f34cf985b09171430c16e5" member_type: VOTER last_known_addr { host: "127.0.107.193" port: 37681 } } peers { permanent_uuid: "0a1d5db3f6994734980796df83fa63a3" member_type: VOTER last_known_addr { host: "127.0.107.194" port: 33567 } } peers { permanent_uuid: "13504144509e4b369a9c9307395d6c0f" member_type: VOTER last_known_addr { host: "127.0.107.195" port: 39355 } }
I20260709 14:47:46.641683  1745 raft_consensus.cc:493] T 3de09cbba0254120b07b26a765e06a2e P 5f0363b0b0f34cf985b09171430c16e5 [term 0 FOLLOWER]: Starting pre-election (no leader contacted us within the election timeout)
I20260709 14:47:46.643080  1538 tablet_service.cc:1917] Received RequestConsensusVote() RPC: tablet_id: "6f05d1aacb6d4a378f1a1a0bf4d1b4e2" candidate_uuid: "0a1d5db3f6994734980796df83fa63a3" candidate_term: 1 candidate_status { last_received { term: 0 index: 0 } } ignore_live_leader: false dest_uuid: "5f0363b0b0f34cf985b09171430c16e5" is_pre_election: true
I20260709 14:47:46.643826  1685 tablet_service.cc:1917] Received RequestConsensusVote() RPC: tablet_id: "6f05d1aacb6d4a378f1a1a0bf4d1b4e2" candidate_uuid: "0a1d5db3f6994734980796df83fa63a3" candidate_term: 1 candidate_status { last_received { term: 0 index: 0 } } ignore_live_leader: false dest_uuid: "13504144509e4b369a9c9307395d6c0f" is_pre_election: true
I20260709 14:47:46.644496  1685 raft_consensus.cc:2468] T 6f05d1aacb6d4a378f1a1a0bf4d1b4e2 P 13504144509e4b369a9c9307395d6c0f [term 0 FOLLOWER]: Leader pre-election vote request: Granting yes vote for candidate 0a1d5db3f6994734980796df83fa63a3 in term 0.
W20260709 14:47:46.644585  1582 leader_election.cc:343] T 6f05d1aacb6d4a378f1a1a0bf4d1b4e2 P 0a1d5db3f6994734980796df83fa63a3 [CANDIDATE]: Term 1 pre-election: Tablet error from VoteRequest() call to peer 5f0363b0b0f34cf985b09171430c16e5 (127.0.107.193:37681): Illegal state: must be running to vote when last-logged opid is not known
I20260709 14:47:46.642234  1745 raft_consensus.cc:515] T 3de09cbba0254120b07b26a765e06a2e P 5f0363b0b0f34cf985b09171430c16e5 [term 0 FOLLOWER]: Starting pre-election with config: opid_index: -1 OBSOLETE_local: false peers { permanent_uuid: "5f0363b0b0f34cf985b09171430c16e5" member_type: VOTER last_known_addr { host: "127.0.107.193" port: 37681 } } peers { permanent_uuid: "0a1d5db3f6994734980796df83fa63a3" member_type: VOTER last_known_addr { host: "127.0.107.194" port: 33567 } } peers { permanent_uuid: "13504144509e4b369a9c9307395d6c0f" member_type: VOTER last_known_addr { host: "127.0.107.195" port: 39355 } }
I20260709 14:47:46.645674  1582 leader_election.cc:304] T 6f05d1aacb6d4a378f1a1a0bf4d1b4e2 P 0a1d5db3f6994734980796df83fa63a3 [CANDIDATE]: Term 1 pre-election: Election decided. Result: candidate won. Election summary: received 3 responses out of 3 voters: 2 yes votes; 1 no votes. yes voters: 0a1d5db3f6994734980796df83fa63a3, 13504144509e4b369a9c9307395d6c0f; no voters: 5f0363b0b0f34cf985b09171430c16e5
I20260709 14:47:46.646373  2069 raft_consensus.cc:2804] T 6f05d1aacb6d4a378f1a1a0bf4d1b4e2 P 0a1d5db3f6994734980796df83fa63a3 [term 0 FOLLOWER]: Leader pre-election won for term 1
I20260709 14:47:46.646703  2069 raft_consensus.cc:493] T 6f05d1aacb6d4a378f1a1a0bf4d1b4e2 P 0a1d5db3f6994734980796df83fa63a3 [term 0 FOLLOWER]: Starting leader election (no leader contacted us within the election timeout)
I20260709 14:47:46.646997  2069 raft_consensus.cc:3060] T 6f05d1aacb6d4a378f1a1a0bf4d1b4e2 P 0a1d5db3f6994734980796df83fa63a3 [term 0 FOLLOWER]: Advancing to term 1
I20260709 14:47:46.647574  1616 tablet_service.cc:1917] Received RequestConsensusVote() RPC: tablet_id: "3de09cbba0254120b07b26a765e06a2e" candidate_uuid: "5f0363b0b0f34cf985b09171430c16e5" candidate_term: 1 candidate_status { last_received { term: 0 index: 0 } } ignore_live_leader: false dest_uuid: "0a1d5db3f6994734980796df83fa63a3" is_pre_election: true
I20260709 14:47:46.648154  1616 raft_consensus.cc:2468] T 3de09cbba0254120b07b26a765e06a2e P 0a1d5db3f6994734980796df83fa63a3 [term 0 FOLLOWER]: Leader pre-election vote request: Granting yes vote for candidate 5f0363b0b0f34cf985b09171430c16e5 in term 0.
I20260709 14:47:46.649233  1506 leader_election.cc:304] T 3de09cbba0254120b07b26a765e06a2e P 5f0363b0b0f34cf985b09171430c16e5 [CANDIDATE]: Term 1 pre-election: Election decided. Result: candidate won. Election summary: received 2 responses out of 3 voters: 2 yes votes; 0 no votes. yes voters: 0a1d5db3f6994734980796df83fa63a3, 5f0363b0b0f34cf985b09171430c16e5; no voters: 
I20260709 14:47:46.649991  2064 raft_consensus.cc:2804] T 3de09cbba0254120b07b26a765e06a2e P 5f0363b0b0f34cf985b09171430c16e5 [term 0 FOLLOWER]: Leader pre-election won for term 1
I20260709 14:47:46.650238  1745 leader_election.cc:290] T 3de09cbba0254120b07b26a765e06a2e P 5f0363b0b0f34cf985b09171430c16e5 [CANDIDATE]: Term 1 pre-election: Requested pre-vote from peers 0a1d5db3f6994734980796df83fa63a3 (127.0.107.194:33567), 13504144509e4b369a9c9307395d6c0f (127.0.107.195:39355)
I20260709 14:47:46.650329  2064 raft_consensus.cc:493] T 3de09cbba0254120b07b26a765e06a2e P 5f0363b0b0f34cf985b09171430c16e5 [term 0 FOLLOWER]: Starting leader election (no leader contacted us within the election timeout)
I20260709 14:47:46.651041  2064 raft_consensus.cc:3060] T 3de09cbba0254120b07b26a765e06a2e P 5f0363b0b0f34cf985b09171430c16e5 [term 0 FOLLOWER]: Advancing to term 1
I20260709 14:47:46.655299  2072 leader_election.cc:290] T 6f05d1aacb6d4a378f1a1a0bf4d1b4e2 P 0a1d5db3f6994734980796df83fa63a3 [CANDIDATE]: Term 1 pre-election: Requested pre-vote from peers 5f0363b0b0f34cf985b09171430c16e5 (127.0.107.193:37681), 13504144509e4b369a9c9307395d6c0f (127.0.107.195:39355)
I20260709 14:47:46.659770  2069 raft_consensus.cc:515] T 6f05d1aacb6d4a378f1a1a0bf4d1b4e2 P 0a1d5db3f6994734980796df83fa63a3 [term 1 FOLLOWER]: Starting leader election with config: opid_index: -1 OBSOLETE_local: false peers { permanent_uuid: "5f0363b0b0f34cf985b09171430c16e5" member_type: VOTER last_known_addr { host: "127.0.107.193" port: 37681 } } peers { permanent_uuid: "0a1d5db3f6994734980796df83fa63a3" member_type: VOTER last_known_addr { host: "127.0.107.194" port: 33567 } } peers { permanent_uuid: "13504144509e4b369a9c9307395d6c0f" member_type: VOTER last_known_addr { host: "127.0.107.195" port: 39355 } }
I20260709 14:47:46.663141  1686 tablet_service.cc:1917] Received RequestConsensusVote() RPC: tablet_id: "6f05d1aacb6d4a378f1a1a0bf4d1b4e2" candidate_uuid: "0a1d5db3f6994734980796df83fa63a3" candidate_term: 1 candidate_status { last_received { term: 0 index: 0 } } ignore_live_leader: false dest_uuid: "13504144509e4b369a9c9307395d6c0f"
I20260709 14:47:46.663780  1686 raft_consensus.cc:3060] T 6f05d1aacb6d4a378f1a1a0bf4d1b4e2 P 13504144509e4b369a9c9307395d6c0f [term 0 FOLLOWER]: Advancing to term 1
I20260709 14:47:46.663187  1538 tablet_service.cc:1917] Received RequestConsensusVote() RPC: tablet_id: "6f05d1aacb6d4a378f1a1a0bf4d1b4e2" candidate_uuid: "0a1d5db3f6994734980796df83fa63a3" candidate_term: 1 candidate_status { last_received { term: 0 index: 0 } } ignore_live_leader: false dest_uuid: "5f0363b0b0f34cf985b09171430c16e5"
W20260709 14:47:46.666785  1582 leader_election.cc:343] T 6f05d1aacb6d4a378f1a1a0bf4d1b4e2 P 0a1d5db3f6994734980796df83fa63a3 [CANDIDATE]: Term 1 election: Tablet error from VoteRequest() call to peer 5f0363b0b0f34cf985b09171430c16e5 (127.0.107.193:37681): Illegal state: must be running to vote when last-logged opid is not known
I20260709 14:47:46.668895  2064 raft_consensus.cc:515] T 3de09cbba0254120b07b26a765e06a2e P 5f0363b0b0f34cf985b09171430c16e5 [term 1 FOLLOWER]: Starting leader election with config: opid_index: -1 OBSOLETE_local: false peers { permanent_uuid: "5f0363b0b0f34cf985b09171430c16e5" member_type: VOTER last_known_addr { host: "127.0.107.193" port: 37681 } } peers { permanent_uuid: "0a1d5db3f6994734980796df83fa63a3" member_type: VOTER last_known_addr { host: "127.0.107.194" port: 33567 } } peers { permanent_uuid: "13504144509e4b369a9c9307395d6c0f" member_type: VOTER last_known_addr { host: "127.0.107.195" port: 39355 } }
I20260709 14:47:46.671397  1616 tablet_service.cc:1917] Received RequestConsensusVote() RPC: tablet_id: "3de09cbba0254120b07b26a765e06a2e" candidate_uuid: "5f0363b0b0f34cf985b09171430c16e5" candidate_term: 1 candidate_status { last_received { term: 0 index: 0 } } ignore_live_leader: false dest_uuid: "0a1d5db3f6994734980796df83fa63a3"
I20260709 14:47:46.670924  2072 raft_consensus.cc:493] T a7afcab1bbe14510bca360470157a65b P 0a1d5db3f6994734980796df83fa63a3 [term 0 FOLLOWER]: Starting pre-election (no leader contacted us within the election timeout)
I20260709 14:47:46.672363  2072 raft_consensus.cc:515] T a7afcab1bbe14510bca360470157a65b P 0a1d5db3f6994734980796df83fa63a3 [term 0 FOLLOWER]: Starting pre-election with config: opid_index: -1 OBSOLETE_local: false peers { permanent_uuid: "5f0363b0b0f34cf985b09171430c16e5" member_type: VOTER last_known_addr { host: "127.0.107.193" port: 37681 } } peers { permanent_uuid: "0a1d5db3f6994734980796df83fa63a3" member_type: VOTER last_known_addr { host: "127.0.107.194" port: 33567 } } peers { permanent_uuid: "13504144509e4b369a9c9307395d6c0f" member_type: VOTER last_known_addr { host: "127.0.107.195" port: 39355 } }
I20260709 14:47:46.671919  1616 raft_consensus.cc:3060] T 3de09cbba0254120b07b26a765e06a2e P 0a1d5db3f6994734980796df83fa63a3 [term 0 FOLLOWER]: Advancing to term 1
I20260709 14:47:46.666882  2069 leader_election.cc:290] T 6f05d1aacb6d4a378f1a1a0bf4d1b4e2 P 0a1d5db3f6994734980796df83fa63a3 [CANDIDATE]: Term 1 election: Requested vote from peers 5f0363b0b0f34cf985b09171430c16e5 (127.0.107.193:37681), 13504144509e4b369a9c9307395d6c0f (127.0.107.195:39355)
I20260709 14:47:46.677776  1691 tablet_service.cc:1917] Received RequestConsensusVote() RPC: tablet_id: "3de09cbba0254120b07b26a765e06a2e" candidate_uuid: "5f0363b0b0f34cf985b09171430c16e5" candidate_term: 1 candidate_status { last_received { term: 0 index: 0 } } ignore_live_leader: false dest_uuid: "13504144509e4b369a9c9307395d6c0f" is_pre_election: true
I20260709 14:47:46.680208  1691 raft_consensus.cc:2468] T 3de09cbba0254120b07b26a765e06a2e P 13504144509e4b369a9c9307395d6c0f [term 0 FOLLOWER]: Leader pre-election vote request: Granting yes vote for candidate 5f0363b0b0f34cf985b09171430c16e5 in term 0.
I20260709 14:47:46.679656  2072 leader_election.cc:290] T a7afcab1bbe14510bca360470157a65b P 0a1d5db3f6994734980796df83fa63a3 [CANDIDATE]: Term 1 pre-election: Requested pre-vote from peers 5f0363b0b0f34cf985b09171430c16e5 (127.0.107.193:37681), 13504144509e4b369a9c9307395d6c0f (127.0.107.195:39355)
I20260709 14:47:46.682448  1732 tablet_bootstrap.cc:654] T bd2b7e983ada418e8dfb59251cd62ec8 P 13504144509e4b369a9c9307395d6c0f: Neither blocks nor log segments found. Creating new log.
I20260709 14:47:46.721424  1616 raft_consensus.cc:2468] T 3de09cbba0254120b07b26a765e06a2e P 0a1d5db3f6994734980796df83fa63a3 [term 1 FOLLOWER]: Leader election vote request: Granting yes vote for candidate 5f0363b0b0f34cf985b09171430c16e5 in term 1.
I20260709 14:47:46.673559  1686 raft_consensus.cc:2468] T 6f05d1aacb6d4a378f1a1a0bf4d1b4e2 P 13504144509e4b369a9c9307395d6c0f [term 1 FOLLOWER]: Leader election vote request: Granting yes vote for candidate 0a1d5db3f6994734980796df83fa63a3 in term 1.
I20260709 14:47:46.728214  2064 leader_election.cc:290] T 3de09cbba0254120b07b26a765e06a2e P 5f0363b0b0f34cf985b09171430c16e5 [CANDIDATE]: Term 1 election: Requested vote from peers 0a1d5db3f6994734980796df83fa63a3 (127.0.107.194:33567), 13504144509e4b369a9c9307395d6c0f (127.0.107.195:39355)
I20260709 14:47:46.731884  1682 tablet_service.cc:1917] Received RequestConsensusVote() RPC: tablet_id: "a7afcab1bbe14510bca360470157a65b" candidate_uuid: "0a1d5db3f6994734980796df83fa63a3" candidate_term: 1 candidate_status { last_received { term: 0 index: 0 } } ignore_live_leader: false dest_uuid: "13504144509e4b369a9c9307395d6c0f" is_pre_election: true
I20260709 14:47:46.732547  1682 raft_consensus.cc:2468] T a7afcab1bbe14510bca360470157a65b P 13504144509e4b369a9c9307395d6c0f [term 0 FOLLOWER]: Leader pre-election vote request: Granting yes vote for candidate 0a1d5db3f6994734980796df83fa63a3 in term 0.
I20260709 14:47:46.739147  1682 tablet_service.cc:1917] Received RequestConsensusVote() RPC: tablet_id: "3de09cbba0254120b07b26a765e06a2e" candidate_uuid: "5f0363b0b0f34cf985b09171430c16e5" candidate_term: 1 candidate_status { last_received { term: 0 index: 0 } } ignore_live_leader: false dest_uuid: "13504144509e4b369a9c9307395d6c0f"
I20260709 14:47:46.739760  1682 raft_consensus.cc:3060] T 3de09cbba0254120b07b26a765e06a2e P 13504144509e4b369a9c9307395d6c0f [term 0 FOLLOWER]: Advancing to term 1
I20260709 14:47:46.744205  1730 tablet_bootstrap.cc:492] T fbbda4961d3c4cb2892d21fb3293c454 P 5f0363b0b0f34cf985b09171430c16e5: No bootstrap required, opened a new log
I20260709 14:47:46.744668  1730 ts_tablet_manager.cc:1403] T fbbda4961d3c4cb2892d21fb3293c454 P 5f0363b0b0f34cf985b09171430c16e5: Time spent bootstrapping tablet: real 0.197s	user 0.023s	sys 0.000s
I20260709 14:47:46.747071  1730 raft_consensus.cc:359] T fbbda4961d3c4cb2892d21fb3293c454 P 5f0363b0b0f34cf985b09171430c16e5 [term 0 FOLLOWER]: Replica starting. Triggering 0 pending ops. Active config: opid_index: -1 OBSOLETE_local: false peers { permanent_uuid: "5f0363b0b0f34cf985b09171430c16e5" member_type: VOTER last_known_addr { host: "127.0.107.193" port: 37681 } } peers { permanent_uuid: "0a1d5db3f6994734980796df83fa63a3" member_type: VOTER last_known_addr { host: "127.0.107.194" port: 33567 } } peers { permanent_uuid: "13504144509e4b369a9c9307395d6c0f" member_type: VOTER last_known_addr { host: "127.0.107.195" port: 39355 } }
I20260709 14:47:46.775342  1730 raft_consensus.cc:385] T fbbda4961d3c4cb2892d21fb3293c454 P 5f0363b0b0f34cf985b09171430c16e5 [term 0 FOLLOWER]: Consensus starting up: Expiring failure detector timer to make a prompt election more likely
I20260709 14:47:46.775671  1730 raft_consensus.cc:740] T fbbda4961d3c4cb2892d21fb3293c454 P 5f0363b0b0f34cf985b09171430c16e5 [term 0 FOLLOWER]: Becoming Follower/Learner. State: Replica: 5f0363b0b0f34cf985b09171430c16e5, State: Initialized, Role: FOLLOWER
I20260709 14:47:46.776261  1730 consensus_queue.cc:260] T fbbda4961d3c4cb2892d21fb3293c454 P 5f0363b0b0f34cf985b09171430c16e5 [NON_LEADER]: Queue going to NON_LEADER mode. State: All replicated index: 0, Majority replicated index: 0, Committed index: 0, Last appended: 0.0, Last appended by leader: 0, Current term: 0, Majority size: -1, State: 0, Mode: NON_LEADER, active raft config: opid_index: -1 OBSOLETE_local: false peers { permanent_uuid: "5f0363b0b0f34cf985b09171430c16e5" member_type: VOTER last_known_addr { host: "127.0.107.193" port: 37681 } } peers { permanent_uuid: "0a1d5db3f6994734980796df83fa63a3" member_type: VOTER last_known_addr { host: "127.0.107.194" port: 33567 } } peers { permanent_uuid: "13504144509e4b369a9c9307395d6c0f" member_type: VOTER last_known_addr { host: "127.0.107.195" port: 39355 } }
I20260709 14:47:46.778542  1730 ts_tablet_manager.cc:1434] T fbbda4961d3c4cb2892d21fb3293c454 P 5f0363b0b0f34cf985b09171430c16e5: Time spent starting tablet: real 0.034s	user 0.004s	sys 0.000s
I20260709 14:47:46.781245  1537 tablet_service.cc:1917] Received RequestConsensusVote() RPC: tablet_id: "a7afcab1bbe14510bca360470157a65b" candidate_uuid: "0a1d5db3f6994734980796df83fa63a3" candidate_term: 1 candidate_status { last_received { term: 0 index: 0 } } ignore_live_leader: false dest_uuid: "5f0363b0b0f34cf985b09171430c16e5" is_pre_election: true
I20260709 14:47:46.781939  1731 tablet_bootstrap.cc:492] T 5a63474d3f884bc28f17abf2087cc0b7 P 0a1d5db3f6994734980796df83fa63a3: No bootstrap required, opened a new log
I20260709 14:47:46.783116  1730 tablet_bootstrap.cc:492] T 6f05d1aacb6d4a378f1a1a0bf4d1b4e2 P 5f0363b0b0f34cf985b09171430c16e5: Bootstrap starting.
I20260709 14:47:46.784734  1506 leader_election.cc:304] T 3de09cbba0254120b07b26a765e06a2e P 5f0363b0b0f34cf985b09171430c16e5 [CANDIDATE]: Term 1 election: Election decided. Result: candidate won. Election summary: received 2 responses out of 3 voters: 2 yes votes; 0 no votes. yes voters: 0a1d5db3f6994734980796df83fa63a3, 5f0363b0b0f34cf985b09171430c16e5; no voters: 
I20260709 14:47:46.787765  2064 raft_consensus.cc:2804] T 3de09cbba0254120b07b26a765e06a2e P 5f0363b0b0f34cf985b09171430c16e5 [term 1 FOLLOWER]: Leader election won for term 1
I20260709 14:47:46.788224  2064 raft_consensus.cc:697] T 3de09cbba0254120b07b26a765e06a2e P 5f0363b0b0f34cf985b09171430c16e5 [term 1 LEADER]: Becoming Leader. State: Replica: 5f0363b0b0f34cf985b09171430c16e5, State: Running, Role: LEADER
I20260709 14:47:46.782373  1731 ts_tablet_manager.cc:1403] T 5a63474d3f884bc28f17abf2087cc0b7 P 0a1d5db3f6994734980796df83fa63a3: Time spent bootstrapping tablet: real 0.198s	user 0.009s	sys 0.008s
