I20260709 14:47:30.118733  1053 raft_consensus.cc:3060] T aac7ef38f85a4831ab780950ada3407d P e523c127c18646de975ee9fd403eae3c [term 2 FOLLOWER]: Advancing to term 3
I20260709 14:47:30.122614  1053 raft_consensus.cc:515] T aac7ef38f85a4831ab780950ada3407d P e523c127c18646de975ee9fd403eae3c [term 3 FOLLOWER]: Starting forced leader election with config: opid_index: -1 OBSOLETE_local: false peers { permanent_uuid: "e523c127c18646de975ee9fd403eae3c" member_type: VOTER last_known_addr { host: "127.0.107.193" port: 38957 } } peers { permanent_uuid: "0edde27ff3e54b21b13127016e51f06b" member_type: VOTER last_known_addr { host: "127.0.107.194" port: 40199 } } peers { permanent_uuid: "02a65b489b4c4e12aa05e39612d26dfc" member_type: VOTER last_known_addr { host: "127.0.107.195" port: 36175 } }
I20260709 14:47:30.123945  1053 leader_election.cc:290] T aac7ef38f85a4831ab780950ada3407d P e523c127c18646de975ee9fd403eae3c [CANDIDATE]: Term 3 election: Requested vote from peers 0edde27ff3e54b21b13127016e51f06b (127.0.107.194:40199), 02a65b489b4c4e12aa05e39612d26dfc (127.0.107.195:36175)
I20260709 14:47:30.124871  1203 tablet_service.cc:1917] Received RequestConsensusVote() RPC: tablet_id: "aac7ef38f85a4831ab780950ada3407d" candidate_uuid: "e523c127c18646de975ee9fd403eae3c" candidate_term: 3 candidate_status { last_received { term: 2 index: 2 } } ignore_live_leader: true dest_uuid: "02a65b489b4c4e12aa05e39612d26dfc"
I20260709 14:47:30.125289  1203 raft_consensus.cc:3060] T aac7ef38f85a4831ab780950ada3407d P 02a65b489b4c4e12aa05e39612d26dfc [term 2 FOLLOWER]: Advancing to term 3
I20260709 14:47:30.125459  1129 tablet_service.cc:1917] Received RequestConsensusVote() RPC: tablet_id: "aac7ef38f85a4831ab780950ada3407d" candidate_uuid: "e523c127c18646de975ee9fd403eae3c" candidate_term: 3 candidate_status { last_received { term: 2 index: 2 } } ignore_live_leader: true dest_uuid: "0edde27ff3e54b21b13127016e51f06b"
I20260709 14:47:30.126025  1129 raft_consensus.cc:3055] T aac7ef38f85a4831ab780950ada3407d P 0edde27ff3e54b21b13127016e51f06b [term 2 LEADER]: Stepping down as leader of term 2
I20260709 14:47:30.126410  1129 raft_consensus.cc:740] T aac7ef38f85a4831ab780950ada3407d P 0edde27ff3e54b21b13127016e51f06b [term 2 LEADER]: Becoming Follower/Learner. State: Replica: 0edde27ff3e54b21b13127016e51f06b, State: Running, Role: LEADER
I20260709 14:47:30.127110  1129 consensus_queue.cc:260] T aac7ef38f85a4831ab780950ada3407d P 0edde27ff3e54b21b13127016e51f06b [NON_LEADER]: Queue going to NON_LEADER mode. State: All replicated index: 0, Majority replicated index: 2, Committed index: 2, Last appended: 2.2, Last appended by leader: 2, Current term: 2, Majority size: -1, State: 0, Mode: NON_LEADER, active raft config: opid_index: -1 OBSOLETE_local: false peers { permanent_uuid: "e523c127c18646de975ee9fd403eae3c" member_type: VOTER last_known_addr { host: "127.0.107.193" port: 38957 } } peers { permanent_uuid: "0edde27ff3e54b21b13127016e51f06b" member_type: VOTER last_known_addr { host: "127.0.107.194" port: 40199 } } peers { permanent_uuid: "02a65b489b4c4e12aa05e39612d26dfc" member_type: VOTER last_known_addr { host: "127.0.107.195" port: 36175 } }
I20260709 14:47:30.127961  1129 raft_consensus.cc:3060] T aac7ef38f85a4831ab780950ada3407d P 0edde27ff3e54b21b13127016e51f06b [term 2 FOLLOWER]: Advancing to term 3
I20260709 14:47:30.129745  1203 raft_consensus.cc:2468] T aac7ef38f85a4831ab780950ada3407d P 02a65b489b4c4e12aa05e39612d26dfc [term 3 FOLLOWER]: Leader election vote request: Granting yes vote for candidate e523c127c18646de975ee9fd403eae3c in term 3.
I20260709 14:47:30.130716  1020 leader_election.cc:304] T aac7ef38f85a4831ab780950ada3407d P e523c127c18646de975ee9fd403eae3c [CANDIDATE]: Term 3 election: Election decided. Result: candidate won. Election summary: received 2 responses out of 3 voters: 2 yes votes; 0 no votes. yes voters: 02a65b489b4c4e12aa05e39612d26dfc, e523c127c18646de975ee9fd403eae3c; no voters: 
I20260709 14:47:30.131467  1339 raft_consensus.cc:2804] T aac7ef38f85a4831ab780950ada3407d P e523c127c18646de975ee9fd403eae3c [term 3 FOLLOWER]: Leader election won for term 3
I20260709 14:47:30.131873  1339 raft_consensus.cc:697] T aac7ef38f85a4831ab780950ada3407d P e523c127c18646de975ee9fd403eae3c [term 3 LEADER]: Becoming Leader. State: Replica: e523c127c18646de975ee9fd403eae3c, State: Running, Role: LEADER
I20260709 14:47:30.132526  1339 consensus_queue.cc:237] T aac7ef38f85a4831ab780950ada3407d P e523c127c18646de975ee9fd403eae3c [LEADER]: Queue going to LEADER mode. State: All replicated index: 0, Majority replicated index: 2, Committed index: 2, Last appended: 2.2, Last appended by leader: 2, Current term: 3, Majority size: 2, State: 0, Mode: LEADER, active raft config: opid_index: -1 OBSOLETE_local: false peers { permanent_uuid: "e523c127c18646de975ee9fd403eae3c" member_type: VOTER last_known_addr { host: "127.0.107.193" port: 38957 } } peers { permanent_uuid: "0edde27ff3e54b21b13127016e51f06b" member_type: VOTER last_known_addr { host: "127.0.107.194" port: 40199 } } peers { permanent_uuid: "02a65b489b4c4e12aa05e39612d26dfc" member_type: VOTER last_known_addr { host: "127.0.107.195" port: 36175 } }
I20260709 14:47:30.133363  1129 raft_consensus.cc:2468] T aac7ef38f85a4831ab780950ada3407d P 0edde27ff3e54b21b13127016e51f06b [term 3 FOLLOWER]: Leader election vote request: Granting yes vote for candidate e523c127c18646de975ee9fd403eae3c in term 3.
I20260709 14:47:30.138396   950 catalog_manager.cc:5697] T aac7ef38f85a4831ab780950ada3407d P e523c127c18646de975ee9fd403eae3c reported cstate change: term changed from 2 to 3, leader changed from 0edde27ff3e54b21b13127016e51f06b (127.0.107.194) to e523c127c18646de975ee9fd403eae3c (127.0.107.193). New cstate: current_term: 3 leader_uuid: "e523c127c18646de975ee9fd403eae3c" committed_config { opid_index: -1 OBSOLETE_local: false peers { permanent_uuid: "e523c127c18646de975ee9fd403eae3c" member_type: VOTER last_known_addr { host: "127.0.107.193" port: 38957 } health_report { overall_health: HEALTHY } } peers { permanent_uuid: "0edde27ff3e54b21b13127016e51f06b" member_type: VOTER last_known_addr { host: "127.0.107.194" port: 40199 } health_report { overall_health: UNKNOWN } } peers { permanent_uuid: "02a65b489b4c4e12aa05e39612d26dfc" member_type: VOTER last_known_addr { host: "127.0.107.195" port: 36175 } health_report { overall_health: UNKNOWN } } }
I20260709 14:47:30.162494  1362 raft_consensus.cc:993] T 419aa5dc348e43f49126c523903329cd P 0edde27ff3e54b21b13127016e51f06b: : Instructing follower e523c127c18646de975ee9fd403eae3c to start an election
I20260709 14:47:30.162920  1361 raft_consensus.cc:1081] T 419aa5dc348e43f49126c523903329cd P 0edde27ff3e54b21b13127016e51f06b [term 1 LEADER]: Signalling peer e523c127c18646de975ee9fd403eae3c to start an election
I20260709 14:47:30.164178  1053 tablet_service.cc:2044] Received Run Leader Election RPC: tablet_id: "419aa5dc348e43f49126c523903329cd"
dest_uuid: "e523c127c18646de975ee9fd403eae3c"
 from {username='slave'} at 127.0.0.1:40654
I20260709 14:47:30.164566  1053 raft_consensus.cc:493] T 419aa5dc348e43f49126c523903329cd P e523c127c18646de975ee9fd403eae3c [term 1 FOLLOWER]: Starting forced leader election (received explicit request)
I20260709 14:47:30.164788  1053 raft_consensus.cc:3060] T 419aa5dc348e43f49126c523903329cd P e523c127c18646de975ee9fd403eae3c [term 1 FOLLOWER]: Advancing to term 2
I20260709 14:47:30.168675  1053 raft_consensus.cc:515] T 419aa5dc348e43f49126c523903329cd P e523c127c18646de975ee9fd403eae3c [term 2 FOLLOWER]: Starting forced leader election with config: opid_index: -1 OBSOLETE_local: false peers { permanent_uuid: "e523c127c18646de975ee9fd403eae3c" member_type: VOTER last_known_addr { host: "127.0.107.193" port: 38957 } } peers { permanent_uuid: "0edde27ff3e54b21b13127016e51f06b" member_type: VOTER last_known_addr { host: "127.0.107.194" port: 40199 } } peers { permanent_uuid: "02a65b489b4c4e12aa05e39612d26dfc" member_type: VOTER last_known_addr { host: "127.0.107.195" port: 36175 } }
I20260709 14:47:30.170075  1053 leader_election.cc:290] T 419aa5dc348e43f49126c523903329cd P e523c127c18646de975ee9fd403eae3c [CANDIDATE]: Term 2 election: Requested vote from peers 0edde27ff3e54b21b13127016e51f06b (127.0.107.194:40199), 02a65b489b4c4e12aa05e39612d26dfc (127.0.107.195:36175)
I20260709 14:47:30.170974  1129 tablet_service.cc:1917] Received RequestConsensusVote() RPC: tablet_id: "419aa5dc348e43f49126c523903329cd" candidate_uuid: "e523c127c18646de975ee9fd403eae3c" candidate_term: 2 candidate_status { last_received { term: 1 index: 1 } } ignore_live_leader: true dest_uuid: "0edde27ff3e54b21b13127016e51f06b"
I20260709 14:47:30.171070  1203 tablet_service.cc:1917] Received RequestConsensusVote() RPC: tablet_id: "419aa5dc348e43f49126c523903329cd" candidate_uuid: "e523c127c18646de975ee9fd403eae3c" candidate_term: 2 candidate_status { last_received { term: 1 index: 1 } } ignore_live_leader: true dest_uuid: "02a65b489b4c4e12aa05e39612d26dfc"
I20260709 14:47:30.171504  1129 raft_consensus.cc:3055] T 419aa5dc348e43f49126c523903329cd P 0edde27ff3e54b21b13127016e51f06b [term 1 LEADER]: Stepping down as leader of term 1
I20260709 14:47:30.171505  1203 raft_consensus.cc:3060] T 419aa5dc348e43f49126c523903329cd P 02a65b489b4c4e12aa05e39612d26dfc [term 1 FOLLOWER]: Advancing to term 2
I20260709 14:47:30.171877  1129 raft_consensus.cc:740] T 419aa5dc348e43f49126c523903329cd P 0edde27ff3e54b21b13127016e51f06b [term 1 LEADER]: Becoming Follower/Learner. State: Replica: 0edde27ff3e54b21b13127016e51f06b, State: Running, Role: LEADER
I20260709 14:47:30.172514  1129 consensus_queue.cc:260] T 419aa5dc348e43f49126c523903329cd P 0edde27ff3e54b21b13127016e51f06b [NON_LEADER]: Queue going to NON_LEADER mode. State: All replicated index: 0, Majority replicated index: 1, Committed index: 1, Last appended: 1.1, Last appended by leader: 1, Current term: 1, Majority size: -1, State: 0, Mode: NON_LEADER, active raft config: opid_index: -1 OBSOLETE_local: false peers { permanent_uuid: "e523c127c18646de975ee9fd403eae3c" member_type: VOTER last_known_addr { host: "127.0.107.193" port: 38957 } } peers { permanent_uuid: "0edde27ff3e54b21b13127016e51f06b" member_type: VOTER last_known_addr { host: "127.0.107.194" port: 40199 } } peers { permanent_uuid: "02a65b489b4c4e12aa05e39612d26dfc" member_type: VOTER last_known_addr { host: "127.0.107.195" port: 36175 } }
I20260709 14:47:30.173996  1129 raft_consensus.cc:3060] T 419aa5dc348e43f49126c523903329cd P 0edde27ff3e54b21b13127016e51f06b [term 1 FOLLOWER]: Advancing to term 2
I20260709 14:47:30.176007  1203 raft_consensus.cc:2468] T 419aa5dc348e43f49126c523903329cd P 02a65b489b4c4e12aa05e39612d26dfc [term 2 FOLLOWER]: Leader election vote request: Granting yes vote for candidate e523c127c18646de975ee9fd403eae3c in term 2.
I20260709 14:47:30.176887  1020 leader_election.cc:304] T 419aa5dc348e43f49126c523903329cd P e523c127c18646de975ee9fd403eae3c [CANDIDATE]: Term 2 election: Election decided. Result: candidate won. Election summary: received 2 responses out of 3 voters: 2 yes votes; 0 no votes. yes voters: 02a65b489b4c4e12aa05e39612d26dfc, e523c127c18646de975ee9fd403eae3c; no voters: 
I20260709 14:47:30.177528  1339 raft_consensus.cc:2804] T 419aa5dc348e43f49126c523903329cd P e523c127c18646de975ee9fd403eae3c [term 2 FOLLOWER]: Leader election won for term 2
I20260709 14:47:30.178004  1339 raft_consensus.cc:697] T 419aa5dc348e43f49126c523903329cd P e523c127c18646de975ee9fd403eae3c [term 2 LEADER]: Becoming Leader. State: Replica: e523c127c18646de975ee9fd403eae3c, State: Running, Role: LEADER
I20260709 14:47:30.178792  1339 consensus_queue.cc:237] T 419aa5dc348e43f49126c523903329cd P e523c127c18646de975ee9fd403eae3c [LEADER]: Queue going to LEADER mode. State: All replicated index: 0, Majority replicated index: 1, Committed index: 1, Last appended: 1.1, Last appended by leader: 1, Current term: 2, Majority size: 2, State: 0, Mode: LEADER, active raft config: opid_index: -1 OBSOLETE_local: false peers { permanent_uuid: "e523c127c18646de975ee9fd403eae3c" member_type: VOTER last_known_addr { host: "127.0.107.193" port: 38957 } } peers { permanent_uuid: "0edde27ff3e54b21b13127016e51f06b" member_type: VOTER last_known_addr { host: "127.0.107.194" port: 40199 } } peers { permanent_uuid: "02a65b489b4c4e12aa05e39612d26dfc" member_type: VOTER last_known_addr { host: "127.0.107.195" port: 36175 } }
I20260709 14:47:30.179749  1129 raft_consensus.cc:2468] T 419aa5dc348e43f49126c523903329cd P 0edde27ff3e54b21b13127016e51f06b [term 2 FOLLOWER]: Leader election vote request: Granting yes vote for candidate e523c127c18646de975ee9fd403eae3c in term 2.
I20260709 14:47:30.185333   950 catalog_manager.cc:5697] T 419aa5dc348e43f49126c523903329cd P e523c127c18646de975ee9fd403eae3c reported cstate change: term changed from 1 to 2, leader changed from 0edde27ff3e54b21b13127016e51f06b (127.0.107.194) to e523c127c18646de975ee9fd403eae3c (127.0.107.193). New cstate: current_term: 2 leader_uuid: "e523c127c18646de975ee9fd403eae3c" committed_config { opid_index: -1 OBSOLETE_local: false peers { permanent_uuid: "e523c127c18646de975ee9fd403eae3c" member_type: VOTER last_known_addr { host: "127.0.107.193" port: 38957 } health_report { overall_health: HEALTHY } } peers { permanent_uuid: "0edde27ff3e54b21b13127016e51f06b" member_type: VOTER last_known_addr { host: "127.0.107.194" port: 40199 } health_report { overall_health: UNKNOWN } } peers { permanent_uuid: "02a65b489b4c4e12aa05e39612d26dfc" member_type: VOTER last_known_addr { host: "127.0.107.195" port: 36175 } health_report { overall_health: UNKNOWN } } }
I20260709 14:47:30.227662  1362 raft_consensus.cc:993] T df6942c09bb34a8ebcc68cd08333de89 P 0edde27ff3e54b21b13127016e51f06b: : Instructing follower e523c127c18646de975ee9fd403eae3c to start an election
I20260709 14:47:30.228144  1361 raft_consensus.cc:1081] T df6942c09bb34a8ebcc68cd08333de89 P 0edde27ff3e54b21b13127016e51f06b [term 2 LEADER]: Signalling peer e523c127c18646de975ee9fd403eae3c to start an election
I20260709 14:47:30.229466  1053 tablet_service.cc:2044] Received Run Leader Election RPC: tablet_id: "df6942c09bb34a8ebcc68cd08333de89"
dest_uuid: "e523c127c18646de975ee9fd403eae3c"
 from {username='slave'} at 127.0.0.1:40654
I20260709 14:47:30.229872  1053 raft_consensus.cc:493] T df6942c09bb34a8ebcc68cd08333de89 P e523c127c18646de975ee9fd403eae3c [term 2 FOLLOWER]: Starting forced leader election (received explicit request)
I20260709 14:47:30.230106  1053 raft_consensus.cc:3060] T df6942c09bb34a8ebcc68cd08333de89 P e523c127c18646de975ee9fd403eae3c [term 2 FOLLOWER]: Advancing to term 3
I20260709 14:47:30.233918  1053 raft_consensus.cc:515] T df6942c09bb34a8ebcc68cd08333de89 P e523c127c18646de975ee9fd403eae3c [term 3 FOLLOWER]: Starting forced leader election with config: opid_index: -1 OBSOLETE_local: false peers { permanent_uuid: "e523c127c18646de975ee9fd403eae3c" member_type: VOTER last_known_addr { host: "127.0.107.193" port: 38957 } } peers { permanent_uuid: "0edde27ff3e54b21b13127016e51f06b" member_type: VOTER last_known_addr { host: "127.0.107.194" port: 40199 } } peers { permanent_uuid: "02a65b489b4c4e12aa05e39612d26dfc" member_type: VOTER last_known_addr { host: "127.0.107.195" port: 36175 } }
I20260709 14:47:30.235293  1053 leader_election.cc:290] T df6942c09bb34a8ebcc68cd08333de89 P e523c127c18646de975ee9fd403eae3c [CANDIDATE]: Term 3 election: Requested vote from peers 0edde27ff3e54b21b13127016e51f06b (127.0.107.194:40199), 02a65b489b4c4e12aa05e39612d26dfc (127.0.107.195:36175)
I20260709 14:47:30.236263  1129 tablet_service.cc:1917] Received RequestConsensusVote() RPC: tablet_id: "df6942c09bb34a8ebcc68cd08333de89" candidate_uuid: "e523c127c18646de975ee9fd403eae3c" candidate_term: 3 candidate_status { last_received { term: 2 index: 2 } } ignore_live_leader: true dest_uuid: "0edde27ff3e54b21b13127016e51f06b"
I20260709 14:47:30.236651  1203 tablet_service.cc:1917] Received RequestConsensusVote() RPC: tablet_id: "df6942c09bb34a8ebcc68cd08333de89" candidate_uuid: "e523c127c18646de975ee9fd403eae3c" candidate_term: 3 candidate_status { last_received { term: 2 index: 2 } } ignore_live_leader: true dest_uuid: "02a65b489b4c4e12aa05e39612d26dfc"
I20260709 14:47:30.236755  1129 raft_consensus.cc:3055] T df6942c09bb34a8ebcc68cd08333de89 P 0edde27ff3e54b21b13127016e51f06b [term 2 LEADER]: Stepping down as leader of term 2
I20260709 14:47:30.237100  1203 raft_consensus.cc:3060] T df6942c09bb34a8ebcc68cd08333de89 P 02a65b489b4c4e12aa05e39612d26dfc [term 2 FOLLOWER]: Advancing to term 3
I20260709 14:47:30.237126  1129 raft_consensus.cc:740] T df6942c09bb34a8ebcc68cd08333de89 P 0edde27ff3e54b21b13127016e51f06b [term 2 LEADER]: Becoming Follower/Learner. State: Replica: 0edde27ff3e54b21b13127016e51f06b, State: Running, Role: LEADER
I20260709 14:47:30.237831  1129 consensus_queue.cc:260] T df6942c09bb34a8ebcc68cd08333de89 P 0edde27ff3e54b21b13127016e51f06b [NON_LEADER]: Queue going to NON_LEADER mode. State: All replicated index: 0, Majority replicated index: 2, Committed index: 2, Last appended: 2.2, Last appended by leader: 2, Current term: 2, Majority size: -1, State: 0, Mode: NON_LEADER, active raft config: opid_index: -1 OBSOLETE_local: false peers { permanent_uuid: "e523c127c18646de975ee9fd403eae3c" member_type: VOTER last_known_addr { host: "127.0.107.193" port: 38957 } } peers { permanent_uuid: "0edde27ff3e54b21b13127016e51f06b" member_type: VOTER last_known_addr { host: "127.0.107.194" port: 40199 } } peers { permanent_uuid: "02a65b489b4c4e12aa05e39612d26dfc" member_type: VOTER last_known_addr { host: "127.0.107.195" port: 36175 } }
I20260709 14:47:30.238735  1129 raft_consensus.cc:3060] T df6942c09bb34a8ebcc68cd08333de89 P 0edde27ff3e54b21b13127016e51f06b [term 2 FOLLOWER]: Advancing to term 3
I20260709 14:47:30.241202  1203 raft_consensus.cc:2468] T df6942c09bb34a8ebcc68cd08333de89 P 02a65b489b4c4e12aa05e39612d26dfc [term 3 FOLLOWER]: Leader election vote request: Granting yes vote for candidate e523c127c18646de975ee9fd403eae3c in term 3.
I20260709 14:47:30.242033  1020 leader_election.cc:304] T df6942c09bb34a8ebcc68cd08333de89 P e523c127c18646de975ee9fd403eae3c [CANDIDATE]: Term 3 election: Election decided. Result: candidate won. Election summary: received 2 responses out of 3 voters: 2 yes votes; 0 no votes. yes voters: 02a65b489b4c4e12aa05e39612d26dfc, e523c127c18646de975ee9fd403eae3c; no voters: 
I20260709 14:47:30.242650  1339 raft_consensus.cc:2804] T df6942c09bb34a8ebcc68cd08333de89 P e523c127c18646de975ee9fd403eae3c [term 3 FOLLOWER]: Leader election won for term 3
I20260709 14:47:30.243018  1339 raft_consensus.cc:697] T df6942c09bb34a8ebcc68cd08333de89 P e523c127c18646de975ee9fd403eae3c [term 3 LEADER]: Becoming Leader. State: Replica: e523c127c18646de975ee9fd403eae3c, State: Running, Role: LEADER
I20260709 14:47:30.243398  1129 raft_consensus.cc:2468] T df6942c09bb34a8ebcc68cd08333de89 P 0edde27ff3e54b21b13127016e51f06b [term 3 FOLLOWER]: Leader election vote request: Granting yes vote for candidate e523c127c18646de975ee9fd403eae3c in term 3.
I20260709 14:47:30.243691  1339 consensus_queue.cc:237] T df6942c09bb34a8ebcc68cd08333de89 P e523c127c18646de975ee9fd403eae3c [LEADER]: Queue going to LEADER mode. State: All replicated index: 0, Majority replicated index: 2, Committed index: 2, Last appended: 2.2, Last appended by leader: 2, Current term: 3, Majority size: 2, State: 0, Mode: LEADER, active raft config: opid_index: -1 OBSOLETE_local: false peers { permanent_uuid: "e523c127c18646de975ee9fd403eae3c" member_type: VOTER last_known_addr { host: "127.0.107.193" port: 38957 } } peers { permanent_uuid: "0edde27ff3e54b21b13127016e51f06b" member_type: VOTER last_known_addr { host: "127.0.107.194" port: 40199 } } peers { permanent_uuid: "02a65b489b4c4e12aa05e39612d26dfc" member_type: VOTER last_known_addr { host: "127.0.107.195" port: 36175 } }
I20260709 14:47:30.250713   950 catalog_manager.cc:5697] T df6942c09bb34a8ebcc68cd08333de89 P e523c127c18646de975ee9fd403eae3c reported cstate change: term changed from 2 to 3, leader changed from 0edde27ff3e54b21b13127016e51f06b (127.0.107.194) to e523c127c18646de975ee9fd403eae3c (127.0.107.193). New cstate: current_term: 3 leader_uuid: "e523c127c18646de975ee9fd403eae3c" committed_config { opid_index: -1 OBSOLETE_local: false peers { permanent_uuid: "e523c127c18646de975ee9fd403eae3c" member_type: VOTER last_known_addr { host: "127.0.107.193" port: 38957 } health_report { overall_health: HEALTHY } } peers { permanent_uuid: "0edde27ff3e54b21b13127016e51f06b" member_type: VOTER last_known_addr { host: "127.0.107.194" port: 40199 } health_report { overall_health: UNKNOWN } } peers { permanent_uuid: "02a65b489b4c4e12aa05e39612d26dfc" member_type: VOTER last_known_addr { host: "127.0.107.195" port: 36175 } health_report { overall_health: UNKNOWN } } }
I20260709 14:47:30.489697  1342 raft_consensus.cc:993] T f3583c844b6a45ae9cb317f33d1eb82a P 02a65b489b4c4e12aa05e39612d26dfc: : Instructing follower e523c127c18646de975ee9fd403eae3c to start an election
I20260709 14:47:30.490116  1342 raft_consensus.cc:1081] T f3583c844b6a45ae9cb317f33d1eb82a P 02a65b489b4c4e12aa05e39612d26dfc [term 3 LEADER]: Signalling peer e523c127c18646de975ee9fd403eae3c to start an election
I20260709 14:47:30.491485  1053 tablet_service.cc:2044] Received Run Leader Election RPC: tablet_id: "f3583c844b6a45ae9cb317f33d1eb82a"
dest_uuid: "e523c127c18646de975ee9fd403eae3c"
 from {username='slave'} at 127.0.0.1:40642
I20260709 14:47:30.491919  1053 raft_consensus.cc:493] T f3583c844b6a45ae9cb317f33d1eb82a P e523c127c18646de975ee9fd403eae3c [term 3 FOLLOWER]: Starting forced leader election (received explicit request)
I20260709 14:47:30.492163  1053 raft_consensus.cc:3060] T f3583c844b6a45ae9cb317f33d1eb82a P e523c127c18646de975ee9fd403eae3c [term 3 FOLLOWER]: Advancing to term 4
I20260709 14:47:30.496093  1053 raft_consensus.cc:515] T f3583c844b6a45ae9cb317f33d1eb82a P e523c127c18646de975ee9fd403eae3c [term 4 FOLLOWER]: Starting forced leader election with config: opid_index: -1 OBSOLETE_local: false peers { permanent_uuid: "e523c127c18646de975ee9fd403eae3c" member_type: VOTER last_known_addr { host: "127.0.107.193" port: 38957 } } peers { permanent_uuid: "0edde27ff3e54b21b13127016e51f06b" member_type: VOTER last_known_addr { host: "127.0.107.194" port: 40199 } } peers { permanent_uuid: "02a65b489b4c4e12aa05e39612d26dfc" member_type: VOTER last_known_addr { host: "127.0.107.195" port: 36175 } }
I20260709 14:47:30.497586  1053 leader_election.cc:290] T f3583c844b6a45ae9cb317f33d1eb82a P e523c127c18646de975ee9fd403eae3c [CANDIDATE]: Term 4 election: Requested vote from peers 0edde27ff3e54b21b13127016e51f06b (127.0.107.194:40199), 02a65b489b4c4e12aa05e39612d26dfc (127.0.107.195:36175)
I20260709 14:47:30.498502  1129 tablet_service.cc:1917] Received RequestConsensusVote() RPC: tablet_id: "f3583c844b6a45ae9cb317f33d1eb82a" candidate_uuid: "e523c127c18646de975ee9fd403eae3c" candidate_term: 4 candidate_status { last_received { term: 3 index: 3 } } ignore_live_leader: true dest_uuid: "0edde27ff3e54b21b13127016e51f06b"
I20260709 14:47:30.498628  1203 tablet_service.cc:1917] Received RequestConsensusVote() RPC: tablet_id: "f3583c844b6a45ae9cb317f33d1eb82a" candidate_uuid: "e523c127c18646de975ee9fd403eae3c" candidate_term: 4 candidate_status { last_received { term: 3 index: 3 } } ignore_live_leader: true dest_uuid: "02a65b489b4c4e12aa05e39612d26dfc"
I20260709 14:47:30.498983  1129 raft_consensus.cc:3060] T f3583c844b6a45ae9cb317f33d1eb82a P 0edde27ff3e54b21b13127016e51f06b [term 3 FOLLOWER]: Advancing to term 4
I20260709 14:47:30.499023  1203 raft_consensus.cc:3055] T f3583c844b6a45ae9cb317f33d1eb82a P 02a65b489b4c4e12aa05e39612d26dfc [term 3 LEADER]: Stepping down as leader of term 3
I20260709 14:47:30.499344  1203 raft_consensus.cc:740] T f3583c844b6a45ae9cb317f33d1eb82a P 02a65b489b4c4e12aa05e39612d26dfc [term 3 LEADER]: Becoming Follower/Learner. State: Replica: 02a65b489b4c4e12aa05e39612d26dfc, State: Running, Role: LEADER
I20260709 14:47:30.499912  1203 consensus_queue.cc:260] T f3583c844b6a45ae9cb317f33d1eb82a P 02a65b489b4c4e12aa05e39612d26dfc [NON_LEADER]: Queue going to NON_LEADER mode. State: All replicated index: 0, Majority replicated index: 3, Committed index: 3, Last appended: 3.3, Last appended by leader: 3, Current term: 3, Majority size: -1, State: 0, Mode: NON_LEADER, active raft config: opid_index: -1 OBSOLETE_local: false peers { permanent_uuid: "e523c127c18646de975ee9fd403eae3c" member_type: VOTER last_known_addr { host: "127.0.107.193" port: 38957 } } peers { permanent_uuid: "0edde27ff3e54b21b13127016e51f06b" member_type: VOTER last_known_addr { host: "127.0.107.194" port: 40199 } } peers { permanent_uuid: "02a65b489b4c4e12aa05e39612d26dfc" member_type: VOTER last_known_addr { host: "127.0.107.195" port: 36175 } }
I20260709 14:47:30.500675  1203 raft_consensus.cc:3060] T f3583c844b6a45ae9cb317f33d1eb82a P 02a65b489b4c4e12aa05e39612d26dfc [term 3 FOLLOWER]: Advancing to term 4
I20260709 14:47:30.503103  1129 raft_consensus.cc:2468] T f3583c844b6a45ae9cb317f33d1eb82a P 0edde27ff3e54b21b13127016e51f06b [term 4 FOLLOWER]: Leader election vote request: Granting yes vote for candidate e523c127c18646de975ee9fd403eae3c in term 4.
I20260709 14:47:30.504047  1021 leader_election.cc:304] T f3583c844b6a45ae9cb317f33d1eb82a P e523c127c18646de975ee9fd403eae3c [CANDIDATE]: Term 4 election: Election decided. Result: candidate won. Election summary: received 2 responses out of 3 voters: 2 yes votes; 0 no votes. yes voters: 0edde27ff3e54b21b13127016e51f06b, e523c127c18646de975ee9fd403eae3c; no voters: 
I20260709 14:47:30.504680  1203 raft_consensus.cc:2468] T f3583c844b6a45ae9cb317f33d1eb82a P 02a65b489b4c4e12aa05e39612d26dfc [term 4 FOLLOWER]: Leader election vote request: Granting yes vote for candidate e523c127c18646de975ee9fd403eae3c in term 4.
I20260709 14:47:30.504765  1339 raft_consensus.cc:2804] T f3583c844b6a45ae9cb317f33d1eb82a P e523c127c18646de975ee9fd403eae3c [term 4 FOLLOWER]: Leader election won for term 4
I20260709 14:47:30.505326  1339 raft_consensus.cc:697] T f3583c844b6a45ae9cb317f33d1eb82a P e523c127c18646de975ee9fd403eae3c [term 4 LEADER]: Becoming Leader. State: Replica: e523c127c18646de975ee9fd403eae3c, State: Running, Role: LEADER
I20260709 14:47:30.506084  1339 consensus_queue.cc:237] T f3583c844b6a45ae9cb317f33d1eb82a P e523c127c18646de975ee9fd403eae3c [LEADER]: Queue going to LEADER mode. State: All replicated index: 0, Majority replicated index: 3, Committed index: 3, Last appended: 3.3, Last appended by leader: 3, Current term: 4, Majority size: 2, State: 0, Mode: LEADER, active raft config: opid_index: -1 OBSOLETE_local: false peers { permanent_uuid: "e523c127c18646de975ee9fd403eae3c" member_type: VOTER last_known_addr { host: "127.0.107.193" port: 38957 } } peers { permanent_uuid: "0edde27ff3e54b21b13127016e51f06b" member_type: VOTER last_known_addr { host: "127.0.107.194" port: 40199 } } peers { permanent_uuid: "02a65b489b4c4e12aa05e39612d26dfc" member_type: VOTER last_known_addr { host: "127.0.107.195" port: 36175 } }
I20260709 14:47:30.511418   950 catalog_manager.cc:5697] T f3583c844b6a45ae9cb317f33d1eb82a P e523c127c18646de975ee9fd403eae3c reported cstate change: term changed from 3 to 4, leader changed from 02a65b489b4c4e12aa05e39612d26dfc (127.0.107.195) to e523c127c18646de975ee9fd403eae3c (127.0.107.193). New cstate: current_term: 4 leader_uuid: "e523c127c18646de975ee9fd403eae3c" committed_config { opid_index: -1 OBSOLETE_local: false peers { permanent_uuid: "e523c127c18646de975ee9fd403eae3c" member_type: VOTER last_known_addr { host: "127.0.107.193" port: 38957 } health_report { overall_health: HEALTHY } } peers { permanent_uuid: "0edde27ff3e54b21b13127016e51f06b" member_type: VOTER last_known_addr { host: "127.0.107.194" port: 40199 } health_report { overall_health: UNKNOWN } } peers { permanent_uuid: "02a65b489b4c4e12aa05e39612d26dfc" member_type: VOTER last_known_addr { host: "127.0.107.195" port: 36175 } health_report { overall_health: UNKNOWN } } }
I20260709 14:47:30.544502  1203 raft_consensus.cc:1275] T aac7ef38f85a4831ab780950ada3407d P 02a65b489b4c4e12aa05e39612d26dfc [term 3 FOLLOWER]: Refusing update from remote peer e523c127c18646de975ee9fd403eae3c: Log matching property violated. Preceding OpId in replica: term: 2 index: 2. Preceding OpId from leader: term: 3 index: 3. (index mismatch)
I20260709 14:47:30.545547  1339 consensus_queue.cc:1048] T aac7ef38f85a4831ab780950ada3407d P e523c127c18646de975ee9fd403eae3c [LEADER]: Connected to new peer: Peer: permanent_uuid: "02a65b489b4c4e12aa05e39612d26dfc" member_type: VOTER last_known_addr { host: "127.0.107.195" port: 36175 }, Status: LMP_MISMATCH, Last received: 0.0, Next index: 3, Last known committed idx: 2, Time since last communication: 0.000s
I20260709 14:47:30.555891  1129 raft_consensus.cc:1275] T aac7ef38f85a4831ab780950ada3407d P 0edde27ff3e54b21b13127016e51f06b [term 3 FOLLOWER]: Refusing update from remote peer e523c127c18646de975ee9fd403eae3c: Log matching property violated. Preceding OpId in replica: term: 2 index: 2. Preceding OpId from leader: term: 3 index: 3. (index mismatch)
I20260709 14:47:30.557271  1368 consensus_queue.cc:1048] T aac7ef38f85a4831ab780950ada3407d P e523c127c18646de975ee9fd403eae3c [LEADER]: Connected to new peer: Peer: permanent_uuid: "0edde27ff3e54b21b13127016e51f06b" member_type: VOTER last_known_addr { host: "127.0.107.194" port: 40199 }, Status: LMP_MISMATCH, Last received: 0.0, Next index: 3, Last known committed idx: 2, Time since last communication: 0.000s
I20260709 14:47:30.574491  1129 raft_consensus.cc:1275] T 3607935a74ca40de943ed0719689dcfd P 0edde27ff3e54b21b13127016e51f06b [term 3 FOLLOWER]: Refusing update from remote peer e523c127c18646de975ee9fd403eae3c: Log matching property violated. Preceding OpId in replica: term: 2 index: 2. Preceding OpId from leader: term: 3 index: 3. (index mismatch)
I20260709 14:47:30.575587  1368 consensus_queue.cc:1048] T 3607935a74ca40de943ed0719689dcfd P e523c127c18646de975ee9fd403eae3c [LEADER]: Connected to new peer: Peer: permanent_uuid: "0edde27ff3e54b21b13127016e51f06b" member_type: VOTER last_known_addr { host: "127.0.107.194" port: 40199 }, Status: LMP_MISMATCH, Last received: 0.0, Next index: 3, Last known committed idx: 2, Time since last communication: 0.000s
I20260709 14:47:30.581915  1203 raft_consensus.cc:1275] T 3607935a74ca40de943ed0719689dcfd P 02a65b489b4c4e12aa05e39612d26dfc [term 3 FOLLOWER]: Refusing update from remote peer e523c127c18646de975ee9fd403eae3c: Log matching property violated. Preceding OpId in replica: term: 2 index: 2. Preceding OpId from leader: term: 3 index: 3. (index mismatch)
I20260709 14:47:30.583271  1339 consensus_queue.cc:1048] T 3607935a74ca40de943ed0719689dcfd P e523c127c18646de975ee9fd403eae3c [LEADER]: Connected to new peer: Peer: permanent_uuid: "02a65b489b4c4e12aa05e39612d26dfc" member_type: VOTER last_known_addr { host: "127.0.107.195" port: 36175 }, Status: LMP_MISMATCH, Last received: 0.0, Next index: 3, Last known committed idx: 2, Time since last communication: 0.000s
I20260709 14:47:30.628226  1129 raft_consensus.cc:1275] T df6942c09bb34a8ebcc68cd08333de89 P 0edde27ff3e54b21b13127016e51f06b [term 3 FOLLOWER]: Refusing update from remote peer e523c127c18646de975ee9fd403eae3c: Log matching property violated. Preceding OpId in replica: term: 2 index: 2. Preceding OpId from leader: term: 3 index: 3. (index mismatch)
I20260709 14:47:30.629431  1339 consensus_queue.cc:1048] T df6942c09bb34a8ebcc68cd08333de89 P e523c127c18646de975ee9fd403eae3c [LEADER]: Connected to new peer: Peer: permanent_uuid: "0edde27ff3e54b21b13127016e51f06b" member_type: VOTER last_known_addr { host: "127.0.107.194" port: 40199 }, Status: LMP_MISMATCH, Last received: 0.0, Next index: 3, Last known committed idx: 2, Time since last communication: 0.000s
I20260709 14:47:30.636808  1203 raft_consensus.cc:1275] T df6942c09bb34a8ebcc68cd08333de89 P 02a65b489b4c4e12aa05e39612d26dfc [term 3 FOLLOWER]: Refusing update from remote peer e523c127c18646de975ee9fd403eae3c: Log matching property violated. Preceding OpId in replica: term: 2 index: 2. Preceding OpId from leader: term: 3 index: 3. (index mismatch)
I20260709 14:47:30.638249  1368 consensus_queue.cc:1048] T df6942c09bb34a8ebcc68cd08333de89 P e523c127c18646de975ee9fd403eae3c [LEADER]: Connected to new peer: Peer: permanent_uuid: "02a65b489b4c4e12aa05e39612d26dfc" member_type: VOTER last_known_addr { host: "127.0.107.195" port: 36175 }, Status: LMP_MISMATCH, Last received: 0.0, Next index: 3, Last known committed idx: 2, Time since last communication: 0.000s
I20260709 14:47:30.773269  1129 raft_consensus.cc:1275] T 419aa5dc348e43f49126c523903329cd P 0edde27ff3e54b21b13127016e51f06b [term 2 FOLLOWER]: Refusing update from remote peer e523c127c18646de975ee9fd403eae3c: Log matching property violated. Preceding OpId in replica: term: 1 index: 1. Preceding OpId from leader: term: 2 index: 2. (index mismatch)
I20260709 14:47:30.774585  1368 consensus_queue.cc:1048] T 419aa5dc348e43f49126c523903329cd P e523c127c18646de975ee9fd403eae3c [LEADER]: Connected to new peer: Peer: permanent_uuid: "0edde27ff3e54b21b13127016e51f06b" member_type: VOTER last_known_addr { host: "127.0.107.194" port: 40199 }, Status: LMP_MISMATCH, Last received: 0.0, Next index: 2, Last known committed idx: 1, Time since last communication: 0.000s
I20260709 14:47:30.782321  1203 raft_consensus.cc:1275] T 419aa5dc348e43f49126c523903329cd P 02a65b489b4c4e12aa05e39612d26dfc [term 2 FOLLOWER]: Refusing update from remote peer e523c127c18646de975ee9fd403eae3c: Log matching property violated. Preceding OpId in replica: term: 1 index: 1. Preceding OpId from leader: term: 2 index: 2. (index mismatch)
I20260709 14:47:30.783607  1360 consensus_queue.cc:1048] T 419aa5dc348e43f49126c523903329cd P e523c127c18646de975ee9fd403eae3c [LEADER]: Connected to new peer: Peer: permanent_uuid: "02a65b489b4c4e12aa05e39612d26dfc" member_type: VOTER last_known_addr { host: "127.0.107.195" port: 36175 }, Status: LMP_MISMATCH, Last received: 0.0, Next index: 2, Last known committed idx: 1, Time since last communication: 0.000s
I20260709 14:47:30.932544  1203 raft_consensus.cc:1275] T f3583c844b6a45ae9cb317f33d1eb82a P 02a65b489b4c4e12aa05e39612d26dfc [term 4 FOLLOWER]: Refusing update from remote peer e523c127c18646de975ee9fd403eae3c: Log matching property violated. Preceding OpId in replica: term: 3 index: 3. Preceding OpId from leader: term: 4 index: 4. (index mismatch)
I20260709 14:47:30.933703  1375 consensus_queue.cc:1048] T f3583c844b6a45ae9cb317f33d1eb82a P e523c127c18646de975ee9fd403eae3c [LEADER]: Connected to new peer: Peer: permanent_uuid: "02a65b489b4c4e12aa05e39612d26dfc" member_type: VOTER last_known_addr { host: "127.0.107.195" port: 36175 }, Status: LMP_MISMATCH, Last received: 0.0, Next index: 4, Last known committed idx: 3, Time since last communication: 0.000s
I20260709 14:47:30.941002  1129 raft_consensus.cc:1275] T f3583c844b6a45ae9cb317f33d1eb82a P 0edde27ff3e54b21b13127016e51f06b [term 4 FOLLOWER]: Refusing update from remote peer e523c127c18646de975ee9fd403eae3c: Log matching property violated. Preceding OpId in replica: term: 3 index: 3. Preceding OpId from leader: term: 4 index: 4. (index mismatch)
I20260709 14:47:30.944000  1368 consensus_queue.cc:1048] T f3583c844b6a45ae9cb317f33d1eb82a P e523c127c18646de975ee9fd403eae3c [LEADER]: Connected to new peer: Peer: permanent_uuid: "0edde27ff3e54b21b13127016e51f06b" member_type: VOTER last_known_addr { host: "127.0.107.194" port: 40199 }, Status: LMP_MISMATCH, Last received: 0.0, Next index: 4, Last known committed idx: 3, Time since last communication: 0.000s
I20260709 14:47:33.107860   431 auto_leader_rebalancer.cc:141] leader rebalance for table test-workload
I20260709 14:47:33.115459  1053 tablet_service.cc:2072] Received LeaderStepDown RPC: tablet_id: "3607935a74ca40de943ed0719689dcfd"
dest_uuid: "e523c127c18646de975ee9fd403eae3c"
mode: GRACEFUL
new_leader_uuid: "0edde27ff3e54b21b13127016e51f06b"
 from {username='slave'} at 127.0.0.1:40682
I20260709 14:47:33.116158  1053 raft_consensus.cc:606] T 3607935a74ca40de943ed0719689dcfd P e523c127c18646de975ee9fd403eae3c [term 3 LEADER]: Received request to transfer leadership to TS 0edde27ff3e54b21b13127016e51f06b
I20260709 14:47:33.118528  1053 tablet_service.cc:2072] Received LeaderStepDown RPC: tablet_id: "419aa5dc348e43f49126c523903329cd"
dest_uuid: "e523c127c18646de975ee9fd403eae3c"
mode: GRACEFUL
new_leader_uuid: "02a65b489b4c4e12aa05e39612d26dfc"
 from {username='slave'} at 127.0.0.1:40682
I20260709 14:47:33.118906  1053 raft_consensus.cc:606] T 419aa5dc348e43f49126c523903329cd P e523c127c18646de975ee9fd403eae3c [term 2 LEADER]: Received request to transfer leadership to TS 02a65b489b4c4e12aa05e39612d26dfc
I20260709 14:47:33.120985  1053 tablet_service.cc:2072] Received LeaderStepDown RPC: tablet_id: "aac7ef38f85a4831ab780950ada3407d"
dest_uuid: "e523c127c18646de975ee9fd403eae3c"
mode: GRACEFUL
new_leader_uuid: "0edde27ff3e54b21b13127016e51f06b"
 from {username='slave'} at 127.0.0.1:40682
I20260709 14:47:33.121492  1053 raft_consensus.cc:606] T aac7ef38f85a4831ab780950ada3407d P e523c127c18646de975ee9fd403eae3c [term 3 LEADER]: Received request to transfer leadership to TS 0edde27ff3e54b21b13127016e51f06b
I20260709 14:47:33.123625  1053 tablet_service.cc:2072] Received LeaderStepDown RPC: tablet_id: "df6942c09bb34a8ebcc68cd08333de89"
dest_uuid: "e523c127c18646de975ee9fd403eae3c"
mode: GRACEFUL
new_leader_uuid: "02a65b489b4c4e12aa05e39612d26dfc"
 from {username='slave'} at 127.0.0.1:40682
I20260709 14:47:33.124002  1053 raft_consensus.cc:606] T df6942c09bb34a8ebcc68cd08333de89 P e523c127c18646de975ee9fd403eae3c [term 3 LEADER]: Received request to transfer leadership to TS 02a65b489b4c4e12aa05e39612d26dfc
I20260709 14:47:33.124917   431 auto_leader_rebalancer.cc:452] table: test-workload, leader rebalance finish, leader transfer count: 4
I20260709 14:47:33.125329   431 auto_leader_rebalancer.cc:527] All tables' leader rebalancing finished this round
I20260709 14:47:33.134841  1378 raft_consensus.cc:993] T 419aa5dc348e43f49126c523903329cd P e523c127c18646de975ee9fd403eae3c: : Instructing follower 02a65b489b4c4e12aa05e39612d26dfc to start an election
I20260709 14:47:33.135337  1379 raft_consensus.cc:1081] T 419aa5dc348e43f49126c523903329cd P e523c127c18646de975ee9fd403eae3c [term 2 LEADER]: Signalling peer 02a65b489b4c4e12aa05e39612d26dfc to start an election
I20260709 14:47:33.136731  1203 tablet_service.cc:2044] Received Run Leader Election RPC: tablet_id: "419aa5dc348e43f49126c523903329cd"
dest_uuid: "02a65b489b4c4e12aa05e39612d26dfc"
 from {username='slave'} at 127.0.0.1:50692
I20260709 14:47:33.137230  1203 raft_consensus.cc:493] T 419aa5dc348e43f49126c523903329cd P 02a65b489b4c4e12aa05e39612d26dfc [term 2 FOLLOWER]: Starting forced leader election (received explicit request)
I20260709 14:47:33.137502  1203 raft_consensus.cc:3060] T 419aa5dc348e43f49126c523903329cd P 02a65b489b4c4e12aa05e39612d26dfc [term 2 FOLLOWER]: Advancing to term 3
I20260709 14:47:33.142241  1203 raft_consensus.cc:515] T 419aa5dc348e43f49126c523903329cd P 02a65b489b4c4e12aa05e39612d26dfc [term 3 FOLLOWER]: Starting forced leader election with config: opid_index: -1 OBSOLETE_local: false peers { permanent_uuid: "e523c127c18646de975ee9fd403eae3c" member_type: VOTER last_known_addr { host: "127.0.107.193" port: 38957 } } peers { permanent_uuid: "0edde27ff3e54b21b13127016e51f06b" member_type: VOTER last_known_addr { host: "127.0.107.194" port: 40199 } } peers { permanent_uuid: "02a65b489b4c4e12aa05e39612d26dfc" member_type: VOTER last_known_addr { host: "127.0.107.195" port: 36175 } }
I20260709 14:47:33.143755  1203 leader_election.cc:290] T 419aa5dc348e43f49126c523903329cd P 02a65b489b4c4e12aa05e39612d26dfc [CANDIDATE]: Term 3 election: Requested vote from peers e523c127c18646de975ee9fd403eae3c (127.0.107.193:38957), 0edde27ff3e54b21b13127016e51f06b (127.0.107.194:40199)
I20260709 14:47:33.144649  1053 tablet_service.cc:1917] Received RequestConsensusVote() RPC: tablet_id: "419aa5dc348e43f49126c523903329cd" candidate_uuid: "02a65b489b4c4e12aa05e39612d26dfc" candidate_term: 3 candidate_status { last_received { term: 2 index: 2 } } ignore_live_leader: true dest_uuid: "e523c127c18646de975ee9fd403eae3c"
I20260709 14:47:33.144827  1130 tablet_service.cc:1917] Received RequestConsensusVote() RPC: tablet_id: "419aa5dc348e43f49126c523903329cd" candidate_uuid: "02a65b489b4c4e12aa05e39612d26dfc" candidate_term: 3 candidate_status { last_received { term: 2 index: 2 } } ignore_live_leader: true dest_uuid: "0edde27ff3e54b21b13127016e51f06b"
I20260709 14:47:33.145294  1053 raft_consensus.cc:3055] T 419aa5dc348e43f49126c523903329cd P e523c127c18646de975ee9fd403eae3c [term 2 LEADER]: Stepping down as leader of term 2
I20260709 14:47:33.145362  1130 raft_consensus.cc:3060] T 419aa5dc348e43f49126c523903329cd P 0edde27ff3e54b21b13127016e51f06b [term 2 FOLLOWER]: Advancing to term 3
I20260709 14:47:33.145576  1053 raft_consensus.cc:740] T 419aa5dc348e43f49126c523903329cd P e523c127c18646de975ee9fd403eae3c [term 2 LEADER]: Becoming Follower/Learner. State: Replica: e523c127c18646de975ee9fd403eae3c, State: Running, Role: LEADER
I20260709 14:47:33.146256  1053 consensus_queue.cc:260] T 419aa5dc348e43f49126c523903329cd P e523c127c18646de975ee9fd403eae3c [NON_LEADER]: Queue going to NON_LEADER mode. State: All replicated index: 0, Majority replicated index: 2, Committed index: 2, Last appended: 2.2, Last appended by leader: 2, Current term: 2, Majority size: -1, State: 0, Mode: NON_LEADER, active raft config: opid_index: -1 OBSOLETE_local: false peers { permanent_uuid: "e523c127c18646de975ee9fd403eae3c" member_type: VOTER last_known_addr { host: "127.0.107.193" port: 38957 } } peers { permanent_uuid: "0edde27ff3e54b21b13127016e51f06b" member_type: VOTER last_known_addr { host: "127.0.107.194" port: 40199 } } peers { permanent_uuid: "02a65b489b4c4e12aa05e39612d26dfc" member_type: VOTER last_known_addr { host: "127.0.107.195" port: 36175 } }
I20260709 14:47:33.147157  1053 raft_consensus.cc:3060] T 419aa5dc348e43f49126c523903329cd P e523c127c18646de975ee9fd403eae3c [term 2 FOLLOWER]: Advancing to term 3
I20260709 14:47:33.150734  1130 raft_consensus.cc:2468] T 419aa5dc348e43f49126c523903329cd P 0edde27ff3e54b21b13127016e51f06b [term 3 FOLLOWER]: Leader election vote request: Granting yes vote for candidate 02a65b489b4c4e12aa05e39612d26dfc in term 3.
I20260709 14:47:33.151880  1170 leader_election.cc:304] T 419aa5dc348e43f49126c523903329cd P 02a65b489b4c4e12aa05e39612d26dfc [CANDIDATE]: Term 3 election: Election decided. Result: candidate won. Election summary: received 2 responses out of 3 voters: 2 yes votes; 0 no votes. yes voters: 02a65b489b4c4e12aa05e39612d26dfc, 0edde27ff3e54b21b13127016e51f06b; no voters: 
I20260709 14:47:33.152640  1342 raft_consensus.cc:2804] T 419aa5dc348e43f49126c523903329cd P 02a65b489b4c4e12aa05e39612d26dfc [term 3 FOLLOWER]: Leader election won for term 3
I20260709 14:47:33.153632  1053 raft_consensus.cc:2468] T 419aa5dc348e43f49126c523903329cd P e523c127c18646de975ee9fd403eae3c [term 3 FOLLOWER]: Leader election vote request: Granting yes vote for candidate 02a65b489b4c4e12aa05e39612d26dfc in term 3.
I20260709 14:47:33.153679  1342 raft_consensus.cc:697] T 419aa5dc348e43f49126c523903329cd P 02a65b489b4c4e12aa05e39612d26dfc [term 3 LEADER]: Becoming Leader. State: Replica: 02a65b489b4c4e12aa05e39612d26dfc, State: Running, Role: LEADER
I20260709 14:47:33.154844  1342 consensus_queue.cc:237] T 419aa5dc348e43f49126c523903329cd P 02a65b489b4c4e12aa05e39612d26dfc [LEADER]: Queue going to LEADER mode. State: All replicated index: 0, Majority replicated index: 2, Committed index: 2, Last appended: 2.2, Last appended by leader: 2, Current term: 3, Majority size: 2, State: 0, Mode: LEADER, active raft config: opid_index: -1 OBSOLETE_local: false peers { permanent_uuid: "e523c127c18646de975ee9fd403eae3c" member_type: VOTER last_known_addr { host: "127.0.107.193" port: 38957 } } peers { permanent_uuid: "0edde27ff3e54b21b13127016e51f06b" member_type: VOTER last_known_addr { host: "127.0.107.194" port: 40199 } } peers { permanent_uuid: "02a65b489b4c4e12aa05e39612d26dfc" member_type: VOTER last_known_addr { host: "127.0.107.195" port: 36175 } }
I20260709 14:47:33.161621   951 catalog_manager.cc:5697] T 419aa5dc348e43f49126c523903329cd P 02a65b489b4c4e12aa05e39612d26dfc reported cstate change: term changed from 2 to 3, leader changed from e523c127c18646de975ee9fd403eae3c (127.0.107.193) to 02a65b489b4c4e12aa05e39612d26dfc (127.0.107.195). New cstate: current_term: 3 leader_uuid: "02a65b489b4c4e12aa05e39612d26dfc" committed_config { opid_index: -1 OBSOLETE_local: false peers { permanent_uuid: "e523c127c18646de975ee9fd403eae3c" member_type: VOTER last_known_addr { host: "127.0.107.193" port: 38957 } health_report { overall_health: UNKNOWN } } peers { permanent_uuid: "0edde27ff3e54b21b13127016e51f06b" member_type: VOTER last_known_addr { host: "127.0.107.194" port: 40199 } health_report { overall_health: UNKNOWN } } peers { permanent_uuid: "02a65b489b4c4e12aa05e39612d26dfc" member_type: VOTER last_known_addr { host: "127.0.107.195" port: 36175 } health_report { overall_health: HEALTHY } } }
I20260709 14:47:33.226342  1378 raft_consensus.cc:993] T df6942c09bb34a8ebcc68cd08333de89 P e523c127c18646de975ee9fd403eae3c: : Instructing follower 02a65b489b4c4e12aa05e39612d26dfc to start an election
I20260709 14:47:33.226770  1379 raft_consensus.cc:1081] T df6942c09bb34a8ebcc68cd08333de89 P e523c127c18646de975ee9fd403eae3c [term 3 LEADER]: Signalling peer 02a65b489b4c4e12aa05e39612d26dfc to start an election
I20260709 14:47:33.228122  1203 tablet_service.cc:2044] Received Run Leader Election RPC: tablet_id: "df6942c09bb34a8ebcc68cd08333de89"
dest_uuid: "02a65b489b4c4e12aa05e39612d26dfc"
 from {username='slave'} at 127.0.0.1:50692
I20260709 14:47:33.228600  1203 raft_consensus.cc:493] T df6942c09bb34a8ebcc68cd08333de89 P 02a65b489b4c4e12aa05e39612d26dfc [term 3 FOLLOWER]: Starting forced leader election (received explicit request)
I20260709 14:47:33.228850  1203 raft_consensus.cc:3060] T df6942c09bb34a8ebcc68cd08333de89 P 02a65b489b4c4e12aa05e39612d26dfc [term 3 FOLLOWER]: Advancing to term 4
I20260709 14:47:33.233064  1203 raft_consensus.cc:515] T df6942c09bb34a8ebcc68cd08333de89 P 02a65b489b4c4e12aa05e39612d26dfc [term 4 FOLLOWER]: Starting forced leader election with config: opid_index: -1 OBSOLETE_local: false peers { permanent_uuid: "e523c127c18646de975ee9fd403eae3c" member_type: VOTER last_known_addr { host: "127.0.107.193" port: 38957 } } peers { permanent_uuid: "0edde27ff3e54b21b13127016e51f06b" member_type: VOTER last_known_addr { host: "127.0.107.194" port: 40199 } } peers { permanent_uuid: "02a65b489b4c4e12aa05e39612d26dfc" member_type: VOTER last_known_addr { host: "127.0.107.195" port: 36175 } }
I20260709 14:47:33.234429  1203 leader_election.cc:290] T df6942c09bb34a8ebcc68cd08333de89 P 02a65b489b4c4e12aa05e39612d26dfc [CANDIDATE]: Term 4 election: Requested vote from peers e523c127c18646de975ee9fd403eae3c (127.0.107.193:38957), 0edde27ff3e54b21b13127016e51f06b (127.0.107.194:40199)
I20260709 14:47:33.235379  1130 tablet_service.cc:1917] Received RequestConsensusVote() RPC: tablet_id: "df6942c09bb34a8ebcc68cd08333de89" candidate_uuid: "02a65b489b4c4e12aa05e39612d26dfc" candidate_term: 4 candidate_status { last_received { term: 3 index: 3 } } ignore_live_leader: true dest_uuid: "0edde27ff3e54b21b13127016e51f06b"
I20260709 14:47:33.235374  1053 tablet_service.cc:1917] Received RequestConsensusVote() RPC: tablet_id: "df6942c09bb34a8ebcc68cd08333de89" candidate_uuid: "02a65b489b4c4e12aa05e39612d26dfc" candidate_term: 4 candidate_status { last_received { term: 3 index: 3 } } ignore_live_leader: true dest_uuid: "e523c127c18646de975ee9fd403eae3c"
I20260709 14:47:33.235888  1130 raft_consensus.cc:3060] T df6942c09bb34a8ebcc68cd08333de89 P 0edde27ff3e54b21b13127016e51f06b [term 3 FOLLOWER]: Advancing to term 4
I20260709 14:47:33.235960  1053 raft_consensus.cc:3055] T df6942c09bb34a8ebcc68cd08333de89 P e523c127c18646de975ee9fd403eae3c [term 3 LEADER]: Stepping down as leader of term 3
I20260709 14:47:33.236310  1053 raft_consensus.cc:740] T df6942c09bb34a8ebcc68cd08333de89 P e523c127c18646de975ee9fd403eae3c [term 3 LEADER]: Becoming Follower/Learner. State: Replica: e523c127c18646de975ee9fd403eae3c, State: Running, Role: LEADER
I20260709 14:47:33.236989  1053 consensus_queue.cc:260] T df6942c09bb34a8ebcc68cd08333de89 P e523c127c18646de975ee9fd403eae3c [NON_LEADER]: Queue going to NON_LEADER mode. State: All replicated index: 0, Majority replicated index: 3, Committed index: 3, Last appended: 3.3, Last appended by leader: 3, Current term: 3, Majority size: -1, State: 0, Mode: NON_LEADER, active raft config: opid_index: -1 OBSOLETE_local: false peers { permanent_uuid: "e523c127c18646de975ee9fd403eae3c" member_type: VOTER last_known_addr { host: "127.0.107.193" port: 38957 } } peers { permanent_uuid: "0edde27ff3e54b21b13127016e51f06b" member_type: VOTER last_known_addr { host: "127.0.107.194" port: 40199 } } peers { permanent_uuid: "02a65b489b4c4e12aa05e39612d26dfc" member_type: VOTER last_known_addr { host: "127.0.107.195" port: 36175 } }
I20260709 14:47:33.238103  1053 raft_consensus.cc:3060] T df6942c09bb34a8ebcc68cd08333de89 P e523c127c18646de975ee9fd403eae3c [term 3 FOLLOWER]: Advancing to term 4
I20260709 14:47:33.240753  1130 raft_consensus.cc:2468] T df6942c09bb34a8ebcc68cd08333de89 P 0edde27ff3e54b21b13127016e51f06b [term 4 FOLLOWER]: Leader election vote request: Granting yes vote for candidate 02a65b489b4c4e12aa05e39612d26dfc in term 4.
