I20260709 14:47:28.485781  1277 ts_tablet_manager.cc:1403] T 0339a59ba9494c4b8228376260b76518 P c696b3fc4ab844c19cae3bc27faf45be: Time spent bootstrapping tablet: real 0.127s	user 0.020s	sys 0.011s
I20260709 14:47:28.486279  1276 tablet_bootstrap.cc:492] T 5b55c78956c0434e9c6da7ce2a58c2be P 38bda1c7145040c8ade750aa51521407: No bootstrap required, opened a new log
I20260709 14:47:28.486290  1275 tablet_bootstrap.cc:492] T 0339a59ba9494c4b8228376260b76518 P 89cd22488f854ddeaf7b64747f408d9e: No bootstrap required, opened a new log
I20260709 14:47:28.486781  1276 ts_tablet_manager.cc:1403] T 5b55c78956c0434e9c6da7ce2a58c2be P 38bda1c7145040c8ade750aa51521407: Time spent bootstrapping tablet: real 0.059s	user 0.009s	sys 0.040s
I20260709 14:47:28.486912  1275 ts_tablet_manager.cc:1403] T 0339a59ba9494c4b8228376260b76518 P 89cd22488f854ddeaf7b64747f408d9e: Time spent bootstrapping tablet: real 0.109s	user 0.008s	sys 0.006s
I20260709 14:47:28.488828  1277 raft_consensus.cc:359] T 0339a59ba9494c4b8228376260b76518 P c696b3fc4ab844c19cae3bc27faf45be [term 0 FOLLOWER]: Replica starting. Triggering 0 pending ops. Active config: opid_index: -1 OBSOLETE_local: false peers { permanent_uuid: "38bda1c7145040c8ade750aa51521407" member_type: VOTER last_known_addr { host: "127.0.107.193" port: 33101 } } peers { permanent_uuid: "c696b3fc4ab844c19cae3bc27faf45be" member_type: VOTER last_known_addr { host: "127.0.107.195" port: 35401 } } peers { permanent_uuid: "89cd22488f854ddeaf7b64747f408d9e" member_type: VOTER last_known_addr { host: "127.0.107.194" port: 45799 } }
I20260709 14:47:28.489655  1277 raft_consensus.cc:385] T 0339a59ba9494c4b8228376260b76518 P c696b3fc4ab844c19cae3bc27faf45be [term 0 FOLLOWER]: Consensus starting up: Expiring failure detector timer to make a prompt election more likely
I20260709 14:47:28.489988  1277 raft_consensus.cc:740] T 0339a59ba9494c4b8228376260b76518 P c696b3fc4ab844c19cae3bc27faf45be [term 0 FOLLOWER]: Becoming Follower/Learner. State: Replica: c696b3fc4ab844c19cae3bc27faf45be, State: Initialized, Role: FOLLOWER
I20260709 14:47:28.489782  1276 raft_consensus.cc:359] T 5b55c78956c0434e9c6da7ce2a58c2be P 38bda1c7145040c8ade750aa51521407 [term 0 FOLLOWER]: Replica starting. Triggering 0 pending ops. Active config: opid_index: -1 OBSOLETE_local: false peers { permanent_uuid: "38bda1c7145040c8ade750aa51521407" member_type: VOTER last_known_addr { host: "127.0.107.193" port: 33101 } } peers { permanent_uuid: "89cd22488f854ddeaf7b64747f408d9e" member_type: VOTER last_known_addr { host: "127.0.107.194" port: 45799 } } peers { permanent_uuid: "c696b3fc4ab844c19cae3bc27faf45be" member_type: VOTER last_known_addr { host: "127.0.107.195" port: 35401 } }
I20260709 14:47:28.490106  1275 raft_consensus.cc:359] T 0339a59ba9494c4b8228376260b76518 P 89cd22488f854ddeaf7b64747f408d9e [term 0 FOLLOWER]: Replica starting. Triggering 0 pending ops. Active config: opid_index: -1 OBSOLETE_local: false peers { permanent_uuid: "38bda1c7145040c8ade750aa51521407" member_type: VOTER last_known_addr { host: "127.0.107.193" port: 33101 } } peers { permanent_uuid: "c696b3fc4ab844c19cae3bc27faf45be" member_type: VOTER last_known_addr { host: "127.0.107.195" port: 35401 } } peers { permanent_uuid: "89cd22488f854ddeaf7b64747f408d9e" member_type: VOTER last_known_addr { host: "127.0.107.194" port: 45799 } }
I20260709 14:47:28.490644  1276 raft_consensus.cc:385] T 5b55c78956c0434e9c6da7ce2a58c2be P 38bda1c7145040c8ade750aa51521407 [term 0 FOLLOWER]: Consensus starting up: Expiring failure detector timer to make a prompt election more likely
I20260709 14:47:28.490862  1275 raft_consensus.cc:385] T 0339a59ba9494c4b8228376260b76518 P 89cd22488f854ddeaf7b64747f408d9e [term 0 FOLLOWER]: Consensus starting up: Expiring failure detector timer to make a prompt election more likely
I20260709 14:47:28.491046  1276 raft_consensus.cc:740] T 5b55c78956c0434e9c6da7ce2a58c2be P 38bda1c7145040c8ade750aa51521407 [term 0 FOLLOWER]: Becoming Follower/Learner. State: Replica: 38bda1c7145040c8ade750aa51521407, State: Initialized, Role: FOLLOWER
I20260709 14:47:28.491271  1275 raft_consensus.cc:740] T 0339a59ba9494c4b8228376260b76518 P 89cd22488f854ddeaf7b64747f408d9e [term 0 FOLLOWER]: Becoming Follower/Learner. State: Replica: 89cd22488f854ddeaf7b64747f408d9e, State: Initialized, Role: FOLLOWER
I20260709 14:47:28.491072  1277 consensus_queue.cc:260] T 0339a59ba9494c4b8228376260b76518 P c696b3fc4ab844c19cae3bc27faf45be [NON_LEADER]: Queue going to NON_LEADER mode. State: All replicated index: 0, Majority replicated index: 0, Committed index: 0, Last appended: 0.0, Last appended by leader: 0, Current term: 0, Majority size: -1, State: 0, Mode: NON_LEADER, active raft config: opid_index: -1 OBSOLETE_local: false peers { permanent_uuid: "38bda1c7145040c8ade750aa51521407" member_type: VOTER last_known_addr { host: "127.0.107.193" port: 33101 } } peers { permanent_uuid: "c696b3fc4ab844c19cae3bc27faf45be" member_type: VOTER last_known_addr { host: "127.0.107.195" port: 35401 } } peers { permanent_uuid: "89cd22488f854ddeaf7b64747f408d9e" member_type: VOTER last_known_addr { host: "127.0.107.194" port: 45799 } }
I20260709 14:47:28.492236  1276 consensus_queue.cc:260] T 5b55c78956c0434e9c6da7ce2a58c2be P 38bda1c7145040c8ade750aa51521407 [NON_LEADER]: Queue going to NON_LEADER mode. State: All replicated index: 0, Majority replicated index: 0, Committed index: 0, Last appended: 0.0, Last appended by leader: 0, Current term: 0, Majority size: -1, State: 0, Mode: NON_LEADER, active raft config: opid_index: -1 OBSOLETE_local: false peers { permanent_uuid: "38bda1c7145040c8ade750aa51521407" member_type: VOTER last_known_addr { host: "127.0.107.193" port: 33101 } } peers { permanent_uuid: "89cd22488f854ddeaf7b64747f408d9e" member_type: VOTER last_known_addr { host: "127.0.107.194" port: 45799 } } peers { permanent_uuid: "c696b3fc4ab844c19cae3bc27faf45be" member_type: VOTER last_known_addr { host: "127.0.107.195" port: 35401 } }
I20260709 14:47:28.492457  1275 consensus_queue.cc:260] T 0339a59ba9494c4b8228376260b76518 P 89cd22488f854ddeaf7b64747f408d9e [NON_LEADER]: Queue going to NON_LEADER mode. State: All replicated index: 0, Majority replicated index: 0, Committed index: 0, Last appended: 0.0, Last appended by leader: 0, Current term: 0, Majority size: -1, State: 0, Mode: NON_LEADER, active raft config: opid_index: -1 OBSOLETE_local: false peers { permanent_uuid: "38bda1c7145040c8ade750aa51521407" member_type: VOTER last_known_addr { host: "127.0.107.193" port: 33101 } } peers { permanent_uuid: "c696b3fc4ab844c19cae3bc27faf45be" member_type: VOTER last_known_addr { host: "127.0.107.195" port: 35401 } } peers { permanent_uuid: "89cd22488f854ddeaf7b64747f408d9e" member_type: VOTER last_known_addr { host: "127.0.107.194" port: 45799 } }
I20260709 14:47:28.494234  1260 heartbeater.cc:499] Master 127.0.107.254:38739 was elected leader, sending a full tablet report...
I20260709 14:47:28.494729  1277 ts_tablet_manager.cc:1434] T 0339a59ba9494c4b8228376260b76518 P c696b3fc4ab844c19cae3bc27faf45be: Time spent starting tablet: real 0.009s	user 0.006s	sys 0.002s
I20260709 14:47:28.495883  1277 tablet_bootstrap.cc:492] T 69a9cb098b2643e9b03a54f31def57ce P c696b3fc4ab844c19cae3bc27faf45be: Bootstrap starting.
I20260709 14:47:28.501495  1276 ts_tablet_manager.cc:1434] T 5b55c78956c0434e9c6da7ce2a58c2be P 38bda1c7145040c8ade750aa51521407: Time spent starting tablet: real 0.014s	user 0.016s	sys 0.000s
I20260709 14:47:28.502178  1111 heartbeater.cc:499] Master 127.0.107.254:38739 was elected leader, sending a full tablet report...
I20260709 14:47:28.502562  1276 tablet_bootstrap.cc:492] T 56a6c9e0d2e544248f422744521d4003 P 38bda1c7145040c8ade750aa51521407: Bootstrap starting.
I20260709 14:47:28.503288  1277 tablet_bootstrap.cc:654] T 69a9cb098b2643e9b03a54f31def57ce P c696b3fc4ab844c19cae3bc27faf45be: Neither blocks nor log segments found. Creating new log.
I20260709 14:47:28.509399  1276 tablet_bootstrap.cc:654] T 56a6c9e0d2e544248f422744521d4003 P 38bda1c7145040c8ade750aa51521407: Neither blocks nor log segments found. Creating new log.
I20260709 14:47:28.533218  1275 ts_tablet_manager.cc:1434] T 0339a59ba9494c4b8228376260b76518 P 89cd22488f854ddeaf7b64747f408d9e: Time spent starting tablet: real 0.046s	user 0.015s	sys 0.021s
I20260709 14:47:28.541502  1186 heartbeater.cc:499] Master 127.0.107.254:38739 was elected leader, sending a full tablet report...
I20260709 14:47:28.543886  1275 tablet_bootstrap.cc:492] T d5f8f5af2cf547a6b3779fc4a5e7bb6a P 89cd22488f854ddeaf7b64747f408d9e: Bootstrap starting.
I20260709 14:47:28.544270  1276 tablet_bootstrap.cc:492] T 56a6c9e0d2e544248f422744521d4003 P 38bda1c7145040c8ade750aa51521407: No bootstrap required, opened a new log
I20260709 14:47:28.544764  1276 ts_tablet_manager.cc:1403] T 56a6c9e0d2e544248f422744521d4003 P 38bda1c7145040c8ade750aa51521407: Time spent bootstrapping tablet: real 0.042s	user 0.028s	sys 0.011s
I20260709 14:47:28.545903  1277 tablet_bootstrap.cc:492] T 69a9cb098b2643e9b03a54f31def57ce P c696b3fc4ab844c19cae3bc27faf45be: No bootstrap required, opened a new log
I20260709 14:47:28.546485  1277 ts_tablet_manager.cc:1403] T 69a9cb098b2643e9b03a54f31def57ce P c696b3fc4ab844c19cae3bc27faf45be: Time spent bootstrapping tablet: real 0.051s	user 0.013s	sys 0.036s
I20260709 14:47:28.547781  1276 raft_consensus.cc:359] T 56a6c9e0d2e544248f422744521d4003 P 38bda1c7145040c8ade750aa51521407 [term 0 FOLLOWER]: Replica starting. Triggering 0 pending ops. Active config: opid_index: -1 OBSOLETE_local: false peers { permanent_uuid: "38bda1c7145040c8ade750aa51521407" member_type: VOTER last_known_addr { host: "127.0.107.193" port: 33101 } } peers { permanent_uuid: "89cd22488f854ddeaf7b64747f408d9e" member_type: VOTER last_known_addr { host: "127.0.107.194" port: 45799 } } peers { permanent_uuid: "c696b3fc4ab844c19cae3bc27faf45be" member_type: VOTER last_known_addr { host: "127.0.107.195" port: 35401 } }
I20260709 14:47:28.548575  1276 raft_consensus.cc:385] T 56a6c9e0d2e544248f422744521d4003 P 38bda1c7145040c8ade750aa51521407 [term 0 FOLLOWER]: Consensus starting up: Expiring failure detector timer to make a prompt election more likely
I20260709 14:47:28.548899  1276 raft_consensus.cc:740] T 56a6c9e0d2e544248f422744521d4003 P 38bda1c7145040c8ade750aa51521407 [term 0 FOLLOWER]: Becoming Follower/Learner. State: Replica: 38bda1c7145040c8ade750aa51521407, State: Initialized, Role: FOLLOWER
I20260709 14:47:28.549753  1276 consensus_queue.cc:260] T 56a6c9e0d2e544248f422744521d4003 P 38bda1c7145040c8ade750aa51521407 [NON_LEADER]: Queue going to NON_LEADER mode. State: All replicated index: 0, Majority replicated index: 0, Committed index: 0, Last appended: 0.0, Last appended by leader: 0, Current term: 0, Majority size: -1, State: 0, Mode: NON_LEADER, active raft config: opid_index: -1 OBSOLETE_local: false peers { permanent_uuid: "38bda1c7145040c8ade750aa51521407" member_type: VOTER last_known_addr { host: "127.0.107.193" port: 33101 } } peers { permanent_uuid: "89cd22488f854ddeaf7b64747f408d9e" member_type: VOTER last_known_addr { host: "127.0.107.194" port: 45799 } } peers { permanent_uuid: "c696b3fc4ab844c19cae3bc27faf45be" member_type: VOTER last_known_addr { host: "127.0.107.195" port: 35401 } }
I20260709 14:47:28.551906  1276 ts_tablet_manager.cc:1434] T 56a6c9e0d2e544248f422744521d4003 P 38bda1c7145040c8ade750aa51521407: Time spent starting tablet: real 0.007s	user 0.007s	sys 0.000s
I20260709 14:47:28.552958  1276 tablet_bootstrap.cc:492] T 0339a59ba9494c4b8228376260b76518 P 38bda1c7145040c8ade750aa51521407: Bootstrap starting.
I20260709 14:47:28.554714  1277 raft_consensus.cc:359] T 69a9cb098b2643e9b03a54f31def57ce P c696b3fc4ab844c19cae3bc27faf45be [term 0 FOLLOWER]: Replica starting. Triggering 0 pending ops. Active config: opid_index: -1 OBSOLETE_local: false peers { permanent_uuid: "38bda1c7145040c8ade750aa51521407" member_type: VOTER last_known_addr { host: "127.0.107.193" port: 33101 } } peers { permanent_uuid: "89cd22488f854ddeaf7b64747f408d9e" member_type: VOTER last_known_addr { host: "127.0.107.194" port: 45799 } } peers { permanent_uuid: "c696b3fc4ab844c19cae3bc27faf45be" member_type: VOTER last_known_addr { host: "127.0.107.195" port: 35401 } }
I20260709 14:47:28.555450  1277 raft_consensus.cc:385] T 69a9cb098b2643e9b03a54f31def57ce P c696b3fc4ab844c19cae3bc27faf45be [term 0 FOLLOWER]: Consensus starting up: Expiring failure detector timer to make a prompt election more likely
I20260709 14:47:28.555758  1277 raft_consensus.cc:740] T 69a9cb098b2643e9b03a54f31def57ce P c696b3fc4ab844c19cae3bc27faf45be [term 0 FOLLOWER]: Becoming Follower/Learner. State: Replica: c696b3fc4ab844c19cae3bc27faf45be, State: Initialized, Role: FOLLOWER
I20260709 14:47:28.556584  1277 consensus_queue.cc:260] T 69a9cb098b2643e9b03a54f31def57ce P c696b3fc4ab844c19cae3bc27faf45be [NON_LEADER]: Queue going to NON_LEADER mode. State: All replicated index: 0, Majority replicated index: 0, Committed index: 0, Last appended: 0.0, Last appended by leader: 0, Current term: 0, Majority size: -1, State: 0, Mode: NON_LEADER, active raft config: opid_index: -1 OBSOLETE_local: false peers { permanent_uuid: "38bda1c7145040c8ade750aa51521407" member_type: VOTER last_known_addr { host: "127.0.107.193" port: 33101 } } peers { permanent_uuid: "89cd22488f854ddeaf7b64747f408d9e" member_type: VOTER last_known_addr { host: "127.0.107.194" port: 45799 } } peers { permanent_uuid: "c696b3fc4ab844c19cae3bc27faf45be" member_type: VOTER last_known_addr { host: "127.0.107.195" port: 35401 } }
I20260709 14:47:28.558894  1277 ts_tablet_manager.cc:1434] T 69a9cb098b2643e9b03a54f31def57ce P c696b3fc4ab844c19cae3bc27faf45be: Time spent starting tablet: real 0.012s	user 0.003s	sys 0.003s
I20260709 14:47:28.552003  1275 tablet_bootstrap.cc:654] T d5f8f5af2cf547a6b3779fc4a5e7bb6a P 89cd22488f854ddeaf7b64747f408d9e: Neither blocks nor log segments found. Creating new log.
I20260709 14:47:28.559752  1276 tablet_bootstrap.cc:654] T 0339a59ba9494c4b8228376260b76518 P 38bda1c7145040c8ade750aa51521407: Neither blocks nor log segments found. Creating new log.
I20260709 14:47:28.563875  1277 tablet_bootstrap.cc:492] T 0c0aaf7556574e09a3988f8d998bb838 P c696b3fc4ab844c19cae3bc27faf45be: Bootstrap starting.
I20260709 14:47:28.570632  1277 tablet_bootstrap.cc:654] T 0c0aaf7556574e09a3988f8d998bb838 P c696b3fc4ab844c19cae3bc27faf45be: Neither blocks nor log segments found. Creating new log.
I20260709 14:47:28.582216  1277 tablet_bootstrap.cc:492] T 0c0aaf7556574e09a3988f8d998bb838 P c696b3fc4ab844c19cae3bc27faf45be: No bootstrap required, opened a new log
I20260709 14:47:28.582767  1277 ts_tablet_manager.cc:1403] T 0c0aaf7556574e09a3988f8d998bb838 P c696b3fc4ab844c19cae3bc27faf45be: Time spent bootstrapping tablet: real 0.019s	user 0.008s	sys 0.009s
I20260709 14:47:28.584705  1275 tablet_bootstrap.cc:492] T d5f8f5af2cf547a6b3779fc4a5e7bb6a P 89cd22488f854ddeaf7b64747f408d9e: No bootstrap required, opened a new log
I20260709 14:47:28.585178  1275 ts_tablet_manager.cc:1403] T d5f8f5af2cf547a6b3779fc4a5e7bb6a P 89cd22488f854ddeaf7b64747f408d9e: Time spent bootstrapping tablet: real 0.042s	user 0.021s	sys 0.009s
I20260709 14:47:28.585353  1276 tablet_bootstrap.cc:492] T 0339a59ba9494c4b8228376260b76518 P 38bda1c7145040c8ade750aa51521407: No bootstrap required, opened a new log
I20260709 14:47:28.585914  1276 ts_tablet_manager.cc:1403] T 0339a59ba9494c4b8228376260b76518 P 38bda1c7145040c8ade750aa51521407: Time spent bootstrapping tablet: real 0.033s	user 0.012s	sys 0.019s
I20260709 14:47:28.585500  1277 raft_consensus.cc:359] T 0c0aaf7556574e09a3988f8d998bb838 P c696b3fc4ab844c19cae3bc27faf45be [term 0 FOLLOWER]: Replica starting. Triggering 0 pending ops. Active config: opid_index: -1 OBSOLETE_local: false peers { permanent_uuid: "38bda1c7145040c8ade750aa51521407" member_type: VOTER last_known_addr { host: "127.0.107.193" port: 33101 } } peers { permanent_uuid: "89cd22488f854ddeaf7b64747f408d9e" member_type: VOTER last_known_addr { host: "127.0.107.194" port: 45799 } } peers { permanent_uuid: "c696b3fc4ab844c19cae3bc27faf45be" member_type: VOTER last_known_addr { host: "127.0.107.195" port: 35401 } }
I20260709 14:47:28.586337  1277 raft_consensus.cc:385] T 0c0aaf7556574e09a3988f8d998bb838 P c696b3fc4ab844c19cae3bc27faf45be [term 0 FOLLOWER]: Consensus starting up: Expiring failure detector timer to make a prompt election more likely
I20260709 14:47:28.586640  1277 raft_consensus.cc:740] T 0c0aaf7556574e09a3988f8d998bb838 P c696b3fc4ab844c19cae3bc27faf45be [term 0 FOLLOWER]: Becoming Follower/Learner. State: Replica: c696b3fc4ab844c19cae3bc27faf45be, State: Initialized, Role: FOLLOWER
I20260709 14:47:28.587538  1277 consensus_queue.cc:260] T 0c0aaf7556574e09a3988f8d998bb838 P c696b3fc4ab844c19cae3bc27faf45be [NON_LEADER]: Queue going to NON_LEADER mode. State: All replicated index: 0, Majority replicated index: 0, Committed index: 0, Last appended: 0.0, Last appended by leader: 0, Current term: 0, Majority size: -1, State: 0, Mode: NON_LEADER, active raft config: opid_index: -1 OBSOLETE_local: false peers { permanent_uuid: "38bda1c7145040c8ade750aa51521407" member_type: VOTER last_known_addr { host: "127.0.107.193" port: 33101 } } peers { permanent_uuid: "89cd22488f854ddeaf7b64747f408d9e" member_type: VOTER last_known_addr { host: "127.0.107.194" port: 45799 } } peers { permanent_uuid: "c696b3fc4ab844c19cae3bc27faf45be" member_type: VOTER last_known_addr { host: "127.0.107.195" port: 35401 } }
I20260709 14:47:28.587738  1275 raft_consensus.cc:359] T d5f8f5af2cf547a6b3779fc4a5e7bb6a P 89cd22488f854ddeaf7b64747f408d9e [term 0 FOLLOWER]: Replica starting. Triggering 0 pending ops. Active config: opid_index: -1 OBSOLETE_local: false peers { permanent_uuid: "38bda1c7145040c8ade750aa51521407" member_type: VOTER last_known_addr { host: "127.0.107.193" port: 33101 } } peers { permanent_uuid: "89cd22488f854ddeaf7b64747f408d9e" member_type: VOTER last_known_addr { host: "127.0.107.194" port: 45799 } } peers { permanent_uuid: "c696b3fc4ab844c19cae3bc27faf45be" member_type: VOTER last_known_addr { host: "127.0.107.195" port: 35401 } }
I20260709 14:47:28.588406  1275 raft_consensus.cc:385] T d5f8f5af2cf547a6b3779fc4a5e7bb6a P 89cd22488f854ddeaf7b64747f408d9e [term 0 FOLLOWER]: Consensus starting up: Expiring failure detector timer to make a prompt election more likely
I20260709 14:47:28.588647  1275 raft_consensus.cc:740] T d5f8f5af2cf547a6b3779fc4a5e7bb6a P 89cd22488f854ddeaf7b64747f408d9e [term 0 FOLLOWER]: Becoming Follower/Learner. State: Replica: 89cd22488f854ddeaf7b64747f408d9e, State: Initialized, Role: FOLLOWER
I20260709 14:47:28.588768  1276 raft_consensus.cc:359] T 0339a59ba9494c4b8228376260b76518 P 38bda1c7145040c8ade750aa51521407 [term 0 FOLLOWER]: Replica starting. Triggering 0 pending ops. Active config: opid_index: -1 OBSOLETE_local: false peers { permanent_uuid: "38bda1c7145040c8ade750aa51521407" member_type: VOTER last_known_addr { host: "127.0.107.193" port: 33101 } } peers { permanent_uuid: "c696b3fc4ab844c19cae3bc27faf45be" member_type: VOTER last_known_addr { host: "127.0.107.195" port: 35401 } } peers { permanent_uuid: "89cd22488f854ddeaf7b64747f408d9e" member_type: VOTER last_known_addr { host: "127.0.107.194" port: 45799 } }
I20260709 14:47:28.589574  1276 raft_consensus.cc:385] T 0339a59ba9494c4b8228376260b76518 P 38bda1c7145040c8ade750aa51521407 [term 0 FOLLOWER]: Consensus starting up: Expiring failure detector timer to make a prompt election more likely
I20260709 14:47:28.589397  1275 consensus_queue.cc:260] T d5f8f5af2cf547a6b3779fc4a5e7bb6a P 89cd22488f854ddeaf7b64747f408d9e [NON_LEADER]: Queue going to NON_LEADER mode. State: All replicated index: 0, Majority replicated index: 0, Committed index: 0, Last appended: 0.0, Last appended by leader: 0, Current term: 0, Majority size: -1, State: 0, Mode: NON_LEADER, active raft config: opid_index: -1 OBSOLETE_local: false peers { permanent_uuid: "38bda1c7145040c8ade750aa51521407" member_type: VOTER last_known_addr { host: "127.0.107.193" port: 33101 } } peers { permanent_uuid: "89cd22488f854ddeaf7b64747f408d9e" member_type: VOTER last_known_addr { host: "127.0.107.194" port: 45799 } } peers { permanent_uuid: "c696b3fc4ab844c19cae3bc27faf45be" member_type: VOTER last_known_addr { host: "127.0.107.195" port: 35401 } }
I20260709 14:47:28.589918  1276 raft_consensus.cc:740] T 0339a59ba9494c4b8228376260b76518 P 38bda1c7145040c8ade750aa51521407 [term 0 FOLLOWER]: Becoming Follower/Learner. State: Replica: 38bda1c7145040c8ade750aa51521407, State: Initialized, Role: FOLLOWER
I20260709 14:47:28.590672  1276 consensus_queue.cc:260] T 0339a59ba9494c4b8228376260b76518 P 38bda1c7145040c8ade750aa51521407 [NON_LEADER]: Queue going to NON_LEADER mode. State: All replicated index: 0, Majority replicated index: 0, Committed index: 0, Last appended: 0.0, Last appended by leader: 0, Current term: 0, Majority size: -1, State: 0, Mode: NON_LEADER, active raft config: opid_index: -1 OBSOLETE_local: false peers { permanent_uuid: "38bda1c7145040c8ade750aa51521407" member_type: VOTER last_known_addr { host: "127.0.107.193" port: 33101 } } peers { permanent_uuid: "c696b3fc4ab844c19cae3bc27faf45be" member_type: VOTER last_known_addr { host: "127.0.107.195" port: 35401 } } peers { permanent_uuid: "89cd22488f854ddeaf7b64747f408d9e" member_type: VOTER last_known_addr { host: "127.0.107.194" port: 45799 } }
I20260709 14:47:28.591593  1275 ts_tablet_manager.cc:1434] T d5f8f5af2cf547a6b3779fc4a5e7bb6a P 89cd22488f854ddeaf7b64747f408d9e: Time spent starting tablet: real 0.006s	user 0.004s	sys 0.000s
I20260709 14:47:28.592633  1275 tablet_bootstrap.cc:492] T 5b55c78956c0434e9c6da7ce2a58c2be P 89cd22488f854ddeaf7b64747f408d9e: Bootstrap starting.
I20260709 14:47:28.592743  1276 ts_tablet_manager.cc:1434] T 0339a59ba9494c4b8228376260b76518 P 38bda1c7145040c8ade750aa51521407: Time spent starting tablet: real 0.006s	user 0.004s	sys 0.000s
I20260709 14:47:28.595700  1276 tablet_bootstrap.cc:492] T d5f8f5af2cf547a6b3779fc4a5e7bb6a P 38bda1c7145040c8ade750aa51521407: Bootstrap starting.
I20260709 14:47:28.600055  1275 tablet_bootstrap.cc:654] T 5b55c78956c0434e9c6da7ce2a58c2be P 89cd22488f854ddeaf7b64747f408d9e: Neither blocks nor log segments found. Creating new log.
I20260709 14:47:28.602113  1276 tablet_bootstrap.cc:654] T d5f8f5af2cf547a6b3779fc4a5e7bb6a P 38bda1c7145040c8ade750aa51521407: Neither blocks nor log segments found. Creating new log.
I20260709 14:47:28.605433  1277 ts_tablet_manager.cc:1434] T 0c0aaf7556574e09a3988f8d998bb838 P c696b3fc4ab844c19cae3bc27faf45be: Time spent starting tablet: real 0.022s	user 0.005s	sys 0.001s
I20260709 14:47:28.606993  1277 tablet_bootstrap.cc:492] T ab3e67cfe0e443b9ba8232ae430841f1 P c696b3fc4ab844c19cae3bc27faf45be: Bootstrap starting.
I20260709 14:47:28.613364  1275 tablet_bootstrap.cc:492] T 5b55c78956c0434e9c6da7ce2a58c2be P 89cd22488f854ddeaf7b64747f408d9e: No bootstrap required, opened a new log
I20260709 14:47:28.614079  1275 ts_tablet_manager.cc:1403] T 5b55c78956c0434e9c6da7ce2a58c2be P 89cd22488f854ddeaf7b64747f408d9e: Time spent bootstrapping tablet: real 0.022s	user 0.013s	sys 0.007s
I20260709 14:47:28.615664  1277 tablet_bootstrap.cc:654] T ab3e67cfe0e443b9ba8232ae430841f1 P c696b3fc4ab844c19cae3bc27faf45be: Neither blocks nor log segments found. Creating new log.
I20260709 14:47:28.618507  1281 raft_consensus.cc:493] T 0c0aaf7556574e09a3988f8d998bb838 P c696b3fc4ab844c19cae3bc27faf45be [term 0 FOLLOWER]: Starting pre-election (no leader contacted us within the election timeout)
I20260709 14:47:28.619226  1281 raft_consensus.cc:515] T 0c0aaf7556574e09a3988f8d998bb838 P c696b3fc4ab844c19cae3bc27faf45be [term 0 FOLLOWER]: Starting pre-election with config: opid_index: -1 OBSOLETE_local: false peers { permanent_uuid: "38bda1c7145040c8ade750aa51521407" member_type: VOTER last_known_addr { host: "127.0.107.193" port: 33101 } } peers { permanent_uuid: "89cd22488f854ddeaf7b64747f408d9e" member_type: VOTER last_known_addr { host: "127.0.107.194" port: 45799 } } peers { permanent_uuid: "c696b3fc4ab844c19cae3bc27faf45be" member_type: VOTER last_known_addr { host: "127.0.107.195" port: 35401 } }
I20260709 14:47:28.619820  1275 raft_consensus.cc:359] T 5b55c78956c0434e9c6da7ce2a58c2be P 89cd22488f854ddeaf7b64747f408d9e [term 0 FOLLOWER]: Replica starting. Triggering 0 pending ops. Active config: opid_index: -1 OBSOLETE_local: false peers { permanent_uuid: "38bda1c7145040c8ade750aa51521407" member_type: VOTER last_known_addr { host: "127.0.107.193" port: 33101 } } peers { permanent_uuid: "89cd22488f854ddeaf7b64747f408d9e" member_type: VOTER last_known_addr { host: "127.0.107.194" port: 45799 } } peers { permanent_uuid: "c696b3fc4ab844c19cae3bc27faf45be" member_type: VOTER last_known_addr { host: "127.0.107.195" port: 35401 } }
I20260709 14:47:28.620747  1275 raft_consensus.cc:385] T 5b55c78956c0434e9c6da7ce2a58c2be P 89cd22488f854ddeaf7b64747f408d9e [term 0 FOLLOWER]: Consensus starting up: Expiring failure detector timer to make a prompt election more likely
I20260709 14:47:28.621088  1275 raft_consensus.cc:740] T 5b55c78956c0434e9c6da7ce2a58c2be P 89cd22488f854ddeaf7b64747f408d9e [term 0 FOLLOWER]: Becoming Follower/Learner. State: Replica: 89cd22488f854ddeaf7b64747f408d9e, State: Initialized, Role: FOLLOWER
I20260709 14:47:28.621279  1276 tablet_bootstrap.cc:492] T d5f8f5af2cf547a6b3779fc4a5e7bb6a P 38bda1c7145040c8ade750aa51521407: No bootstrap required, opened a new log
I20260709 14:47:28.621835  1276 ts_tablet_manager.cc:1403] T d5f8f5af2cf547a6b3779fc4a5e7bb6a P 38bda1c7145040c8ade750aa51521407: Time spent bootstrapping tablet: real 0.026s	user 0.017s	sys 0.007s
I20260709 14:47:28.622316  1275 consensus_queue.cc:260] T 5b55c78956c0434e9c6da7ce2a58c2be P 89cd22488f854ddeaf7b64747f408d9e [NON_LEADER]: Queue going to NON_LEADER mode. State: All replicated index: 0, Majority replicated index: 0, Committed index: 0, Last appended: 0.0, Last appended by leader: 0, Current term: 0, Majority size: -1, State: 0, Mode: NON_LEADER, active raft config: opid_index: -1 OBSOLETE_local: false peers { permanent_uuid: "38bda1c7145040c8ade750aa51521407" member_type: VOTER last_known_addr { host: "127.0.107.193" port: 33101 } } peers { permanent_uuid: "89cd22488f854ddeaf7b64747f408d9e" member_type: VOTER last_known_addr { host: "127.0.107.194" port: 45799 } } peers { permanent_uuid: "c696b3fc4ab844c19cae3bc27faf45be" member_type: VOTER last_known_addr { host: "127.0.107.195" port: 35401 } }
I20260709 14:47:28.624902  1276 raft_consensus.cc:359] T d5f8f5af2cf547a6b3779fc4a5e7bb6a P 38bda1c7145040c8ade750aa51521407 [term 0 FOLLOWER]: Replica starting. Triggering 0 pending ops. Active config: opid_index: -1 OBSOLETE_local: false peers { permanent_uuid: "38bda1c7145040c8ade750aa51521407" member_type: VOTER last_known_addr { host: "127.0.107.193" port: 33101 } } peers { permanent_uuid: "89cd22488f854ddeaf7b64747f408d9e" member_type: VOTER last_known_addr { host: "127.0.107.194" port: 45799 } } peers { permanent_uuid: "c696b3fc4ab844c19cae3bc27faf45be" member_type: VOTER last_known_addr { host: "127.0.107.195" port: 35401 } }
I20260709 14:47:28.625774  1276 raft_consensus.cc:385] T d5f8f5af2cf547a6b3779fc4a5e7bb6a P 38bda1c7145040c8ade750aa51521407 [term 0 FOLLOWER]: Consensus starting up: Expiring failure detector timer to make a prompt election more likely
I20260709 14:47:28.626072  1276 raft_consensus.cc:740] T d5f8f5af2cf547a6b3779fc4a5e7bb6a P 38bda1c7145040c8ade750aa51521407 [term 0 FOLLOWER]: Becoming Follower/Learner. State: Replica: 38bda1c7145040c8ade750aa51521407, State: Initialized, Role: FOLLOWER
I20260709 14:47:28.626835  1276 consensus_queue.cc:260] T d5f8f5af2cf547a6b3779fc4a5e7bb6a P 38bda1c7145040c8ade750aa51521407 [NON_LEADER]: Queue going to NON_LEADER mode. State: All replicated index: 0, Majority replicated index: 0, Committed index: 0, Last appended: 0.0, Last appended by leader: 0, Current term: 0, Majority size: -1, State: 0, Mode: NON_LEADER, active raft config: opid_index: -1 OBSOLETE_local: false peers { permanent_uuid: "38bda1c7145040c8ade750aa51521407" member_type: VOTER last_known_addr { host: "127.0.107.193" port: 33101 } } peers { permanent_uuid: "89cd22488f854ddeaf7b64747f408d9e" member_type: VOTER last_known_addr { host: "127.0.107.194" port: 45799 } } peers { permanent_uuid: "c696b3fc4ab844c19cae3bc27faf45be" member_type: VOTER last_known_addr { host: "127.0.107.195" port: 35401 } }
I20260709 14:47:28.629078  1276 ts_tablet_manager.cc:1434] T d5f8f5af2cf547a6b3779fc4a5e7bb6a P 38bda1c7145040c8ade750aa51521407: Time spent starting tablet: real 0.007s	user 0.007s	sys 0.000s
I20260709 14:47:28.630123  1276 tablet_bootstrap.cc:492] T 0c0aaf7556574e09a3988f8d998bb838 P 38bda1c7145040c8ade750aa51521407: Bootstrap starting.
I20260709 14:47:28.636456  1276 tablet_bootstrap.cc:654] T 0c0aaf7556574e09a3988f8d998bb838 P 38bda1c7145040c8ade750aa51521407: Neither blocks nor log segments found. Creating new log.
I20260709 14:47:28.641760  1281 leader_election.cc:290] T 0c0aaf7556574e09a3988f8d998bb838 P c696b3fc4ab844c19cae3bc27faf45be [CANDIDATE]: Term 1 pre-election: Requested pre-vote from peers 38bda1c7145040c8ade750aa51521407 (127.0.107.193:33101), 89cd22488f854ddeaf7b64747f408d9e (127.0.107.194:45799)
I20260709 14:47:28.644063  1161 tablet_service.cc:1917] Received RequestConsensusVote() RPC: tablet_id: "0c0aaf7556574e09a3988f8d998bb838" candidate_uuid: "c696b3fc4ab844c19cae3bc27faf45be" candidate_term: 1 candidate_status { last_received { term: 0 index: 0 } } ignore_live_leader: false dest_uuid: "89cd22488f854ddeaf7b64747f408d9e" is_pre_election: true
W20260709 14:47:28.648082  1200 leader_election.cc:343] T 0c0aaf7556574e09a3988f8d998bb838 P c696b3fc4ab844c19cae3bc27faf45be [CANDIDATE]: Term 1 pre-election: Tablet error from VoteRequest() call to peer 89cd22488f854ddeaf7b64747f408d9e (127.0.107.194:45799): Illegal state: must be running to vote when last-logged opid is not known
I20260709 14:47:28.655766  1276 tablet_bootstrap.cc:492] T 0c0aaf7556574e09a3988f8d998bb838 P 38bda1c7145040c8ade750aa51521407: No bootstrap required, opened a new log
I20260709 14:47:28.655998  1275 ts_tablet_manager.cc:1434] T 5b55c78956c0434e9c6da7ce2a58c2be P 89cd22488f854ddeaf7b64747f408d9e: Time spent starting tablet: real 0.042s	user 0.006s	sys 0.003s
I20260709 14:47:28.656461  1276 ts_tablet_manager.cc:1403] T 0c0aaf7556574e09a3988f8d998bb838 P 38bda1c7145040c8ade750aa51521407: Time spent bootstrapping tablet: real 0.027s	user 0.013s	sys 0.010s
I20260709 14:47:28.660279  1276 raft_consensus.cc:359] T 0c0aaf7556574e09a3988f8d998bb838 P 38bda1c7145040c8ade750aa51521407 [term 0 FOLLOWER]: Replica starting. Triggering 0 pending ops. Active config: opid_index: -1 OBSOLETE_local: false peers { permanent_uuid: "38bda1c7145040c8ade750aa51521407" member_type: VOTER last_known_addr { host: "127.0.107.193" port: 33101 } } peers { permanent_uuid: "89cd22488f854ddeaf7b64747f408d9e" member_type: VOTER last_known_addr { host: "127.0.107.194" port: 45799 } } peers { permanent_uuid: "c696b3fc4ab844c19cae3bc27faf45be" member_type: VOTER last_known_addr { host: "127.0.107.195" port: 35401 } }
I20260709 14:47:28.661192  1276 raft_consensus.cc:385] T 0c0aaf7556574e09a3988f8d998bb838 P 38bda1c7145040c8ade750aa51521407 [term 0 FOLLOWER]: Consensus starting up: Expiring failure detector timer to make a prompt election more likely
I20260709 14:47:28.661562  1276 raft_consensus.cc:740] T 0c0aaf7556574e09a3988f8d998bb838 P 38bda1c7145040c8ade750aa51521407 [term 0 FOLLOWER]: Becoming Follower/Learner. State: Replica: 38bda1c7145040c8ade750aa51521407, State: Initialized, Role: FOLLOWER
I20260709 14:47:28.663326  1276 consensus_queue.cc:260] T 0c0aaf7556574e09a3988f8d998bb838 P 38bda1c7145040c8ade750aa51521407 [NON_LEADER]: Queue going to NON_LEADER mode. State: All replicated index: 0, Majority replicated index: 0, Committed index: 0, Last appended: 0.0, Last appended by leader: 0, Current term: 0, Majority size: -1, State: 0, Mode: NON_LEADER, active raft config: opid_index: -1 OBSOLETE_local: false peers { permanent_uuid: "38bda1c7145040c8ade750aa51521407" member_type: VOTER last_known_addr { host: "127.0.107.193" port: 33101 } } peers { permanent_uuid: "89cd22488f854ddeaf7b64747f408d9e" member_type: VOTER last_known_addr { host: "127.0.107.194" port: 45799 } } peers { permanent_uuid: "c696b3fc4ab844c19cae3bc27faf45be" member_type: VOTER last_known_addr { host: "127.0.107.195" port: 35401 } }
I20260709 14:47:28.665824  1086 tablet_service.cc:1917] Received RequestConsensusVote() RPC: tablet_id: "0c0aaf7556574e09a3988f8d998bb838" candidate_uuid: "c696b3fc4ab844c19cae3bc27faf45be" candidate_term: 1 candidate_status { last_received { term: 0 index: 0 } } ignore_live_leader: false dest_uuid: "38bda1c7145040c8ade750aa51521407" is_pre_election: true
I20260709 14:47:28.666512  1275 tablet_bootstrap.cc:492] T ab3e67cfe0e443b9ba8232ae430841f1 P 89cd22488f854ddeaf7b64747f408d9e: Bootstrap starting.
I20260709 14:47:28.666535  1086 raft_consensus.cc:2468] T 0c0aaf7556574e09a3988f8d998bb838 P 38bda1c7145040c8ade750aa51521407 [term 0 FOLLOWER]: Leader pre-election vote request: Granting yes vote for candidate c696b3fc4ab844c19cae3bc27faf45be in term 0.
I20260709 14:47:28.668883  1276 ts_tablet_manager.cc:1434] T 0c0aaf7556574e09a3988f8d998bb838 P 38bda1c7145040c8ade750aa51521407: Time spent starting tablet: real 0.012s	user 0.010s	sys 0.001s
I20260709 14:47:28.671372  1276 tablet_bootstrap.cc:492] T ab3e67cfe0e443b9ba8232ae430841f1 P 38bda1c7145040c8ade750aa51521407: Bootstrap starting.
I20260709 14:47:28.672333  1277 tablet_bootstrap.cc:492] T ab3e67cfe0e443b9ba8232ae430841f1 P c696b3fc4ab844c19cae3bc27faf45be: No bootstrap required, opened a new log
I20260709 14:47:28.672999  1277 ts_tablet_manager.cc:1403] T ab3e67cfe0e443b9ba8232ae430841f1 P c696b3fc4ab844c19cae3bc27faf45be: Time spent bootstrapping tablet: real 0.066s	user 0.031s	sys 0.022s
I20260709 14:47:28.674782  1275 tablet_bootstrap.cc:654] T ab3e67cfe0e443b9ba8232ae430841f1 P 89cd22488f854ddeaf7b64747f408d9e: Neither blocks nor log segments found. Creating new log.
I20260709 14:47:28.676354  1277 raft_consensus.cc:359] T ab3e67cfe0e443b9ba8232ae430841f1 P c696b3fc4ab844c19cae3bc27faf45be [term 0 FOLLOWER]: Replica starting. Triggering 0 pending ops. Active config: opid_index: -1 OBSOLETE_local: false peers { permanent_uuid: "38bda1c7145040c8ade750aa51521407" member_type: VOTER last_known_addr { host: "127.0.107.193" port: 33101 } } peers { permanent_uuid: "89cd22488f854ddeaf7b64747f408d9e" member_type: VOTER last_known_addr { host: "127.0.107.194" port: 45799 } } peers { permanent_uuid: "c696b3fc4ab844c19cae3bc27faf45be" member_type: VOTER last_known_addr { host: "127.0.107.195" port: 35401 } }
I20260709 14:47:28.677210  1277 raft_consensus.cc:385] T ab3e67cfe0e443b9ba8232ae430841f1 P c696b3fc4ab844c19cae3bc27faf45be [term 0 FOLLOWER]: Consensus starting up: Expiring failure detector timer to make a prompt election more likely
I20260709 14:47:28.677565  1277 raft_consensus.cc:740] T ab3e67cfe0e443b9ba8232ae430841f1 P c696b3fc4ab844c19cae3bc27faf45be [term 0 FOLLOWER]: Becoming Follower/Learner. State: Replica: c696b3fc4ab844c19cae3bc27faf45be, State: Initialized, Role: FOLLOWER
I20260709 14:47:28.677690  1201 leader_election.cc:304] T 0c0aaf7556574e09a3988f8d998bb838 P c696b3fc4ab844c19cae3bc27faf45be [CANDIDATE]: Term 1 pre-election: Election decided. Result: candidate won. Election summary: received 3 responses out of 3 voters: 2 yes votes; 1 no votes. yes voters: 38bda1c7145040c8ade750aa51521407, c696b3fc4ab844c19cae3bc27faf45be; no voters: 89cd22488f854ddeaf7b64747f408d9e
I20260709 14:47:28.678092  1276 tablet_bootstrap.cc:654] T ab3e67cfe0e443b9ba8232ae430841f1 P 38bda1c7145040c8ade750aa51521407: Neither blocks nor log segments found. Creating new log.
I20260709 14:47:28.678960  1281 raft_consensus.cc:2804] T 0c0aaf7556574e09a3988f8d998bb838 P c696b3fc4ab844c19cae3bc27faf45be [term 0 FOLLOWER]: Leader pre-election won for term 1
I20260709 14:47:28.678646  1277 consensus_queue.cc:260] T ab3e67cfe0e443b9ba8232ae430841f1 P c696b3fc4ab844c19cae3bc27faf45be [NON_LEADER]: Queue going to NON_LEADER mode. State: All replicated index: 0, Majority replicated index: 0, Committed index: 0, Last appended: 0.0, Last appended by leader: 0, Current term: 0, Majority size: -1, State: 0, Mode: NON_LEADER, active raft config: opid_index: -1 OBSOLETE_local: false peers { permanent_uuid: "38bda1c7145040c8ade750aa51521407" member_type: VOTER last_known_addr { host: "127.0.107.193" port: 33101 } } peers { permanent_uuid: "89cd22488f854ddeaf7b64747f408d9e" member_type: VOTER last_known_addr { host: "127.0.107.194" port: 45799 } } peers { permanent_uuid: "c696b3fc4ab844c19cae3bc27faf45be" member_type: VOTER last_known_addr { host: "127.0.107.195" port: 35401 } }
I20260709 14:47:28.679378  1281 raft_consensus.cc:493] T 0c0aaf7556574e09a3988f8d998bb838 P c696b3fc4ab844c19cae3bc27faf45be [term 0 FOLLOWER]: Starting leader election (no leader contacted us within the election timeout)
I20260709 14:47:28.679761  1281 raft_consensus.cc:3060] T 0c0aaf7556574e09a3988f8d998bb838 P c696b3fc4ab844c19cae3bc27faf45be [term 0 FOLLOWER]: Advancing to term 1
I20260709 14:47:28.684115  1277 ts_tablet_manager.cc:1434] T ab3e67cfe0e443b9ba8232ae430841f1 P c696b3fc4ab844c19cae3bc27faf45be: Time spent starting tablet: real 0.011s	user 0.005s	sys 0.003s
I20260709 14:47:28.687505  1277 tablet_bootstrap.cc:492] T d5f8f5af2cf547a6b3779fc4a5e7bb6a P c696b3fc4ab844c19cae3bc27faf45be: Bootstrap starting.
I20260709 14:47:28.695283  1277 tablet_bootstrap.cc:654] T d5f8f5af2cf547a6b3779fc4a5e7bb6a P c696b3fc4ab844c19cae3bc27faf45be: Neither blocks nor log segments found. Creating new log.
I20260709 14:47:28.699039  1275 tablet_bootstrap.cc:492] T ab3e67cfe0e443b9ba8232ae430841f1 P 89cd22488f854ddeaf7b64747f408d9e: No bootstrap required, opened a new log
I20260709 14:47:28.699997  1275 ts_tablet_manager.cc:1403] T ab3e67cfe0e443b9ba8232ae430841f1 P 89cd22488f854ddeaf7b64747f408d9e: Time spent bootstrapping tablet: real 0.034s	user 0.025s	sys 0.005s
I20260709 14:47:28.700910  1282 raft_consensus.cc:493] T 5b55c78956c0434e9c6da7ce2a58c2be P 38bda1c7145040c8ade750aa51521407 [term 0 FOLLOWER]: Starting pre-election (no leader contacted us within the election timeout)
I20260709 14:47:28.701568  1282 raft_consensus.cc:515] T 5b55c78956c0434e9c6da7ce2a58c2be P 38bda1c7145040c8ade750aa51521407 [term 0 FOLLOWER]: Starting pre-election with config: opid_index: -1 OBSOLETE_local: false peers { permanent_uuid: "38bda1c7145040c8ade750aa51521407" member_type: VOTER last_known_addr { host: "127.0.107.193" port: 33101 } } peers { permanent_uuid: "89cd22488f854ddeaf7b64747f408d9e" member_type: VOTER last_known_addr { host: "127.0.107.194" port: 45799 } } peers { permanent_uuid: "c696b3fc4ab844c19cae3bc27faf45be" member_type: VOTER last_known_addr { host: "127.0.107.195" port: 35401 } }
I20260709 14:47:28.704509  1282 leader_election.cc:290] T 5b55c78956c0434e9c6da7ce2a58c2be P 38bda1c7145040c8ade750aa51521407 [CANDIDATE]: Term 1 pre-election: Requested pre-vote from peers 89cd22488f854ddeaf7b64747f408d9e (127.0.107.194:45799), c696b3fc4ab844c19cae3bc27faf45be (127.0.107.195:35401)
I20260709 14:47:28.706652  1281 raft_consensus.cc:515] T 0c0aaf7556574e09a3988f8d998bb838 P c696b3fc4ab844c19cae3bc27faf45be [term 1 FOLLOWER]: Starting leader election with config: opid_index: -1 OBSOLETE_local: false peers { permanent_uuid: "38bda1c7145040c8ade750aa51521407" member_type: VOTER last_known_addr { host: "127.0.107.193" port: 33101 } } peers { permanent_uuid: "89cd22488f854ddeaf7b64747f408d9e" member_type: VOTER last_known_addr { host: "127.0.107.194" port: 45799 } } peers { permanent_uuid: "c696b3fc4ab844c19cae3bc27faf45be" member_type: VOTER last_known_addr { host: "127.0.107.195" port: 35401 } }
I20260709 14:47:28.710705  1281 leader_election.cc:290] T 0c0aaf7556574e09a3988f8d998bb838 P c696b3fc4ab844c19cae3bc27faf45be [CANDIDATE]: Term 1 election: Requested vote from peers 38bda1c7145040c8ade750aa51521407 (127.0.107.193:33101), 89cd22488f854ddeaf7b64747f408d9e (127.0.107.194:45799)
I20260709 14:47:28.712235  1161 tablet_service.cc:1917] Received RequestConsensusVote() RPC: tablet_id: "0c0aaf7556574e09a3988f8d998bb838" candidate_uuid: "c696b3fc4ab844c19cae3bc27faf45be" candidate_term: 1 candidate_status { last_received { term: 0 index: 0 } } ignore_live_leader: false dest_uuid: "89cd22488f854ddeaf7b64747f408d9e"
W20260709 14:47:28.714332  1200 leader_election.cc:343] T 0c0aaf7556574e09a3988f8d998bb838 P c696b3fc4ab844c19cae3bc27faf45be [CANDIDATE]: Term 1 election: Tablet error from VoteRequest() call to peer 89cd22488f854ddeaf7b64747f408d9e (127.0.107.194:45799): Illegal state: must be running to vote when last-logged opid is not known
I20260709 14:47:28.715579  1086 tablet_service.cc:1917] Received RequestConsensusVote() RPC: tablet_id: "0c0aaf7556574e09a3988f8d998bb838" candidate_uuid: "c696b3fc4ab844c19cae3bc27faf45be" candidate_term: 1 candidate_status { last_received { term: 0 index: 0 } } ignore_live_leader: false dest_uuid: "38bda1c7145040c8ade750aa51521407"
I20260709 14:47:28.716307  1086 raft_consensus.cc:3060] T 0c0aaf7556574e09a3988f8d998bb838 P 38bda1c7145040c8ade750aa51521407 [term 0 FOLLOWER]: Advancing to term 1
I20260709 14:47:28.703789  1275 raft_consensus.cc:359] T ab3e67cfe0e443b9ba8232ae430841f1 P 89cd22488f854ddeaf7b64747f408d9e [term 0 FOLLOWER]: Replica starting. Triggering 0 pending ops. Active config: opid_index: -1 OBSOLETE_local: false peers { permanent_uuid: "38bda1c7145040c8ade750aa51521407" member_type: VOTER last_known_addr { host: "127.0.107.193" port: 33101 } } peers { permanent_uuid: "89cd22488f854ddeaf7b64747f408d9e" member_type: VOTER last_known_addr { host: "127.0.107.194" port: 45799 } } peers { permanent_uuid: "c696b3fc4ab844c19cae3bc27faf45be" member_type: VOTER last_known_addr { host: "127.0.107.195" port: 35401 } }
I20260709 14:47:28.719206  1275 raft_consensus.cc:385] T ab3e67cfe0e443b9ba8232ae430841f1 P 89cd22488f854ddeaf7b64747f408d9e [term 0 FOLLOWER]: Consensus starting up: Expiring failure detector timer to make a prompt election more likely
I20260709 14:47:28.720037  1275 raft_consensus.cc:740] T ab3e67cfe0e443b9ba8232ae430841f1 P 89cd22488f854ddeaf7b64747f408d9e [term 0 FOLLOWER]: Becoming Follower/Learner. State: Replica: 89cd22488f854ddeaf7b64747f408d9e, State: Initialized, Role: FOLLOWER
I20260709 14:47:28.722003  1275 consensus_queue.cc:260] T ab3e67cfe0e443b9ba8232ae430841f1 P 89cd22488f854ddeaf7b64747f408d9e [NON_LEADER]: Queue going to NON_LEADER mode. State: All replicated index: 0, Majority replicated index: 0, Committed index: 0, Last appended: 0.0, Last appended by leader: 0, Current term: 0, Majority size: -1, State: 0, Mode: NON_LEADER, active raft config: opid_index: -1 OBSOLETE_local: false peers { permanent_uuid: "38bda1c7145040c8ade750aa51521407" member_type: VOTER last_known_addr { host: "127.0.107.193" port: 33101 } } peers { permanent_uuid: "89cd22488f854ddeaf7b64747f408d9e" member_type: VOTER last_known_addr { host: "127.0.107.194" port: 45799 } } peers { permanent_uuid: "c696b3fc4ab844c19cae3bc27faf45be" member_type: VOTER last_known_addr { host: "127.0.107.195" port: 35401 } }
I20260709 14:47:28.724570  1086 raft_consensus.cc:2468] T 0c0aaf7556574e09a3988f8d998bb838 P 38bda1c7145040c8ade750aa51521407 [term 1 FOLLOWER]: Leader election vote request: Granting yes vote for candidate c696b3fc4ab844c19cae3bc27faf45be in term 1.
I20260709 14:47:28.726195  1201 leader_election.cc:304] T 0c0aaf7556574e09a3988f8d998bb838 P c696b3fc4ab844c19cae3bc27faf45be [CANDIDATE]: Term 1 election: Election decided. Result: candidate won. Election summary: received 3 responses out of 3 voters: 2 yes votes; 1 no votes. yes voters: 38bda1c7145040c8ade750aa51521407, c696b3fc4ab844c19cae3bc27faf45be; no voters: 89cd22488f854ddeaf7b64747f408d9e
I20260709 14:47:28.727732  1281 raft_consensus.cc:2804] T 0c0aaf7556574e09a3988f8d998bb838 P c696b3fc4ab844c19cae3bc27faf45be [term 1 FOLLOWER]: Leader election won for term 1
I20260709 14:47:28.728367  1281 raft_consensus.cc:697] T 0c0aaf7556574e09a3988f8d998bb838 P c696b3fc4ab844c19cae3bc27faf45be [term 1 LEADER]: Becoming Leader. State: Replica: c696b3fc4ab844c19cae3bc27faf45be, State: Running, Role: LEADER
I20260709 14:47:28.729226  1281 consensus_queue.cc:237] T 0c0aaf7556574e09a3988f8d998bb838 P c696b3fc4ab844c19cae3bc27faf45be [LEADER]: Queue going to LEADER mode. State: All replicated index: 0, Majority replicated index: 0, Committed index: 0, Last appended: 0.0, Last appended by leader: 0, Current term: 1, Majority size: 2, State: 0, Mode: LEADER, active raft config: opid_index: -1 OBSOLETE_local: false peers { permanent_uuid: "38bda1c7145040c8ade750aa51521407" member_type: VOTER last_known_addr { host: "127.0.107.193" port: 33101 } } peers { permanent_uuid: "89cd22488f854ddeaf7b64747f408d9e" member_type: VOTER last_known_addr { host: "127.0.107.194" port: 45799 } } peers { permanent_uuid: "c696b3fc4ab844c19cae3bc27faf45be" member_type: VOTER last_known_addr { host: "127.0.107.195" port: 35401 } }
W20260709 14:47:28.730027  1032 auto_rebalancer.cc:288] Could not retrieve cluster info: Service unavailable: Tablet not running
I20260709 14:47:28.745982  1282 raft_consensus.cc:493] T 56a6c9e0d2e544248f422744521d4003 P 38bda1c7145040c8ade750aa51521407 [term 0 FOLLOWER]: Starting pre-election (no leader contacted us within the election timeout)
I20260709 14:47:28.746706  1282 raft_consensus.cc:515] T 56a6c9e0d2e544248f422744521d4003 P 38bda1c7145040c8ade750aa51521407 [term 0 FOLLOWER]: Starting pre-election with config: opid_index: -1 OBSOLETE_local: false peers { permanent_uuid: "38bda1c7145040c8ade750aa51521407" member_type: VOTER last_known_addr { host: "127.0.107.193" port: 33101 } } peers { permanent_uuid: "89cd22488f854ddeaf7b64747f408d9e" member_type: VOTER last_known_addr { host: "127.0.107.194" port: 45799 } } peers { permanent_uuid: "c696b3fc4ab844c19cae3bc27faf45be" member_type: VOTER last_known_addr { host: "127.0.107.195" port: 35401 } }
I20260709 14:47:28.749146  1282 leader_election.cc:290] T 56a6c9e0d2e544248f422744521d4003 P 38bda1c7145040c8ade750aa51521407 [CANDIDATE]: Term 1 pre-election: Requested pre-vote from peers 89cd22488f854ddeaf7b64747f408d9e (127.0.107.194:45799), c696b3fc4ab844c19cae3bc27faf45be (127.0.107.195:35401)
I20260709 14:47:28.750685  1276 tablet_bootstrap.cc:492] T ab3e67cfe0e443b9ba8232ae430841f1 P 38bda1c7145040c8ade750aa51521407: No bootstrap required, opened a new log
I20260709 14:47:28.751259  1276 ts_tablet_manager.cc:1403] T ab3e67cfe0e443b9ba8232ae430841f1 P 38bda1c7145040c8ade750aa51521407: Time spent bootstrapping tablet: real 0.080s	user 0.031s	sys 0.048s
I20260709 14:47:28.751581  1275 ts_tablet_manager.cc:1434] T ab3e67cfe0e443b9ba8232ae430841f1 P 89cd22488f854ddeaf7b64747f408d9e: Time spent starting tablet: real 0.051s	user 0.006s	sys 0.001s
I20260709 14:47:28.752668  1275 tablet_bootstrap.cc:492] T d5587b10d4c840fcb8e9c3c55b16ad30 P 89cd22488f854ddeaf7b64747f408d9e: Bootstrap starting.
I20260709 14:47:28.754114  1277 tablet_bootstrap.cc:492] T d5f8f5af2cf547a6b3779fc4a5e7bb6a P c696b3fc4ab844c19cae3bc27faf45be: No bootstrap required, opened a new log
I20260709 14:47:28.754218  1276 raft_consensus.cc:359] T ab3e67cfe0e443b9ba8232ae430841f1 P 38bda1c7145040c8ade750aa51521407 [term 0 FOLLOWER]: Replica starting. Triggering 0 pending ops. Active config: opid_index: -1 OBSOLETE_local: false peers { permanent_uuid: "38bda1c7145040c8ade750aa51521407" member_type: VOTER last_known_addr { host: "127.0.107.193" port: 33101 } } peers { permanent_uuid: "89cd22488f854ddeaf7b64747f408d9e" member_type: VOTER last_known_addr { host: "127.0.107.194" port: 45799 } } peers { permanent_uuid: "c696b3fc4ab844c19cae3bc27faf45be" member_type: VOTER last_known_addr { host: "127.0.107.195" port: 35401 } }
I20260709 14:47:28.754988  1276 raft_consensus.cc:385] T ab3e67cfe0e443b9ba8232ae430841f1 P 38bda1c7145040c8ade750aa51521407 [term 0 FOLLOWER]: Consensus starting up: Expiring failure detector timer to make a prompt election more likely
I20260709 14:47:28.755282  1276 raft_consensus.cc:740] T ab3e67cfe0e443b9ba8232ae430841f1 P 38bda1c7145040c8ade750aa51521407 [term 0 FOLLOWER]: Becoming Follower/Learner. State: Replica: 38bda1c7145040c8ade750aa51521407, State: Initialized, Role: FOLLOWER
I20260709 14:47:28.754673  1277 ts_tablet_manager.cc:1403] T d5f8f5af2cf547a6b3779fc4a5e7bb6a P c696b3fc4ab844c19cae3bc27faf45be: Time spent bootstrapping tablet: real 0.067s	user 0.030s	sys 0.032s
I20260709 14:47:28.758211  1160 tablet_service.cc:1917] Received RequestConsensusVote() RPC: tablet_id: "56a6c9e0d2e544248f422744521d4003" candidate_uuid: "38bda1c7145040c8ade750aa51521407" candidate_term: 1 candidate_status { last_received { term: 0 index: 0 } } ignore_live_leader: false dest_uuid: "89cd22488f854ddeaf7b64747f408d9e" is_pre_election: true
I20260709 14:47:28.758642  1277 raft_consensus.cc:359] T d5f8f5af2cf547a6b3779fc4a5e7bb6a P c696b3fc4ab844c19cae3bc27faf45be [term 0 FOLLOWER]: Replica starting. Triggering 0 pending ops. Active config: opid_index: -1 OBSOLETE_local: false peers { permanent_uuid: "38bda1c7145040c8ade750aa51521407" member_type: VOTER last_known_addr { host: "127.0.107.193" port: 33101 } } peers { permanent_uuid: "89cd22488f854ddeaf7b64747f408d9e" member_type: VOTER last_known_addr { host: "127.0.107.194" port: 45799 } } peers { permanent_uuid: "c696b3fc4ab844c19cae3bc27faf45be" member_type: VOTER last_known_addr { host: "127.0.107.195" port: 35401 } }
