I20260709 14:42:05.009004 15329 consensus_queue.cc:237] T 4615f7961f254e0bac922179b022062b P 56b5ec96d6f4436abfd5377e1fc42b5a [LEADER]: Queue going to LEADER mode. State: All replicated index: 0, Majority replicated index: 2, Committed index: 2, Last appended: 2.2, Last appended by leader: 2, Current term: 3, Majority size: 2, State: 0, Mode: LEADER, active raft config: opid_index: -1 OBSOLETE_local: false peers { permanent_uuid: "5980bf8bee4a49b184a2807b7311e58f" member_type: VOTER last_known_addr { host: "127.14.140.1" port: 35595 } } peers { permanent_uuid: "56b5ec96d6f4436abfd5377e1fc42b5a" member_type: VOTER last_known_addr { host: "127.14.140.2" port: 35181 } } peers { permanent_uuid: "b8b97ce029c84d549520d3ad84758a19" member_type: VOTER last_known_addr { host: "127.14.140.3" port: 41415 } }
I20260709 14:42:05.010288 15178 tablet_service.cc:1917] Received RequestConsensusVote() RPC: tablet_id: "d9e9e62a504d4d328c8e8dbc12ad2260" candidate_uuid: "56b5ec96d6f4436abfd5377e1fc42b5a" candidate_term: 3 candidate_status { last_received { term: 2 index: 2 } } ignore_live_leader: true dest_uuid: "b8b97ce029c84d549520d3ad84758a19"
I20260709 14:42:05.010874 15178 raft_consensus.cc:3060] T d9e9e62a504d4d328c8e8dbc12ad2260 P b8b97ce029c84d549520d3ad84758a19 [term 2 FOLLOWER]: Advancing to term 3
I20260709 14:42:05.011219 15102 leader_election.cc:290] T d9e9e62a504d4d328c8e8dbc12ad2260 P 56b5ec96d6f4436abfd5377e1fc42b5a [CANDIDATE]: Term 3 election: Requested vote from peers 5980bf8bee4a49b184a2807b7311e58f (127.14.140.1:35595), b8b97ce029c84d549520d3ad84758a19 (127.14.140.3:41415)
I20260709 14:42:05.015501 15031 raft_consensus.cc:2468] T d9e9e62a504d4d328c8e8dbc12ad2260 P 5980bf8bee4a49b184a2807b7311e58f [term 3 FOLLOWER]: Leader election vote request: Granting yes vote for candidate 56b5ec96d6f4436abfd5377e1fc42b5a in term 3.
I20260709 14:42:05.017454 15071 leader_election.cc:304] T d9e9e62a504d4d328c8e8dbc12ad2260 P 56b5ec96d6f4436abfd5377e1fc42b5a [CANDIDATE]: Term 3 election: Election decided. Result: candidate won. Election summary: received 2 responses out of 3 voters: 2 yes votes; 0 no votes. yes voters: 56b5ec96d6f4436abfd5377e1fc42b5a, 5980bf8bee4a49b184a2807b7311e58f; no voters: 
I20260709 14:42:05.018106 15178 raft_consensus.cc:2468] T d9e9e62a504d4d328c8e8dbc12ad2260 P b8b97ce029c84d549520d3ad84758a19 [term 3 FOLLOWER]: Leader election vote request: Granting yes vote for candidate 56b5ec96d6f4436abfd5377e1fc42b5a in term 3.
I20260709 14:42:05.018437 15329 raft_consensus.cc:2804] T d9e9e62a504d4d328c8e8dbc12ad2260 P 56b5ec96d6f4436abfd5377e1fc42b5a [term 3 FOLLOWER]: Leader election won for term 3
I20260709 14:42:05.019023 15329 raft_consensus.cc:697] T d9e9e62a504d4d328c8e8dbc12ad2260 P 56b5ec96d6f4436abfd5377e1fc42b5a [term 3 LEADER]: Becoming Leader. State: Replica: 56b5ec96d6f4436abfd5377e1fc42b5a, State: Running, Role: LEADER
I20260709 14:42:05.019873 15329 consensus_queue.cc:237] T d9e9e62a504d4d328c8e8dbc12ad2260 P 56b5ec96d6f4436abfd5377e1fc42b5a [LEADER]: Queue going to LEADER mode. State: All replicated index: 0, Majority replicated index: 2, Committed index: 2, Last appended: 2.2, Last appended by leader: 2, Current term: 3, Majority size: 2, State: 0, Mode: LEADER, active raft config: opid_index: -1 OBSOLETE_local: false peers { permanent_uuid: "5980bf8bee4a49b184a2807b7311e58f" member_type: VOTER last_known_addr { host: "127.14.140.1" port: 35595 } } peers { permanent_uuid: "56b5ec96d6f4436abfd5377e1fc42b5a" member_type: VOTER last_known_addr { host: "127.14.140.2" port: 35181 } } peers { permanent_uuid: "b8b97ce029c84d549520d3ad84758a19" member_type: VOTER last_known_addr { host: "127.14.140.3" port: 41415 } }
I20260709 14:42:05.021587 14925 catalog_manager.cc:5697] T 4615f7961f254e0bac922179b022062b P 56b5ec96d6f4436abfd5377e1fc42b5a reported cstate change: term changed from 2 to 3, leader changed from 5980bf8bee4a49b184a2807b7311e58f (127.14.140.1) to 56b5ec96d6f4436abfd5377e1fc42b5a (127.14.140.2). New cstate: current_term: 3 leader_uuid: "56b5ec96d6f4436abfd5377e1fc42b5a" committed_config { opid_index: -1 OBSOLETE_local: false peers { permanent_uuid: "5980bf8bee4a49b184a2807b7311e58f" member_type: VOTER last_known_addr { host: "127.14.140.1" port: 35595 } health_report { overall_health: UNKNOWN } } peers { permanent_uuid: "56b5ec96d6f4436abfd5377e1fc42b5a" member_type: VOTER last_known_addr { host: "127.14.140.2" port: 35181 } health_report { overall_health: HEALTHY } } peers { permanent_uuid: "b8b97ce029c84d549520d3ad84758a19" member_type: VOTER last_known_addr { host: "127.14.140.3" port: 41415 } health_report { overall_health: UNKNOWN } } }
I20260709 14:42:05.033842 14925 catalog_manager.cc:5697] T d9e9e62a504d4d328c8e8dbc12ad2260 P 56b5ec96d6f4436abfd5377e1fc42b5a reported cstate change: term changed from 2 to 3, leader changed from 5980bf8bee4a49b184a2807b7311e58f (127.14.140.1) to 56b5ec96d6f4436abfd5377e1fc42b5a (127.14.140.2). New cstate: current_term: 3 leader_uuid: "56b5ec96d6f4436abfd5377e1fc42b5a" committed_config { opid_index: -1 OBSOLETE_local: false peers { permanent_uuid: "5980bf8bee4a49b184a2807b7311e58f" member_type: VOTER last_known_addr { host: "127.14.140.1" port: 35595 } health_report { overall_health: UNKNOWN } } peers { permanent_uuid: "56b5ec96d6f4436abfd5377e1fc42b5a" member_type: VOTER last_known_addr { host: "127.14.140.2" port: 35181 } health_report { overall_health: HEALTHY } } peers { permanent_uuid: "b8b97ce029c84d549520d3ad84758a19" member_type: VOTER last_known_addr { host: "127.14.140.3" port: 41415 } health_report { overall_health: UNKNOWN } } }
I20260709 14:42:05.048334 15324 raft_consensus.cc:993] T b37d56d94b8040f3a6f1f9df065dec5b P 5980bf8bee4a49b184a2807b7311e58f: : Instructing follower 56b5ec96d6f4436abfd5377e1fc42b5a to start an election
I20260709 14:42:05.048794 15324 raft_consensus.cc:1081] T b37d56d94b8040f3a6f1f9df065dec5b P 5980bf8bee4a49b184a2807b7311e58f [term 1 LEADER]: Signalling peer 56b5ec96d6f4436abfd5377e1fc42b5a to start an election
I20260709 14:42:05.050261 15102 tablet_service.cc:2044] Received Run Leader Election RPC: tablet_id: "b37d56d94b8040f3a6f1f9df065dec5b"
dest_uuid: "56b5ec96d6f4436abfd5377e1fc42b5a"
 from {username='slave'} at 127.0.0.1:48914
I20260709 14:42:05.050694 15102 raft_consensus.cc:493] T b37d56d94b8040f3a6f1f9df065dec5b P 56b5ec96d6f4436abfd5377e1fc42b5a [term 1 FOLLOWER]: Starting forced leader election (received explicit request)
I20260709 14:42:05.050966 15102 raft_consensus.cc:3060] T b37d56d94b8040f3a6f1f9df065dec5b P 56b5ec96d6f4436abfd5377e1fc42b5a [term 1 FOLLOWER]: Advancing to term 2
I20260709 14:42:05.055478 15102 raft_consensus.cc:515] T b37d56d94b8040f3a6f1f9df065dec5b P 56b5ec96d6f4436abfd5377e1fc42b5a [term 2 FOLLOWER]: Starting forced leader election with config: opid_index: -1 OBSOLETE_local: false peers { permanent_uuid: "5980bf8bee4a49b184a2807b7311e58f" member_type: VOTER last_known_addr { host: "127.14.140.1" port: 35595 } } peers { permanent_uuid: "56b5ec96d6f4436abfd5377e1fc42b5a" member_type: VOTER last_known_addr { host: "127.14.140.2" port: 35181 } } peers { permanent_uuid: "b8b97ce029c84d549520d3ad84758a19" member_type: VOTER last_known_addr { host: "127.14.140.3" port: 41415 } }
I20260709 14:42:05.057086 15102 leader_election.cc:290] T b37d56d94b8040f3a6f1f9df065dec5b P 56b5ec96d6f4436abfd5377e1fc42b5a [CANDIDATE]: Term 2 election: Requested vote from peers 5980bf8bee4a49b184a2807b7311e58f (127.14.140.1:35595), b8b97ce029c84d549520d3ad84758a19 (127.14.140.3:41415)
I20260709 14:42:05.058135 15031 tablet_service.cc:1917] Received RequestConsensusVote() RPC: tablet_id: "b37d56d94b8040f3a6f1f9df065dec5b" candidate_uuid: "56b5ec96d6f4436abfd5377e1fc42b5a" candidate_term: 2 candidate_status { last_received { term: 1 index: 1 } } ignore_live_leader: true dest_uuid: "5980bf8bee4a49b184a2807b7311e58f"
I20260709 14:42:05.058234 15178 tablet_service.cc:1917] Received RequestConsensusVote() RPC: tablet_id: "b37d56d94b8040f3a6f1f9df065dec5b" candidate_uuid: "56b5ec96d6f4436abfd5377e1fc42b5a" candidate_term: 2 candidate_status { last_received { term: 1 index: 1 } } ignore_live_leader: true dest_uuid: "b8b97ce029c84d549520d3ad84758a19"
I20260709 14:42:05.058737 15031 raft_consensus.cc:3055] T b37d56d94b8040f3a6f1f9df065dec5b P 5980bf8bee4a49b184a2807b7311e58f [term 1 LEADER]: Stepping down as leader of term 1
I20260709 14:42:05.058858 15178 raft_consensus.cc:3060] T b37d56d94b8040f3a6f1f9df065dec5b P b8b97ce029c84d549520d3ad84758a19 [term 1 FOLLOWER]: Advancing to term 2
I20260709 14:42:05.059080 15031 raft_consensus.cc:740] T b37d56d94b8040f3a6f1f9df065dec5b P 5980bf8bee4a49b184a2807b7311e58f [term 1 LEADER]: Becoming Follower/Learner. State: Replica: 5980bf8bee4a49b184a2807b7311e58f, State: Running, Role: LEADER
I20260709 14:42:05.059828 15031 consensus_queue.cc:260] T b37d56d94b8040f3a6f1f9df065dec5b P 5980bf8bee4a49b184a2807b7311e58f [NON_LEADER]: Queue going to NON_LEADER mode. State: All replicated index: 0, Majority replicated index: 1, Committed index: 1, Last appended: 1.1, Last appended by leader: 1, Current term: 1, Majority size: -1, State: 0, Mode: NON_LEADER, active raft config: opid_index: -1 OBSOLETE_local: false peers { permanent_uuid: "5980bf8bee4a49b184a2807b7311e58f" member_type: VOTER last_known_addr { host: "127.14.140.1" port: 35595 } } peers { permanent_uuid: "56b5ec96d6f4436abfd5377e1fc42b5a" member_type: VOTER last_known_addr { host: "127.14.140.2" port: 35181 } } peers { permanent_uuid: "b8b97ce029c84d549520d3ad84758a19" member_type: VOTER last_known_addr { host: "127.14.140.3" port: 41415 } }
I20260709 14:42:05.060820 15031 raft_consensus.cc:3060] T b37d56d94b8040f3a6f1f9df065dec5b P 5980bf8bee4a49b184a2807b7311e58f [term 1 FOLLOWER]: Advancing to term 2
I20260709 14:42:05.063843 15178 raft_consensus.cc:2468] T b37d56d94b8040f3a6f1f9df065dec5b P b8b97ce029c84d549520d3ad84758a19 [term 2 FOLLOWER]: Leader election vote request: Granting yes vote for candidate 56b5ec96d6f4436abfd5377e1fc42b5a in term 2.
I20260709 14:42:05.064957 15072 leader_election.cc:304] T b37d56d94b8040f3a6f1f9df065dec5b P 56b5ec96d6f4436abfd5377e1fc42b5a [CANDIDATE]: Term 2 election: Election decided. Result: candidate won. Election summary: received 2 responses out of 3 voters: 2 yes votes; 0 no votes. yes voters: 56b5ec96d6f4436abfd5377e1fc42b5a, b8b97ce029c84d549520d3ad84758a19; no voters: 
I20260709 14:42:05.065644 15031 raft_consensus.cc:2468] T b37d56d94b8040f3a6f1f9df065dec5b P 5980bf8bee4a49b184a2807b7311e58f [term 2 FOLLOWER]: Leader election vote request: Granting yes vote for candidate 56b5ec96d6f4436abfd5377e1fc42b5a in term 2.
I20260709 14:42:05.065742 15329 raft_consensus.cc:2804] T b37d56d94b8040f3a6f1f9df065dec5b P 56b5ec96d6f4436abfd5377e1fc42b5a [term 2 FOLLOWER]: Leader election won for term 2
I20260709 14:42:05.066309 15329 raft_consensus.cc:697] T b37d56d94b8040f3a6f1f9df065dec5b P 56b5ec96d6f4436abfd5377e1fc42b5a [term 2 LEADER]: Becoming Leader. State: Replica: 56b5ec96d6f4436abfd5377e1fc42b5a, State: Running, Role: LEADER
I20260709 14:42:05.067067 15329 consensus_queue.cc:237] T b37d56d94b8040f3a6f1f9df065dec5b P 56b5ec96d6f4436abfd5377e1fc42b5a [LEADER]: Queue going to LEADER mode. State: All replicated index: 0, Majority replicated index: 1, Committed index: 1, Last appended: 1.1, Last appended by leader: 1, Current term: 2, Majority size: 2, State: 0, Mode: LEADER, active raft config: opid_index: -1 OBSOLETE_local: false peers { permanent_uuid: "5980bf8bee4a49b184a2807b7311e58f" member_type: VOTER last_known_addr { host: "127.14.140.1" port: 35595 } } peers { permanent_uuid: "56b5ec96d6f4436abfd5377e1fc42b5a" member_type: VOTER last_known_addr { host: "127.14.140.2" port: 35181 } } peers { permanent_uuid: "b8b97ce029c84d549520d3ad84758a19" member_type: VOTER last_known_addr { host: "127.14.140.3" port: 41415 } }
I20260709 14:42:05.074584 14925 catalog_manager.cc:5697] T b37d56d94b8040f3a6f1f9df065dec5b P 56b5ec96d6f4436abfd5377e1fc42b5a reported cstate change: term changed from 1 to 2, leader changed from 5980bf8bee4a49b184a2807b7311e58f (127.14.140.1) to 56b5ec96d6f4436abfd5377e1fc42b5a (127.14.140.2). New cstate: current_term: 2 leader_uuid: "56b5ec96d6f4436abfd5377e1fc42b5a" committed_config { opid_index: -1 OBSOLETE_local: false peers { permanent_uuid: "5980bf8bee4a49b184a2807b7311e58f" member_type: VOTER last_known_addr { host: "127.14.140.1" port: 35595 } health_report { overall_health: UNKNOWN } } peers { permanent_uuid: "56b5ec96d6f4436abfd5377e1fc42b5a" member_type: VOTER last_known_addr { host: "127.14.140.2" port: 35181 } health_report { overall_health: HEALTHY } } peers { permanent_uuid: "b8b97ce029c84d549520d3ad84758a19" member_type: VOTER last_known_addr { host: "127.14.140.3" port: 41415 } health_report { overall_health: UNKNOWN } } }
I20260709 14:42:05.364769 15229 raft_consensus.cc:993] T 78a72c2437e6481dab0c1acc617c8c7b P b8b97ce029c84d549520d3ad84758a19: : Instructing follower 56b5ec96d6f4436abfd5377e1fc42b5a to start an election
I20260709 14:42:05.365320 15330 raft_consensus.cc:1081] T 78a72c2437e6481dab0c1acc617c8c7b P b8b97ce029c84d549520d3ad84758a19 [term 2 LEADER]: Signalling peer 56b5ec96d6f4436abfd5377e1fc42b5a to start an election
I20260709 14:42:05.367041 15102 tablet_service.cc:2044] Received Run Leader Election RPC: tablet_id: "78a72c2437e6481dab0c1acc617c8c7b"
dest_uuid: "56b5ec96d6f4436abfd5377e1fc42b5a"
 from {username='slave'} at 127.0.0.1:48906
I20260709 14:42:05.367575 15102 raft_consensus.cc:493] T 78a72c2437e6481dab0c1acc617c8c7b P 56b5ec96d6f4436abfd5377e1fc42b5a [term 2 FOLLOWER]: Starting forced leader election (received explicit request)
I20260709 14:42:05.367946 15102 raft_consensus.cc:3060] T 78a72c2437e6481dab0c1acc617c8c7b P 56b5ec96d6f4436abfd5377e1fc42b5a [term 2 FOLLOWER]: Advancing to term 3
I20260709 14:42:05.373018 15102 raft_consensus.cc:515] T 78a72c2437e6481dab0c1acc617c8c7b P 56b5ec96d6f4436abfd5377e1fc42b5a [term 3 FOLLOWER]: Starting forced leader election with config: opid_index: -1 OBSOLETE_local: false peers { permanent_uuid: "5980bf8bee4a49b184a2807b7311e58f" member_type: VOTER last_known_addr { host: "127.14.140.1" port: 35595 } } peers { permanent_uuid: "56b5ec96d6f4436abfd5377e1fc42b5a" member_type: VOTER last_known_addr { host: "127.14.140.2" port: 35181 } } peers { permanent_uuid: "b8b97ce029c84d549520d3ad84758a19" member_type: VOTER last_known_addr { host: "127.14.140.3" port: 41415 } }
I20260709 14:42:05.374949 15102 leader_election.cc:290] T 78a72c2437e6481dab0c1acc617c8c7b P 56b5ec96d6f4436abfd5377e1fc42b5a [CANDIDATE]: Term 3 election: Requested vote from peers 5980bf8bee4a49b184a2807b7311e58f (127.14.140.1:35595), b8b97ce029c84d549520d3ad84758a19 (127.14.140.3:41415)
I20260709 14:42:05.375792 15031 tablet_service.cc:1917] Received RequestConsensusVote() RPC: tablet_id: "78a72c2437e6481dab0c1acc617c8c7b" candidate_uuid: "56b5ec96d6f4436abfd5377e1fc42b5a" candidate_term: 3 candidate_status { last_received { term: 2 index: 2 } } ignore_live_leader: true dest_uuid: "5980bf8bee4a49b184a2807b7311e58f"
I20260709 14:42:05.376149 15178 tablet_service.cc:1917] Received RequestConsensusVote() RPC: tablet_id: "78a72c2437e6481dab0c1acc617c8c7b" candidate_uuid: "56b5ec96d6f4436abfd5377e1fc42b5a" candidate_term: 3 candidate_status { last_received { term: 2 index: 2 } } ignore_live_leader: true dest_uuid: "b8b97ce029c84d549520d3ad84758a19"
I20260709 14:42:05.376344 15031 raft_consensus.cc:3060] T 78a72c2437e6481dab0c1acc617c8c7b P 5980bf8bee4a49b184a2807b7311e58f [term 2 FOLLOWER]: Advancing to term 3
I20260709 14:42:05.376859 15178 raft_consensus.cc:3055] T 78a72c2437e6481dab0c1acc617c8c7b P b8b97ce029c84d549520d3ad84758a19 [term 2 LEADER]: Stepping down as leader of term 2
I20260709 14:42:05.377179 15178 raft_consensus.cc:740] T 78a72c2437e6481dab0c1acc617c8c7b P b8b97ce029c84d549520d3ad84758a19 [term 2 LEADER]: Becoming Follower/Learner. State: Replica: b8b97ce029c84d549520d3ad84758a19, State: Running, Role: LEADER
I20260709 14:42:05.377939 15178 consensus_queue.cc:260] T 78a72c2437e6481dab0c1acc617c8c7b P b8b97ce029c84d549520d3ad84758a19 [NON_LEADER]: Queue going to NON_LEADER mode. State: All replicated index: 0, Majority replicated index: 2, Committed index: 2, Last appended: 2.2, Last appended by leader: 2, Current term: 2, Majority size: -1, State: 0, Mode: NON_LEADER, active raft config: opid_index: -1 OBSOLETE_local: false peers { permanent_uuid: "5980bf8bee4a49b184a2807b7311e58f" member_type: VOTER last_known_addr { host: "127.14.140.1" port: 35595 } } peers { permanent_uuid: "56b5ec96d6f4436abfd5377e1fc42b5a" member_type: VOTER last_known_addr { host: "127.14.140.2" port: 35181 } } peers { permanent_uuid: "b8b97ce029c84d549520d3ad84758a19" member_type: VOTER last_known_addr { host: "127.14.140.3" port: 41415 } }
I20260709 14:42:05.379149 15178 raft_consensus.cc:3060] T 78a72c2437e6481dab0c1acc617c8c7b P b8b97ce029c84d549520d3ad84758a19 [term 2 FOLLOWER]: Advancing to term 3
I20260709 14:42:05.381508 15031 raft_consensus.cc:2468] T 78a72c2437e6481dab0c1acc617c8c7b P 5980bf8bee4a49b184a2807b7311e58f [term 3 FOLLOWER]: Leader election vote request: Granting yes vote for candidate 56b5ec96d6f4436abfd5377e1fc42b5a in term 3.
I20260709 14:42:05.382624 15071 leader_election.cc:304] T 78a72c2437e6481dab0c1acc617c8c7b P 56b5ec96d6f4436abfd5377e1fc42b5a [CANDIDATE]: Term 3 election: Election decided. Result: candidate won. Election summary: received 2 responses out of 3 voters: 2 yes votes; 0 no votes. yes voters: 56b5ec96d6f4436abfd5377e1fc42b5a, 5980bf8bee4a49b184a2807b7311e58f; no voters: 
I20260709 14:42:05.383515 15329 raft_consensus.cc:2804] T 78a72c2437e6481dab0c1acc617c8c7b P 56b5ec96d6f4436abfd5377e1fc42b5a [term 3 FOLLOWER]: Leader election won for term 3
I20260709 14:42:05.383947 15329 raft_consensus.cc:697] T 78a72c2437e6481dab0c1acc617c8c7b P 56b5ec96d6f4436abfd5377e1fc42b5a [term 3 LEADER]: Becoming Leader. State: Replica: 56b5ec96d6f4436abfd5377e1fc42b5a, State: Running, Role: LEADER
I20260709 14:42:05.384747 15329 consensus_queue.cc:237] T 78a72c2437e6481dab0c1acc617c8c7b P 56b5ec96d6f4436abfd5377e1fc42b5a [LEADER]: Queue going to LEADER mode. State: All replicated index: 0, Majority replicated index: 2, Committed index: 2, Last appended: 2.2, Last appended by leader: 2, Current term: 3, Majority size: 2, State: 0, Mode: LEADER, active raft config: opid_index: -1 OBSOLETE_local: false peers { permanent_uuid: "5980bf8bee4a49b184a2807b7311e58f" member_type: VOTER last_known_addr { host: "127.14.140.1" port: 35595 } } peers { permanent_uuid: "56b5ec96d6f4436abfd5377e1fc42b5a" member_type: VOTER last_known_addr { host: "127.14.140.2" port: 35181 } } peers { permanent_uuid: "b8b97ce029c84d549520d3ad84758a19" member_type: VOTER last_known_addr { host: "127.14.140.3" port: 41415 } }
I20260709 14:42:05.385106 15178 raft_consensus.cc:2468] T 78a72c2437e6481dab0c1acc617c8c7b P b8b97ce029c84d549520d3ad84758a19 [term 3 FOLLOWER]: Leader election vote request: Granting yes vote for candidate 56b5ec96d6f4436abfd5377e1fc42b5a in term 3.
I20260709 14:42:05.391774 14925 catalog_manager.cc:5697] T 78a72c2437e6481dab0c1acc617c8c7b P 56b5ec96d6f4436abfd5377e1fc42b5a reported cstate change: term changed from 2 to 3, leader changed from b8b97ce029c84d549520d3ad84758a19 (127.14.140.3) to 56b5ec96d6f4436abfd5377e1fc42b5a (127.14.140.2). New cstate: current_term: 3 leader_uuid: "56b5ec96d6f4436abfd5377e1fc42b5a" committed_config { opid_index: -1 OBSOLETE_local: false peers { permanent_uuid: "5980bf8bee4a49b184a2807b7311e58f" member_type: VOTER last_known_addr { host: "127.14.140.1" port: 35595 } health_report { overall_health: UNKNOWN } } peers { permanent_uuid: "56b5ec96d6f4436abfd5377e1fc42b5a" member_type: VOTER last_known_addr { host: "127.14.140.2" port: 35181 } health_report { overall_health: HEALTHY } } peers { permanent_uuid: "b8b97ce029c84d549520d3ad84758a19" member_type: VOTER last_known_addr { host: "127.14.140.3" port: 41415 } health_report { overall_health: UNKNOWN } } }
I20260709 14:42:05.429380 15031 raft_consensus.cc:1275] T 62c93b2b511a44779a26e8b7b54a921d P 5980bf8bee4a49b184a2807b7311e58f [term 3 FOLLOWER]: Refusing update from remote peer 56b5ec96d6f4436abfd5377e1fc42b5a: Log matching property violated. Preceding OpId in replica: term: 2 index: 2. Preceding OpId from leader: term: 3 index: 3. (index mismatch)
I20260709 14:42:05.430742 15329 consensus_queue.cc:1048] T 62c93b2b511a44779a26e8b7b54a921d P 56b5ec96d6f4436abfd5377e1fc42b5a [LEADER]: Connected to new peer: Peer: permanent_uuid: "5980bf8bee4a49b184a2807b7311e58f" member_type: VOTER last_known_addr { host: "127.14.140.1" port: 35595 }, Status: LMP_MISMATCH, Last received: 0.0, Next index: 3, Last known committed idx: 2, Time since last communication: 0.000s
I20260709 14:42:05.440659 15178 raft_consensus.cc:1275] T 62c93b2b511a44779a26e8b7b54a921d P b8b97ce029c84d549520d3ad84758a19 [term 3 FOLLOWER]: Refusing update from remote peer 56b5ec96d6f4436abfd5377e1fc42b5a: Log matching property violated. Preceding OpId in replica: term: 2 index: 2. Preceding OpId from leader: term: 3 index: 3. (index mismatch)
I20260709 14:42:05.443025 15329 consensus_queue.cc:1048] T 62c93b2b511a44779a26e8b7b54a921d P 56b5ec96d6f4436abfd5377e1fc42b5a [LEADER]: Connected to new peer: Peer: permanent_uuid: "b8b97ce029c84d549520d3ad84758a19" member_type: VOTER last_known_addr { host: "127.14.140.3" port: 41415 }, Status: LMP_MISMATCH, Last received: 0.0, Next index: 3, Last known committed idx: 2, Time since last communication: 0.000s
I20260709 14:42:05.476969 15030 raft_consensus.cc:1275] T b37d56d94b8040f3a6f1f9df065dec5b P 5980bf8bee4a49b184a2807b7311e58f [term 2 FOLLOWER]: Refusing update from remote peer 56b5ec96d6f4436abfd5377e1fc42b5a: Log matching property violated. Preceding OpId in replica: term: 1 index: 1. Preceding OpId from leader: term: 2 index: 2. (index mismatch)
I20260709 14:42:05.478353 15329 consensus_queue.cc:1048] T b37d56d94b8040f3a6f1f9df065dec5b P 56b5ec96d6f4436abfd5377e1fc42b5a [LEADER]: Connected to new peer: Peer: permanent_uuid: "5980bf8bee4a49b184a2807b7311e58f" member_type: VOTER last_known_addr { host: "127.14.140.1" port: 35595 }, Status: LMP_MISMATCH, Last received: 0.0, Next index: 2, Last known committed idx: 1, Time since last communication: 0.000s
I20260709 14:42:05.488181 15178 raft_consensus.cc:1275] T b37d56d94b8040f3a6f1f9df065dec5b P b8b97ce029c84d549520d3ad84758a19 [term 2 FOLLOWER]: Refusing update from remote peer 56b5ec96d6f4436abfd5377e1fc42b5a: Log matching property violated. Preceding OpId in replica: term: 1 index: 1. Preceding OpId from leader: term: 2 index: 2. (index mismatch)
I20260709 14:42:05.490338 15329 consensus_queue.cc:1048] T b37d56d94b8040f3a6f1f9df065dec5b P 56b5ec96d6f4436abfd5377e1fc42b5a [LEADER]: Connected to new peer: Peer: permanent_uuid: "b8b97ce029c84d549520d3ad84758a19" member_type: VOTER last_known_addr { host: "127.14.140.3" port: 41415 }, Status: LMP_MISMATCH, Last received: 0.0, Next index: 2, Last known committed idx: 1, Time since last communication: 0.000s
I20260709 14:42:05.567135 15178 raft_consensus.cc:1275] T d9e9e62a504d4d328c8e8dbc12ad2260 P b8b97ce029c84d549520d3ad84758a19 [term 3 FOLLOWER]: Refusing update from remote peer 56b5ec96d6f4436abfd5377e1fc42b5a: Log matching property violated. Preceding OpId in replica: term: 2 index: 2. Preceding OpId from leader: term: 3 index: 3. (index mismatch)
I20260709 14:42:05.568620 15329 consensus_queue.cc:1048] T d9e9e62a504d4d328c8e8dbc12ad2260 P 56b5ec96d6f4436abfd5377e1fc42b5a [LEADER]: Connected to new peer: Peer: permanent_uuid: "b8b97ce029c84d549520d3ad84758a19" member_type: VOTER last_known_addr { host: "127.14.140.3" port: 41415 }, Status: LMP_MISMATCH, Last received: 0.0, Next index: 3, Last known committed idx: 2, Time since last communication: 0.000s
I20260709 14:42:05.577512 15030 raft_consensus.cc:1275] T d9e9e62a504d4d328c8e8dbc12ad2260 P 5980bf8bee4a49b184a2807b7311e58f [term 3 FOLLOWER]: Refusing update from remote peer 56b5ec96d6f4436abfd5377e1fc42b5a: Log matching property violated. Preceding OpId in replica: term: 2 index: 2. Preceding OpId from leader: term: 3 index: 3. (index mismatch)
I20260709 14:42:05.579170 15358 consensus_queue.cc:1048] T d9e9e62a504d4d328c8e8dbc12ad2260 P 56b5ec96d6f4436abfd5377e1fc42b5a [LEADER]: Connected to new peer: Peer: permanent_uuid: "5980bf8bee4a49b184a2807b7311e58f" member_type: VOTER last_known_addr { host: "127.14.140.1" port: 35595 }, Status: LMP_MISMATCH, Last received: 0.0, Next index: 3, Last known committed idx: 2, Time since last communication: 0.000s
I20260709 14:42:05.579806 15179 raft_consensus.cc:1275] T 4615f7961f254e0bac922179b022062b P b8b97ce029c84d549520d3ad84758a19 [term 3 FOLLOWER]: Refusing update from remote peer 56b5ec96d6f4436abfd5377e1fc42b5a: Log matching property violated. Preceding OpId in replica: term: 2 index: 2. Preceding OpId from leader: term: 3 index: 3. (index mismatch)
I20260709 14:42:05.582216 15358 consensus_queue.cc:1048] T 4615f7961f254e0bac922179b022062b P 56b5ec96d6f4436abfd5377e1fc42b5a [LEADER]: Connected to new peer: Peer: permanent_uuid: "b8b97ce029c84d549520d3ad84758a19" member_type: VOTER last_known_addr { host: "127.14.140.3" port: 41415 }, Status: LMP_MISMATCH, Last received: 0.0, Next index: 3, Last known committed idx: 2, Time since last communication: 0.002s
I20260709 14:42:05.590138 15030 raft_consensus.cc:1275] T 4615f7961f254e0bac922179b022062b P 5980bf8bee4a49b184a2807b7311e58f [term 3 FOLLOWER]: Refusing update from remote peer 56b5ec96d6f4436abfd5377e1fc42b5a: Log matching property violated. Preceding OpId in replica: term: 2 index: 2. Preceding OpId from leader: term: 3 index: 3. (index mismatch)
I20260709 14:42:05.592926 15358 consensus_queue.cc:1048] T 4615f7961f254e0bac922179b022062b P 56b5ec96d6f4436abfd5377e1fc42b5a [LEADER]: Connected to new peer: Peer: permanent_uuid: "5980bf8bee4a49b184a2807b7311e58f" member_type: VOTER last_known_addr { host: "127.14.140.1" port: 35595 }, Status: LMP_MISMATCH, Last received: 0.0, Next index: 3, Last known committed idx: 2, Time since last communication: 0.000s
I20260709 14:42:05.950428 15178 raft_consensus.cc:1275] T 78a72c2437e6481dab0c1acc617c8c7b P b8b97ce029c84d549520d3ad84758a19 [term 3 FOLLOWER]: Refusing update from remote peer 56b5ec96d6f4436abfd5377e1fc42b5a: Log matching property violated. Preceding OpId in replica: term: 2 index: 2. Preceding OpId from leader: term: 3 index: 3. (index mismatch)
I20260709 14:42:05.951685 15358 consensus_queue.cc:1048] T 78a72c2437e6481dab0c1acc617c8c7b P 56b5ec96d6f4436abfd5377e1fc42b5a [LEADER]: Connected to new peer: Peer: permanent_uuid: "b8b97ce029c84d549520d3ad84758a19" member_type: VOTER last_known_addr { host: "127.14.140.3" port: 41415 }, Status: LMP_MISMATCH, Last received: 0.0, Next index: 3, Last known committed idx: 2, Time since last communication: 0.000s
I20260709 14:42:05.961716 15030 raft_consensus.cc:1275] T 78a72c2437e6481dab0c1acc617c8c7b P 5980bf8bee4a49b184a2807b7311e58f [term 3 FOLLOWER]: Refusing update from remote peer 56b5ec96d6f4436abfd5377e1fc42b5a: Log matching property violated. Preceding OpId in replica: term: 2 index: 2. Preceding OpId from leader: term: 3 index: 3. (index mismatch)
I20260709 14:42:05.964123 15329 consensus_queue.cc:1048] T 78a72c2437e6481dab0c1acc617c8c7b P 56b5ec96d6f4436abfd5377e1fc42b5a [LEADER]: Connected to new peer: Peer: permanent_uuid: "5980bf8bee4a49b184a2807b7311e58f" member_type: VOTER last_known_addr { host: "127.14.140.1" port: 35595 }, Status: LMP_MISMATCH, Last received: 0.0, Next index: 3, Last known committed idx: 2, Time since last communication: 0.000s
W20260709 14:42:07.631187 15201 debug-util.cc:398] Leaking SignalData structure 0x7b080016c060 after lost signal to thread 14899
W20260709 14:42:07.632098 15201 debug-util.cc:398] Leaking SignalData structure 0x7b080016c740 after lost signal to thread 14962
W20260709 14:42:07.632974 15201 debug-util.cc:398] Leaking SignalData structure 0x7b08000f1540 after lost signal to thread 15055
W20260709 14:42:07.633675 15201 debug-util.cc:398] Leaking SignalData structure 0x7b08000f1d60 after lost signal to thread 15130
W20260709 14:42:07.634512 15201 debug-util.cc:398] Leaking SignalData structure 0x7b08001f6be0 after lost signal to thread 15204
I20260709 14:42:08.240439 14896 auto_leader_rebalancer.cc:141] leader rebalance for table test-workload
I20260709 14:42:08.249709 15102 tablet_service.cc:2072] Received LeaderStepDown RPC: tablet_id: "4615f7961f254e0bac922179b022062b"
dest_uuid: "56b5ec96d6f4436abfd5377e1fc42b5a"
mode: GRACEFUL
new_leader_uuid: "b8b97ce029c84d549520d3ad84758a19"
 from {username='slave'} at 127.0.0.1:48930
I20260709 14:42:08.250835 15102 raft_consensus.cc:606] T 4615f7961f254e0bac922179b022062b P 56b5ec96d6f4436abfd5377e1fc42b5a [term 3 LEADER]: Received request to transfer leadership to TS b8b97ce029c84d549520d3ad84758a19
I20260709 14:42:08.254557 15102 tablet_service.cc:2072] Received LeaderStepDown RPC: tablet_id: "62c93b2b511a44779a26e8b7b54a921d"
dest_uuid: "56b5ec96d6f4436abfd5377e1fc42b5a"
mode: GRACEFUL
new_leader_uuid: "b8b97ce029c84d549520d3ad84758a19"
 from {username='slave'} at 127.0.0.1:48930
I20260709 14:42:08.255334 15102 raft_consensus.cc:606] T 62c93b2b511a44779a26e8b7b54a921d P 56b5ec96d6f4436abfd5377e1fc42b5a [term 3 LEADER]: Received request to transfer leadership to TS b8b97ce029c84d549520d3ad84758a19
I20260709 14:42:08.258303 15102 tablet_service.cc:2072] Received LeaderStepDown RPC: tablet_id: "75d05ba5870b4d82bb9a2a8ac309cd97"
dest_uuid: "56b5ec96d6f4436abfd5377e1fc42b5a"
mode: GRACEFUL
new_leader_uuid: "5980bf8bee4a49b184a2807b7311e58f"
 from {username='slave'} at 127.0.0.1:48930
I20260709 14:42:08.258859 15102 raft_consensus.cc:606] T 75d05ba5870b4d82bb9a2a8ac309cd97 P 56b5ec96d6f4436abfd5377e1fc42b5a [term 2 LEADER]: Received request to transfer leadership to TS 5980bf8bee4a49b184a2807b7311e58f
I20260709 14:42:08.261600 15102 tablet_service.cc:2072] Received LeaderStepDown RPC: tablet_id: "78a72c2437e6481dab0c1acc617c8c7b"
dest_uuid: "56b5ec96d6f4436abfd5377e1fc42b5a"
mode: GRACEFUL
new_leader_uuid: "5980bf8bee4a49b184a2807b7311e58f"
 from {username='slave'} at 127.0.0.1:48930
I20260709 14:42:08.262205 15102 raft_consensus.cc:606] T 78a72c2437e6481dab0c1acc617c8c7b P 56b5ec96d6f4436abfd5377e1fc42b5a [term 3 LEADER]: Received request to transfer leadership to TS 5980bf8bee4a49b184a2807b7311e58f
I20260709 14:42:08.264843 15102 tablet_service.cc:2072] Received LeaderStepDown RPC: tablet_id: "d9e9e62a504d4d328c8e8dbc12ad2260"
dest_uuid: "56b5ec96d6f4436abfd5377e1fc42b5a"
mode: GRACEFUL
new_leader_uuid: "5980bf8bee4a49b184a2807b7311e58f"
 from {username='slave'} at 127.0.0.1:48930
I20260709 14:42:08.264977 15371 raft_consensus.cc:993] T 75d05ba5870b4d82bb9a2a8ac309cd97 P 56b5ec96d6f4436abfd5377e1fc42b5a: : Instructing follower 5980bf8bee4a49b184a2807b7311e58f to start an election
I20260709 14:42:08.265388 15102 raft_consensus.cc:606] T d9e9e62a504d4d328c8e8dbc12ad2260 P 56b5ec96d6f4436abfd5377e1fc42b5a [term 3 LEADER]: Received request to transfer leadership to TS 5980bf8bee4a49b184a2807b7311e58f
I20260709 14:42:08.265692 15369 raft_consensus.cc:1081] T 75d05ba5870b4d82bb9a2a8ac309cd97 P 56b5ec96d6f4436abfd5377e1fc42b5a [term 2 LEADER]: Signalling peer 5980bf8bee4a49b184a2807b7311e58f to start an election
I20260709 14:42:08.266862 14896 auto_leader_rebalancer.cc:452] table: test-workload, leader rebalance finish, leader transfer count: 5
I20260709 14:42:08.267359 14896 auto_leader_rebalancer.cc:527] All tables' leader rebalancing finished this round
I20260709 14:42:08.267657 15031 tablet_service.cc:2044] Received Run Leader Election RPC: tablet_id: "75d05ba5870b4d82bb9a2a8ac309cd97"
dest_uuid: "5980bf8bee4a49b184a2807b7311e58f"
 from {username='slave'} at 127.0.0.1:44238
I20260709 14:42:08.268306 15031 raft_consensus.cc:493] T 75d05ba5870b4d82bb9a2a8ac309cd97 P 5980bf8bee4a49b184a2807b7311e58f [term 2 FOLLOWER]: Starting forced leader election (received explicit request)
I20260709 14:42:08.268764 15031 raft_consensus.cc:3060] T 75d05ba5870b4d82bb9a2a8ac309cd97 P 5980bf8bee4a49b184a2807b7311e58f [term 2 FOLLOWER]: Advancing to term 3
I20260709 14:42:08.276681 15031 raft_consensus.cc:515] T 75d05ba5870b4d82bb9a2a8ac309cd97 P 5980bf8bee4a49b184a2807b7311e58f [term 3 FOLLOWER]: Starting forced leader election with config: opid_index: -1 OBSOLETE_local: false peers { permanent_uuid: "5980bf8bee4a49b184a2807b7311e58f" member_type: VOTER last_known_addr { host: "127.14.140.1" port: 35595 } } peers { permanent_uuid: "56b5ec96d6f4436abfd5377e1fc42b5a" member_type: VOTER last_known_addr { host: "127.14.140.2" port: 35181 } } peers { permanent_uuid: "b8b97ce029c84d549520d3ad84758a19" member_type: VOTER last_known_addr { host: "127.14.140.3" port: 41415 } }
I20260709 14:42:08.279089 15031 leader_election.cc:290] T 75d05ba5870b4d82bb9a2a8ac309cd97 P 5980bf8bee4a49b184a2807b7311e58f [CANDIDATE]: Term 3 election: Requested vote from peers 56b5ec96d6f4436abfd5377e1fc42b5a (127.14.140.2:35181), b8b97ce029c84d549520d3ad84758a19 (127.14.140.3:41415)
I20260709 14:42:08.280730 15178 tablet_service.cc:1917] Received RequestConsensusVote() RPC: tablet_id: "75d05ba5870b4d82bb9a2a8ac309cd97" candidate_uuid: "5980bf8bee4a49b184a2807b7311e58f" candidate_term: 3 candidate_status { last_received { term: 2 index: 2 } } ignore_live_leader: true dest_uuid: "b8b97ce029c84d549520d3ad84758a19"
I20260709 14:42:08.280292 15102 tablet_service.cc:1917] Received RequestConsensusVote() RPC: tablet_id: "75d05ba5870b4d82bb9a2a8ac309cd97" candidate_uuid: "5980bf8bee4a49b184a2807b7311e58f" candidate_term: 3 candidate_status { last_received { term: 2 index: 2 } } ignore_live_leader: true dest_uuid: "56b5ec96d6f4436abfd5377e1fc42b5a"
I20260709 14:42:08.281543 15178 raft_consensus.cc:3060] T 75d05ba5870b4d82bb9a2a8ac309cd97 P b8b97ce029c84d549520d3ad84758a19 [term 2 FOLLOWER]: Advancing to term 3
I20260709 14:42:08.282208 15102 raft_consensus.cc:3055] T 75d05ba5870b4d82bb9a2a8ac309cd97 P 56b5ec96d6f4436abfd5377e1fc42b5a [term 2 LEADER]: Stepping down as leader of term 2
I20260709 14:42:08.282721 15102 raft_consensus.cc:740] T 75d05ba5870b4d82bb9a2a8ac309cd97 P 56b5ec96d6f4436abfd5377e1fc42b5a [term 2 LEADER]: Becoming Follower/Learner. State: Replica: 56b5ec96d6f4436abfd5377e1fc42b5a, State: Running, Role: LEADER
I20260709 14:42:08.283739 15102 consensus_queue.cc:260] T 75d05ba5870b4d82bb9a2a8ac309cd97 P 56b5ec96d6f4436abfd5377e1fc42b5a [NON_LEADER]: Queue going to NON_LEADER mode. State: All replicated index: 0, Majority replicated index: 2, Committed index: 2, Last appended: 2.2, Last appended by leader: 2, Current term: 2, Majority size: -1, State: 0, Mode: NON_LEADER, active raft config: opid_index: -1 OBSOLETE_local: false peers { permanent_uuid: "5980bf8bee4a49b184a2807b7311e58f" member_type: VOTER last_known_addr { host: "127.14.140.1" port: 35595 } } peers { permanent_uuid: "56b5ec96d6f4436abfd5377e1fc42b5a" member_type: VOTER last_known_addr { host: "127.14.140.2" port: 35181 } } peers { permanent_uuid: "b8b97ce029c84d549520d3ad84758a19" member_type: VOTER last_known_addr { host: "127.14.140.3" port: 41415 } }
I20260709 14:42:08.285312 15102 raft_consensus.cc:3060] T 75d05ba5870b4d82bb9a2a8ac309cd97 P 56b5ec96d6f4436abfd5377e1fc42b5a [term 2 FOLLOWER]: Advancing to term 3
I20260709 14:42:08.289746 15178 raft_consensus.cc:2468] T 75d05ba5870b4d82bb9a2a8ac309cd97 P b8b97ce029c84d549520d3ad84758a19 [term 3 FOLLOWER]: Leader election vote request: Granting yes vote for candidate 5980bf8bee4a49b184a2807b7311e58f in term 3.
I20260709 14:42:08.291561 14997 leader_election.cc:304] T 75d05ba5870b4d82bb9a2a8ac309cd97 P 5980bf8bee4a49b184a2807b7311e58f [CANDIDATE]: Term 3 election: Election decided. Result: candidate won. Election summary: received 2 responses out of 3 voters: 2 yes votes; 0 no votes. yes voters: 5980bf8bee4a49b184a2807b7311e58f, b8b97ce029c84d549520d3ad84758a19; no voters: 
I20260709 14:42:08.293962 15102 raft_consensus.cc:2468] T 75d05ba5870b4d82bb9a2a8ac309cd97 P 56b5ec96d6f4436abfd5377e1fc42b5a [term 3 FOLLOWER]: Leader election vote request: Granting yes vote for candidate 5980bf8bee4a49b184a2807b7311e58f in term 3.
I20260709 14:42:08.295730 15374 raft_consensus.cc:2804] T 75d05ba5870b4d82bb9a2a8ac309cd97 P 5980bf8bee4a49b184a2807b7311e58f [term 3 FOLLOWER]: Leader election won for term 3
I20260709 14:42:08.296967 15374 raft_consensus.cc:697] T 75d05ba5870b4d82bb9a2a8ac309cd97 P 5980bf8bee4a49b184a2807b7311e58f [term 3 LEADER]: Becoming Leader. State: Replica: 5980bf8bee4a49b184a2807b7311e58f, State: Running, Role: LEADER
I20260709 14:42:08.298161 15374 consensus_queue.cc:237] T 75d05ba5870b4d82bb9a2a8ac309cd97 P 5980bf8bee4a49b184a2807b7311e58f [LEADER]: Queue going to LEADER mode. State: All replicated index: 0, Majority replicated index: 2, Committed index: 2, Last appended: 2.2, Last appended by leader: 2, Current term: 3, Majority size: 2, State: 0, Mode: LEADER, active raft config: opid_index: -1 OBSOLETE_local: false peers { permanent_uuid: "5980bf8bee4a49b184a2807b7311e58f" member_type: VOTER last_known_addr { host: "127.14.140.1" port: 35595 } } peers { permanent_uuid: "56b5ec96d6f4436abfd5377e1fc42b5a" member_type: VOTER last_known_addr { host: "127.14.140.2" port: 35181 } } peers { permanent_uuid: "b8b97ce029c84d549520d3ad84758a19" member_type: VOTER last_known_addr { host: "127.14.140.3" port: 41415 } }
I20260709 14:42:08.308954 14925 catalog_manager.cc:5697] T 75d05ba5870b4d82bb9a2a8ac309cd97 P 5980bf8bee4a49b184a2807b7311e58f reported cstate change: term changed from 2 to 3, leader changed from 56b5ec96d6f4436abfd5377e1fc42b5a (127.14.140.2) to 5980bf8bee4a49b184a2807b7311e58f (127.14.140.1). New cstate: current_term: 3 leader_uuid: "5980bf8bee4a49b184a2807b7311e58f" committed_config { opid_index: -1 OBSOLETE_local: false peers { permanent_uuid: "5980bf8bee4a49b184a2807b7311e58f" member_type: VOTER last_known_addr { host: "127.14.140.1" port: 35595 } health_report { overall_health: HEALTHY } } peers { permanent_uuid: "56b5ec96d6f4436abfd5377e1fc42b5a" member_type: VOTER last_known_addr { host: "127.14.140.2" port: 35181 } health_report { overall_health: UNKNOWN } } peers { permanent_uuid: "b8b97ce029c84d549520d3ad84758a19" member_type: VOTER last_known_addr { host: "127.14.140.3" port: 41415 } health_report { overall_health: UNKNOWN } } }
I20260709 14:42:08.343339 15371 raft_consensus.cc:993] T 62c93b2b511a44779a26e8b7b54a921d P 56b5ec96d6f4436abfd5377e1fc42b5a: : Instructing follower b8b97ce029c84d549520d3ad84758a19 to start an election
I20260709 14:42:08.343978 15369 raft_consensus.cc:1081] T 62c93b2b511a44779a26e8b7b54a921d P 56b5ec96d6f4436abfd5377e1fc42b5a [term 3 LEADER]: Signalling peer b8b97ce029c84d549520d3ad84758a19 to start an election
I20260709 14:42:08.345876 15178 tablet_service.cc:2044] Received Run Leader Election RPC: tablet_id: "62c93b2b511a44779a26e8b7b54a921d"
dest_uuid: "b8b97ce029c84d549520d3ad84758a19"
 from {username='slave'} at 127.0.0.1:58014
I20260709 14:42:08.346386 15178 raft_consensus.cc:493] T 62c93b2b511a44779a26e8b7b54a921d P b8b97ce029c84d549520d3ad84758a19 [term 3 FOLLOWER]: Starting forced leader election (received explicit request)
I20260709 14:42:08.346716 15178 raft_consensus.cc:3060] T 62c93b2b511a44779a26e8b7b54a921d P b8b97ce029c84d549520d3ad84758a19 [term 3 FOLLOWER]: Advancing to term 4
I20260709 14:42:08.351307 15178 raft_consensus.cc:515] T 62c93b2b511a44779a26e8b7b54a921d P b8b97ce029c84d549520d3ad84758a19 [term 4 FOLLOWER]: Starting forced leader election with config: opid_index: -1 OBSOLETE_local: false peers { permanent_uuid: "5980bf8bee4a49b184a2807b7311e58f" member_type: VOTER last_known_addr { host: "127.14.140.1" port: 35595 } } peers { permanent_uuid: "56b5ec96d6f4436abfd5377e1fc42b5a" member_type: VOTER last_known_addr { host: "127.14.140.2" port: 35181 } } peers { permanent_uuid: "b8b97ce029c84d549520d3ad84758a19" member_type: VOTER last_known_addr { host: "127.14.140.3" port: 41415 } }
I20260709 14:42:08.353174 15178 leader_election.cc:290] T 62c93b2b511a44779a26e8b7b54a921d P b8b97ce029c84d549520d3ad84758a19 [CANDIDATE]: Term 4 election: Requested vote from peers 5980bf8bee4a49b184a2807b7311e58f (127.14.140.1:35595), 56b5ec96d6f4436abfd5377e1fc42b5a (127.14.140.2:35181)
I20260709 14:42:08.354187 15031 tablet_service.cc:1917] Received RequestConsensusVote() RPC: tablet_id: "62c93b2b511a44779a26e8b7b54a921d" candidate_uuid: "b8b97ce029c84d549520d3ad84758a19" candidate_term: 4 candidate_status { last_received { term: 3 index: 3 } } ignore_live_leader: true dest_uuid: "5980bf8bee4a49b184a2807b7311e58f"
I20260709 14:42:08.354558 15102 tablet_service.cc:1917] Received RequestConsensusVote() RPC: tablet_id: "62c93b2b511a44779a26e8b7b54a921d" candidate_uuid: "b8b97ce029c84d549520d3ad84758a19" candidate_term: 4 candidate_status { last_received { term: 3 index: 3 } } ignore_live_leader: true dest_uuid: "56b5ec96d6f4436abfd5377e1fc42b5a"
I20260709 14:42:08.354843 15031 raft_consensus.cc:3060] T 62c93b2b511a44779a26e8b7b54a921d P 5980bf8bee4a49b184a2807b7311e58f [term 3 FOLLOWER]: Advancing to term 4
I20260709 14:42:08.355261 15102 raft_consensus.cc:3055] T 62c93b2b511a44779a26e8b7b54a921d P 56b5ec96d6f4436abfd5377e1fc42b5a [term 3 LEADER]: Stepping down as leader of term 3
I20260709 14:42:08.355607 15102 raft_consensus.cc:740] T 62c93b2b511a44779a26e8b7b54a921d P 56b5ec96d6f4436abfd5377e1fc42b5a [term 3 LEADER]: Becoming Follower/Learner. State: Replica: 56b5ec96d6f4436abfd5377e1fc42b5a, State: Running, Role: LEADER
I20260709 14:42:08.356590 15102 consensus_queue.cc:260] T 62c93b2b511a44779a26e8b7b54a921d P 56b5ec96d6f4436abfd5377e1fc42b5a [NON_LEADER]: Queue going to NON_LEADER mode. State: All replicated index: 0, Majority replicated index: 3, Committed index: 3, Last appended: 3.3, Last appended by leader: 3, Current term: 3, Majority size: -1, State: 0, Mode: NON_LEADER, active raft config: opid_index: -1 OBSOLETE_local: false peers { permanent_uuid: "5980bf8bee4a49b184a2807b7311e58f" member_type: VOTER last_known_addr { host: "127.14.140.1" port: 35595 } } peers { permanent_uuid: "56b5ec96d6f4436abfd5377e1fc42b5a" member_type: VOTER last_known_addr { host: "127.14.140.2" port: 35181 } } peers { permanent_uuid: "b8b97ce029c84d549520d3ad84758a19" member_type: VOTER last_known_addr { host: "127.14.140.3" port: 41415 } }
I20260709 14:42:08.357757 15102 raft_consensus.cc:3060] T 62c93b2b511a44779a26e8b7b54a921d P 56b5ec96d6f4436abfd5377e1fc42b5a [term 3 FOLLOWER]: Advancing to term 4
I20260709 14:42:08.362445 15031 raft_consensus.cc:2468] T 62c93b2b511a44779a26e8b7b54a921d P 5980bf8bee4a49b184a2807b7311e58f [term 4 FOLLOWER]: Leader election vote request: Granting yes vote for candidate b8b97ce029c84d549520d3ad84758a19 in term 4.
I20260709 14:42:08.364478 15102 raft_consensus.cc:2468] T 62c93b2b511a44779a26e8b7b54a921d P 56b5ec96d6f4436abfd5377e1fc42b5a [term 4 FOLLOWER]: Leader election vote request: Granting yes vote for candidate b8b97ce029c84d549520d3ad84758a19 in term 4.
I20260709 14:42:08.364403 15145 leader_election.cc:304] T 62c93b2b511a44779a26e8b7b54a921d P b8b97ce029c84d549520d3ad84758a19 [CANDIDATE]: Term 4 election: Election decided. Result: candidate won. Election summary: received 2 responses out of 3 voters: 2 yes votes; 0 no votes. yes voters: 5980bf8bee4a49b184a2807b7311e58f, b8b97ce029c84d549520d3ad84758a19; no voters: 
I20260709 14:42:08.365818 15372 raft_consensus.cc:2804] T 62c93b2b511a44779a26e8b7b54a921d P b8b97ce029c84d549520d3ad84758a19 [term 4 FOLLOWER]: Leader election won for term 4
I20260709 14:42:08.367489 15372 raft_consensus.cc:697] T 62c93b2b511a44779a26e8b7b54a921d P b8b97ce029c84d549520d3ad84758a19 [term 4 LEADER]: Becoming Leader. State: Replica: b8b97ce029c84d549520d3ad84758a19, State: Running, Role: LEADER
I20260709 14:42:08.368471 15372 consensus_queue.cc:237] T 62c93b2b511a44779a26e8b7b54a921d P b8b97ce029c84d549520d3ad84758a19 [LEADER]: Queue going to LEADER mode. State: All replicated index: 0, Majority replicated index: 3, Committed index: 3, Last appended: 3.3, Last appended by leader: 3, Current term: 4, Majority size: 2, State: 0, Mode: LEADER, active raft config: opid_index: -1 OBSOLETE_local: false peers { permanent_uuid: "5980bf8bee4a49b184a2807b7311e58f" member_type: VOTER last_known_addr { host: "127.14.140.1" port: 35595 } } peers { permanent_uuid: "56b5ec96d6f4436abfd5377e1fc42b5a" member_type: VOTER last_known_addr { host: "127.14.140.2" port: 35181 } } peers { permanent_uuid: "b8b97ce029c84d549520d3ad84758a19" member_type: VOTER last_known_addr { host: "127.14.140.3" port: 41415 } }
I20260709 14:42:08.377074 14925 catalog_manager.cc:5697] T 62c93b2b511a44779a26e8b7b54a921d P b8b97ce029c84d549520d3ad84758a19 reported cstate change: term changed from 3 to 4, leader changed from 56b5ec96d6f4436abfd5377e1fc42b5a (127.14.140.2) to b8b97ce029c84d549520d3ad84758a19 (127.14.140.3). New cstate: current_term: 4 leader_uuid: "b8b97ce029c84d549520d3ad84758a19" committed_config { opid_index: -1 OBSOLETE_local: false peers { permanent_uuid: "5980bf8bee4a49b184a2807b7311e58f" member_type: VOTER last_known_addr { host: "127.14.140.1" port: 35595 } health_report { overall_health: UNKNOWN } } peers { permanent_uuid: "56b5ec96d6f4436abfd5377e1fc42b5a" member_type: VOTER last_known_addr { host: "127.14.140.2" port: 35181 } health_report { overall_health: UNKNOWN } } peers { permanent_uuid: "b8b97ce029c84d549520d3ad84758a19" member_type: VOTER last_known_addr { host: "127.14.140.3" port: 41415 } health_report { overall_health: HEALTHY } } }
I20260709 14:42:08.474048 15371 raft_consensus.cc:993] T 78a72c2437e6481dab0c1acc617c8c7b P 56b5ec96d6f4436abfd5377e1fc42b5a: : Instructing follower 5980bf8bee4a49b184a2807b7311e58f to start an election
I20260709 14:42:08.474632 15371 raft_consensus.cc:1081] T 78a72c2437e6481dab0c1acc617c8c7b P 56b5ec96d6f4436abfd5377e1fc42b5a [term 3 LEADER]: Signalling peer 5980bf8bee4a49b184a2807b7311e58f to start an election
I20260709 14:42:08.476444 15031 tablet_service.cc:2044] Received Run Leader Election RPC: tablet_id: "78a72c2437e6481dab0c1acc617c8c7b"
dest_uuid: "5980bf8bee4a49b184a2807b7311e58f"
 from {username='slave'} at 127.0.0.1:44238
I20260709 14:42:08.477120 15031 raft_consensus.cc:493] T 78a72c2437e6481dab0c1acc617c8c7b P 5980bf8bee4a49b184a2807b7311e58f [term 3 FOLLOWER]: Starting forced leader election (received explicit request)
I20260709 14:42:08.477562 15031 raft_consensus.cc:3060] T 78a72c2437e6481dab0c1acc617c8c7b P 5980bf8bee4a49b184a2807b7311e58f [term 3 FOLLOWER]: Advancing to term 4
I20260709 14:42:08.485484 15031 raft_consensus.cc:515] T 78a72c2437e6481dab0c1acc617c8c7b P 5980bf8bee4a49b184a2807b7311e58f [term 4 FOLLOWER]: Starting forced leader election with config: opid_index: -1 OBSOLETE_local: false peers { permanent_uuid: "5980bf8bee4a49b184a2807b7311e58f" member_type: VOTER last_known_addr { host: "127.14.140.1" port: 35595 } } peers { permanent_uuid: "56b5ec96d6f4436abfd5377e1fc42b5a" member_type: VOTER last_known_addr { host: "127.14.140.2" port: 35181 } } peers { permanent_uuid: "b8b97ce029c84d549520d3ad84758a19" member_type: VOTER last_known_addr { host: "127.14.140.3" port: 41415 } }
I20260709 14:42:08.487782 15031 leader_election.cc:290] T 78a72c2437e6481dab0c1acc617c8c7b P 5980bf8bee4a49b184a2807b7311e58f [CANDIDATE]: Term 4 election: Requested vote from peers 56b5ec96d6f4436abfd5377e1fc42b5a (127.14.140.2:35181), b8b97ce029c84d549520d3ad84758a19 (127.14.140.3:41415)
I20260709 14:42:08.488711 15102 tablet_service.cc:1917] Received RequestConsensusVote() RPC: tablet_id: "78a72c2437e6481dab0c1acc617c8c7b" candidate_uuid: "5980bf8bee4a49b184a2807b7311e58f" candidate_term: 4 candidate_status { last_received { term: 3 index: 3 } } ignore_live_leader: true dest_uuid: "56b5ec96d6f4436abfd5377e1fc42b5a"
I20260709 14:42:08.489305 15102 raft_consensus.cc:3055] T 78a72c2437e6481dab0c1acc617c8c7b P 56b5ec96d6f4436abfd5377e1fc42b5a [term 3 LEADER]: Stepping down as leader of term 3
I20260709 14:42:08.489266 15178 tablet_service.cc:1917] Received RequestConsensusVote() RPC: tablet_id: "78a72c2437e6481dab0c1acc617c8c7b" candidate_uuid: "5980bf8bee4a49b184a2807b7311e58f" candidate_term: 4 candidate_status { last_received { term: 3 index: 3 } } ignore_live_leader: true dest_uuid: "b8b97ce029c84d549520d3ad84758a19"
I20260709 14:42:08.489742 15102 raft_consensus.cc:740] T 78a72c2437e6481dab0c1acc617c8c7b P 56b5ec96d6f4436abfd5377e1fc42b5a [term 3 LEADER]: Becoming Follower/Learner. State: Replica: 56b5ec96d6f4436abfd5377e1fc42b5a, State: Running, Role: LEADER
I20260709 14:42:08.489939 15178 raft_consensus.cc:3060] T 78a72c2437e6481dab0c1acc617c8c7b P b8b97ce029c84d549520d3ad84758a19 [term 3 FOLLOWER]: Advancing to term 4
I20260709 14:42:08.490584 15102 consensus_queue.cc:260] T 78a72c2437e6481dab0c1acc617c8c7b P 56b5ec96d6f4436abfd5377e1fc42b5a [NON_LEADER]: Queue going to NON_LEADER mode. State: All replicated index: 0, Majority replicated index: 3, Committed index: 3, Last appended: 3.3, Last appended by leader: 3, Current term: 3, Majority size: -1, State: 0, Mode: NON_LEADER, active raft config: opid_index: -1 OBSOLETE_local: false peers { permanent_uuid: "5980bf8bee4a49b184a2807b7311e58f" member_type: VOTER last_known_addr { host: "127.14.140.1" port: 35595 } } peers { permanent_uuid: "56b5ec96d6f4436abfd5377e1fc42b5a" member_type: VOTER last_known_addr { host: "127.14.140.2" port: 35181 } } peers { permanent_uuid: "b8b97ce029c84d549520d3ad84758a19" member_type: VOTER last_known_addr { host: "127.14.140.3" port: 41415 } }
I20260709 14:42:08.491923 15102 raft_consensus.cc:3060] T 78a72c2437e6481dab0c1acc617c8c7b P 56b5ec96d6f4436abfd5377e1fc42b5a [term 3 FOLLOWER]: Advancing to term 4
