I20260709 13:18:43.135730 17368 internal_mini_cluster.cc:156] Creating distributed mini masters. Addrs: 127.16.246.62:42339
I20260709 13:18:43.136772 17368 file_cache.cc:504] Constructed file cache file cache with capacity 419430
W20260709 13:18:43.142311 18354 instance_detector.cc:116] could not retrieve AWS instance metadata: Network error: curl error: HTTP response code said error: The requested URL returned error: 404
W20260709 13:18:43.142340 18355 instance_detector.cc:116] could not retrieve Azure instance metadata: Network error: curl error: HTTP response code said error: The requested URL returned error: 404
W20260709 13:18:43.143901 18357 instance_detector.cc:116] could not retrieve OpenStack instance metadata: Network error: curl error: HTTP response code said error: The requested URL returned error: 404
I20260709 13:18:43.144932 17368 server_base.cc:1061] running on GCE node
I20260709 13:18:43.145776 17368 hybrid_clock.cc:584] initializing the hybrid clock with 'system_unsync' time source
W20260709 13:18:43.145980 17368 system_unsync_time.cc:38] NTP support is disabled. Clock error bounds will not be accurate. This configuration is not suitable for distributed clusters.
I20260709 13:18:43.146119 17368 hybrid_clock.cc:648] HybridClock initialized: now 1783603123146106 us; error 0 us; skew 500 ppm
I20260709 13:18:43.146678 17368 server_base.cc:861] Flag tcmalloc_max_total_thread_cache_bytes is not working since tcmalloc is not enabled.
I20260709 13:18:43.149364 17368 webserver.cc:533] Webserver started at http://127.16.246.62:42281/ using document root <none> and password file <none>
I20260709 13:18:43.149895 17368 fs_manager.cc:362] Metadata directory not provided
I20260709 13:18:43.150085 17368 fs_manager.cc:368] Using write-ahead log directory (fs_wal_dir) as metadata directory
I20260709 13:18:43.150386 17368 server_base.cc:909] This appears to be a new deployment of Kudu; creating new FS layout
I20260709 13:18:43.151944 17368 fs_manager.cc:1068] Generated new instance metadata in path /tmp/dist-test-taskdteB4C/test-tmp/auto_leader_rebalancer-test.0.LeaderRebalancerTest.AddTserver.1783603099303531-17368-0/minicluster-data/master-0-root/instance:
uuid: "59b9470e190944eb8a07ec58664572a7"
format_stamp: "Formatted at 2026-07-09 13:18:43 on dist-test-slave-2twz"
I20260709 13:18:43.156862 17368 fs_manager.cc:696] Time spent creating directory manager: real 0.004s	user 0.005s	sys 0.000s
I20260709 13:18:43.160336 18362 log_block_manager.cc:4127] Time spent loading block containers with low live blocks: real 0.000s	user 0.000s	sys 0.000s
I20260709 13:18:43.161145 17368 fs_manager.cc:730] Time spent opening block manager: real 0.002s	user 0.002s	sys 0.001s
I20260709 13:18:43.161504 17368 fs_manager.cc:647] Opened local filesystem: /tmp/dist-test-taskdteB4C/test-tmp/auto_leader_rebalancer-test.0.LeaderRebalancerTest.AddTserver.1783603099303531-17368-0/minicluster-data/master-0-root
uuid: "59b9470e190944eb8a07ec58664572a7"
format_stamp: "Formatted at 2026-07-09 13:18:43 on dist-test-slave-2twz"
I20260709 13:18:43.161816 17368 fs_report.cc:389] FS layout report
--------------------
wal directory: /tmp/dist-test-taskdteB4C/test-tmp/auto_leader_rebalancer-test.0.LeaderRebalancerTest.AddTserver.1783603099303531-17368-0/minicluster-data/master-0-root
metadata directory: /tmp/dist-test-taskdteB4C/test-tmp/auto_leader_rebalancer-test.0.LeaderRebalancerTest.AddTserver.1783603099303531-17368-0/minicluster-data/master-0-root
1 data directories: /tmp/dist-test-taskdteB4C/test-tmp/auto_leader_rebalancer-test.0.LeaderRebalancerTest.AddTserver.1783603099303531-17368-0/minicluster-data/master-0-root/data
Total live blocks: 0
Total live bytes: 0
Total live bytes (after alignment): 0
Total number of LBM containers: 0 (0 full)
Did not check for missing blocks
Did not check for orphaned blocks
Total full LBM containers with extra space: 0 (0 repaired)
Total full LBM container extra space in bytes: 0 (0 repaired)
Total incomplete LBM containers: 0 (0 repaired)
Total LBM partial records: 0 (0 repaired)
Total corrupted LBM metadata records in RocksDB: 0 (0 repaired)
I20260709 13:18:43.192875 17368 rpc_server.cc:225] running with OpenSSL 1.1.1  11 Sep 2018
I20260709 13:18:43.194546 17368 kserver.cc:163] Server-wide thread pool size limit: 3276
I20260709 13:18:43.233791 17368 rpc_server.cc:307] RPC server started. Bound to: 127.16.246.62:42339
I20260709 13:18:43.233888 18413 acceptor_pool.cc:272] collecting diagnostics on the listening RPC socket 127.16.246.62:42339 every 8 connection(s)
I20260709 13:18:43.237778 18414 data_dirs.cc:400] Could only allocate 1 dirs of requested 3 for tablet 00000000000000000000000000000000. 1 dirs total, 0 dirs full, 0 dirs failed
I20260709 13:18:43.247289 18414 tablet_bootstrap.cc:492] T 00000000000000000000000000000000 P 59b9470e190944eb8a07ec58664572a7: Bootstrap starting.
I20260709 13:18:43.251837 18414 tablet_bootstrap.cc:654] T 00000000000000000000000000000000 P 59b9470e190944eb8a07ec58664572a7: Neither blocks nor log segments found. Creating new log.
I20260709 13:18:43.256004 18414 tablet_bootstrap.cc:492] T 00000000000000000000000000000000 P 59b9470e190944eb8a07ec58664572a7: No bootstrap required, opened a new log
I20260709 13:18:43.257968 18414 raft_consensus.cc:359] T 00000000000000000000000000000000 P 59b9470e190944eb8a07ec58664572a7 [term 0 FOLLOWER]: Replica starting. Triggering 0 pending ops. Active config: opid_index: -1 OBSOLETE_local: true peers { permanent_uuid: "59b9470e190944eb8a07ec58664572a7" member_type: VOTER }
I20260709 13:18:43.258314 18414 raft_consensus.cc:385] T 00000000000000000000000000000000 P 59b9470e190944eb8a07ec58664572a7 [term 0 FOLLOWER]: Consensus starting up: Expiring failure detector timer to make a prompt election more likely
I20260709 13:18:43.258488 18414 raft_consensus.cc:740] T 00000000000000000000000000000000 P 59b9470e190944eb8a07ec58664572a7 [term 0 FOLLOWER]: Becoming Follower/Learner. State: Replica: 59b9470e190944eb8a07ec58664572a7, State: Initialized, Role: FOLLOWER
I20260709 13:18:43.259089 18414 consensus_queue.cc:260] T 00000000000000000000000000000000 P 59b9470e190944eb8a07ec58664572a7 [NON_LEADER]: Queue going to NON_LEADER mode. State: All replicated index: 0, Majority replicated index: 0, Committed index: 0, Last appended: 0.0, Last appended by leader: 0, Current term: 0, Majority size: -1, State: 0, Mode: NON_LEADER, active raft config: opid_index: -1 OBSOLETE_local: true peers { permanent_uuid: "59b9470e190944eb8a07ec58664572a7" member_type: VOTER }
I20260709 13:18:43.259503 18414 raft_consensus.cc:399] T 00000000000000000000000000000000 P 59b9470e190944eb8a07ec58664572a7 [term 0 FOLLOWER]: Only one voter in the Raft config. Triggering election immediately
I20260709 13:18:43.259697 18414 raft_consensus.cc:493] T 00000000000000000000000000000000 P 59b9470e190944eb8a07ec58664572a7 [term 0 FOLLOWER]: Starting leader election (initial election of a single-replica configuration)
I20260709 13:18:43.259899 18414 raft_consensus.cc:3060] T 00000000000000000000000000000000 P 59b9470e190944eb8a07ec58664572a7 [term 0 FOLLOWER]: Advancing to term 1
I20260709 13:18:43.264190 18414 raft_consensus.cc:515] T 00000000000000000000000000000000 P 59b9470e190944eb8a07ec58664572a7 [term 1 FOLLOWER]: Starting leader election with config: opid_index: -1 OBSOLETE_local: true peers { permanent_uuid: "59b9470e190944eb8a07ec58664572a7" member_type: VOTER }
I20260709 13:18:43.264660 18414 leader_election.cc:304] T 00000000000000000000000000000000 P 59b9470e190944eb8a07ec58664572a7 [CANDIDATE]: Term 1 election: Election decided. Result: candidate won. Election summary: received 1 responses out of 1 voters: 1 yes votes; 0 no votes. yes voters: 59b9470e190944eb8a07ec58664572a7; no voters: 
I20260709 13:18:43.265758 18414 leader_election.cc:290] T 00000000000000000000000000000000 P 59b9470e190944eb8a07ec58664572a7 [CANDIDATE]: Term 1 election: Requested vote from peers 
I20260709 13:18:43.266083 18417 raft_consensus.cc:2804] T 00000000000000000000000000000000 P 59b9470e190944eb8a07ec58664572a7 [term 1 FOLLOWER]: Leader election won for term 1
I20260709 13:18:43.267457 18417 raft_consensus.cc:697] T 00000000000000000000000000000000 P 59b9470e190944eb8a07ec58664572a7 [term 1 LEADER]: Becoming Leader. State: Replica: 59b9470e190944eb8a07ec58664572a7, State: Running, Role: LEADER
I20260709 13:18:43.268136 18417 consensus_queue.cc:237] T 00000000000000000000000000000000 P 59b9470e190944eb8a07ec58664572a7 [LEADER]: Queue going to LEADER mode. State: All replicated index: 0, Majority replicated index: 0, Committed index: 0, Last appended: 0.0, Last appended by leader: 0, Current term: 1, Majority size: 1, State: 0, Mode: LEADER, active raft config: opid_index: -1 OBSOLETE_local: true peers { permanent_uuid: "59b9470e190944eb8a07ec58664572a7" member_type: VOTER }
I20260709 13:18:43.268718 18414 sys_catalog.cc:565] T 00000000000000000000000000000000 P 59b9470e190944eb8a07ec58664572a7 [sys.catalog]: configured and running, proceeding with master startup.
I20260709 13:18:43.272668 18419 sys_catalog.cc:455] T 00000000000000000000000000000000 P 59b9470e190944eb8a07ec58664572a7 [sys.catalog]: SysCatalogTable state changed. Reason: New leader 59b9470e190944eb8a07ec58664572a7. Latest consensus state: current_term: 1 leader_uuid: "59b9470e190944eb8a07ec58664572a7" committed_config { opid_index: -1 OBSOLETE_local: true peers { permanent_uuid: "59b9470e190944eb8a07ec58664572a7" member_type: VOTER } }
I20260709 13:18:43.273130 18418 sys_catalog.cc:455] T 00000000000000000000000000000000 P 59b9470e190944eb8a07ec58664572a7 [sys.catalog]: SysCatalogTable state changed. Reason: RaftConsensus started. Latest consensus state: current_term: 1 leader_uuid: "59b9470e190944eb8a07ec58664572a7" committed_config { opid_index: -1 OBSOLETE_local: true peers { permanent_uuid: "59b9470e190944eb8a07ec58664572a7" member_type: VOTER } }
I20260709 13:18:43.273514 18419 sys_catalog.cc:458] T 00000000000000000000000000000000 P 59b9470e190944eb8a07ec58664572a7 [sys.catalog]: This master's current role is: LEADER
I20260709 13:18:43.273883 18418 sys_catalog.cc:458] T 00000000000000000000000000000000 P 59b9470e190944eb8a07ec58664572a7 [sys.catalog]: This master's current role is: LEADER
I20260709 13:18:43.277123 18424 catalog_manager.cc:1511] Loading table and tablet metadata into memory...
I20260709 13:18:43.285154 18424 catalog_manager.cc:1520] Initializing Kudu cluster ID...
I20260709 13:18:43.286852 17368 internal_mini_cluster.cc:184] Waiting to initialize catalog manager on master 0
I20260709 13:18:43.294106 18424 catalog_manager.cc:1383] Generated new cluster ID: 0e9f5af48db74e1ab3ce24df3a4faa92
I20260709 13:18:43.294425 18424 catalog_manager.cc:1531] Initializing Kudu internal certificate authority...
I20260709 13:18:43.316028 18424 catalog_manager.cc:1406] Generated new certificate authority record
I20260709 13:18:43.317360 18424 catalog_manager.cc:1540] Loading token signing keys...
I20260709 13:18:43.328891 18424 catalog_manager.cc:6070] T 00000000000000000000000000000000 P 59b9470e190944eb8a07ec58664572a7: Generated new TSK 0
I20260709 13:18:43.329479 18424 catalog_manager.cc:1550] Initializing in-progress tserver states...
I20260709 13:18:43.353600 17368 file_cache.cc:504] Constructed file cache file cache with capacity 419430
W20260709 13:18:43.360040 18435 instance_detector.cc:116] could not retrieve AWS instance metadata: Network error: curl error: HTTP response code said error: The requested URL returned error: 404
W20260709 13:18:43.361676 18436 instance_detector.cc:116] could not retrieve Azure instance metadata: Network error: curl error: HTTP response code said error: The requested URL returned error: 404
W20260709 13:18:43.363788 18438 instance_detector.cc:116] could not retrieve OpenStack instance metadata: Network error: curl error: HTTP response code said error: The requested URL returned error: 404
I20260709 13:18:43.364248 17368 server_base.cc:1061] running on GCE node
I20260709 13:18:43.365410 17368 hybrid_clock.cc:584] initializing the hybrid clock with 'system_unsync' time source
W20260709 13:18:43.365687 17368 system_unsync_time.cc:38] NTP support is disabled. Clock error bounds will not be accurate. This configuration is not suitable for distributed clusters.
I20260709 13:18:43.365880 17368 hybrid_clock.cc:648] HybridClock initialized: now 1783603123365860 us; error 0 us; skew 500 ppm
I20260709 13:18:43.366467 17368 server_base.cc:861] Flag tcmalloc_max_total_thread_cache_bytes is not working since tcmalloc is not enabled.
I20260709 13:18:43.369064 17368 webserver.cc:533] Webserver started at http://127.16.246.1:46549/ using document root <none> and password file <none>
I20260709 13:18:43.369596 17368 fs_manager.cc:362] Metadata directory not provided
I20260709 13:18:43.369823 17368 fs_manager.cc:368] Using write-ahead log directory (fs_wal_dir) as metadata directory
I20260709 13:18:43.370134 17368 server_base.cc:909] This appears to be a new deployment of Kudu; creating new FS layout
I20260709 13:18:43.371344 17368 fs_manager.cc:1068] Generated new instance metadata in path /tmp/dist-test-taskdteB4C/test-tmp/auto_leader_rebalancer-test.0.LeaderRebalancerTest.AddTserver.1783603099303531-17368-0/minicluster-data/ts-0-root/instance:
uuid: "3a7d3f27c2654d79b545276bbe53749a"
format_stamp: "Formatted at 2026-07-09 13:18:43 on dist-test-slave-2twz"
I20260709 13:18:43.376416 17368 fs_manager.cc:696] Time spent creating directory manager: real 0.004s	user 0.001s	sys 0.004s
I20260709 13:18:43.379992 18443 log_block_manager.cc:4127] Time spent loading block containers with low live blocks: real 0.000s	user 0.000s	sys 0.000s
I20260709 13:18:43.380949 17368 fs_manager.cc:730] Time spent opening block manager: real 0.002s	user 0.003s	sys 0.000s
I20260709 13:18:43.381284 17368 fs_manager.cc:647] Opened local filesystem: /tmp/dist-test-taskdteB4C/test-tmp/auto_leader_rebalancer-test.0.LeaderRebalancerTest.AddTserver.1783603099303531-17368-0/minicluster-data/ts-0-root
uuid: "3a7d3f27c2654d79b545276bbe53749a"
format_stamp: "Formatted at 2026-07-09 13:18:43 on dist-test-slave-2twz"
I20260709 13:18:43.381609 17368 fs_report.cc:389] FS layout report
--------------------
wal directory: /tmp/dist-test-taskdteB4C/test-tmp/auto_leader_rebalancer-test.0.LeaderRebalancerTest.AddTserver.1783603099303531-17368-0/minicluster-data/ts-0-root
metadata directory: /tmp/dist-test-taskdteB4C/test-tmp/auto_leader_rebalancer-test.0.LeaderRebalancerTest.AddTserver.1783603099303531-17368-0/minicluster-data/ts-0-root
1 data directories: /tmp/dist-test-taskdteB4C/test-tmp/auto_leader_rebalancer-test.0.LeaderRebalancerTest.AddTserver.1783603099303531-17368-0/minicluster-data/ts-0-root/data
Total live blocks: 0
Total live bytes: 0
Total live bytes (after alignment): 0
Total number of LBM containers: 0 (0 full)
Did not check for missing blocks
Did not check for orphaned blocks
Total full LBM containers with extra space: 0 (0 repaired)
Total full LBM container extra space in bytes: 0 (0 repaired)
Total incomplete LBM containers: 0 (0 repaired)
Total LBM partial records: 0 (0 repaired)
Total corrupted LBM metadata records in RocksDB: 0 (0 repaired)
I20260709 13:18:43.396718 17368 rpc_server.cc:225] running with OpenSSL 1.1.1  11 Sep 2018
I20260709 13:18:43.398082 17368 kserver.cc:163] Server-wide thread pool size limit: 3276
I20260709 13:18:43.399708 17368 txn_system_client.cc:432] TxnSystemClient initialization is disabled...
I20260709 13:18:43.402267 17368 ts_tablet_manager.cc:585] Loaded tablet metadata (0 total tablets, 0 live tablets)
I20260709 13:18:43.402509 17368 ts_tablet_manager.cc:531] Time spent load tablet metadata: real 0.000s	user 0.000s	sys 0.000s
I20260709 13:18:43.402774 17368 ts_tablet_manager.cc:616] Registered 0 tablets
I20260709 13:18:43.402992 17368 ts_tablet_manager.cc:595] Time spent register tablets: real 0.000s	user 0.000s	sys 0.000s
I20260709 13:18:43.446066 17368 rpc_server.cc:307] RPC server started. Bound to: 127.16.246.1:42011
I20260709 13:18:43.446183 18505 acceptor_pool.cc:272] collecting diagnostics on the listening RPC socket 127.16.246.1:42011 every 8 connection(s)
I20260709 13:18:43.451407 17368 file_cache.cc:504] Constructed file cache file cache with capacity 419430
W20260709 13:18:43.459350 18510 instance_detector.cc:116] could not retrieve AWS instance metadata: Network error: curl error: HTTP response code said error: The requested URL returned error: 404
W20260709 13:18:43.459888 18511 instance_detector.cc:116] could not retrieve Azure instance metadata: Network error: curl error: HTTP response code said error: The requested URL returned error: 404
W20260709 13:18:43.462438 18513 instance_detector.cc:116] could not retrieve OpenStack instance metadata: Network error: curl error: HTTP response code said error: The requested URL returned error: 404
I20260709 13:18:43.463965 17368 server_base.cc:1061] running on GCE node
I20260709 13:18:43.464977 17368 hybrid_clock.cc:584] initializing the hybrid clock with 'system_unsync' time source
W20260709 13:18:43.465165 17368 system_unsync_time.cc:38] NTP support is disabled. Clock error bounds will not be accurate. This configuration is not suitable for distributed clusters.
I20260709 13:18:43.465378 17368 hybrid_clock.cc:648] HybridClock initialized: now 1783603123465344 us; error 0 us; skew 500 ppm
I20260709 13:18:43.465927 17368 server_base.cc:861] Flag tcmalloc_max_total_thread_cache_bytes is not working since tcmalloc is not enabled.
I20260709 13:18:43.468648 17368 webserver.cc:533] Webserver started at http://127.16.246.2:34581/ using document root <none> and password file <none>
I20260709 13:18:43.469144 17368 fs_manager.cc:362] Metadata directory not provided
I20260709 13:18:43.469456 17368 fs_manager.cc:368] Using write-ahead log directory (fs_wal_dir) as metadata directory
I20260709 13:18:43.469796 17368 server_base.cc:909] This appears to be a new deployment of Kudu; creating new FS layout
I20260709 13:18:43.470860 18506 heartbeater.cc:344] Connected to a master server at 127.16.246.62:42339
I20260709 13:18:43.471232 17368 fs_manager.cc:1068] Generated new instance metadata in path /tmp/dist-test-taskdteB4C/test-tmp/auto_leader_rebalancer-test.0.LeaderRebalancerTest.AddTserver.1783603099303531-17368-0/minicluster-data/ts-1-root/instance:
uuid: "b866cf1074b146a1a6bdfe7dd86ef090"
format_stamp: "Formatted at 2026-07-09 13:18:43 on dist-test-slave-2twz"
I20260709 13:18:43.471307 18506 heartbeater.cc:461] Registering TS with master...
I20260709 13:18:43.472361 18506 heartbeater.cc:507] Master 127.16.246.62:42339 requested a full tablet report, sending...
I20260709 13:18:43.474702 18379 ts_manager.cc:194] Registered new tserver with Master: 3a7d3f27c2654d79b545276bbe53749a (127.16.246.1:42011)
I20260709 13:18:43.476269 17368 fs_manager.cc:696] Time spent creating directory manager: real 0.004s	user 0.002s	sys 0.003s
I20260709 13:18:43.476756 18379 master_service.cc:502] Signed X509 certificate for tserver {username='slave'} at 127.0.0.1:53654
I20260709 13:18:43.480027 18518 log_block_manager.cc:4127] Time spent loading block containers with low live blocks: real 0.000s	user 0.000s	sys 0.000s
I20260709 13:18:43.480959 17368 fs_manager.cc:730] Time spent opening block manager: real 0.003s	user 0.004s	sys 0.000s
I20260709 13:18:43.481302 17368 fs_manager.cc:647] Opened local filesystem: /tmp/dist-test-taskdteB4C/test-tmp/auto_leader_rebalancer-test.0.LeaderRebalancerTest.AddTserver.1783603099303531-17368-0/minicluster-data/ts-1-root
uuid: "b866cf1074b146a1a6bdfe7dd86ef090"
format_stamp: "Formatted at 2026-07-09 13:18:43 on dist-test-slave-2twz"
I20260709 13:18:43.481603 17368 fs_report.cc:389] FS layout report
--------------------
wal directory: /tmp/dist-test-taskdteB4C/test-tmp/auto_leader_rebalancer-test.0.LeaderRebalancerTest.AddTserver.1783603099303531-17368-0/minicluster-data/ts-1-root
metadata directory: /tmp/dist-test-taskdteB4C/test-tmp/auto_leader_rebalancer-test.0.LeaderRebalancerTest.AddTserver.1783603099303531-17368-0/minicluster-data/ts-1-root
1 data directories: /tmp/dist-test-taskdteB4C/test-tmp/auto_leader_rebalancer-test.0.LeaderRebalancerTest.AddTserver.1783603099303531-17368-0/minicluster-data/ts-1-root/data
Total live blocks: 0
Total live bytes: 0
Total live bytes (after alignment): 0
Total number of LBM containers: 0 (0 full)
Did not check for missing blocks
Did not check for orphaned blocks
Total full LBM containers with extra space: 0 (0 repaired)
Total full LBM container extra space in bytes: 0 (0 repaired)
Total incomplete LBM containers: 0 (0 repaired)
Total LBM partial records: 0 (0 repaired)
Total corrupted LBM metadata records in RocksDB: 0 (0 repaired)
I20260709 13:18:43.501775 17368 rpc_server.cc:225] running with OpenSSL 1.1.1  11 Sep 2018
I20260709 13:18:43.503239 17368 kserver.cc:163] Server-wide thread pool size limit: 3276
I20260709 13:18:43.504864 17368 txn_system_client.cc:432] TxnSystemClient initialization is disabled...
I20260709 13:18:43.507575 17368 ts_tablet_manager.cc:585] Loaded tablet metadata (0 total tablets, 0 live tablets)
I20260709 13:18:43.507826 17368 ts_tablet_manager.cc:531] Time spent load tablet metadata: real 0.000s	user 0.000s	sys 0.000s
I20260709 13:18:43.508102 17368 ts_tablet_manager.cc:616] Registered 0 tablets
I20260709 13:18:43.508311 17368 ts_tablet_manager.cc:595] Time spent register tablets: real 0.000s	user 0.000s	sys 0.000s
I20260709 13:18:43.550930 17368 rpc_server.cc:307] RPC server started. Bound to: 127.16.246.2:43309
I20260709 13:18:43.551013 18580 acceptor_pool.cc:272] collecting diagnostics on the listening RPC socket 127.16.246.2:43309 every 8 connection(s)
I20260709 13:18:43.556155 17368 file_cache.cc:504] Constructed file cache file cache with capacity 419430
W20260709 13:18:43.563683 18584 instance_detector.cc:116] could not retrieve AWS instance metadata: Network error: curl error: HTTP response code said error: The requested URL returned error: 404
W20260709 13:18:43.566499 18585 instance_detector.cc:116] could not retrieve Azure instance metadata: Network error: curl error: HTTP response code said error: The requested URL returned error: 404
I20260709 13:18:43.566974 17368 server_base.cc:1061] running on GCE node
W20260709 13:18:43.567921 18587 instance_detector.cc:116] could not retrieve OpenStack instance metadata: Network error: curl error: HTTP response code said error: The requested URL returned error: 404
I20260709 13:18:43.569036 17368 hybrid_clock.cc:584] initializing the hybrid clock with 'system_unsync' time source
W20260709 13:18:43.569320 17368 system_unsync_time.cc:38] NTP support is disabled. Clock error bounds will not be accurate. This configuration is not suitable for distributed clusters.
I20260709 13:18:43.569557 17368 hybrid_clock.cc:648] HybridClock initialized: now 1783603123569535 us; error 0 us; skew 500 ppm
I20260709 13:18:43.569790 18581 heartbeater.cc:344] Connected to a master server at 127.16.246.62:42339
I20260709 13:18:43.570194 18581 heartbeater.cc:461] Registering TS with master...
I20260709 13:18:43.570319 17368 server_base.cc:861] Flag tcmalloc_max_total_thread_cache_bytes is not working since tcmalloc is not enabled.
I20260709 13:18:43.571246 18581 heartbeater.cc:507] Master 127.16.246.62:42339 requested a full tablet report, sending...
I20260709 13:18:43.573468 17368 webserver.cc:533] Webserver started at http://127.16.246.3:38457/ using document root <none> and password file <none>
I20260709 13:18:43.574008 18379 ts_manager.cc:194] Registered new tserver with Master: b866cf1074b146a1a6bdfe7dd86ef090 (127.16.246.2:43309)
I20260709 13:18:43.574182 17368 fs_manager.cc:362] Metadata directory not provided
I20260709 13:18:43.574463 17368 fs_manager.cc:368] Using write-ahead log directory (fs_wal_dir) as metadata directory
I20260709 13:18:43.574827 17368 server_base.cc:909] This appears to be a new deployment of Kudu; creating new FS layout
I20260709 13:18:43.575997 18379 master_service.cc:502] Signed X509 certificate for tserver {username='slave'} at 127.0.0.1:53660
I20260709 13:18:43.576489 17368 fs_manager.cc:1068] Generated new instance metadata in path /tmp/dist-test-taskdteB4C/test-tmp/auto_leader_rebalancer-test.0.LeaderRebalancerTest.AddTserver.1783603099303531-17368-0/minicluster-data/ts-2-root/instance:
uuid: "7abf7cc9d0a140c8a8b8b402549ddfa6"
format_stamp: "Formatted at 2026-07-09 13:18:43 on dist-test-slave-2twz"
I20260709 13:18:43.581838 17368 fs_manager.cc:696] Time spent creating directory manager: real 0.005s	user 0.006s	sys 0.000s
I20260709 13:18:43.585602 18592 log_block_manager.cc:4127] Time spent loading block containers with low live blocks: real 0.000s	user 0.000s	sys 0.000s
I20260709 13:18:43.586534 17368 fs_manager.cc:730] Time spent opening block manager: real 0.002s	user 0.002s	sys 0.000s
I20260709 13:18:43.586859 17368 fs_manager.cc:647] Opened local filesystem: /tmp/dist-test-taskdteB4C/test-tmp/auto_leader_rebalancer-test.0.LeaderRebalancerTest.AddTserver.1783603099303531-17368-0/minicluster-data/ts-2-root
uuid: "7abf7cc9d0a140c8a8b8b402549ddfa6"
format_stamp: "Formatted at 2026-07-09 13:18:43 on dist-test-slave-2twz"
I20260709 13:18:43.587214 17368 fs_report.cc:389] FS layout report
--------------------
wal directory: /tmp/dist-test-taskdteB4C/test-tmp/auto_leader_rebalancer-test.0.LeaderRebalancerTest.AddTserver.1783603099303531-17368-0/minicluster-data/ts-2-root
metadata directory: /tmp/dist-test-taskdteB4C/test-tmp/auto_leader_rebalancer-test.0.LeaderRebalancerTest.AddTserver.1783603099303531-17368-0/minicluster-data/ts-2-root
1 data directories: /tmp/dist-test-taskdteB4C/test-tmp/auto_leader_rebalancer-test.0.LeaderRebalancerTest.AddTserver.1783603099303531-17368-0/minicluster-data/ts-2-root/data
Total live blocks: 0
Total live bytes: 0
Total live bytes (after alignment): 0
Total number of LBM containers: 0 (0 full)
Did not check for missing blocks
Did not check for orphaned blocks
Total full LBM containers with extra space: 0 (0 repaired)
Total full LBM container extra space in bytes: 0 (0 repaired)
Total incomplete LBM containers: 0 (0 repaired)
Total LBM partial records: 0 (0 repaired)
Total corrupted LBM metadata records in RocksDB: 0 (0 repaired)
I20260709 13:18:43.619120 17368 rpc_server.cc:225] running with OpenSSL 1.1.1  11 Sep 2018
I20260709 13:18:43.620497 17368 kserver.cc:163] Server-wide thread pool size limit: 3276
I20260709 13:18:43.622159 17368 txn_system_client.cc:432] TxnSystemClient initialization is disabled...
I20260709 13:18:43.624712 17368 ts_tablet_manager.cc:585] Loaded tablet metadata (0 total tablets, 0 live tablets)
I20260709 13:18:43.624941 17368 ts_tablet_manager.cc:531] Time spent load tablet metadata: real 0.000s	user 0.000s	sys 0.000s
I20260709 13:18:43.625293 17368 ts_tablet_manager.cc:616] Registered 0 tablets
I20260709 13:18:43.625454 17368 ts_tablet_manager.cc:595] Time spent register tablets: real 0.000s	user 0.000s	sys 0.000s
I20260709 13:18:43.670001 17368 rpc_server.cc:307] RPC server started. Bound to: 127.16.246.3:44593
I20260709 13:18:43.670133 18654 acceptor_pool.cc:272] collecting diagnostics on the listening RPC socket 127.16.246.3:44593 every 8 connection(s)
I20260709 13:18:43.685525 18655 heartbeater.cc:344] Connected to a master server at 127.16.246.62:42339
I20260709 13:18:43.685923 18655 heartbeater.cc:461] Registering TS with master...
I20260709 13:18:43.686707 18655 heartbeater.cc:507] Master 127.16.246.62:42339 requested a full tablet report, sending...
I20260709 13:18:43.688889 18379 ts_manager.cc:194] Registered new tserver with Master: 7abf7cc9d0a140c8a8b8b402549ddfa6 (127.16.246.3:44593)
I20260709 13:18:43.689774 17368 internal_mini_cluster.cc:371] 3 TS(s) registered with all masters after 0.016123792s
I20260709 13:18:43.690552 18379 master_service.cc:502] Signed X509 certificate for tserver {username='slave'} at 127.0.0.1:53668
I20260709 13:18:43.717338 18379 catalog_manager.cc:2283] Servicing CreateTable request from {username='slave'} at 127.0.0.1:53678:
name: "test-workload"
schema {
  columns {
    name: "key"
    type: INT32
    is_key: true
    is_nullable: false
    encoding: AUTO_ENCODING
    compression: DEFAULT_COMPRESSION
    cfile_block_size: 0
    immutable: false
  }
  columns {
    name: "int_val"
    type: INT32
    is_key: false
    is_nullable: false
    encoding: AUTO_ENCODING
    compression: DEFAULT_COMPRESSION
    cfile_block_size: 0
    immutable: false
  }
  columns {
    name: "string_val"
    type: STRING
    is_key: false
    is_nullable: true
    encoding: AUTO_ENCODING
    compression: DEFAULT_COMPRESSION
    cfile_block_size: 0
    immutable: false
  }
}
num_replicas: 3
split_rows_range_bounds {
  rows: "\004\001\000\313c+\002\004\001\000\226\307V\004\004\001\000a+\202\006\004\001\000,\217\255\010\004\001\000\367\362\330\n\004\001\000\302V\004\r\004\001\000\215\272/\017\004\001\000X\036[\021\004\001\000#\202\206\023\004\001\000\356\345\261\025\004\001\000\271I\335\027\004\001\000\204\255\010\032\004\001\000O\0214\034\004\001\000\032u_\036\004\001\000\345\330\212 \004\001\000\260<\266\"\004\001\000{\240\341$\004\001\000F\004\r\'\004\001\000\021h8)\004\001\000\334\313c+\004\001\000\247/\217-\004\001\000r\223\272/\004\001\000=\367\3451\004\001\000\010[\0214\004\001\000\323\276<6\004\001\000\236\"h8\004\001\000i\206\223:\004\001\0004\352\276<\004\001\000\377M\352>\004\001\000\312\261\025A\004\001\000\225\025AC\004\001\000`ylE\004\001\000+\335\227G\004\001\000\366@\303I\004\001\000\301\244\356K\004\001\000\214\010\032N\004\001\000WlEP\004\001\000\"\320pR\004\001\000\3553\234T\004\001\000\270\227\307V\004\001\000\203\373\362X\004\001\000N_\036[\004\001\000\031\303I]\004\001\000\344&u_\004\001\000\257\212\240a\004\001\000z\356\313c\004\001\000ER\367e\004\001\000\020\266\"h\004\001\000\333\031Nj\004\001\000\246}yl\004\001\000q\341\244n\004\001\000<E\320p\004\001\000\007\251\373r\004\001\000\322\014\'u\004\001\000\235pRw\004\001\000h\324}y\004\001\00038\251{\004\001\000\376\233\324}""\004\001\000\313c+\002\004\001\000\226\307V\004\004\001\000a+\202\006\004\001\000,\217\255\010\004\001\000\367\362\330\n\004\001\000\302V\004\r\004\001\000\215\272/\017\004\001\000X\036[\021\004\001\000#\202\206\023\004\001\000\356\345\261\025\004\001\000\271I\335\027\004\001\000\204\255\010\032\004\001\000O\0214\034\004\001\000\032u_\036\004\001\000\345\330\212 \004\001\000\260<\266\"\004\001\000{\240\341$\004\001\000F\004\r\'\004\001\000\021h8)\004\001\000\334\313c+\004\001\000\247/\217-\004\001\000r\223\272/\004\001\000=\367\3451\004\001\000\010[\0214\004\001\000\323\276<6\004\001\000\236\"h8\004\001\000i\206\223:\004\001\0004\352\276<\004\001\000\377M\352>\004\001\000\312\261\025A\004\001\000\225\025AC\004\001\000`ylE\004\001\000+\335\227G\004\001\000\366@\303I\004\001\000\301\244\356K\004\001\000\214\010\032N\004\001\000WlEP\004\001\000\"\320pR\004\001\000\3553\234T\004\001\000\270\227\307V\004\001\000\203\373\362X\004\001\000N_\036[\004\001\000\031\303I]\004\001\000\344&u_\004\001\000\257\212\240a\004\001\000z\356\313c\004\001\000ER\367e\004\001\000\020\266\"h\004\001\000\333\031Nj\004\001\000\246}yl\004\001\000q\341\244n\004\001\000<E\320p\004\001\000\007\251\373r\004\001\000\322\014\'u\004\001\000\235pRw\004\001\000h\324}y\004\001\00038\251{\004\001\000\376\233\324}"
  indirect_data: """"
}
partition_schema {
  range_schema {
    columns {
      name: "key"
    }
  }
}
W20260709 13:18:43.723315 18379 catalog_manager.cc:7077] The number of live tablet servers is not enough to re-replicate a tablet replica of the newly created table test-workload in case of a server failure: 4 tablet servers would be needed, 3 are available. Consider bringing up more tablet servers.
I20260709 13:18:43.924587 18471 tablet_service.cc:1511] Processing CreateTablet for tablet 96eb9be04f794a829c6691d19f83aac1 (DEFAULT_TABLE table=test-workload [id=151d9aa5ad07480aa1f893e9f41735d0]), partition=RANGE (key) PARTITION VALUES < 36398027
I20260709 13:18:43.926261 18471 data_dirs.cc:400] Could only allocate 1 dirs of requested 3 for tablet 96eb9be04f794a829c6691d19f83aac1. 1 dirs total, 0 dirs full, 0 dirs failed
I20260709 13:18:43.928238 18470 tablet_service.cc:1511] Processing CreateTablet for tablet ec568899f689429c83da37525fa43d30 (DEFAULT_TABLE table=test-workload [id=151d9aa5ad07480aa1f893e9f41735d0]), partition=RANGE (key) PARTITION 36398027 <= VALUES < 72796054
I20260709 13:18:43.929724 18470 data_dirs.cc:400] Could only allocate 1 dirs of requested 3 for tablet ec568899f689429c83da37525fa43d30. 1 dirs total, 0 dirs full, 0 dirs failed
I20260709 13:18:43.931340 18619 tablet_service.cc:1511] Processing CreateTablet for tablet ec568899f689429c83da37525fa43d30 (DEFAULT_TABLE table=test-workload [id=151d9aa5ad07480aa1f893e9f41735d0]), partition=RANGE (key) PARTITION 36398027 <= VALUES < 72796054
I20260709 13:18:43.931988 18620 tablet_service.cc:1511] Processing CreateTablet for tablet 96eb9be04f794a829c6691d19f83aac1 (DEFAULT_TABLE table=test-workload [id=151d9aa5ad07480aa1f893e9f41735d0]), partition=RANGE (key) PARTITION VALUES < 36398027
I20260709 13:18:43.932396 18469 tablet_service.cc:1511] Processing CreateTablet for tablet dd2a6ea048164d67a033f4fed4b48922 (DEFAULT_TABLE table=test-workload [id=151d9aa5ad07480aa1f893e9f41735d0]), partition=RANGE (key) PARTITION 72796054 <= VALUES < 109194081
I20260709 13:18:43.932982 18619 data_dirs.cc:400] Could only allocate 1 dirs of requested 3 for tablet ec568899f689429c83da37525fa43d30. 1 dirs total, 0 dirs full, 0 dirs failed
I20260709 13:18:43.933645 18620 data_dirs.cc:400] Could only allocate 1 dirs of requested 3 for tablet 96eb9be04f794a829c6691d19f83aac1. 1 dirs total, 0 dirs full, 0 dirs failed
I20260709 13:18:43.933858 18469 data_dirs.cc:400] Could only allocate 1 dirs of requested 3 for tablet dd2a6ea048164d67a033f4fed4b48922. 1 dirs total, 0 dirs full, 0 dirs failed
I20260709 13:18:43.935195 18618 tablet_service.cc:1511] Processing CreateTablet for tablet dd2a6ea048164d67a033f4fed4b48922 (DEFAULT_TABLE table=test-workload [id=151d9aa5ad07480aa1f893e9f41735d0]), partition=RANGE (key) PARTITION 72796054 <= VALUES < 109194081
I20260709 13:18:43.936578 18618 data_dirs.cc:400] Could only allocate 1 dirs of requested 3 for tablet dd2a6ea048164d67a033f4fed4b48922. 1 dirs total, 0 dirs full, 0 dirs failed
I20260709 13:18:43.936892 18468 tablet_service.cc:1511] Processing CreateTablet for tablet 97a8ab0a5cd644ad9d86fe24ca13ef8a (DEFAULT_TABLE table=test-workload [id=151d9aa5ad07480aa1f893e9f41735d0]), partition=RANGE (key) PARTITION 109194081 <= VALUES < 145592108
I20260709 13:18:43.938354 18468 data_dirs.cc:400] Could only allocate 1 dirs of requested 3 for tablet 97a8ab0a5cd644ad9d86fe24ca13ef8a. 1 dirs total, 0 dirs full, 0 dirs failed
I20260709 13:18:43.956146 18546 tablet_service.cc:1511] Processing CreateTablet for tablet 96eb9be04f794a829c6691d19f83aac1 (DEFAULT_TABLE table=test-workload [id=151d9aa5ad07480aa1f893e9f41735d0]), partition=RANGE (key) PARTITION VALUES < 36398027
I20260709 13:18:43.958006 18546 data_dirs.cc:400] Could only allocate 1 dirs of requested 3 for tablet 96eb9be04f794a829c6691d19f83aac1. 1 dirs total, 0 dirs full, 0 dirs failed
I20260709 13:18:43.960767 18545 tablet_service.cc:1511] Processing CreateTablet for tablet ec568899f689429c83da37525fa43d30 (DEFAULT_TABLE table=test-workload [id=151d9aa5ad07480aa1f893e9f41735d0]), partition=RANGE (key) PARTITION 36398027 <= VALUES < 72796054
I20260709 13:18:43.962569 18545 data_dirs.cc:400] Could only allocate 1 dirs of requested 3 for tablet ec568899f689429c83da37525fa43d30. 1 dirs total, 0 dirs full, 0 dirs failed
I20260709 13:18:43.964594 18544 tablet_service.cc:1511] Processing CreateTablet for tablet dd2a6ea048164d67a033f4fed4b48922 (DEFAULT_TABLE table=test-workload [id=151d9aa5ad07480aa1f893e9f41735d0]), partition=RANGE (key) PARTITION 72796054 <= VALUES < 109194081
I20260709 13:18:43.966310 18544 data_dirs.cc:400] Could only allocate 1 dirs of requested 3 for tablet dd2a6ea048164d67a033f4fed4b48922. 1 dirs total, 0 dirs full, 0 dirs failed
I20260709 13:18:43.967566 18671 tablet_bootstrap.cc:492] T 96eb9be04f794a829c6691d19f83aac1 P 3a7d3f27c2654d79b545276bbe53749a: Bootstrap starting.
I20260709 13:18:43.968317 18543 tablet_service.cc:1511] Processing CreateTablet for tablet 97a8ab0a5cd644ad9d86fe24ca13ef8a (DEFAULT_TABLE table=test-workload [id=151d9aa5ad07480aa1f893e9f41735d0]), partition=RANGE (key) PARTITION 109194081 <= VALUES < 145592108
I20260709 13:18:43.969561 18543 data_dirs.cc:400] Could only allocate 1 dirs of requested 3 for tablet 97a8ab0a5cd644ad9d86fe24ca13ef8a. 1 dirs total, 0 dirs full, 0 dirs failed
I20260709 13:18:43.975521 18617 tablet_service.cc:1511] Processing CreateTablet for tablet 97a8ab0a5cd644ad9d86fe24ca13ef8a (DEFAULT_TABLE table=test-workload [id=151d9aa5ad07480aa1f893e9f41735d0]), partition=RANGE (key) PARTITION 109194081 <= VALUES < 145592108
I20260709 13:18:43.976744 18617 data_dirs.cc:400] Could only allocate 1 dirs of requested 3 for tablet 97a8ab0a5cd644ad9d86fe24ca13ef8a. 1 dirs total, 0 dirs full, 0 dirs failed
I20260709 13:18:43.985579 18670 tablet_bootstrap.cc:492] T 96eb9be04f794a829c6691d19f83aac1 P 7abf7cc9d0a140c8a8b8b402549ddfa6: Bootstrap starting.
I20260709 13:18:43.992164 18670 tablet_bootstrap.cc:654] T 96eb9be04f794a829c6691d19f83aac1 P 7abf7cc9d0a140c8a8b8b402549ddfa6: Neither blocks nor log segments found. Creating new log.
I20260709 13:18:43.997599 18542 tablet_service.cc:1511] Processing CreateTablet for tablet 6eaab31c4de94b03869f1a95004aff18 (DEFAULT_TABLE table=test-workload [id=151d9aa5ad07480aa1f893e9f41735d0]), partition=RANGE (key) PARTITION 145592108 <= VALUES < 181990135
I20260709 13:18:43.999651 18542 data_dirs.cc:400] Could only allocate 1 dirs of requested 3 for tablet 6eaab31c4de94b03869f1a95004aff18. 1 dirs total, 0 dirs full, 0 dirs failed
I20260709 13:18:44.002707 18671 tablet_bootstrap.cc:654] T 96eb9be04f794a829c6691d19f83aac1 P 3a7d3f27c2654d79b545276bbe53749a: Neither blocks nor log segments found. Creating new log.
I20260709 13:18:44.011122 18468 tablet_service.cc:1511] Processing CreateTablet for tablet 6eaab31c4de94b03869f1a95004aff18 (DEFAULT_TABLE table=test-workload [id=151d9aa5ad07480aa1f893e9f41735d0]), partition=RANGE (key) PARTITION 145592108 <= VALUES < 181990135
I20260709 13:18:44.022904 18620 tablet_service.cc:1511] Processing CreateTablet for tablet 6eaab31c4de94b03869f1a95004aff18 (DEFAULT_TABLE table=test-workload [id=151d9aa5ad07480aa1f893e9f41735d0]), partition=RANGE (key) PARTITION 145592108 <= VALUES < 181990135
I20260709 13:18:44.025688 18470 tablet_service.cc:1511] Processing CreateTablet for tablet 3eeede9d8e984fd18aa7cb1e91c32a38 (DEFAULT_TABLE table=test-workload [id=151d9aa5ad07480aa1f893e9f41735d0]), partition=RANGE (key) PARTITION 181990135 <= VALUES < 218388162
I20260709 13:18:44.039191 18468 data_dirs.cc:400] Could only allocate 1 dirs of requested 3 for tablet 6eaab31c4de94b03869f1a95004aff18. 1 dirs total, 0 dirs full, 0 dirs failed
I20260709 13:18:44.039768 18470 data_dirs.cc:400] Could only allocate 1 dirs of requested 3 for tablet 3eeede9d8e984fd18aa7cb1e91c32a38. 1 dirs total, 0 dirs full, 0 dirs failed
I20260709 13:18:44.044170 18673 tablet_bootstrap.cc:492] T 96eb9be04f794a829c6691d19f83aac1 P b866cf1074b146a1a6bdfe7dd86ef090: Bootstrap starting.
I20260709 13:18:44.028777 18616 tablet_service.cc:1511] Processing CreateTablet for tablet 3eeede9d8e984fd18aa7cb1e91c32a38 (DEFAULT_TABLE table=test-workload [id=151d9aa5ad07480aa1f893e9f41735d0]), partition=RANGE (key) PARTITION 181990135 <= VALUES < 218388162
I20260709 13:18:44.031229 18541 tablet_service.cc:1511] Processing CreateTablet for tablet 3eeede9d8e984fd18aa7cb1e91c32a38 (DEFAULT_TABLE table=test-workload [id=151d9aa5ad07480aa1f893e9f41735d0]), partition=RANGE (key) PARTITION 181990135 <= VALUES < 218388162
I20260709 13:18:44.047889 18620 data_dirs.cc:400] Could only allocate 1 dirs of requested 3 for tablet 6eaab31c4de94b03869f1a95004aff18. 1 dirs total, 0 dirs full, 0 dirs failed
I20260709 13:18:44.047930 18541 data_dirs.cc:400] Could only allocate 1 dirs of requested 3 for tablet 3eeede9d8e984fd18aa7cb1e91c32a38. 1 dirs total, 0 dirs full, 0 dirs failed
I20260709 13:18:44.051455 18616 data_dirs.cc:400] Could only allocate 1 dirs of requested 3 for tablet 3eeede9d8e984fd18aa7cb1e91c32a38. 1 dirs total, 0 dirs full, 0 dirs failed
I20260709 13:18:44.053228 18670 tablet_bootstrap.cc:492] T 96eb9be04f794a829c6691d19f83aac1 P 7abf7cc9d0a140c8a8b8b402549ddfa6: No bootstrap required, opened a new log
I20260709 13:18:44.053730 18670 ts_tablet_manager.cc:1403] T 96eb9be04f794a829c6691d19f83aac1 P 7abf7cc9d0a140c8a8b8b402549ddfa6: Time spent bootstrapping tablet: real 0.068s	user 0.021s	sys 0.022s
I20260709 13:18:44.055763 18673 tablet_bootstrap.cc:654] T 96eb9be04f794a829c6691d19f83aac1 P b866cf1074b146a1a6bdfe7dd86ef090: Neither blocks nor log segments found. Creating new log.
I20260709 13:18:44.057142 18670 raft_consensus.cc:359] T 96eb9be04f794a829c6691d19f83aac1 P 7abf7cc9d0a140c8a8b8b402549ddfa6 [term 0 FOLLOWER]: Replica starting. Triggering 0 pending ops. Active config: opid_index: -1 OBSOLETE_local: false peers { permanent_uuid: "3a7d3f27c2654d79b545276bbe53749a" member_type: VOTER last_known_addr { host: "127.16.246.1" port: 42011 } } peers { permanent_uuid: "7abf7cc9d0a140c8a8b8b402549ddfa6" member_type: VOTER last_known_addr { host: "127.16.246.3" port: 44593 } } peers { permanent_uuid: "b866cf1074b146a1a6bdfe7dd86ef090" member_type: VOTER last_known_addr { host: "127.16.246.2" port: 43309 } }
I20260709 13:18:44.057883 18670 raft_consensus.cc:385] T 96eb9be04f794a829c6691d19f83aac1 P 7abf7cc9d0a140c8a8b8b402549ddfa6 [term 0 FOLLOWER]: Consensus starting up: Expiring failure detector timer to make a prompt election more likely
I20260709 13:18:44.058161 18670 raft_consensus.cc:740] T 96eb9be04f794a829c6691d19f83aac1 P 7abf7cc9d0a140c8a8b8b402549ddfa6 [term 0 FOLLOWER]: Becoming Follower/Learner. State: Replica: 7abf7cc9d0a140c8a8b8b402549ddfa6, State: Initialized, Role: FOLLOWER
I20260709 13:18:44.058935 18670 consensus_queue.cc:260] T 96eb9be04f794a829c6691d19f83aac1 P 7abf7cc9d0a140c8a8b8b402549ddfa6 [NON_LEADER]: Queue going to NON_LEADER mode. State: All replicated index: 0, Majority replicated index: 0, Committed index: 0, Last appended: 0.0, Last appended by leader: 0, Current term: 0, Majority size: -1, State: 0, Mode: NON_LEADER, active raft config: opid_index: -1 OBSOLETE_local: false peers { permanent_uuid: "3a7d3f27c2654d79b545276bbe53749a" member_type: VOTER last_known_addr { host: "127.16.246.1" port: 42011 } } peers { permanent_uuid: "7abf7cc9d0a140c8a8b8b402549ddfa6" member_type: VOTER last_known_addr { host: "127.16.246.3" port: 44593 } } peers { permanent_uuid: "b866cf1074b146a1a6bdfe7dd86ef090" member_type: VOTER last_known_addr { host: "127.16.246.2" port: 43309 } }
I20260709 13:18:44.070653 18673 tablet_bootstrap.cc:492] T 96eb9be04f794a829c6691d19f83aac1 P b866cf1074b146a1a6bdfe7dd86ef090: No bootstrap required, opened a new log
I20260709 13:18:44.071491 18673 ts_tablet_manager.cc:1403] T 96eb9be04f794a829c6691d19f83aac1 P b866cf1074b146a1a6bdfe7dd86ef090: Time spent bootstrapping tablet: real 0.028s	user 0.015s	sys 0.004s
I20260709 13:18:44.075675 18673 raft_consensus.cc:359] T 96eb9be04f794a829c6691d19f83aac1 P b866cf1074b146a1a6bdfe7dd86ef090 [term 0 FOLLOWER]: Replica starting. Triggering 0 pending ops. Active config: opid_index: -1 OBSOLETE_local: false peers { permanent_uuid: "3a7d3f27c2654d79b545276bbe53749a" member_type: VOTER last_known_addr { host: "127.16.246.1" port: 42011 } } peers { permanent_uuid: "7abf7cc9d0a140c8a8b8b402549ddfa6" member_type: VOTER last_known_addr { host: "127.16.246.3" port: 44593 } } peers { permanent_uuid: "b866cf1074b146a1a6bdfe7dd86ef090" member_type: VOTER last_known_addr { host: "127.16.246.2" port: 43309 } }
I20260709 13:18:44.076943 18673 raft_consensus.cc:385] T 96eb9be04f794a829c6691d19f83aac1 P b866cf1074b146a1a6bdfe7dd86ef090 [term 0 FOLLOWER]: Consensus starting up: Expiring failure detector timer to make a prompt election more likely
I20260709 13:18:44.077435 18673 raft_consensus.cc:740] T 96eb9be04f794a829c6691d19f83aac1 P b866cf1074b146a1a6bdfe7dd86ef090 [term 0 FOLLOWER]: Becoming Follower/Learner. State: Replica: b866cf1074b146a1a6bdfe7dd86ef090, State: Initialized, Role: FOLLOWER
I20260709 13:18:44.077527 18469 tablet_service.cc:1511] Processing CreateTablet for tablet 9b99ca6947404914ade57a41df42266c (DEFAULT_TABLE table=test-workload [id=151d9aa5ad07480aa1f893e9f41735d0]), partition=RANGE (key) PARTITION 218388162 <= VALUES < 254786189
I20260709 13:18:44.079815 18469 data_dirs.cc:400] Could only allocate 1 dirs of requested 3 for tablet 9b99ca6947404914ade57a41df42266c. 1 dirs total, 0 dirs full, 0 dirs failed
I20260709 13:18:44.081511 18655 heartbeater.cc:499] Master 127.16.246.62:42339 was elected leader, sending a full tablet report...
I20260709 13:18:44.081288 18542 tablet_service.cc:1511] Processing CreateTablet for tablet 9b99ca6947404914ade57a41df42266c (DEFAULT_TABLE table=test-workload [id=151d9aa5ad07480aa1f893e9f41735d0]), partition=RANGE (key) PARTITION 218388162 <= VALUES < 254786189
I20260709 13:18:44.082573 18542 data_dirs.cc:400] Could only allocate 1 dirs of requested 3 for tablet 9b99ca6947404914ade57a41df42266c. 1 dirs total, 0 dirs full, 0 dirs failed
I20260709 13:18:44.079824 18670 ts_tablet_manager.cc:1434] T 96eb9be04f794a829c6691d19f83aac1 P 7abf7cc9d0a140c8a8b8b402549ddfa6: Time spent starting tablet: real 0.026s	user 0.014s	sys 0.013s
I20260709 13:18:44.080530 18673 consensus_queue.cc:260] T 96eb9be04f794a829c6691d19f83aac1 P b866cf1074b146a1a6bdfe7dd86ef090 [NON_LEADER]: Queue going to NON_LEADER mode. State: All replicated index: 0, Majority replicated index: 0, Committed index: 0, Last appended: 0.0, Last appended by leader: 0, Current term: 0, Majority size: -1, State: 0, Mode: NON_LEADER, active raft config: opid_index: -1 OBSOLETE_local: false peers { permanent_uuid: "3a7d3f27c2654d79b545276bbe53749a" member_type: VOTER last_known_addr { host: "127.16.246.1" port: 42011 } } peers { permanent_uuid: "7abf7cc9d0a140c8a8b8b402549ddfa6" member_type: VOTER last_known_addr { host: "127.16.246.3" port: 44593 } } peers { permanent_uuid: "b866cf1074b146a1a6bdfe7dd86ef090" member_type: VOTER last_known_addr { host: "127.16.246.2" port: 43309 } }
I20260709 13:18:44.097720 18670 tablet_bootstrap.cc:492] T dd2a6ea048164d67a033f4fed4b48922 P 7abf7cc9d0a140c8a8b8b402549ddfa6: Bootstrap starting.
I20260709 13:18:44.096010 18671 tablet_bootstrap.cc:492] T 96eb9be04f794a829c6691d19f83aac1 P 3a7d3f27c2654d79b545276bbe53749a: No bootstrap required, opened a new log
I20260709 13:18:44.098929 18671 ts_tablet_manager.cc:1403] T 96eb9be04f794a829c6691d19f83aac1 P 3a7d3f27c2654d79b545276bbe53749a: Time spent bootstrapping tablet: real 0.132s	user 0.012s	sys 0.003s
I20260709 13:18:44.102195 18671 raft_consensus.cc:359] T 96eb9be04f794a829c6691d19f83aac1 P 3a7d3f27c2654d79b545276bbe53749a [term 0 FOLLOWER]: Replica starting. Triggering 0 pending ops. Active config: opid_index: -1 OBSOLETE_local: false peers { permanent_uuid: "3a7d3f27c2654d79b545276bbe53749a" member_type: VOTER last_known_addr { host: "127.16.246.1" port: 42011 } } peers { permanent_uuid: "7abf7cc9d0a140c8a8b8b402549ddfa6" member_type: VOTER last_known_addr { host: "127.16.246.3" port: 44593 } } peers { permanent_uuid: "b866cf1074b146a1a6bdfe7dd86ef090" member_type: VOTER last_known_addr { host: "127.16.246.2" port: 43309 } }
I20260709 13:18:44.103075 18671 raft_consensus.cc:385] T 96eb9be04f794a829c6691d19f83aac1 P 3a7d3f27c2654d79b545276bbe53749a [term 0 FOLLOWER]: Consensus starting up: Expiring failure detector timer to make a prompt election more likely
I20260709 13:18:44.103415 18671 raft_consensus.cc:740] T 96eb9be04f794a829c6691d19f83aac1 P 3a7d3f27c2654d79b545276bbe53749a [term 0 FOLLOWER]: Becoming Follower/Learner. State: Replica: 3a7d3f27c2654d79b545276bbe53749a, State: Initialized, Role: FOLLOWER
I20260709 13:18:44.104223 18671 consensus_queue.cc:260] T 96eb9be04f794a829c6691d19f83aac1 P 3a7d3f27c2654d79b545276bbe53749a [NON_LEADER]: Queue going to NON_LEADER mode. State: All replicated index: 0, Majority replicated index: 0, Committed index: 0, Last appended: 0.0, Last appended by leader: 0, Current term: 0, Majority size: -1, State: 0, Mode: NON_LEADER, active raft config: opid_index: -1 OBSOLETE_local: false peers { permanent_uuid: "3a7d3f27c2654d79b545276bbe53749a" member_type: VOTER last_known_addr { host: "127.16.246.1" port: 42011 } } peers { permanent_uuid: "7abf7cc9d0a140c8a8b8b402549ddfa6" member_type: VOTER last_known_addr { host: "127.16.246.3" port: 44593 } } peers { permanent_uuid: "b866cf1074b146a1a6bdfe7dd86ef090" member_type: VOTER last_known_addr { host: "127.16.246.2" port: 43309 } }
I20260709 13:18:44.106812 18581 heartbeater.cc:499] Master 127.16.246.62:42339 was elected leader, sending a full tablet report...
I20260709 13:18:44.106992 18670 tablet_bootstrap.cc:654] T dd2a6ea048164d67a033f4fed4b48922 P 7abf7cc9d0a140c8a8b8b402549ddfa6: Neither blocks nor log segments found. Creating new log.
I20260709 13:18:44.112390 18506 heartbeater.cc:499] Master 127.16.246.62:42339 was elected leader, sending a full tablet report...
I20260709 13:18:44.112466 18616 tablet_service.cc:1511] Processing CreateTablet for tablet 9b99ca6947404914ade57a41df42266c (DEFAULT_TABLE table=test-workload [id=151d9aa5ad07480aa1f893e9f41735d0]), partition=RANGE (key) PARTITION 218388162 <= VALUES < 254786189
I20260709 13:18:44.112999 18671 ts_tablet_manager.cc:1434] T 96eb9be04f794a829c6691d19f83aac1 P 3a7d3f27c2654d79b545276bbe53749a: Time spent starting tablet: real 0.014s	user 0.007s	sys 0.005s
