I20260709 13:18:44.500149 22418 tablet_bootstrap.cc:492] T 91f955cb61cd4a919b15210227a21745 P cdbda6f11ac244279a9fdf12a1e25183: No bootstrap required, opened a new log
I20260709 13:18:44.500702 22418 ts_tablet_manager.cc:1403] T 91f955cb61cd4a919b15210227a21745 P cdbda6f11ac244279a9fdf12a1e25183: Time spent bootstrapping tablet: real 0.118s	user 0.019s	sys 0.010s
I20260709 13:18:44.500973 22467 raft_consensus.cc:493] T 53f7ac2a7617496c8e072c83371a9080 P 370f02ea201646c9ace01e83137bdd16 [term 0 FOLLOWER]: Starting pre-election (no leader contacted us within the election timeout)
I20260709 13:18:44.501531 22467 raft_consensus.cc:515] T 53f7ac2a7617496c8e072c83371a9080 P 370f02ea201646c9ace01e83137bdd16 [term 0 FOLLOWER]: Starting pre-election with config: opid_index: -1 OBSOLETE_local: false peers { permanent_uuid: "cdbda6f11ac244279a9fdf12a1e25183" member_type: VOTER last_known_addr { host: "127.20.162.1" port: 37537 } } peers { permanent_uuid: "370f02ea201646c9ace01e83137bdd16" member_type: VOTER last_known_addr { host: "127.20.162.2" port: 33699 } } peers { permanent_uuid: "ff052e5d6cd14f08bbc1070f81814a55" member_type: VOTER last_known_addr { host: "127.20.162.3" port: 42243 } }
I20260709 13:18:44.500643 22373 tablet_service.cc:1917] Received RequestConsensusVote() RPC: tablet_id: "87413614cc1842ce8892490dd23be199" candidate_uuid: "370f02ea201646c9ace01e83137bdd16" candidate_term: 1 candidate_status { last_received { term: 0 index: 0 } } ignore_live_leader: false dest_uuid: "ff052e5d6cd14f08bbc1070f81814a55" is_pre_election: true
I20260709 13:18:44.494760 22506 consensus_queue.cc:1048] T 7f2cfd06b5a54690adb69dcee0e5fde9 P 370f02ea201646c9ace01e83137bdd16 [LEADER]: Connected to new peer: Peer: permanent_uuid: "ff052e5d6cd14f08bbc1070f81814a55" member_type: VOTER last_known_addr { host: "127.20.162.3" port: 42243 }, Status: LMP_MISMATCH, Last received: 0.0, Next index: 1, Last known committed idx: 0, Time since last communication: 0.000s
I20260709 13:18:44.497985 22299 raft_consensus.cc:2393] T 5b954bd1185d4689b767aca1627c5aa0 P 370f02ea201646c9ace01e83137bdd16 [term 1 FOLLOWER]: Leader pre-election vote request: Denying vote to candidate cdbda6f11ac244279a9fdf12a1e25183 in current term 1: Already voted for candidate ff052e5d6cd14f08bbc1070f81814a55 in this term.
I20260709 13:18:44.498733 22465 leader_election.cc:290] T 87413614cc1842ce8892490dd23be199 P 370f02ea201646c9ace01e83137bdd16 [CANDIDATE]: Term 1 pre-election: Requested pre-vote from peers cdbda6f11ac244279a9fdf12a1e25183 (127.20.162.1:37537), ff052e5d6cd14f08bbc1070f81814a55 (127.20.162.3:42243)
I20260709 13:18:44.492817 22507 raft_consensus.cc:2804] T 51637903c0384a478942af7b64b64135 P cdbda6f11ac244279a9fdf12a1e25183 [term 0 FOLLOWER]: Leader pre-election won for term 1
I20260709 13:18:44.505882 22430 raft_consensus.cc:493] T 91f955cb61cd4a919b15210227a21745 P 370f02ea201646c9ace01e83137bdd16 [term 0 FOLLOWER]: Starting pre-election (no leader contacted us within the election timeout)
I20260709 13:18:44.507097 22191 leader_election.cc:304] T 6591f1afbc3b4cc69ab6ceb15267f123 P cdbda6f11ac244279a9fdf12a1e25183 [CANDIDATE]: Term 1 pre-election: Election decided. Result: candidate won. Election summary: received 2 responses out of 3 voters: 2 yes votes; 0 no votes. yes voters: 370f02ea201646c9ace01e83137bdd16, cdbda6f11ac244279a9fdf12a1e25183; no voters: 
I20260709 13:18:44.506006 22373 raft_consensus.cc:2468] T 87413614cc1842ce8892490dd23be199 P ff052e5d6cd14f08bbc1070f81814a55 [term 0 FOLLOWER]: Leader pre-election vote request: Granting yes vote for candidate 370f02ea201646c9ace01e83137bdd16 in term 0.
I20260709 13:18:44.499781 22226 tablet_service.cc:1917] Received RequestConsensusVote() RPC: tablet_id: "87413614cc1842ce8892490dd23be199" candidate_uuid: "370f02ea201646c9ace01e83137bdd16" candidate_term: 1 candidate_status { last_received { term: 0 index: 0 } } ignore_live_leader: false dest_uuid: "cdbda6f11ac244279a9fdf12a1e25183" is_pre_election: true
I20260709 13:18:44.513468 22507 raft_consensus.cc:493] T 51637903c0384a478942af7b64b64135 P cdbda6f11ac244279a9fdf12a1e25183 [term 0 FOLLOWER]: Starting leader election (no leader contacted us within the election timeout)
I20260709 13:18:44.514225 22430 raft_consensus.cc:515] T 91f955cb61cd4a919b15210227a21745 P 370f02ea201646c9ace01e83137bdd16 [term 0 FOLLOWER]: Starting pre-election with config: opid_index: -1 OBSOLETE_local: false peers { permanent_uuid: "cdbda6f11ac244279a9fdf12a1e25183" member_type: VOTER last_known_addr { host: "127.20.162.1" port: 37537 } } peers { permanent_uuid: "370f02ea201646c9ace01e83137bdd16" member_type: VOTER last_known_addr { host: "127.20.162.2" port: 33699 } } peers { permanent_uuid: "ff052e5d6cd14f08bbc1070f81814a55" member_type: VOTER last_known_addr { host: "127.20.162.3" port: 42243 } }
I20260709 13:18:44.518537 22422 raft_consensus.cc:2804] T 6591f1afbc3b4cc69ab6ceb15267f123 P cdbda6f11ac244279a9fdf12a1e25183 [term 0 FOLLOWER]: Leader pre-election won for term 1
I20260709 13:18:44.521909 22422 raft_consensus.cc:493] T 6591f1afbc3b4cc69ab6ceb15267f123 P cdbda6f11ac244279a9fdf12a1e25183 [term 0 FOLLOWER]: Starting leader election (no leader contacted us within the election timeout)
I20260709 13:18:44.522323 22422 raft_consensus.cc:3060] T 6591f1afbc3b4cc69ab6ceb15267f123 P cdbda6f11ac244279a9fdf12a1e25183 [term 0 FOLLOWER]: Advancing to term 1
I20260709 13:18:44.523258 22467 leader_election.cc:290] T 53f7ac2a7617496c8e072c83371a9080 P 370f02ea201646c9ace01e83137bdd16 [CANDIDATE]: Term 1 pre-election: Requested pre-vote from peers cdbda6f11ac244279a9fdf12a1e25183 (127.20.162.1:37537), ff052e5d6cd14f08bbc1070f81814a55 (127.20.162.3:42243)
I20260709 13:18:44.523556 22418 raft_consensus.cc:359] T 91f955cb61cd4a919b15210227a21745 P cdbda6f11ac244279a9fdf12a1e25183 [term 0 FOLLOWER]: Replica starting. Triggering 0 pending ops. Active config: opid_index: -1 OBSOLETE_local: false peers { permanent_uuid: "cdbda6f11ac244279a9fdf12a1e25183" member_type: VOTER last_known_addr { host: "127.20.162.1" port: 37537 } } peers { permanent_uuid: "370f02ea201646c9ace01e83137bdd16" member_type: VOTER last_known_addr { host: "127.20.162.2" port: 33699 } } peers { permanent_uuid: "ff052e5d6cd14f08bbc1070f81814a55" member_type: VOTER last_known_addr { host: "127.20.162.3" port: 42243 } }
I20260709 13:18:44.520083 22416 tablet_bootstrap.cc:654] T 91f955cb61cd4a919b15210227a21745 P ff052e5d6cd14f08bbc1070f81814a55: Neither blocks nor log segments found. Creating new log.
I20260709 13:18:44.526286 22507 raft_consensus.cc:3060] T 51637903c0384a478942af7b64b64135 P cdbda6f11ac244279a9fdf12a1e25183 [term 0 FOLLOWER]: Advancing to term 1
I20260709 13:18:44.529233 22418 raft_consensus.cc:385] T 91f955cb61cd4a919b15210227a21745 P cdbda6f11ac244279a9fdf12a1e25183 [term 0 FOLLOWER]: Consensus starting up: Expiring failure detector timer to make a prompt election more likely
I20260709 13:18:44.531499 22418 raft_consensus.cc:740] T 91f955cb61cd4a919b15210227a21745 P cdbda6f11ac244279a9fdf12a1e25183 [term 0 FOLLOWER]: Becoming Follower/Learner. State: Replica: cdbda6f11ac244279a9fdf12a1e25183, State: Initialized, Role: FOLLOWER
I20260709 13:18:44.523203 22430 leader_election.cc:290] T 91f955cb61cd4a919b15210227a21745 P 370f02ea201646c9ace01e83137bdd16 [CANDIDATE]: Term 1 pre-election: Requested pre-vote from peers cdbda6f11ac244279a9fdf12a1e25183 (127.20.162.1:37537), ff052e5d6cd14f08bbc1070f81814a55 (127.20.162.3:42243)
I20260709 13:18:44.535789 22418 consensus_queue.cc:260] T 91f955cb61cd4a919b15210227a21745 P cdbda6f11ac244279a9fdf12a1e25183 [NON_LEADER]: Queue going to NON_LEADER mode. State: All replicated index: 0, Majority replicated index: 0, Committed index: 0, Last appended: 0.0, Last appended by leader: 0, Current term: 0, Majority size: -1, State: 0, Mode: NON_LEADER, active raft config: opid_index: -1 OBSOLETE_local: false peers { permanent_uuid: "cdbda6f11ac244279a9fdf12a1e25183" member_type: VOTER last_known_addr { host: "127.20.162.1" port: 37537 } } peers { permanent_uuid: "370f02ea201646c9ace01e83137bdd16" member_type: VOTER last_known_addr { host: "127.20.162.2" port: 33699 } } peers { permanent_uuid: "ff052e5d6cd14f08bbc1070f81814a55" member_type: VOTER last_known_addr { host: "127.20.162.3" port: 42243 } }
I20260709 13:18:44.538548 22227 tablet_service.cc:1917] Received RequestConsensusVote() RPC: tablet_id: "53f7ac2a7617496c8e072c83371a9080" candidate_uuid: "370f02ea201646c9ace01e83137bdd16" candidate_term: 1 candidate_status { last_received { term: 0 index: 0 } } ignore_live_leader: false dest_uuid: "cdbda6f11ac244279a9fdf12a1e25183" is_pre_election: true
W20260709 13:18:44.539392 22266 leader_election.cc:343] T 87413614cc1842ce8892490dd23be199 P 370f02ea201646c9ace01e83137bdd16 [CANDIDATE]: Term 1 pre-election: Tablet error from VoteRequest() call to peer cdbda6f11ac244279a9fdf12a1e25183 (127.20.162.1:37537): Illegal state: must be running to vote when last-logged opid is not known
I20260709 13:18:44.546044 22373 tablet_service.cc:1917] Received RequestConsensusVote() RPC: tablet_id: "91f955cb61cd4a919b15210227a21745" candidate_uuid: "370f02ea201646c9ace01e83137bdd16" candidate_term: 1 candidate_status { last_received { term: 0 index: 0 } } ignore_live_leader: false dest_uuid: "ff052e5d6cd14f08bbc1070f81814a55" is_pre_election: true
I20260709 13:18:44.549202 22227 tablet_service.cc:1917] Received RequestConsensusVote() RPC: tablet_id: "91f955cb61cd4a919b15210227a21745" candidate_uuid: "370f02ea201646c9ace01e83137bdd16" candidate_term: 1 candidate_status { last_received { term: 0 index: 0 } } ignore_live_leader: false dest_uuid: "cdbda6f11ac244279a9fdf12a1e25183" is_pre_election: true
I20260709 13:18:44.549980 22227 raft_consensus.cc:2468] T 91f955cb61cd4a919b15210227a21745 P cdbda6f11ac244279a9fdf12a1e25183 [term 0 FOLLOWER]: Leader pre-election vote request: Granting yes vote for candidate 370f02ea201646c9ace01e83137bdd16 in term 0.
I20260709 13:18:44.552275 22373 tablet_service.cc:1917] Received RequestConsensusVote() RPC: tablet_id: "53f7ac2a7617496c8e072c83371a9080" candidate_uuid: "370f02ea201646c9ace01e83137bdd16" candidate_term: 1 candidate_status { last_received { term: 0 index: 0 } } ignore_live_leader: false dest_uuid: "ff052e5d6cd14f08bbc1070f81814a55" is_pre_election: true
I20260709 13:18:44.552424 22267 leader_election.cc:304] T 87413614cc1842ce8892490dd23be199 P 370f02ea201646c9ace01e83137bdd16 [CANDIDATE]: Term 1 pre-election: Election decided. Result: candidate won. Election summary: received 3 responses out of 3 voters: 2 yes votes; 1 no votes. yes voters: 370f02ea201646c9ace01e83137bdd16, ff052e5d6cd14f08bbc1070f81814a55; no voters: cdbda6f11ac244279a9fdf12a1e25183
I20260709 13:18:44.553488 22467 raft_consensus.cc:2804] T 87413614cc1842ce8892490dd23be199 P 370f02ea201646c9ace01e83137bdd16 [term 0 FOLLOWER]: Leader pre-election won for term 1
W20260709 13:18:44.553697 22266 leader_election.cc:343] T 53f7ac2a7617496c8e072c83371a9080 P 370f02ea201646c9ace01e83137bdd16 [CANDIDATE]: Term 1 pre-election: Tablet error from VoteRequest() call to peer cdbda6f11ac244279a9fdf12a1e25183 (127.20.162.1:37537): Illegal state: must be running to vote when last-logged opid is not known
I20260709 13:18:44.553884 22467 raft_consensus.cc:493] T 87413614cc1842ce8892490dd23be199 P 370f02ea201646c9ace01e83137bdd16 [term 0 FOLLOWER]: Starting leader election (no leader contacted us within the election timeout)
I20260709 13:18:44.549494 22417 tablet_bootstrap.cc:492] T 86196abee21348d18d348af0ffc6cb57 P 370f02ea201646c9ace01e83137bdd16: No bootstrap required, opened a new log
I20260709 13:18:44.554316 22467 raft_consensus.cc:3060] T 87413614cc1842ce8892490dd23be199 P 370f02ea201646c9ace01e83137bdd16 [term 0 FOLLOWER]: Advancing to term 1
I20260709 13:18:44.554723 22266 leader_election.cc:304] T 91f955cb61cd4a919b15210227a21745 P 370f02ea201646c9ace01e83137bdd16 [CANDIDATE]: Term 1 pre-election: Election decided. Result: candidate won. Election summary: received 2 responses out of 3 voters: 2 yes votes; 0 no votes. yes voters: 370f02ea201646c9ace01e83137bdd16, cdbda6f11ac244279a9fdf12a1e25183; no voters: 
I20260709 13:18:44.555464 22506 raft_consensus.cc:2804] T 91f955cb61cd4a919b15210227a21745 P 370f02ea201646c9ace01e83137bdd16 [term 0 FOLLOWER]: Leader pre-election won for term 1
I20260709 13:18:44.555827 22506 raft_consensus.cc:493] T 91f955cb61cd4a919b15210227a21745 P 370f02ea201646c9ace01e83137bdd16 [term 0 FOLLOWER]: Starting leader election (no leader contacted us within the election timeout)
I20260709 13:18:44.556164 22506 raft_consensus.cc:3060] T 91f955cb61cd4a919b15210227a21745 P 370f02ea201646c9ace01e83137bdd16 [term 0 FOLLOWER]: Advancing to term 1
I20260709 13:18:44.575539 22418 ts_tablet_manager.cc:1434] T 91f955cb61cd4a919b15210227a21745 P cdbda6f11ac244279a9fdf12a1e25183: Time spent starting tablet: real 0.074s	user 0.007s	sys 0.015s
I20260709 13:18:44.578290 22422 raft_consensus.cc:515] T 6591f1afbc3b4cc69ab6ceb15267f123 P cdbda6f11ac244279a9fdf12a1e25183 [term 1 FOLLOWER]: Starting leader election with config: opid_index: -1 OBSOLETE_local: false peers { permanent_uuid: "cdbda6f11ac244279a9fdf12a1e25183" member_type: VOTER last_known_addr { host: "127.20.162.1" port: 37537 } } peers { permanent_uuid: "370f02ea201646c9ace01e83137bdd16" member_type: VOTER last_known_addr { host: "127.20.162.2" port: 33699 } } peers { permanent_uuid: "ff052e5d6cd14f08bbc1070f81814a55" member_type: VOTER last_known_addr { host: "127.20.162.3" port: 42243 } }
I20260709 13:18:44.581532 22376 tablet_service.cc:1917] Received RequestConsensusVote() RPC: tablet_id: "6591f1afbc3b4cc69ab6ceb15267f123" candidate_uuid: "cdbda6f11ac244279a9fdf12a1e25183" candidate_term: 1 candidate_status { last_received { term: 0 index: 0 } } ignore_live_leader: false dest_uuid: "ff052e5d6cd14f08bbc1070f81814a55"
I20260709 13:18:44.599005 22418 tablet_bootstrap.cc:492] T cc6fba49ff974dcda13d0ebed660efd6 P cdbda6f11ac244279a9fdf12a1e25183: Bootstrap starting.
I20260709 13:18:44.589532 22417 ts_tablet_manager.cc:1403] T 86196abee21348d18d348af0ffc6cb57 P 370f02ea201646c9ace01e83137bdd16: Time spent bootstrapping tablet: real 0.177s	user 0.022s	sys 0.002s
W20260709 13:18:44.600072 22267 outbound_call.cc:321] RPC callback for RPC call kudu.consensus.ConsensusService.RequestConsensusVote -> {remote=127.20.162.3:42243, user_credentials={real_user=slave}} blocked reactor thread for 47758us
I20260709 13:18:44.599298 22422 leader_election.cc:290] T 6591f1afbc3b4cc69ab6ceb15267f123 P cdbda6f11ac244279a9fdf12a1e25183 [CANDIDATE]: Term 1 election: Requested vote from peers 370f02ea201646c9ace01e83137bdd16 (127.20.162.2:33699), ff052e5d6cd14f08bbc1070f81814a55 (127.20.162.3:42243)
W20260709 13:18:44.601135 22267 leader_election.cc:343] T 91f955cb61cd4a919b15210227a21745 P 370f02ea201646c9ace01e83137bdd16 [CANDIDATE]: Term 1 pre-election: Tablet error from VoteRequest() call to peer ff052e5d6cd14f08bbc1070f81814a55 (127.20.162.3:42243): Illegal state: must be running to vote when last-logged opid is not known
W20260709 13:18:44.599113 22191 outbound_call.cc:321] RPC callback for RPC call kudu.consensus.ConsensusService.UpdateConsensus -> {remote=127.20.162.2:33699, user_credentials={real_user=slave}} blocked reactor thread for 72410.4us
W20260709 13:18:44.605546 22267 leader_election.cc:343] T 53f7ac2a7617496c8e072c83371a9080 P 370f02ea201646c9ace01e83137bdd16 [CANDIDATE]: Term 1 pre-election: Tablet error from VoteRequest() call to peer ff052e5d6cd14f08bbc1070f81814a55 (127.20.162.3:42243): Illegal state: must be running to vote when last-logged opid is not known
I20260709 13:18:44.625358 22267 leader_election.cc:304] T 53f7ac2a7617496c8e072c83371a9080 P 370f02ea201646c9ace01e83137bdd16 [CANDIDATE]: Term 1 pre-election: Election decided. Result: candidate lost. Election summary: received 3 responses out of 3 voters: 1 yes votes; 2 no votes. yes voters: 370f02ea201646c9ace01e83137bdd16; no voters: cdbda6f11ac244279a9fdf12a1e25183, ff052e5d6cd14f08bbc1070f81814a55
I20260709 13:18:44.622447 22417 raft_consensus.cc:359] T 86196abee21348d18d348af0ffc6cb57 P 370f02ea201646c9ace01e83137bdd16 [term 0 FOLLOWER]: Replica starting. Triggering 0 pending ops. Active config: opid_index: -1 OBSOLETE_local: false peers { permanent_uuid: "cdbda6f11ac244279a9fdf12a1e25183" member_type: VOTER last_known_addr { host: "127.20.162.1" port: 37537 } } peers { permanent_uuid: "370f02ea201646c9ace01e83137bdd16" member_type: VOTER last_known_addr { host: "127.20.162.2" port: 33699 } } peers { permanent_uuid: "ff052e5d6cd14f08bbc1070f81814a55" member_type: VOTER last_known_addr { host: "127.20.162.3" port: 42243 } }
I20260709 13:18:44.622810 22299 tablet_service.cc:1917] Received RequestConsensusVote() RPC: tablet_id: "6591f1afbc3b4cc69ab6ceb15267f123" candidate_uuid: "cdbda6f11ac244279a9fdf12a1e25183" candidate_term: 1 candidate_status { last_received { term: 0 index: 0 } } ignore_live_leader: false dest_uuid: "370f02ea201646c9ace01e83137bdd16"
I20260709 13:18:44.626381 22417 raft_consensus.cc:385] T 86196abee21348d18d348af0ffc6cb57 P 370f02ea201646c9ace01e83137bdd16 [term 0 FOLLOWER]: Consensus starting up: Expiring failure detector timer to make a prompt election more likely
I20260709 13:18:44.627347 22417 raft_consensus.cc:740] T 86196abee21348d18d348af0ffc6cb57 P 370f02ea201646c9ace01e83137bdd16 [term 0 FOLLOWER]: Becoming Follower/Learner. State: Replica: 370f02ea201646c9ace01e83137bdd16, State: Initialized, Role: FOLLOWER
I20260709 13:18:44.628041 22417 consensus_queue.cc:260] T 86196abee21348d18d348af0ffc6cb57 P 370f02ea201646c9ace01e83137bdd16 [NON_LEADER]: Queue going to NON_LEADER mode. State: All replicated index: 0, Majority replicated index: 0, Committed index: 0, Last appended: 0.0, Last appended by leader: 0, Current term: 0, Majority size: -1, State: 0, Mode: NON_LEADER, active raft config: opid_index: -1 OBSOLETE_local: false peers { permanent_uuid: "cdbda6f11ac244279a9fdf12a1e25183" member_type: VOTER last_known_addr { host: "127.20.162.1" port: 37537 } } peers { permanent_uuid: "370f02ea201646c9ace01e83137bdd16" member_type: VOTER last_known_addr { host: "127.20.162.2" port: 33699 } } peers { permanent_uuid: "ff052e5d6cd14f08bbc1070f81814a55" member_type: VOTER last_known_addr { host: "127.20.162.3" port: 42243 } }
I20260709 13:18:44.620514 22423 raft_consensus.cc:493] T 3b7c672b184a4000b23b06d5cd91eedb P ff052e5d6cd14f08bbc1070f81814a55 [term 0 FOLLOWER]: Starting pre-election (no leader contacted us within the election timeout)
I20260709 13:18:44.628145 22465 raft_consensus.cc:2749] T 53f7ac2a7617496c8e072c83371a9080 P 370f02ea201646c9ace01e83137bdd16 [term 0 FOLLOWER]: Leader pre-election lost for term 1. Reason: could not achieve majority
I20260709 13:18:44.634841 22423 raft_consensus.cc:515] T 3b7c672b184a4000b23b06d5cd91eedb P ff052e5d6cd14f08bbc1070f81814a55 [term 0 FOLLOWER]: Starting pre-election with config: opid_index: -1 OBSOLETE_local: false peers { permanent_uuid: "cdbda6f11ac244279a9fdf12a1e25183" member_type: VOTER last_known_addr { host: "127.20.162.1" port: 37537 } } peers { permanent_uuid: "370f02ea201646c9ace01e83137bdd16" member_type: VOTER last_known_addr { host: "127.20.162.2" port: 33699 } } peers { permanent_uuid: "ff052e5d6cd14f08bbc1070f81814a55" member_type: VOTER last_known_addr { host: "127.20.162.3" port: 42243 } }
I20260709 13:18:44.631088 22299 raft_consensus.cc:3060] T 6591f1afbc3b4cc69ab6ceb15267f123 P 370f02ea201646c9ace01e83137bdd16 [term 0 FOLLOWER]: Advancing to term 1
I20260709 13:18:44.640285 22423 leader_election.cc:290] T 3b7c672b184a4000b23b06d5cd91eedb P ff052e5d6cd14f08bbc1070f81814a55 [CANDIDATE]: Term 1 pre-election: Requested pre-vote from peers cdbda6f11ac244279a9fdf12a1e25183 (127.20.162.1:37537), 370f02ea201646c9ace01e83137bdd16 (127.20.162.2:33699)
I20260709 13:18:44.645241 22417 ts_tablet_manager.cc:1434] T 86196abee21348d18d348af0ffc6cb57 P 370f02ea201646c9ace01e83137bdd16: Time spent starting tablet: real 0.046s	user 0.006s	sys 0.000s
I20260709 13:18:44.646178 22417 tablet_bootstrap.cc:492] T db98aeef1e204792a84c8ee5b2d68e74 P 370f02ea201646c9ace01e83137bdd16: Bootstrap starting.
I20260709 13:18:44.643590 22507 raft_consensus.cc:515] T 51637903c0384a478942af7b64b64135 P cdbda6f11ac244279a9fdf12a1e25183 [term 1 FOLLOWER]: Starting leader election with config: opid_index: -1 OBSOLETE_local: false peers { permanent_uuid: "cdbda6f11ac244279a9fdf12a1e25183" member_type: VOTER last_known_addr { host: "127.20.162.1" port: 37537 } } peers { permanent_uuid: "370f02ea201646c9ace01e83137bdd16" member_type: VOTER last_known_addr { host: "127.20.162.2" port: 33699 } } peers { permanent_uuid: "ff052e5d6cd14f08bbc1070f81814a55" member_type: VOTER last_known_addr { host: "127.20.162.3" port: 42243 } }
I20260709 13:18:44.627612 22191 leader_election.cc:304] T 5b954bd1185d4689b767aca1627c5aa0 P cdbda6f11ac244279a9fdf12a1e25183 [CANDIDATE]: Term 1 pre-election: Election decided. Result: candidate lost. Election summary: received 3 responses out of 3 voters: 1 yes votes; 2 no votes. yes voters: cdbda6f11ac244279a9fdf12a1e25183; no voters: 370f02ea201646c9ace01e83137bdd16, ff052e5d6cd14f08bbc1070f81814a55
I20260709 13:18:44.653745 22509 raft_consensus.cc:515] T 6591f1afbc3b4cc69ab6ceb15267f123 P ff052e5d6cd14f08bbc1070f81814a55 [term 1 FOLLOWER]: Starting leader election with config: opid_index: -1 OBSOLETE_local: false peers { permanent_uuid: "cdbda6f11ac244279a9fdf12a1e25183" member_type: VOTER last_known_addr { host: "127.20.162.1" port: 37537 } } peers { permanent_uuid: "370f02ea201646c9ace01e83137bdd16" member_type: VOTER last_known_addr { host: "127.20.162.2" port: 33699 } } peers { permanent_uuid: "ff052e5d6cd14f08bbc1070f81814a55" member_type: VOTER last_known_addr { host: "127.20.162.3" port: 42243 } }
I20260709 13:18:44.655129 22374 raft_consensus.cc:2393] T 6591f1afbc3b4cc69ab6ceb15267f123 P ff052e5d6cd14f08bbc1070f81814a55 [term 1 FOLLOWER]: Leader pre-election vote request: Denying vote to candidate cdbda6f11ac244279a9fdf12a1e25183 in current term 1: Already voted for candidate ff052e5d6cd14f08bbc1070f81814a55 in this term.
I20260709 13:18:44.655491 22568 raft_consensus.cc:3060] T 5b954bd1185d4689b767aca1627c5aa0 P cdbda6f11ac244279a9fdf12a1e25183 [term 0 FOLLOWER]: Advancing to term 1
I20260709 13:18:44.644528 22299 raft_consensus.cc:2468] T 6591f1afbc3b4cc69ab6ceb15267f123 P 370f02ea201646c9ace01e83137bdd16 [term 1 FOLLOWER]: Leader election vote request: Granting yes vote for candidate cdbda6f11ac244279a9fdf12a1e25183 in term 1.
I20260709 13:18:44.662340 22416 tablet_bootstrap.cc:492] T 91f955cb61cd4a919b15210227a21745 P ff052e5d6cd14f08bbc1070f81814a55: No bootstrap required, opened a new log
I20260709 13:18:44.662475 22509 leader_election.cc:290] T 6591f1afbc3b4cc69ab6ceb15267f123 P ff052e5d6cd14f08bbc1070f81814a55 [CANDIDATE]: Term 1 election: Requested vote from peers cdbda6f11ac244279a9fdf12a1e25183 (127.20.162.1:37537), 370f02ea201646c9ace01e83137bdd16 (127.20.162.2:33699)
I20260709 13:18:44.662802 22416 ts_tablet_manager.cc:1403] T 91f955cb61cd4a919b15210227a21745 P ff052e5d6cd14f08bbc1070f81814a55: Time spent bootstrapping tablet: real 0.252s	user 0.015s	sys 0.020s
I20260709 13:18:44.662940 22430 raft_consensus.cc:493] T d5fdc900127e42d0bd298fd185da790e P 370f02ea201646c9ace01e83137bdd16 [term 0 FOLLOWER]: Starting pre-election (no leader contacted us within the election timeout)
I20260709 13:18:44.663376 22430 raft_consensus.cc:515] T d5fdc900127e42d0bd298fd185da790e P 370f02ea201646c9ace01e83137bdd16 [term 0 FOLLOWER]: Starting pre-election with config: opid_index: -1 OBSOLETE_local: false peers { permanent_uuid: "cdbda6f11ac244279a9fdf12a1e25183" member_type: VOTER last_known_addr { host: "127.20.162.1" port: 37537 } } peers { permanent_uuid: "370f02ea201646c9ace01e83137bdd16" member_type: VOTER last_known_addr { host: "127.20.162.2" port: 33699 } } peers { permanent_uuid: "ff052e5d6cd14f08bbc1070f81814a55" member_type: VOTER last_known_addr { host: "127.20.162.3" port: 42243 } }
I20260709 13:18:44.664003 22507 leader_election.cc:290] T 51637903c0384a478942af7b64b64135 P cdbda6f11ac244279a9fdf12a1e25183 [CANDIDATE]: Term 1 election: Requested vote from peers 370f02ea201646c9ace01e83137bdd16 (127.20.162.2:33699), ff052e5d6cd14f08bbc1070f81814a55 (127.20.162.3:42243)
I20260709 13:18:44.664718 22302 tablet_service.cc:1917] Received RequestConsensusVote() RPC: tablet_id: "51637903c0384a478942af7b64b64135" candidate_uuid: "cdbda6f11ac244279a9fdf12a1e25183" candidate_term: 1 candidate_status { last_received { term: 0 index: 0 } } ignore_live_leader: false dest_uuid: "370f02ea201646c9ace01e83137bdd16"
I20260709 13:18:44.665261 22302 raft_consensus.cc:3060] T 51637903c0384a478942af7b64b64135 P 370f02ea201646c9ace01e83137bdd16 [term 0 FOLLOWER]: Advancing to term 1
I20260709 13:18:44.665313 22430 leader_election.cc:290] T d5fdc900127e42d0bd298fd185da790e P 370f02ea201646c9ace01e83137bdd16 [CANDIDATE]: Term 1 pre-election: Requested pre-vote from peers cdbda6f11ac244279a9fdf12a1e25183 (127.20.162.1:37537), ff052e5d6cd14f08bbc1070f81814a55 (127.20.162.3:42243)
I20260709 13:18:44.665313 22416 raft_consensus.cc:359] T 91f955cb61cd4a919b15210227a21745 P ff052e5d6cd14f08bbc1070f81814a55 [term 0 FOLLOWER]: Replica starting. Triggering 0 pending ops. Active config: opid_index: -1 OBSOLETE_local: false peers { permanent_uuid: "cdbda6f11ac244279a9fdf12a1e25183" member_type: VOTER last_known_addr { host: "127.20.162.1" port: 37537 } } peers { permanent_uuid: "370f02ea201646c9ace01e83137bdd16" member_type: VOTER last_known_addr { host: "127.20.162.2" port: 33699 } } peers { permanent_uuid: "ff052e5d6cd14f08bbc1070f81814a55" member_type: VOTER last_known_addr { host: "127.20.162.3" port: 42243 } }
I20260709 13:18:44.666987 22416 raft_consensus.cc:385] T 91f955cb61cd4a919b15210227a21745 P ff052e5d6cd14f08bbc1070f81814a55 [term 0 FOLLOWER]: Consensus starting up: Expiring failure detector timer to make a prompt election more likely
I20260709 13:18:44.667264 22416 raft_consensus.cc:740] T 91f955cb61cd4a919b15210227a21745 P ff052e5d6cd14f08bbc1070f81814a55 [term 0 FOLLOWER]: Becoming Follower/Learner. State: Replica: ff052e5d6cd14f08bbc1070f81814a55, State: Initialized, Role: FOLLOWER
I20260709 13:18:44.667868 22416 consensus_queue.cc:260] T 91f955cb61cd4a919b15210227a21745 P ff052e5d6cd14f08bbc1070f81814a55 [NON_LEADER]: Queue going to NON_LEADER mode. State: All replicated index: 0, Majority replicated index: 0, Committed index: 0, Last appended: 0.0, Last appended by leader: 0, Current term: 0, Majority size: -1, State: 0, Mode: NON_LEADER, active raft config: opid_index: -1 OBSOLETE_local: false peers { permanent_uuid: "cdbda6f11ac244279a9fdf12a1e25183" member_type: VOTER last_known_addr { host: "127.20.162.1" port: 37537 } } peers { permanent_uuid: "370f02ea201646c9ace01e83137bdd16" member_type: VOTER last_known_addr { host: "127.20.162.2" port: 33699 } } peers { permanent_uuid: "ff052e5d6cd14f08bbc1070f81814a55" member_type: VOTER last_known_addr { host: "127.20.162.3" port: 42243 } }
I20260709 13:18:44.713526 22418 tablet_bootstrap.cc:654] T cc6fba49ff974dcda13d0ebed660efd6 P cdbda6f11ac244279a9fdf12a1e25183: Neither blocks nor log segments found. Creating new log.
I20260709 13:18:44.721447 22417 tablet_bootstrap.cc:654] T db98aeef1e204792a84c8ee5b2d68e74 P 370f02ea201646c9ace01e83137bdd16: Neither blocks nor log segments found. Creating new log.
I20260709 13:18:44.721750 22506 raft_consensus.cc:515] T 91f955cb61cd4a919b15210227a21745 P 370f02ea201646c9ace01e83137bdd16 [term 1 FOLLOWER]: Starting leader election with config: opid_index: -1 OBSOLETE_local: false peers { permanent_uuid: "cdbda6f11ac244279a9fdf12a1e25183" member_type: VOTER last_known_addr { host: "127.20.162.1" port: 37537 } } peers { permanent_uuid: "370f02ea201646c9ace01e83137bdd16" member_type: VOTER last_known_addr { host: "127.20.162.2" port: 33699 } } peers { permanent_uuid: "ff052e5d6cd14f08bbc1070f81814a55" member_type: VOTER last_known_addr { host: "127.20.162.3" port: 42243 } }
I20260709 13:18:44.724171 22506 leader_election.cc:290] T 91f955cb61cd4a919b15210227a21745 P 370f02ea201646c9ace01e83137bdd16 [CANDIDATE]: Term 1 election: Requested vote from peers cdbda6f11ac244279a9fdf12a1e25183 (127.20.162.1:37537), ff052e5d6cd14f08bbc1070f81814a55 (127.20.162.3:42243)
I20260709 13:18:44.705607 22191 leader_election.cc:304] T 6591f1afbc3b4cc69ab6ceb15267f123 P cdbda6f11ac244279a9fdf12a1e25183 [CANDIDATE]: Term 1 election: Election decided. Result: candidate won. Election summary: received 3 responses out of 3 voters: 2 yes votes; 1 no votes. yes voters: 370f02ea201646c9ace01e83137bdd16, cdbda6f11ac244279a9fdf12a1e25183; no voters: ff052e5d6cd14f08bbc1070f81814a55
I20260709 13:18:44.726498 22422 raft_consensus.cc:2804] T 6591f1afbc3b4cc69ab6ceb15267f123 P cdbda6f11ac244279a9fdf12a1e25183 [term 1 FOLLOWER]: Leader election won for term 1
I20260709 13:18:44.726943 22422 raft_consensus.cc:697] T 6591f1afbc3b4cc69ab6ceb15267f123 P cdbda6f11ac244279a9fdf12a1e25183 [term 1 LEADER]: Becoming Leader. State: Replica: cdbda6f11ac244279a9fdf12a1e25183, State: Running, Role: LEADER
I20260709 13:18:44.727712 22422 consensus_queue.cc:237] T 6591f1afbc3b4cc69ab6ceb15267f123 P cdbda6f11ac244279a9fdf12a1e25183 [LEADER]: Queue going to LEADER mode. State: All replicated index: 0, Majority replicated index: 0, Committed index: 0, Last appended: 0.0, Last appended by leader: 0, Current term: 1, Majority size: 2, State: 0, Mode: LEADER, active raft config: opid_index: -1 OBSOLETE_local: false peers { permanent_uuid: "cdbda6f11ac244279a9fdf12a1e25183" member_type: VOTER last_known_addr { host: "127.20.162.1" port: 37537 } } peers { permanent_uuid: "370f02ea201646c9ace01e83137bdd16" member_type: VOTER last_known_addr { host: "127.20.162.2" port: 33699 } } peers { permanent_uuid: "ff052e5d6cd14f08bbc1070f81814a55" member_type: VOTER last_known_addr { host: "127.20.162.3" port: 42243 } }
I20260709 13:18:44.699214 22297 tablet_service.cc:1917] Received RequestConsensusVote() RPC: tablet_id: "6591f1afbc3b4cc69ab6ceb15267f123" candidate_uuid: "ff052e5d6cd14f08bbc1070f81814a55" candidate_term: 1 candidate_status { last_received { term: 0 index: 0 } } ignore_live_leader: false dest_uuid: "370f02ea201646c9ace01e83137bdd16"
I20260709 13:18:44.730783 22416 ts_tablet_manager.cc:1434] T 91f955cb61cd4a919b15210227a21745 P ff052e5d6cd14f08bbc1070f81814a55: Time spent starting tablet: real 0.068s	user 0.009s	sys 0.012s
I20260709 13:18:44.671139 22374 tablet_service.cc:1917] Received RequestConsensusVote() RPC: tablet_id: "51637903c0384a478942af7b64b64135" candidate_uuid: "cdbda6f11ac244279a9fdf12a1e25183" candidate_term: 1 candidate_status { last_received { term: 0 index: 0 } } ignore_live_leader: false dest_uuid: "ff052e5d6cd14f08bbc1070f81814a55"
I20260709 13:18:44.735387 22374 raft_consensus.cc:3060] T 51637903c0384a478942af7b64b64135 P ff052e5d6cd14f08bbc1070f81814a55 [term 0 FOLLOWER]: Advancing to term 1
I20260709 13:18:44.713235 22467 raft_consensus.cc:515] T 87413614cc1842ce8892490dd23be199 P 370f02ea201646c9ace01e83137bdd16 [term 1 FOLLOWER]: Starting leader election with config: opid_index: -1 OBSOLETE_local: false peers { permanent_uuid: "cdbda6f11ac244279a9fdf12a1e25183" member_type: VOTER last_known_addr { host: "127.20.162.1" port: 37537 } } peers { permanent_uuid: "370f02ea201646c9ace01e83137bdd16" member_type: VOTER last_known_addr { host: "127.20.162.2" port: 33699 } } peers { permanent_uuid: "ff052e5d6cd14f08bbc1070f81814a55" member_type: VOTER last_known_addr { host: "127.20.162.3" port: 42243 } }
I20260709 13:18:44.736759 22373 tablet_service.cc:1917] Received RequestConsensusVote() RPC: tablet_id: "d5fdc900127e42d0bd298fd185da790e" candidate_uuid: "370f02ea201646c9ace01e83137bdd16" candidate_term: 1 candidate_status { last_received { term: 0 index: 0 } } ignore_live_leader: false dest_uuid: "ff052e5d6cd14f08bbc1070f81814a55" is_pre_election: true
I20260709 13:18:44.737263 22467 leader_election.cc:290] T 87413614cc1842ce8892490dd23be199 P 370f02ea201646c9ace01e83137bdd16 [CANDIDATE]: Term 1 election: Requested vote from peers cdbda6f11ac244279a9fdf12a1e25183 (127.20.162.1:37537), ff052e5d6cd14f08bbc1070f81814a55 (127.20.162.3:42243)
I20260709 13:18:44.736676 22375 tablet_service.cc:1917] Received RequestConsensusVote() RPC: tablet_id: "91f955cb61cd4a919b15210227a21745" candidate_uuid: "370f02ea201646c9ace01e83137bdd16" candidate_term: 1 candidate_status { last_received { term: 0 index: 0 } } ignore_live_leader: false dest_uuid: "ff052e5d6cd14f08bbc1070f81814a55"
I20260709 13:18:44.739141 22375 raft_consensus.cc:3060] T 91f955cb61cd4a919b15210227a21745 P ff052e5d6cd14f08bbc1070f81814a55 [term 0 FOLLOWER]: Advancing to term 1
I20260709 13:18:44.741838 22224 tablet_service.cc:1917] Received RequestConsensusVote() RPC: tablet_id: "91f955cb61cd4a919b15210227a21745" candidate_uuid: "370f02ea201646c9ace01e83137bdd16" candidate_term: 1 candidate_status { last_received { term: 0 index: 0 } } ignore_live_leader: false dest_uuid: "cdbda6f11ac244279a9fdf12a1e25183"
I20260709 13:18:44.675529 22300 tablet_service.cc:1917] Received RequestConsensusVote() RPC: tablet_id: "3b7c672b184a4000b23b06d5cd91eedb" candidate_uuid: "ff052e5d6cd14f08bbc1070f81814a55" candidate_term: 1 candidate_status { last_received { term: 0 index: 0 } } ignore_live_leader: false dest_uuid: "370f02ea201646c9ace01e83137bdd16" is_pre_election: true
I20260709 13:18:44.670315 22226 tablet_service.cc:1917] Received RequestConsensusVote() RPC: tablet_id: "d5fdc900127e42d0bd298fd185da790e" candidate_uuid: "370f02ea201646c9ace01e83137bdd16" candidate_term: 1 candidate_status { last_received { term: 0 index: 0 } } ignore_live_leader: false dest_uuid: "cdbda6f11ac244279a9fdf12a1e25183" is_pre_election: true
I20260709 13:18:44.675820 22223 tablet_service.cc:1917] Received RequestConsensusVote() RPC: tablet_id: "6591f1afbc3b4cc69ab6ceb15267f123" candidate_uuid: "ff052e5d6cd14f08bbc1070f81814a55" candidate_term: 1 candidate_status { last_received { term: 0 index: 0 } } ignore_live_leader: false dest_uuid: "cdbda6f11ac244279a9fdf12a1e25183"
I20260709 13:18:44.675408 22225 tablet_service.cc:1917] Received RequestConsensusVote() RPC: tablet_id: "3b7c672b184a4000b23b06d5cd91eedb" candidate_uuid: "ff052e5d6cd14f08bbc1070f81814a55" candidate_term: 1 candidate_status { last_received { term: 0 index: 0 } } ignore_live_leader: false dest_uuid: "cdbda6f11ac244279a9fdf12a1e25183" is_pre_election: true
I20260709 13:18:44.713842 22423 consensus_queue.cc:1048] T 5b954bd1185d4689b767aca1627c5aa0 P ff052e5d6cd14f08bbc1070f81814a55 [LEADER]: Connected to new peer: Peer: permanent_uuid: "370f02ea201646c9ace01e83137bdd16" member_type: VOTER last_known_addr { host: "127.20.162.2" port: 33699 }, Status: LMP_MISMATCH, Last received: 0.0, Next index: 1, Last known committed idx: 0, Time since last communication: 0.022s
I20260709 13:18:44.746778 22224 raft_consensus.cc:3060] T 91f955cb61cd4a919b15210227a21745 P cdbda6f11ac244279a9fdf12a1e25183 [term 0 FOLLOWER]: Advancing to term 1
I20260709 13:18:44.753443 22297 raft_consensus.cc:2393] T 6591f1afbc3b4cc69ab6ceb15267f123 P 370f02ea201646c9ace01e83137bdd16 [term 1 FOLLOWER]: Leader election vote request: Denying vote to candidate ff052e5d6cd14f08bbc1070f81814a55 in current term 1: Already voted for candidate cdbda6f11ac244279a9fdf12a1e25183 in this term.
I20260709 13:18:44.756520 22374 raft_consensus.cc:2468] T 51637903c0384a478942af7b64b64135 P ff052e5d6cd14f08bbc1070f81814a55 [term 1 FOLLOWER]: Leader election vote request: Granting yes vote for candidate cdbda6f11ac244279a9fdf12a1e25183 in term 1.
I20260709 13:18:44.757654 22192 leader_election.cc:304] T 51637903c0384a478942af7b64b64135 P cdbda6f11ac244279a9fdf12a1e25183 [CANDIDATE]: Term 1 election: Election decided. Result: candidate won. Election summary: received 2 responses out of 3 voters: 2 yes votes; 0 no votes. yes voters: cdbda6f11ac244279a9fdf12a1e25183, ff052e5d6cd14f08bbc1070f81814a55; no voters: 
I20260709 13:18:44.741504 22467 consensus_queue.cc:1048] T 7f2cfd06b5a54690adb69dcee0e5fde9 P 370f02ea201646c9ace01e83137bdd16 [LEADER]: Connected to new peer: Peer: permanent_uuid: "cdbda6f11ac244279a9fdf12a1e25183" member_type: VOTER last_known_addr { host: "127.20.162.1" port: 37537 }, Status: LMP_MISMATCH, Last received: 0.0, Next index: 1, Last known committed idx: 0, Time since last communication: 0.010s
I20260709 13:18:44.759299 22570 raft_consensus.cc:2804] T 51637903c0384a478942af7b64b64135 P cdbda6f11ac244279a9fdf12a1e25183 [term 1 FOLLOWER]: Leader election won for term 1
I20260709 13:18:44.760347 22376 tablet_service.cc:1917] Received RequestConsensusVote() RPC: tablet_id: "87413614cc1842ce8892490dd23be199" candidate_uuid: "370f02ea201646c9ace01e83137bdd16" candidate_term: 1 candidate_status { last_received { term: 0 index: 0 } } ignore_live_leader: false dest_uuid: "ff052e5d6cd14f08bbc1070f81814a55"
W20260709 13:18:44.761927 22266 leader_election.cc:343] T d5fdc900127e42d0bd298fd185da790e P 370f02ea201646c9ace01e83137bdd16 [CANDIDATE]: Term 1 pre-election: Tablet error from VoteRequest() call to peer cdbda6f11ac244279a9fdf12a1e25183 (127.20.162.1:37537): Illegal state: must be running to vote when last-logged opid is not known
I20260709 13:18:44.763173 22376 raft_consensus.cc:3060] T 87413614cc1842ce8892490dd23be199 P ff052e5d6cd14f08bbc1070f81814a55 [term 0 FOLLOWER]: Advancing to term 1
I20260709 13:18:44.763159 22222 tablet_service.cc:1917] Received RequestConsensusVote() RPC: tablet_id: "87413614cc1842ce8892490dd23be199" candidate_uuid: "370f02ea201646c9ace01e83137bdd16" candidate_term: 1 candidate_status { last_received { term: 0 index: 0 } } ignore_live_leader: false dest_uuid: "cdbda6f11ac244279a9fdf12a1e25183"
I20260709 13:18:44.764603 22572 raft_consensus.cc:493] T cc6fba49ff974dcda13d0ebed660efd6 P 370f02ea201646c9ace01e83137bdd16 [term 0 FOLLOWER]: Starting pre-election (no leader contacted us within the election timeout)
I20260709 13:18:44.762503 22570 raft_consensus.cc:697] T 51637903c0384a478942af7b64b64135 P cdbda6f11ac244279a9fdf12a1e25183 [term 1 LEADER]: Becoming Leader. State: Replica: cdbda6f11ac244279a9fdf12a1e25183, State: Running, Role: LEADER
I20260709 13:18:44.766587 22375 raft_consensus.cc:2468] T 91f955cb61cd4a919b15210227a21745 P ff052e5d6cd14f08bbc1070f81814a55 [term 1 FOLLOWER]: Leader election vote request: Granting yes vote for candidate 370f02ea201646c9ace01e83137bdd16 in term 1.
I20260709 13:18:44.766535 22570 consensus_queue.cc:237] T 51637903c0384a478942af7b64b64135 P cdbda6f11ac244279a9fdf12a1e25183 [LEADER]: Queue going to LEADER mode. State: All replicated index: 0, Majority replicated index: 0, Committed index: 0, Last appended: 0.0, Last appended by leader: 0, Current term: 1, Majority size: 2, State: 0, Mode: LEADER, active raft config: opid_index: -1 OBSOLETE_local: false peers { permanent_uuid: "cdbda6f11ac244279a9fdf12a1e25183" member_type: VOTER last_known_addr { host: "127.20.162.1" port: 37537 } } peers { permanent_uuid: "370f02ea201646c9ace01e83137bdd16" member_type: VOTER last_known_addr { host: "127.20.162.2" port: 33699 } } peers { permanent_uuid: "ff052e5d6cd14f08bbc1070f81814a55" member_type: VOTER last_known_addr { host: "127.20.162.3" port: 42243 } }
W20260709 13:18:44.768844 22267 leader_election.cc:343] T d5fdc900127e42d0bd298fd185da790e P 370f02ea201646c9ace01e83137bdd16 [CANDIDATE]: Term 1 pre-election: Tablet error from VoteRequest() call to peer ff052e5d6cd14f08bbc1070f81814a55 (127.20.162.3:42243): Illegal state: must be running to vote when last-logged opid is not known
I20260709 13:18:44.769315 22267 leader_election.cc:304] T d5fdc900127e42d0bd298fd185da790e P 370f02ea201646c9ace01e83137bdd16 [CANDIDATE]: Term 1 pre-election: Election decided. Result: candidate lost. Election summary: received 3 responses out of 3 voters: 1 yes votes; 2 no votes. yes voters: 370f02ea201646c9ace01e83137bdd16; no voters: cdbda6f11ac244279a9fdf12a1e25183, ff052e5d6cd14f08bbc1070f81814a55
I20260709 13:18:44.771540 22340 leader_election.cc:304] T 6591f1afbc3b4cc69ab6ceb15267f123 P ff052e5d6cd14f08bbc1070f81814a55 [CANDIDATE]: Term 1 election: Election decided. Result: candidate lost. Election summary: received 3 responses out of 3 voters: 1 yes votes; 2 no votes. yes voters: ff052e5d6cd14f08bbc1070f81814a55; no voters: 370f02ea201646c9ace01e83137bdd16, cdbda6f11ac244279a9fdf12a1e25183
I20260709 13:18:44.774729 22506 raft_consensus.cc:2749] T d5fdc900127e42d0bd298fd185da790e P 370f02ea201646c9ace01e83137bdd16 [term 0 FOLLOWER]: Leader pre-election lost for term 1. Reason: could not achieve majority
I20260709 13:18:44.775434 22568 raft_consensus.cc:2749] T 5b954bd1185d4689b767aca1627c5aa0 P cdbda6f11ac244279a9fdf12a1e25183 [term 1 FOLLOWER]: Leader pre-election lost for term 1. Reason: could not achieve majority
W20260709 13:18:44.775012 22266 leader_election.cc:343] T 87413614cc1842ce8892490dd23be199 P 370f02ea201646c9ace01e83137bdd16 [CANDIDATE]: Term 1 election: Tablet error from VoteRequest() call to peer cdbda6f11ac244279a9fdf12a1e25183 (127.20.162.1:37537): Illegal state: must be running to vote when last-logged opid is not known
I20260709 13:18:44.777132 22416 tablet_bootstrap.cc:492] T 76c4c0c60905431cbd420ca44fe123a8 P ff052e5d6cd14f08bbc1070f81814a55: Bootstrap starting.
I20260709 13:18:44.781522 22267 leader_election.cc:304] T 91f955cb61cd4a919b15210227a21745 P 370f02ea201646c9ace01e83137bdd16 [CANDIDATE]: Term 1 election: Election decided. Result: candidate won. Election summary: received 2 responses out of 3 voters: 2 yes votes; 0 no votes. yes voters: 370f02ea201646c9ace01e83137bdd16, ff052e5d6cd14f08bbc1070f81814a55; no voters: 
I20260709 13:18:44.782552 22430 raft_consensus.cc:2804] T 91f955cb61cd4a919b15210227a21745 P 370f02ea201646c9ace01e83137bdd16 [term 1 FOLLOWER]: Leader election won for term 1
I20260709 13:18:44.772406 22376 raft_consensus.cc:2468] T 87413614cc1842ce8892490dd23be199 P ff052e5d6cd14f08bbc1070f81814a55 [term 1 FOLLOWER]: Leader election vote request: Granting yes vote for candidate 370f02ea201646c9ace01e83137bdd16 in term 1.
I20260709 13:18:44.782995 22430 raft_consensus.cc:697] T 91f955cb61cd4a919b15210227a21745 P 370f02ea201646c9ace01e83137bdd16 [term 1 LEADER]: Becoming Leader. State: Replica: 370f02ea201646c9ace01e83137bdd16, State: Running, Role: LEADER
I20260709 13:18:44.778383 22302 raft_consensus.cc:2468] T 51637903c0384a478942af7b64b64135 P 370f02ea201646c9ace01e83137bdd16 [term 1 FOLLOWER]: Leader election vote request: Granting yes vote for candidate cdbda6f11ac244279a9fdf12a1e25183 in term 1.
I20260709 13:18:44.775632 22423 raft_consensus.cc:2749] T 6591f1afbc3b4cc69ab6ceb15267f123 P ff052e5d6cd14f08bbc1070f81814a55 [term 1 FOLLOWER]: Leader election lost for term 1. Reason: could not achieve majority
I20260709 13:18:44.783823 22430 consensus_queue.cc:237] T 91f955cb61cd4a919b15210227a21745 P 370f02ea201646c9ace01e83137bdd16 [LEADER]: Queue going to LEADER mode. State: All replicated index: 0, Majority replicated index: 0, Committed index: 0, Last appended: 0.0, Last appended by leader: 0, Current term: 1, Majority size: 2, State: 0, Mode: LEADER, active raft config: opid_index: -1 OBSOLETE_local: false peers { permanent_uuid: "cdbda6f11ac244279a9fdf12a1e25183" member_type: VOTER last_known_addr { host: "127.20.162.1" port: 37537 } } peers { permanent_uuid: "370f02ea201646c9ace01e83137bdd16" member_type: VOTER last_known_addr { host: "127.20.162.2" port: 33699 } } peers { permanent_uuid: "ff052e5d6cd14f08bbc1070f81814a55" member_type: VOTER last_known_addr { host: "127.20.162.3" port: 42243 } }
I20260709 13:18:44.788930 22509 consensus_queue.cc:1048] T 5b954bd1185d4689b767aca1627c5aa0 P ff052e5d6cd14f08bbc1070f81814a55 [LEADER]: Connected to new peer: Peer: permanent_uuid: "cdbda6f11ac244279a9fdf12a1e25183" member_type: VOTER last_known_addr { host: "127.20.162.1" port: 37537 }, Status: LMP_MISMATCH, Last received: 0.0, Next index: 1, Last known committed idx: 0, Time since last communication: 0.001s
I20260709 13:18:44.791517 22300 raft_consensus.cc:2393] T 3b7c672b184a4000b23b06d5cd91eedb P 370f02ea201646c9ace01e83137bdd16 [term 1 FOLLOWER]: Leader pre-election vote request: Denying vote to candidate ff052e5d6cd14f08bbc1070f81814a55 in current term 1: Already voted for candidate cdbda6f11ac244279a9fdf12a1e25183 in this term.
I20260709 13:18:44.791388 22267 leader_election.cc:304] T 87413614cc1842ce8892490dd23be199 P 370f02ea201646c9ace01e83137bdd16 [CANDIDATE]: Term 1 election: Election decided. Result: candidate won. Election summary: received 3 responses out of 3 voters: 2 yes votes; 1 no votes. yes voters: 370f02ea201646c9ace01e83137bdd16, ff052e5d6cd14f08bbc1070f81814a55; no voters: cdbda6f11ac244279a9fdf12a1e25183
I20260709 13:18:44.788524 22572 raft_consensus.cc:515] T cc6fba49ff974dcda13d0ebed660efd6 P 370f02ea201646c9ace01e83137bdd16 [term 0 FOLLOWER]: Starting pre-election with config: opid_index: -1 OBSOLETE_local: false peers { permanent_uuid: "cdbda6f11ac244279a9fdf12a1e25183" member_type: VOTER last_known_addr { host: "127.20.162.1" port: 37537 } } peers { permanent_uuid: "370f02ea201646c9ace01e83137bdd16" member_type: VOTER last_known_addr { host: "127.20.162.2" port: 33699 } } peers { permanent_uuid: "ff052e5d6cd14f08bbc1070f81814a55" member_type: VOTER last_known_addr { host: "127.20.162.3" port: 42243 } }
I20260709 13:18:44.793438 22465 raft_consensus.cc:2804] T 87413614cc1842ce8892490dd23be199 P 370f02ea201646c9ace01e83137bdd16 [term 1 FOLLOWER]: Leader election won for term 1
I20260709 13:18:44.799919 22465 raft_consensus.cc:697] T 87413614cc1842ce8892490dd23be199 P 370f02ea201646c9ace01e83137bdd16 [term 1 LEADER]: Becoming Leader. State: Replica: 370f02ea201646c9ace01e83137bdd16, State: Running, Role: LEADER
I20260709 13:18:44.805325 22465 consensus_queue.cc:237] T 87413614cc1842ce8892490dd23be199 P 370f02ea201646c9ace01e83137bdd16 [LEADER]: Queue going to LEADER mode. State: All replicated index: 0, Majority replicated index: 0, Committed index: 0, Last appended: 0.0, Last appended by leader: 0, Current term: 1, Majority size: 2, State: 0, Mode: LEADER, active raft config: opid_index: -1 OBSOLETE_local: false peers { permanent_uuid: "cdbda6f11ac244279a9fdf12a1e25183" member_type: VOTER last_known_addr { host: "127.20.162.1" port: 37537 } } peers { permanent_uuid: "370f02ea201646c9ace01e83137bdd16" member_type: VOTER last_known_addr { host: "127.20.162.2" port: 33699 } } peers { permanent_uuid: "ff052e5d6cd14f08bbc1070f81814a55" member_type: VOTER last_known_addr { host: "127.20.162.3" port: 42243 } }
I20260709 13:18:44.806404 22417 tablet_bootstrap.cc:492] T db98aeef1e204792a84c8ee5b2d68e74 P 370f02ea201646c9ace01e83137bdd16: No bootstrap required, opened a new log
I20260709 13:18:44.806861 22417 ts_tablet_manager.cc:1403] T db98aeef1e204792a84c8ee5b2d68e74 P 370f02ea201646c9ace01e83137bdd16: Time spent bootstrapping tablet: real 0.161s	user 0.012s	sys 0.014s
I20260709 13:18:44.808621 22340 leader_election.cc:304] T 3b7c672b184a4000b23b06d5cd91eedb P ff052e5d6cd14f08bbc1070f81814a55 [CANDIDATE]: Term 1 pre-election: Election decided. Result: candidate lost. Election summary: received 3 responses out of 3 voters: 1 yes votes; 2 no votes. yes voters: ff052e5d6cd14f08bbc1070f81814a55; no voters: 370f02ea201646c9ace01e83137bdd16, cdbda6f11ac244279a9fdf12a1e25183
I20260709 13:18:44.811582 22509 raft_consensus.cc:3060] T 3b7c672b184a4000b23b06d5cd91eedb P ff052e5d6cd14f08bbc1070f81814a55 [term 0 FOLLOWER]: Advancing to term 1
I20260709 13:18:44.827003 22572 leader_election.cc:290] T cc6fba49ff974dcda13d0ebed660efd6 P 370f02ea201646c9ace01e83137bdd16 [CANDIDATE]: Term 1 pre-election: Requested pre-vote from peers cdbda6f11ac244279a9fdf12a1e25183 (127.20.162.1:37537), ff052e5d6cd14f08bbc1070f81814a55 (127.20.162.3:42243)
I20260709 13:18:44.828125 22375 tablet_service.cc:1917] Received RequestConsensusVote() RPC: tablet_id: "cc6fba49ff974dcda13d0ebed660efd6" candidate_uuid: "370f02ea201646c9ace01e83137bdd16" candidate_term: 1 candidate_status { last_received { term: 0 index: 0 } } ignore_live_leader: false dest_uuid: "ff052e5d6cd14f08bbc1070f81814a55" is_pre_election: true
I20260709 13:18:44.828646 22223 tablet_service.cc:1917] Received RequestConsensusVote() RPC: tablet_id: "cc6fba49ff974dcda13d0ebed660efd6" candidate_uuid: "370f02ea201646c9ace01e83137bdd16" candidate_term: 1 candidate_status { last_received { term: 0 index: 0 } } ignore_live_leader: false dest_uuid: "cdbda6f11ac244279a9fdf12a1e25183" is_pre_election: true
I20260709 13:18:44.830976 22224 raft_consensus.cc:2468] T 91f955cb61cd4a919b15210227a21745 P cdbda6f11ac244279a9fdf12a1e25183 [term 1 FOLLOWER]: Leader election vote request: Granting yes vote for candidate 370f02ea201646c9ace01e83137bdd16 in term 1.
W20260709 13:18:44.835183 22267 leader_election.cc:343] T cc6fba49ff974dcda13d0ebed660efd6 P 370f02ea201646c9ace01e83137bdd16 [CANDIDATE]: Term 1 pre-election: Tablet error from VoteRequest() call to peer ff052e5d6cd14f08bbc1070f81814a55 (127.20.162.3:42243): Illegal state: must be running to vote when last-logged opid is not known
