I20260709 13:18:31.703732 18924 raft_consensus.cc:385] T 476288e5ec2948568125a72d67fa810a P 953bfc000a724856adeb8daf2216f9ed [term 0 FOLLOWER]: Consensus starting up: Expiring failure detector timer to make a prompt election more likely
I20260709 13:18:31.705149 18924 raft_consensus.cc:740] T 476288e5ec2948568125a72d67fa810a P 953bfc000a724856adeb8daf2216f9ed [term 0 FOLLOWER]: Becoming Follower/Learner. State: Replica: 953bfc000a724856adeb8daf2216f9ed, State: Initialized, Role: FOLLOWER
I20260709 13:18:31.705859 18924 consensus_queue.cc:260] T 476288e5ec2948568125a72d67fa810a P 953bfc000a724856adeb8daf2216f9ed [NON_LEADER]: Queue going to NON_LEADER mode. State: All replicated index: 0, Majority replicated index: 0, Committed index: 0, Last appended: 0.0, Last appended by leader: 0, Current term: 0, Majority size: -1, State: 0, Mode: NON_LEADER, active raft config: opid_index: -1 OBSOLETE_local: false peers { permanent_uuid: "e671694e084848fbb50106cee765389e" member_type: VOTER last_known_addr { host: "127.17.172.1" port: 44365 } } peers { permanent_uuid: "6da14c9679114d3eb95f86dcdfcc1b03" member_type: VOTER last_known_addr { host: "127.17.172.2" port: 45051 } } peers { permanent_uuid: "953bfc000a724856adeb8daf2216f9ed" member_type: VOTER last_known_addr { host: "127.17.172.3" port: 44287 } }
I20260709 13:18:31.706801 18883 tablet_service.cc:1917] Received RequestConsensusVote() RPC: tablet_id: "30c191b4fde84a71b4c9d3637fa2a5f5" candidate_uuid: "6da14c9679114d3eb95f86dcdfcc1b03" candidate_term: 1 candidate_status { last_received { term: 0 index: 0 } } ignore_live_leader: false dest_uuid: "953bfc000a724856adeb8daf2216f9ed" is_pre_election: true
I20260709 13:18:31.707640 18883 raft_consensus.cc:2468] T 30c191b4fde84a71b4c9d3637fa2a5f5 P 953bfc000a724856adeb8daf2216f9ed [term 0 FOLLOWER]: Leader pre-election vote request: Granting yes vote for candidate 6da14c9679114d3eb95f86dcdfcc1b03 in term 0.
I20260709 13:18:31.710843 18774 leader_election.cc:304] T 30c191b4fde84a71b4c9d3637fa2a5f5 P 6da14c9679114d3eb95f86dcdfcc1b03 [CANDIDATE]: Term 1 pre-election: Election decided. Result: candidate won. Election summary: received 2 responses out of 3 voters: 2 yes votes; 0 no votes. yes voters: 6da14c9679114d3eb95f86dcdfcc1b03, 953bfc000a724856adeb8daf2216f9ed; no voters: 
I20260709 13:18:31.710044 18883 tablet_service.cc:1917] Received RequestConsensusVote() RPC: tablet_id: "556140d0364e4dd6817be1ea60971f0b" candidate_uuid: "6da14c9679114d3eb95f86dcdfcc1b03" candidate_term: 1 candidate_status { last_received { term: 0 index: 0 } } ignore_live_leader: false dest_uuid: "953bfc000a724856adeb8daf2216f9ed" is_pre_election: true
I20260709 13:18:31.712579 18883 raft_consensus.cc:2468] T 556140d0364e4dd6817be1ea60971f0b P 953bfc000a724856adeb8daf2216f9ed [term 0 FOLLOWER]: Leader pre-election vote request: Granting yes vote for candidate 6da14c9679114d3eb95f86dcdfcc1b03 in term 0.
I20260709 13:18:31.714510 18932 raft_consensus.cc:2804] T 30c191b4fde84a71b4c9d3637fa2a5f5 P 6da14c9679114d3eb95f86dcdfcc1b03 [term 0 FOLLOWER]: Leader pre-election won for term 1
I20260709 13:18:31.715114 18932 raft_consensus.cc:493] T 30c191b4fde84a71b4c9d3637fa2a5f5 P 6da14c9679114d3eb95f86dcdfcc1b03 [term 0 FOLLOWER]: Starting leader election (no leader contacted us within the election timeout)
I20260709 13:18:31.715539 18932 raft_consensus.cc:3060] T 30c191b4fde84a71b4c9d3637fa2a5f5 P 6da14c9679114d3eb95f86dcdfcc1b03 [term 0 FOLLOWER]: Advancing to term 1
I20260709 13:18:31.716388 18927 raft_consensus.cc:493] T f8e6a456c97b4e5aaa996ed452190c6d P 953bfc000a724856adeb8daf2216f9ed [term 0 FOLLOWER]: Starting pre-election (no leader contacted us within the election timeout)
I20260709 13:18:31.717092 18927 raft_consensus.cc:515] T f8e6a456c97b4e5aaa996ed452190c6d P 953bfc000a724856adeb8daf2216f9ed [term 0 FOLLOWER]: Starting pre-election with config: opid_index: -1 OBSOLETE_local: false peers { permanent_uuid: "e671694e084848fbb50106cee765389e" member_type: VOTER last_known_addr { host: "127.17.172.1" port: 44365 } } peers { permanent_uuid: "953bfc000a724856adeb8daf2216f9ed" member_type: VOTER last_known_addr { host: "127.17.172.3" port: 44287 } } peers { permanent_uuid: "6da14c9679114d3eb95f86dcdfcc1b03" member_type: VOTER last_known_addr { host: "127.17.172.2" port: 45051 } }
I20260709 13:18:31.732800 18932 raft_consensus.cc:515] T 30c191b4fde84a71b4c9d3637fa2a5f5 P 6da14c9679114d3eb95f86dcdfcc1b03 [term 1 FOLLOWER]: Starting leader election with config: opid_index: -1 OBSOLETE_local: false peers { permanent_uuid: "e671694e084848fbb50106cee765389e" member_type: VOTER last_known_addr { host: "127.17.172.1" port: 44365 } } peers { permanent_uuid: "6da14c9679114d3eb95f86dcdfcc1b03" member_type: VOTER last_known_addr { host: "127.17.172.2" port: 45051 } } peers { permanent_uuid: "953bfc000a724856adeb8daf2216f9ed" member_type: VOTER last_known_addr { host: "127.17.172.3" port: 44287 } }
I20260709 13:18:31.735219 18932 leader_election.cc:290] T 30c191b4fde84a71b4c9d3637fa2a5f5 P 6da14c9679114d3eb95f86dcdfcc1b03 [CANDIDATE]: Term 1 election: Requested vote from peers e671694e084848fbb50106cee765389e (127.17.172.1:44365), 953bfc000a724856adeb8daf2216f9ed (127.17.172.3:44287)
I20260709 13:18:31.739595 18927 leader_election.cc:290] T f8e6a456c97b4e5aaa996ed452190c6d P 953bfc000a724856adeb8daf2216f9ed [CANDIDATE]: Term 1 pre-election: Requested pre-vote from peers e671694e084848fbb50106cee765389e (127.17.172.1:44365), 6da14c9679114d3eb95f86dcdfcc1b03 (127.17.172.2:45051)
I20260709 13:18:31.747040 18883 tablet_service.cc:1917] Received RequestConsensusVote() RPC: tablet_id: "30c191b4fde84a71b4c9d3637fa2a5f5" candidate_uuid: "6da14c9679114d3eb95f86dcdfcc1b03" candidate_term: 1 candidate_status { last_received { term: 0 index: 0 } } ignore_live_leader: false dest_uuid: "953bfc000a724856adeb8daf2216f9ed"
I20260709 13:18:31.759342 18883 raft_consensus.cc:3060] T 30c191b4fde84a71b4c9d3637fa2a5f5 P 953bfc000a724856adeb8daf2216f9ed [term 0 FOLLOWER]: Advancing to term 1
I20260709 13:18:31.762694 18809 tablet_service.cc:1917] Received RequestConsensusVote() RPC: tablet_id: "f8e6a456c97b4e5aaa996ed452190c6d" candidate_uuid: "953bfc000a724856adeb8daf2216f9ed" candidate_term: 1 candidate_status { last_received { term: 0 index: 0 } } ignore_live_leader: false dest_uuid: "6da14c9679114d3eb95f86dcdfcc1b03" is_pre_election: true
I20260709 13:18:31.763622 18809 raft_consensus.cc:2468] T f8e6a456c97b4e5aaa996ed452190c6d P 6da14c9679114d3eb95f86dcdfcc1b03 [term 0 FOLLOWER]: Leader pre-election vote request: Granting yes vote for candidate 953bfc000a724856adeb8daf2216f9ed in term 0.
I20260709 13:18:31.766217 18734 tablet_service.cc:1917] Received RequestConsensusVote() RPC: tablet_id: "f8e6a456c97b4e5aaa996ed452190c6d" candidate_uuid: "953bfc000a724856adeb8daf2216f9ed" candidate_term: 1 candidate_status { last_received { term: 0 index: 0 } } ignore_live_leader: false dest_uuid: "e671694e084848fbb50106cee765389e" is_pre_election: true
I20260709 13:18:31.767129 18734 raft_consensus.cc:2468] T f8e6a456c97b4e5aaa996ed452190c6d P e671694e084848fbb50106cee765389e [term 0 FOLLOWER]: Leader pre-election vote request: Granting yes vote for candidate 953bfc000a724856adeb8daf2216f9ed in term 0.
I20260709 13:18:31.768679 18848 leader_election.cc:304] T f8e6a456c97b4e5aaa996ed452190c6d P 953bfc000a724856adeb8daf2216f9ed [CANDIDATE]: Term 1 pre-election: Election decided. Result: candidate won. Election summary: received 2 responses out of 3 voters: 2 yes votes; 0 no votes. yes voters: 953bfc000a724856adeb8daf2216f9ed, e671694e084848fbb50106cee765389e; no voters: 
I20260709 13:18:31.748364 18774 leader_election.cc:304] T 556140d0364e4dd6817be1ea60971f0b P 6da14c9679114d3eb95f86dcdfcc1b03 [CANDIDATE]: Term 1 pre-election: Election decided. Result: candidate won. Election summary: received 2 responses out of 3 voters: 2 yes votes; 0 no votes. yes voters: 6da14c9679114d3eb95f86dcdfcc1b03, 953bfc000a724856adeb8daf2216f9ed; no voters: 
I20260709 13:18:31.769805 18927 raft_consensus.cc:2804] T f8e6a456c97b4e5aaa996ed452190c6d P 953bfc000a724856adeb8daf2216f9ed [term 0 FOLLOWER]: Leader pre-election won for term 1
I20260709 13:18:31.751243 18924 ts_tablet_manager.cc:1434] T 476288e5ec2948568125a72d67fa810a P 953bfc000a724856adeb8daf2216f9ed: Time spent starting tablet: real 0.052s	user 0.005s	sys 0.002s
I20260709 13:18:31.770823 18927 raft_consensus.cc:493] T f8e6a456c97b4e5aaa996ed452190c6d P 953bfc000a724856adeb8daf2216f9ed [term 0 FOLLOWER]: Starting leader election (no leader contacted us within the election timeout)
I20260709 13:18:31.771664 18927 raft_consensus.cc:3060] T f8e6a456c97b4e5aaa996ed452190c6d P 953bfc000a724856adeb8daf2216f9ed [term 0 FOLLOWER]: Advancing to term 1
I20260709 13:18:31.775780 18924 tablet_bootstrap.cc:492] T 6de3c15324cf4643992e06cd67b863fc P 953bfc000a724856adeb8daf2216f9ed: Bootstrap starting.
I20260709 13:18:31.779031 18932 raft_consensus.cc:2804] T 556140d0364e4dd6817be1ea60971f0b P 6da14c9679114d3eb95f86dcdfcc1b03 [term 0 FOLLOWER]: Leader pre-election won for term 1
I20260709 13:18:31.779440 18932 raft_consensus.cc:493] T 556140d0364e4dd6817be1ea60971f0b P 6da14c9679114d3eb95f86dcdfcc1b03 [term 0 FOLLOWER]: Starting leader election (no leader contacted us within the election timeout)
I20260709 13:18:31.779737 18932 raft_consensus.cc:3060] T 556140d0364e4dd6817be1ea60971f0b P 6da14c9679114d3eb95f86dcdfcc1b03 [term 0 FOLLOWER]: Advancing to term 1
I20260709 13:18:31.783457 18883 raft_consensus.cc:2468] T 30c191b4fde84a71b4c9d3637fa2a5f5 P 953bfc000a724856adeb8daf2216f9ed [term 1 FOLLOWER]: Leader election vote request: Granting yes vote for candidate 6da14c9679114d3eb95f86dcdfcc1b03 in term 1.
I20260709 13:18:31.788679 18927 raft_consensus.cc:515] T f8e6a456c97b4e5aaa996ed452190c6d P 953bfc000a724856adeb8daf2216f9ed [term 1 FOLLOWER]: Starting leader election with config: opid_index: -1 OBSOLETE_local: false peers { permanent_uuid: "e671694e084848fbb50106cee765389e" member_type: VOTER last_known_addr { host: "127.17.172.1" port: 44365 } } peers { permanent_uuid: "953bfc000a724856adeb8daf2216f9ed" member_type: VOTER last_known_addr { host: "127.17.172.3" port: 44287 } } peers { permanent_uuid: "6da14c9679114d3eb95f86dcdfcc1b03" member_type: VOTER last_known_addr { host: "127.17.172.2" port: 45051 } }
I20260709 13:18:31.789675 18809 tablet_service.cc:1917] Received RequestConsensusVote() RPC: tablet_id: "e3d9a87b125346b88595d31c882be621" candidate_uuid: "e671694e084848fbb50106cee765389e" candidate_term: 1 candidate_status { last_received { term: 0 index: 0 } } ignore_live_leader: false dest_uuid: "6da14c9679114d3eb95f86dcdfcc1b03" is_pre_election: true
I20260709 13:18:31.792946 18956 raft_consensus.cc:493] T e3d9a87b125346b88595d31c882be621 P 953bfc000a724856adeb8daf2216f9ed [term 0 FOLLOWER]: Starting pre-election (no leader contacted us within the election timeout)
I20260709 13:18:31.791303 18931 raft_consensus.cc:493] T 965f32a2adef4dada95f67cdce91312a P e671694e084848fbb50106cee765389e [term 0 FOLLOWER]: Starting pre-election (no leader contacted us within the election timeout)
I20260709 13:18:31.793530 18956 raft_consensus.cc:515] T e3d9a87b125346b88595d31c882be621 P 953bfc000a724856adeb8daf2216f9ed [term 0 FOLLOWER]: Starting pre-election with config: opid_index: -1 OBSOLETE_local: false peers { permanent_uuid: "e671694e084848fbb50106cee765389e" member_type: VOTER last_known_addr { host: "127.17.172.1" port: 44365 } } peers { permanent_uuid: "6da14c9679114d3eb95f86dcdfcc1b03" member_type: VOTER last_known_addr { host: "127.17.172.2" port: 45051 } } peers { permanent_uuid: "953bfc000a724856adeb8daf2216f9ed" member_type: VOTER last_known_addr { host: "127.17.172.3" port: 44287 } }
I20260709 13:18:31.793627 18931 raft_consensus.cc:515] T 965f32a2adef4dada95f67cdce91312a P e671694e084848fbb50106cee765389e [term 0 FOLLOWER]: Starting pre-election with config: opid_index: -1 OBSOLETE_local: false peers { permanent_uuid: "e671694e084848fbb50106cee765389e" member_type: VOTER last_known_addr { host: "127.17.172.1" port: 44365 } } peers { permanent_uuid: "6da14c9679114d3eb95f86dcdfcc1b03" member_type: VOTER last_known_addr { host: "127.17.172.2" port: 45051 } } peers { permanent_uuid: "953bfc000a724856adeb8daf2216f9ed" member_type: VOTER last_known_addr { host: "127.17.172.3" port: 44287 } }
I20260709 13:18:31.784500 18924 tablet_bootstrap.cc:654] T 6de3c15324cf4643992e06cd67b863fc P 953bfc000a724856adeb8daf2216f9ed: Neither blocks nor log segments found. Creating new log.
I20260709 13:18:31.795631 18931 leader_election.cc:290] T 965f32a2adef4dada95f67cdce91312a P e671694e084848fbb50106cee765389e [CANDIDATE]: Term 1 pre-election: Requested pre-vote from peers 6da14c9679114d3eb95f86dcdfcc1b03 (127.17.172.2:45051), 953bfc000a724856adeb8daf2216f9ed (127.17.172.3:44287)
I20260709 13:18:31.796319 18734 tablet_service.cc:1917] Received RequestConsensusVote() RPC: tablet_id: "f8e6a456c97b4e5aaa996ed452190c6d" candidate_uuid: "953bfc000a724856adeb8daf2216f9ed" candidate_term: 1 candidate_status { last_received { term: 0 index: 0 } } ignore_live_leader: false dest_uuid: "e671694e084848fbb50106cee765389e"
I20260709 13:18:31.796864 18734 raft_consensus.cc:3060] T f8e6a456c97b4e5aaa996ed452190c6d P e671694e084848fbb50106cee765389e [term 0 FOLLOWER]: Advancing to term 1
I20260709 13:18:31.796913 18733 tablet_service.cc:1917] Received RequestConsensusVote() RPC: tablet_id: "e3d9a87b125346b88595d31c882be621" candidate_uuid: "953bfc000a724856adeb8daf2216f9ed" candidate_term: 1 candidate_status { last_received { term: 0 index: 0 } } ignore_live_leader: false dest_uuid: "e671694e084848fbb50106cee765389e" is_pre_election: true
I20260709 13:18:31.797643 18733 raft_consensus.cc:2468] T e3d9a87b125346b88595d31c882be621 P e671694e084848fbb50106cee765389e [term 0 FOLLOWER]: Leader pre-election vote request: Granting yes vote for candidate 953bfc000a724856adeb8daf2216f9ed in term 0.
I20260709 13:18:31.798192 18926 tablet_bootstrap.cc:492] T 029ed03d23974c4bb54a4c7ea280ea34 P 6da14c9679114d3eb95f86dcdfcc1b03: No bootstrap required, opened a new log
I20260709 13:18:31.798096 18809 tablet_service.cc:1917] Received RequestConsensusVote() RPC: tablet_id: "965f32a2adef4dada95f67cdce91312a" candidate_uuid: "e671694e084848fbb50106cee765389e" candidate_term: 1 candidate_status { last_received { term: 0 index: 0 } } ignore_live_leader: false dest_uuid: "6da14c9679114d3eb95f86dcdfcc1b03" is_pre_election: true
I20260709 13:18:31.798692 18926 ts_tablet_manager.cc:1403] T 029ed03d23974c4bb54a4c7ea280ea34 P 6da14c9679114d3eb95f86dcdfcc1b03: Time spent bootstrapping tablet: real 0.157s	user 0.053s	sys 0.062s
W20260709 13:18:31.797072 18698 leader_election.cc:343] T e3d9a87b125346b88595d31c882be621 P e671694e084848fbb50106cee765389e [CANDIDATE]: Term 1 pre-election: Tablet error from VoteRequest() call to peer 6da14c9679114d3eb95f86dcdfcc1b03 (127.17.172.2:45051): Illegal state: must be running to vote when last-logged opid is not known
I20260709 13:18:31.799099 18848 leader_election.cc:304] T e3d9a87b125346b88595d31c882be621 P 953bfc000a724856adeb8daf2216f9ed [CANDIDATE]: Term 1 pre-election: Election decided. Result: candidate won. Election summary: received 2 responses out of 3 voters: 2 yes votes; 0 no votes. yes voters: 953bfc000a724856adeb8daf2216f9ed, e671694e084848fbb50106cee765389e; no voters: 
W20260709 13:18:31.799772 18698 leader_election.cc:343] T 965f32a2adef4dada95f67cdce91312a P e671694e084848fbb50106cee765389e [CANDIDATE]: Term 1 pre-election: Tablet error from VoteRequest() call to peer 6da14c9679114d3eb95f86dcdfcc1b03 (127.17.172.2:45051): Illegal state: must be running to vote when last-logged opid is not known
I20260709 13:18:31.801414 18882 tablet_service.cc:1917] Received RequestConsensusVote() RPC: tablet_id: "965f32a2adef4dada95f67cdce91312a" candidate_uuid: "e671694e084848fbb50106cee765389e" candidate_term: 1 candidate_status { last_received { term: 0 index: 0 } } ignore_live_leader: false dest_uuid: "953bfc000a724856adeb8daf2216f9ed" is_pre_election: true
I20260709 13:18:31.801754 18926 raft_consensus.cc:359] T 029ed03d23974c4bb54a4c7ea280ea34 P 6da14c9679114d3eb95f86dcdfcc1b03 [term 0 FOLLOWER]: Replica starting. Triggering 0 pending ops. Active config: opid_index: -1 OBSOLETE_local: false peers { permanent_uuid: "e671694e084848fbb50106cee765389e" member_type: VOTER last_known_addr { host: "127.17.172.1" port: 44365 } } peers { permanent_uuid: "6da14c9679114d3eb95f86dcdfcc1b03" member_type: VOTER last_known_addr { host: "127.17.172.2" port: 45051 } } peers { permanent_uuid: "953bfc000a724856adeb8daf2216f9ed" member_type: VOTER last_known_addr { host: "127.17.172.3" port: 44287 } }
I20260709 13:18:31.802071 18882 raft_consensus.cc:2468] T 965f32a2adef4dada95f67cdce91312a P 953bfc000a724856adeb8daf2216f9ed [term 0 FOLLOWER]: Leader pre-election vote request: Granting yes vote for candidate e671694e084848fbb50106cee765389e in term 0.
I20260709 13:18:31.802489 18926 raft_consensus.cc:385] T 029ed03d23974c4bb54a4c7ea280ea34 P 6da14c9679114d3eb95f86dcdfcc1b03 [term 0 FOLLOWER]: Consensus starting up: Expiring failure detector timer to make a prompt election more likely
I20260709 13:18:31.790786 18774 leader_election.cc:304] T 30c191b4fde84a71b4c9d3637fa2a5f5 P 6da14c9679114d3eb95f86dcdfcc1b03 [CANDIDATE]: Term 1 election: Election decided. Result: candidate won. Election summary: received 2 responses out of 3 voters: 2 yes votes; 0 no votes. yes voters: 6da14c9679114d3eb95f86dcdfcc1b03, 953bfc000a724856adeb8daf2216f9ed; no voters: 
I20260709 13:18:31.802804 18926 raft_consensus.cc:740] T 029ed03d23974c4bb54a4c7ea280ea34 P 6da14c9679114d3eb95f86dcdfcc1b03 [term 0 FOLLOWER]: Becoming Follower/Learner. State: Replica: 6da14c9679114d3eb95f86dcdfcc1b03, State: Initialized, Role: FOLLOWER
I20260709 13:18:31.803568 18926 consensus_queue.cc:260] T 029ed03d23974c4bb54a4c7ea280ea34 P 6da14c9679114d3eb95f86dcdfcc1b03 [NON_LEADER]: Queue going to NON_LEADER mode. State: All replicated index: 0, Majority replicated index: 0, Committed index: 0, Last appended: 0.0, Last appended by leader: 0, Current term: 0, Majority size: -1, State: 0, Mode: NON_LEADER, active raft config: opid_index: -1 OBSOLETE_local: false peers { permanent_uuid: "e671694e084848fbb50106cee765389e" member_type: VOTER last_known_addr { host: "127.17.172.1" port: 44365 } } peers { permanent_uuid: "6da14c9679114d3eb95f86dcdfcc1b03" member_type: VOTER last_known_addr { host: "127.17.172.2" port: 45051 } } peers { permanent_uuid: "953bfc000a724856adeb8daf2216f9ed" member_type: VOTER last_known_addr { host: "127.17.172.3" port: 44287 } }
I20260709 13:18:31.805280 18927 leader_election.cc:290] T f8e6a456c97b4e5aaa996ed452190c6d P 953bfc000a724856adeb8daf2216f9ed [CANDIDATE]: Term 1 election: Requested vote from peers e671694e084848fbb50106cee765389e (127.17.172.1:44365), 6da14c9679114d3eb95f86dcdfcc1b03 (127.17.172.2:45051)
I20260709 13:18:31.805877 18927 raft_consensus.cc:2804] T e3d9a87b125346b88595d31c882be621 P 953bfc000a724856adeb8daf2216f9ed [term 0 FOLLOWER]: Leader pre-election won for term 1
I20260709 13:18:31.806205 18927 raft_consensus.cc:493] T e3d9a87b125346b88595d31c882be621 P 953bfc000a724856adeb8daf2216f9ed [term 0 FOLLOWER]: Starting leader election (no leader contacted us within the election timeout)
I20260709 13:18:31.806401 18809 tablet_service.cc:1917] Received RequestConsensusVote() RPC: tablet_id: "f8e6a456c97b4e5aaa996ed452190c6d" candidate_uuid: "953bfc000a724856adeb8daf2216f9ed" candidate_term: 1 candidate_status { last_received { term: 0 index: 0 } } ignore_live_leader: false dest_uuid: "6da14c9679114d3eb95f86dcdfcc1b03"
I20260709 13:18:31.806587 18927 raft_consensus.cc:3060] T e3d9a87b125346b88595d31c882be621 P 953bfc000a724856adeb8daf2216f9ed [term 0 FOLLOWER]: Advancing to term 1
I20260709 13:18:31.807042 18809 raft_consensus.cc:3060] T f8e6a456c97b4e5aaa996ed452190c6d P 6da14c9679114d3eb95f86dcdfcc1b03 [term 0 FOLLOWER]: Advancing to term 1
I20260709 13:18:31.808703 18923 tablet_bootstrap.cc:492] T 476288e5ec2948568125a72d67fa810a P e671694e084848fbb50106cee765389e: No bootstrap required, opened a new log
I20260709 13:18:31.809556 18923 ts_tablet_manager.cc:1403] T 476288e5ec2948568125a72d67fa810a P e671694e084848fbb50106cee765389e: Time spent bootstrapping tablet: real 0.161s	user 0.029s	sys 0.104s
I20260709 13:18:31.814579 18734 raft_consensus.cc:2468] T f8e6a456c97b4e5aaa996ed452190c6d P e671694e084848fbb50106cee765389e [term 1 FOLLOWER]: Leader election vote request: Granting yes vote for candidate 953bfc000a724856adeb8daf2216f9ed in term 1.
I20260709 13:18:31.817863 18883 tablet_service.cc:1917] Received RequestConsensusVote() RPC: tablet_id: "e3d9a87b125346b88595d31c882be621" candidate_uuid: "e671694e084848fbb50106cee765389e" candidate_term: 1 candidate_status { last_received { term: 0 index: 0 } } ignore_live_leader: false dest_uuid: "953bfc000a724856adeb8daf2216f9ed" is_pre_election: true
I20260709 13:18:31.819543 18923 raft_consensus.cc:359] T 476288e5ec2948568125a72d67fa810a P e671694e084848fbb50106cee765389e [term 0 FOLLOWER]: Replica starting. Triggering 0 pending ops. Active config: opid_index: -1 OBSOLETE_local: false peers { permanent_uuid: "e671694e084848fbb50106cee765389e" member_type: VOTER last_known_addr { host: "127.17.172.1" port: 44365 } } peers { permanent_uuid: "6da14c9679114d3eb95f86dcdfcc1b03" member_type: VOTER last_known_addr { host: "127.17.172.2" port: 45051 } } peers { permanent_uuid: "953bfc000a724856adeb8daf2216f9ed" member_type: VOTER last_known_addr { host: "127.17.172.3" port: 44287 } }
I20260709 13:18:31.821547 18923 raft_consensus.cc:385] T 476288e5ec2948568125a72d67fa810a P e671694e084848fbb50106cee765389e [term 0 FOLLOWER]: Consensus starting up: Expiring failure detector timer to make a prompt election more likely
I20260709 13:18:31.822343 18923 raft_consensus.cc:740] T 476288e5ec2948568125a72d67fa810a P e671694e084848fbb50106cee765389e [term 0 FOLLOWER]: Becoming Follower/Learner. State: Replica: e671694e084848fbb50106cee765389e, State: Initialized, Role: FOLLOWER
I20260709 13:18:31.823289 18699 leader_election.cc:304] T 965f32a2adef4dada95f67cdce91312a P e671694e084848fbb50106cee765389e [CANDIDATE]: Term 1 pre-election: Election decided. Result: candidate won. Election summary: received 3 responses out of 3 voters: 2 yes votes; 1 no votes. yes voters: 953bfc000a724856adeb8daf2216f9ed, e671694e084848fbb50106cee765389e; no voters: 6da14c9679114d3eb95f86dcdfcc1b03
I20260709 13:18:31.823633 18808 tablet_service.cc:1917] Received RequestConsensusVote() RPC: tablet_id: "e3d9a87b125346b88595d31c882be621" candidate_uuid: "953bfc000a724856adeb8daf2216f9ed" candidate_term: 1 candidate_status { last_received { term: 0 index: 0 } } ignore_live_leader: false dest_uuid: "6da14c9679114d3eb95f86dcdfcc1b03" is_pre_election: true
I20260709 13:18:31.823591 18923 consensus_queue.cc:260] T 476288e5ec2948568125a72d67fa810a P e671694e084848fbb50106cee765389e [NON_LEADER]: Queue going to NON_LEADER mode. State: All replicated index: 0, Majority replicated index: 0, Committed index: 0, Last appended: 0.0, Last appended by leader: 0, Current term: 0, Majority size: -1, State: 0, Mode: NON_LEADER, active raft config: opid_index: -1 OBSOLETE_local: false peers { permanent_uuid: "e671694e084848fbb50106cee765389e" member_type: VOTER last_known_addr { host: "127.17.172.1" port: 44365 } } peers { permanent_uuid: "6da14c9679114d3eb95f86dcdfcc1b03" member_type: VOTER last_known_addr { host: "127.17.172.2" port: 45051 } } peers { permanent_uuid: "953bfc000a724856adeb8daf2216f9ed" member_type: VOTER last_known_addr { host: "127.17.172.3" port: 44287 } }
I20260709 13:18:31.825923 18956 leader_election.cc:290] T e3d9a87b125346b88595d31c882be621 P 953bfc000a724856adeb8daf2216f9ed [CANDIDATE]: Term 1 pre-election: Requested pre-vote from peers e671694e084848fbb50106cee765389e (127.17.172.1:44365), 6da14c9679114d3eb95f86dcdfcc1b03 (127.17.172.2:45051)
I20260709 13:18:31.825821 18848 leader_election.cc:304] T f8e6a456c97b4e5aaa996ed452190c6d P 953bfc000a724856adeb8daf2216f9ed [CANDIDATE]: Term 1 election: Election decided. Result: candidate won. Election summary: received 2 responses out of 3 voters: 2 yes votes; 0 no votes. yes voters: 953bfc000a724856adeb8daf2216f9ed, e671694e084848fbb50106cee765389e; no voters: 
I20260709 13:18:31.825845 18809 raft_consensus.cc:2468] T f8e6a456c97b4e5aaa996ed452190c6d P 6da14c9679114d3eb95f86dcdfcc1b03 [term 1 FOLLOWER]: Leader election vote request: Granting yes vote for candidate 953bfc000a724856adeb8daf2216f9ed in term 1.
I20260709 13:18:31.828114 18957 raft_consensus.cc:2804] T f8e6a456c97b4e5aaa996ed452190c6d P 953bfc000a724856adeb8daf2216f9ed [term 1 FOLLOWER]: Leader election won for term 1
W20260709 13:18:31.831053 18847 leader_election.cc:343] T e3d9a87b125346b88595d31c882be621 P 953bfc000a724856adeb8daf2216f9ed [CANDIDATE]: Term 1 pre-election: Tablet error from VoteRequest() call to peer 6da14c9679114d3eb95f86dcdfcc1b03 (127.17.172.2:45051): Illegal state: must be running to vote when last-logged opid is not known
I20260709 13:18:31.832239 18924 tablet_bootstrap.cc:492] T 6de3c15324cf4643992e06cd67b863fc P 953bfc000a724856adeb8daf2216f9ed: No bootstrap required, opened a new log
I20260709 13:18:31.832815 18924 ts_tablet_manager.cc:1403] T 6de3c15324cf4643992e06cd67b863fc P 953bfc000a724856adeb8daf2216f9ed: Time spent bootstrapping tablet: real 0.057s	user 0.012s	sys 0.001s
I20260709 13:18:31.833063 18931 raft_consensus.cc:2804] T 965f32a2adef4dada95f67cdce91312a P e671694e084848fbb50106cee765389e [term 0 FOLLOWER]: Leader pre-election won for term 1
I20260709 13:18:31.833561 18931 raft_consensus.cc:493] T 965f32a2adef4dada95f67cdce91312a P e671694e084848fbb50106cee765389e [term 0 FOLLOWER]: Starting leader election (no leader contacted us within the election timeout)
I20260709 13:18:31.833953 18931 raft_consensus.cc:3060] T 965f32a2adef4dada95f67cdce91312a P e671694e084848fbb50106cee765389e [term 0 FOLLOWER]: Advancing to term 1
I20260709 13:18:31.837399 18956 raft_consensus.cc:493] T 476288e5ec2948568125a72d67fa810a P 953bfc000a724856adeb8daf2216f9ed [term 0 FOLLOWER]: Starting pre-election (no leader contacted us within the election timeout)
I20260709 13:18:31.837987 18956 raft_consensus.cc:515] T 476288e5ec2948568125a72d67fa810a P 953bfc000a724856adeb8daf2216f9ed [term 0 FOLLOWER]: Starting pre-election with config: opid_index: -1 OBSOLETE_local: false peers { permanent_uuid: "e671694e084848fbb50106cee765389e" member_type: VOTER last_known_addr { host: "127.17.172.1" port: 44365 } } peers { permanent_uuid: "6da14c9679114d3eb95f86dcdfcc1b03" member_type: VOTER last_known_addr { host: "127.17.172.2" port: 45051 } } peers { permanent_uuid: "953bfc000a724856adeb8daf2216f9ed" member_type: VOTER last_known_addr { host: "127.17.172.3" port: 44287 } }
I20260709 13:18:31.841789 18734 tablet_service.cc:1917] Received RequestConsensusVote() RPC: tablet_id: "476288e5ec2948568125a72d67fa810a" candidate_uuid: "953bfc000a724856adeb8daf2216f9ed" candidate_term: 1 candidate_status { last_received { term: 0 index: 0 } } ignore_live_leader: false dest_uuid: "e671694e084848fbb50106cee765389e" is_pre_election: true
I20260709 13:18:31.842669 18734 raft_consensus.cc:2468] T 476288e5ec2948568125a72d67fa810a P e671694e084848fbb50106cee765389e [term 0 FOLLOWER]: Leader pre-election vote request: Granting yes vote for candidate 953bfc000a724856adeb8daf2216f9ed in term 0.
I20260709 13:18:31.844183 18848 leader_election.cc:304] T 476288e5ec2948568125a72d67fa810a P 953bfc000a724856adeb8daf2216f9ed [CANDIDATE]: Term 1 pre-election: Election decided. Result: candidate won. Election summary: received 2 responses out of 3 voters: 2 yes votes; 0 no votes. yes voters: 953bfc000a724856adeb8daf2216f9ed, e671694e084848fbb50106cee765389e; no voters: 
I20260709 13:18:31.846056 18956 leader_election.cc:290] T 476288e5ec2948568125a72d67fa810a P 953bfc000a724856adeb8daf2216f9ed [CANDIDATE]: Term 1 pre-election: Requested pre-vote from peers e671694e084848fbb50106cee765389e (127.17.172.1:44365), 6da14c9679114d3eb95f86dcdfcc1b03 (127.17.172.2:45051)
I20260709 13:18:31.847144 18956 raft_consensus.cc:2804] T 476288e5ec2948568125a72d67fa810a P 953bfc000a724856adeb8daf2216f9ed [term 0 FOLLOWER]: Leader pre-election won for term 1
I20260709 13:18:31.847570 18956 raft_consensus.cc:493] T 476288e5ec2948568125a72d67fa810a P 953bfc000a724856adeb8daf2216f9ed [term 0 FOLLOWER]: Starting leader election (no leader contacted us within the election timeout)
I20260709 13:18:31.847606 18809 tablet_service.cc:1917] Received RequestConsensusVote() RPC: tablet_id: "476288e5ec2948568125a72d67fa810a" candidate_uuid: "953bfc000a724856adeb8daf2216f9ed" candidate_term: 1 candidate_status { last_received { term: 0 index: 0 } } ignore_live_leader: false dest_uuid: "6da14c9679114d3eb95f86dcdfcc1b03" is_pre_election: true
I20260709 13:18:31.848122 18956 raft_consensus.cc:3060] T 476288e5ec2948568125a72d67fa810a P 953bfc000a724856adeb8daf2216f9ed [term 0 FOLLOWER]: Advancing to term 1
I20260709 13:18:31.848615 18809 raft_consensus.cc:2468] T 476288e5ec2948568125a72d67fa810a P 6da14c9679114d3eb95f86dcdfcc1b03 [term 0 FOLLOWER]: Leader pre-election vote request: Granting yes vote for candidate 953bfc000a724856adeb8daf2216f9ed in term 0.
I20260709 13:18:31.836230 18924 raft_consensus.cc:359] T 6de3c15324cf4643992e06cd67b863fc P 953bfc000a724856adeb8daf2216f9ed [term 0 FOLLOWER]: Replica starting. Triggering 0 pending ops. Active config: opid_index: -1 OBSOLETE_local: false peers { permanent_uuid: "e671694e084848fbb50106cee765389e" member_type: VOTER last_known_addr { host: "127.17.172.1" port: 44365 } } peers { permanent_uuid: "6da14c9679114d3eb95f86dcdfcc1b03" member_type: VOTER last_known_addr { host: "127.17.172.2" port: 45051 } } peers { permanent_uuid: "953bfc000a724856adeb8daf2216f9ed" member_type: VOTER last_known_addr { host: "127.17.172.3" port: 44287 } }
I20260709 13:18:31.850962 18924 raft_consensus.cc:385] T 6de3c15324cf4643992e06cd67b863fc P 953bfc000a724856adeb8daf2216f9ed [term 0 FOLLOWER]: Consensus starting up: Expiring failure detector timer to make a prompt election more likely
I20260709 13:18:31.851344 18924 raft_consensus.cc:740] T 6de3c15324cf4643992e06cd67b863fc P 953bfc000a724856adeb8daf2216f9ed [term 0 FOLLOWER]: Becoming Follower/Learner. State: Replica: 953bfc000a724856adeb8daf2216f9ed, State: Initialized, Role: FOLLOWER
I20260709 13:18:31.859812 18931 raft_consensus.cc:515] T 965f32a2adef4dada95f67cdce91312a P e671694e084848fbb50106cee765389e [term 1 FOLLOWER]: Starting leader election with config: opid_index: -1 OBSOLETE_local: false peers { permanent_uuid: "e671694e084848fbb50106cee765389e" member_type: VOTER last_known_addr { host: "127.17.172.1" port: 44365 } } peers { permanent_uuid: "6da14c9679114d3eb95f86dcdfcc1b03" member_type: VOTER last_known_addr { host: "127.17.172.2" port: 45051 } } peers { permanent_uuid: "953bfc000a724856adeb8daf2216f9ed" member_type: VOTER last_known_addr { host: "127.17.172.3" port: 44287 } }
I20260709 13:18:31.862550 18924 consensus_queue.cc:260] T 6de3c15324cf4643992e06cd67b863fc P 953bfc000a724856adeb8daf2216f9ed [NON_LEADER]: Queue going to NON_LEADER mode. State: All replicated index: 0, Majority replicated index: 0, Committed index: 0, Last appended: 0.0, Last appended by leader: 0, Current term: 0, Majority size: -1, State: 0, Mode: NON_LEADER, active raft config: opid_index: -1 OBSOLETE_local: false peers { permanent_uuid: "e671694e084848fbb50106cee765389e" member_type: VOTER last_known_addr { host: "127.17.172.1" port: 44365 } } peers { permanent_uuid: "6da14c9679114d3eb95f86dcdfcc1b03" member_type: VOTER last_known_addr { host: "127.17.172.2" port: 45051 } } peers { permanent_uuid: "953bfc000a724856adeb8daf2216f9ed" member_type: VOTER last_known_addr { host: "127.17.172.3" port: 44287 } }
I20260709 13:18:31.863798 18809 tablet_service.cc:1917] Received RequestConsensusVote() RPC: tablet_id: "965f32a2adef4dada95f67cdce91312a" candidate_uuid: "e671694e084848fbb50106cee765389e" candidate_term: 1 candidate_status { last_received { term: 0 index: 0 } } ignore_live_leader: false dest_uuid: "6da14c9679114d3eb95f86dcdfcc1b03"
I20260709 13:18:31.865332 18924 ts_tablet_manager.cc:1434] T 6de3c15324cf4643992e06cd67b863fc P 953bfc000a724856adeb8daf2216f9ed: Time spent starting tablet: real 0.032s	user 0.008s	sys 0.002s
W20260709 13:18:31.865728 18698 leader_election.cc:343] T 965f32a2adef4dada95f67cdce91312a P e671694e084848fbb50106cee765389e [CANDIDATE]: Term 1 election: Tablet error from VoteRequest() call to peer 6da14c9679114d3eb95f86dcdfcc1b03 (127.17.172.2:45051): Illegal state: must be running to vote when last-logged opid is not known
I20260709 13:18:31.866954 18932 raft_consensus.cc:515] T 556140d0364e4dd6817be1ea60971f0b P 6da14c9679114d3eb95f86dcdfcc1b03 [term 1 FOLLOWER]: Starting leader election with config: opid_index: -1 OBSOLETE_local: false peers { permanent_uuid: "e671694e084848fbb50106cee765389e" member_type: VOTER last_known_addr { host: "127.17.172.1" port: 44365 } } peers { permanent_uuid: "6da14c9679114d3eb95f86dcdfcc1b03" member_type: VOTER last_known_addr { host: "127.17.172.2" port: 45051 } } peers { permanent_uuid: "953bfc000a724856adeb8daf2216f9ed" member_type: VOTER last_known_addr { host: "127.17.172.3" port: 44287 } }
I20260709 13:18:31.870312 18958 raft_consensus.cc:2804] T 30c191b4fde84a71b4c9d3637fa2a5f5 P 6da14c9679114d3eb95f86dcdfcc1b03 [term 1 FOLLOWER]: Leader election won for term 1
W20260709 13:18:31.871798 18774 outbound_call.cc:321] RPC callback for RPC call kudu.consensus.ConsensusService.RequestConsensusVote -> {remote=127.17.172.3:44287, user_credentials={real_user=slave}} blocked reactor thread for 81112.1us
I20260709 13:18:31.872702 18924 tablet_bootstrap.cc:492] T aabbf6beeed544f48b74ea563b584103 P 953bfc000a724856adeb8daf2216f9ed: Bootstrap starting.
I20260709 13:18:31.872014 18963 raft_consensus.cc:493] T 6de3c15324cf4643992e06cd67b863fc P 953bfc000a724856adeb8daf2216f9ed [term 0 FOLLOWER]: Starting pre-election (no leader contacted us within the election timeout)
I20260709 13:18:31.873793 18734 tablet_service.cc:1917] Received RequestConsensusVote() RPC: tablet_id: "30c191b4fde84a71b4c9d3637fa2a5f5" candidate_uuid: "6da14c9679114d3eb95f86dcdfcc1b03" candidate_term: 1 candidate_status { last_received { term: 0 index: 0 } } ignore_live_leader: false dest_uuid: "e671694e084848fbb50106cee765389e" is_pre_election: true
I20260709 13:18:31.874451 18963 raft_consensus.cc:515] T 6de3c15324cf4643992e06cd67b863fc P 953bfc000a724856adeb8daf2216f9ed [term 0 FOLLOWER]: Starting pre-election with config: opid_index: -1 OBSOLETE_local: false peers { permanent_uuid: "e671694e084848fbb50106cee765389e" member_type: VOTER last_known_addr { host: "127.17.172.1" port: 44365 } } peers { permanent_uuid: "6da14c9679114d3eb95f86dcdfcc1b03" member_type: VOTER last_known_addr { host: "127.17.172.2" port: 45051 } } peers { permanent_uuid: "953bfc000a724856adeb8daf2216f9ed" member_type: VOTER last_known_addr { host: "127.17.172.3" port: 44287 } }
I20260709 13:18:31.875825 18734 tablet_service.cc:1917] Received RequestConsensusVote() RPC: tablet_id: "556140d0364e4dd6817be1ea60971f0b" candidate_uuid: "6da14c9679114d3eb95f86dcdfcc1b03" candidate_term: 1 candidate_status { last_received { term: 0 index: 0 } } ignore_live_leader: false dest_uuid: "e671694e084848fbb50106cee765389e" is_pre_election: true
I20260709 13:18:31.878172 18734 tablet_service.cc:1917] Received RequestConsensusVote() RPC: tablet_id: "30c191b4fde84a71b4c9d3637fa2a5f5" candidate_uuid: "6da14c9679114d3eb95f86dcdfcc1b03" candidate_term: 1 candidate_status { last_received { term: 0 index: 0 } } ignore_live_leader: false dest_uuid: "e671694e084848fbb50106cee765389e"
I20260709 13:18:31.881455 18734 tablet_service.cc:1917] Received RequestConsensusVote() RPC: tablet_id: "6de3c15324cf4643992e06cd67b863fc" candidate_uuid: "953bfc000a724856adeb8daf2216f9ed" candidate_term: 1 candidate_status { last_received { term: 0 index: 0 } } ignore_live_leader: false dest_uuid: "e671694e084848fbb50106cee765389e" is_pre_election: true
I20260709 13:18:31.881588 18956 raft_consensus.cc:515] T 476288e5ec2948568125a72d67fa810a P 953bfc000a724856adeb8daf2216f9ed [term 1 FOLLOWER]: Starting leader election with config: opid_index: -1 OBSOLETE_local: false peers { permanent_uuid: "e671694e084848fbb50106cee765389e" member_type: VOTER last_known_addr { host: "127.17.172.1" port: 44365 } } peers { permanent_uuid: "6da14c9679114d3eb95f86dcdfcc1b03" member_type: VOTER last_known_addr { host: "127.17.172.2" port: 45051 } } peers { permanent_uuid: "953bfc000a724856adeb8daf2216f9ed" member_type: VOTER last_known_addr { host: "127.17.172.3" port: 44287 } }
I20260709 13:18:31.882097 18734 raft_consensus.cc:2468] T 6de3c15324cf4643992e06cd67b863fc P e671694e084848fbb50106cee765389e [term 0 FOLLOWER]: Leader pre-election vote request: Granting yes vote for candidate 953bfc000a724856adeb8daf2216f9ed in term 0.
I20260709 13:18:31.883689 18848 leader_election.cc:304] T 6de3c15324cf4643992e06cd67b863fc P 953bfc000a724856adeb8daf2216f9ed [CANDIDATE]: Term 1 pre-election: Election decided. Result: candidate won. Election summary: received 2 responses out of 3 voters: 2 yes votes; 0 no votes. yes voters: 953bfc000a724856adeb8daf2216f9ed, e671694e084848fbb50106cee765389e; no voters: 
I20260709 13:18:31.885867 18965 raft_consensus.cc:493] T 029ed03d23974c4bb54a4c7ea280ea34 P 953bfc000a724856adeb8daf2216f9ed [term 0 FOLLOWER]: Starting pre-election (no leader contacted us within the election timeout)
I20260709 13:18:31.887609 18965 raft_consensus.cc:515] T 029ed03d23974c4bb54a4c7ea280ea34 P 953bfc000a724856adeb8daf2216f9ed [term 0 FOLLOWER]: Starting pre-election with config: opid_index: -1 OBSOLETE_local: false peers { permanent_uuid: "e671694e084848fbb50106cee765389e" member_type: VOTER last_known_addr { host: "127.17.172.1" port: 44365 } } peers { permanent_uuid: "6da14c9679114d3eb95f86dcdfcc1b03" member_type: VOTER last_known_addr { host: "127.17.172.2" port: 45051 } } peers { permanent_uuid: "953bfc000a724856adeb8daf2216f9ed" member_type: VOTER last_known_addr { host: "127.17.172.3" port: 44287 } }
I20260709 13:18:31.888130 18809 tablet_service.cc:1917] Received RequestConsensusVote() RPC: tablet_id: "6de3c15324cf4643992e06cd67b863fc" candidate_uuid: "953bfc000a724856adeb8daf2216f9ed" candidate_term: 1 candidate_status { last_received { term: 0 index: 0 } } ignore_live_leader: false dest_uuid: "6da14c9679114d3eb95f86dcdfcc1b03" is_pre_election: true
W20260709 13:18:31.885955 18774 leader_election.cc:343] T 30c191b4fde84a71b4c9d3637fa2a5f5 P 6da14c9679114d3eb95f86dcdfcc1b03 [CANDIDATE]: Term 1 pre-election: Tablet error from VoteRequest() call to peer e671694e084848fbb50106cee765389e (127.17.172.1:44365): Illegal state: must be running to vote when last-logged opid is not known
I20260709 13:18:31.886963 18963 leader_election.cc:290] T 6de3c15324cf4643992e06cd67b863fc P 953bfc000a724856adeb8daf2216f9ed [CANDIDATE]: Term 1 pre-election: Requested pre-vote from peers e671694e084848fbb50106cee765389e (127.17.172.1:44365), 6da14c9679114d3eb95f86dcdfcc1b03 (127.17.172.2:45051)
I20260709 13:18:31.888468 18734 tablet_service.cc:1917] Received RequestConsensusVote() RPC: tablet_id: "476288e5ec2948568125a72d67fa810a" candidate_uuid: "953bfc000a724856adeb8daf2216f9ed" candidate_term: 1 candidate_status { last_received { term: 0 index: 0 } } ignore_live_leader: false dest_uuid: "e671694e084848fbb50106cee765389e"
I20260709 13:18:31.889014 18957 raft_consensus.cc:697] T f8e6a456c97b4e5aaa996ed452190c6d P 953bfc000a724856adeb8daf2216f9ed [term 1 LEADER]: Becoming Leader. State: Replica: 953bfc000a724856adeb8daf2216f9ed, State: Running, Role: LEADER
I20260709 13:18:31.889178 18734 raft_consensus.cc:3060] T 476288e5ec2948568125a72d67fa810a P e671694e084848fbb50106cee765389e [term 0 FOLLOWER]: Advancing to term 1
W20260709 13:18:31.889413 18774 leader_election.cc:343] T 556140d0364e4dd6817be1ea60971f0b P 6da14c9679114d3eb95f86dcdfcc1b03 [CANDIDATE]: Term 1 pre-election: Tablet error from VoteRequest() call to peer e671694e084848fbb50106cee765389e (127.17.172.1:44365): Illegal state: must be running to vote when last-logged opid is not known
W20260709 13:18:31.890328 18774 leader_election.cc:343] T 30c191b4fde84a71b4c9d3637fa2a5f5 P 6da14c9679114d3eb95f86dcdfcc1b03 [CANDIDATE]: Term 1 election: Tablet error from VoteRequest() call to peer e671694e084848fbb50106cee765389e (127.17.172.1:44365): Illegal state: must be running to vote when last-logged opid is not known
I20260709 13:18:31.889905 18957 consensus_queue.cc:237] T f8e6a456c97b4e5aaa996ed452190c6d P 953bfc000a724856adeb8daf2216f9ed [LEADER]: Queue going to LEADER mode. State: All replicated index: 0, Majority replicated index: 0, Committed index: 0, Last appended: 0.0, Last appended by leader: 0, Current term: 1, Majority size: 2, State: 0, Mode: LEADER, active raft config: opid_index: -1 OBSOLETE_local: false peers { permanent_uuid: "e671694e084848fbb50106cee765389e" member_type: VOTER last_known_addr { host: "127.17.172.1" port: 44365 } } peers { permanent_uuid: "953bfc000a724856adeb8daf2216f9ed" member_type: VOTER last_known_addr { host: "127.17.172.3" port: 44287 } } peers { permanent_uuid: "6da14c9679114d3eb95f86dcdfcc1b03" member_type: VOTER last_known_addr { host: "127.17.172.2" port: 45051 } }
W20260709 13:18:31.890654 18847 leader_election.cc:343] T 6de3c15324cf4643992e06cd67b863fc P 953bfc000a724856adeb8daf2216f9ed [CANDIDATE]: Term 1 pre-election: Tablet error from VoteRequest() call to peer 6da14c9679114d3eb95f86dcdfcc1b03 (127.17.172.2:45051): Illegal state: must be running to vote when last-logged opid is not known
I20260709 13:18:31.891158 18956 leader_election.cc:290] T 476288e5ec2948568125a72d67fa810a P 953bfc000a724856adeb8daf2216f9ed [CANDIDATE]: Term 1 election: Requested vote from peers e671694e084848fbb50106cee765389e (127.17.172.1:44365), 6da14c9679114d3eb95f86dcdfcc1b03 (127.17.172.2:45051)
I20260709 13:18:31.891733 18956 raft_consensus.cc:2804] T 6de3c15324cf4643992e06cd67b863fc P 953bfc000a724856adeb8daf2216f9ed [term 0 FOLLOWER]: Leader pre-election won for term 1
I20260709 13:18:31.892060 18956 raft_consensus.cc:493] T 6de3c15324cf4643992e06cd67b863fc P 953bfc000a724856adeb8daf2216f9ed [term 0 FOLLOWER]: Starting leader election (no leader contacted us within the election timeout)
I20260709 13:18:31.892144 18809 tablet_service.cc:1917] Received RequestConsensusVote() RPC: tablet_id: "476288e5ec2948568125a72d67fa810a" candidate_uuid: "953bfc000a724856adeb8daf2216f9ed" candidate_term: 1 candidate_status { last_received { term: 0 index: 0 } } ignore_live_leader: false dest_uuid: "6da14c9679114d3eb95f86dcdfcc1b03"
I20260709 13:18:31.892431 18956 raft_consensus.cc:3060] T 6de3c15324cf4643992e06cd67b863fc P 953bfc000a724856adeb8daf2216f9ed [term 0 FOLLOWER]: Advancing to term 1
I20260709 13:18:31.892704 18809 raft_consensus.cc:3060] T 476288e5ec2948568125a72d67fa810a P 6da14c9679114d3eb95f86dcdfcc1b03 [term 0 FOLLOWER]: Advancing to term 1
I20260709 13:18:31.896970 18734 raft_consensus.cc:2468] T 476288e5ec2948568125a72d67fa810a P e671694e084848fbb50106cee765389e [term 1 FOLLOWER]: Leader election vote request: Granting yes vote for candidate 953bfc000a724856adeb8daf2216f9ed in term 1.
I20260709 13:18:31.898409 18924 tablet_bootstrap.cc:654] T aabbf6beeed544f48b74ea563b584103 P 953bfc000a724856adeb8daf2216f9ed: Neither blocks nor log segments found. Creating new log.
I20260709 13:18:31.899716 18848 leader_election.cc:304] T 476288e5ec2948568125a72d67fa810a P 953bfc000a724856adeb8daf2216f9ed [CANDIDATE]: Term 1 election: Election decided. Result: candidate won. Election summary: received 2 responses out of 3 voters: 2 yes votes; 0 no votes. yes voters: 953bfc000a724856adeb8daf2216f9ed, e671694e084848fbb50106cee765389e; no voters: 
I20260709 13:18:31.901201 18809 raft_consensus.cc:2468] T 476288e5ec2948568125a72d67fa810a P 6da14c9679114d3eb95f86dcdfcc1b03 [term 1 FOLLOWER]: Leader election vote request: Granting yes vote for candidate 953bfc000a724856adeb8daf2216f9ed in term 1.
I20260709 13:18:31.904006 18965 leader_election.cc:290] T 029ed03d23974c4bb54a4c7ea280ea34 P 953bfc000a724856adeb8daf2216f9ed [CANDIDATE]: Term 1 pre-election: Requested pre-vote from peers e671694e084848fbb50106cee765389e (127.17.172.1:44365), 6da14c9679114d3eb95f86dcdfcc1b03 (127.17.172.2:45051)
I20260709 13:18:31.903469 18963 raft_consensus.cc:2804] T 476288e5ec2948568125a72d67fa810a P 953bfc000a724856adeb8daf2216f9ed [term 1 FOLLOWER]: Leader election won for term 1
I20260709 13:18:31.905493 18963 raft_consensus.cc:697] T 476288e5ec2948568125a72d67fa810a P 953bfc000a724856adeb8daf2216f9ed [term 1 LEADER]: Becoming Leader. State: Replica: 953bfc000a724856adeb8daf2216f9ed, State: Running, Role: LEADER
I20260709 13:18:31.903825 18956 raft_consensus.cc:515] T 6de3c15324cf4643992e06cd67b863fc P 953bfc000a724856adeb8daf2216f9ed [term 1 FOLLOWER]: Starting leader election with config: opid_index: -1 OBSOLETE_local: false peers { permanent_uuid: "e671694e084848fbb50106cee765389e" member_type: VOTER last_known_addr { host: "127.17.172.1" port: 44365 } } peers { permanent_uuid: "6da14c9679114d3eb95f86dcdfcc1b03" member_type: VOTER last_known_addr { host: "127.17.172.2" port: 45051 } } peers { permanent_uuid: "953bfc000a724856adeb8daf2216f9ed" member_type: VOTER last_known_addr { host: "127.17.172.3" port: 44287 } }
I20260709 13:18:31.905730 18808 tablet_service.cc:1917] Received RequestConsensusVote() RPC: tablet_id: "029ed03d23974c4bb54a4c7ea280ea34" candidate_uuid: "953bfc000a724856adeb8daf2216f9ed" candidate_term: 1 candidate_status { last_received { term: 0 index: 0 } } ignore_live_leader: false dest_uuid: "6da14c9679114d3eb95f86dcdfcc1b03" is_pre_election: true
I20260709 13:18:31.906594 18808 raft_consensus.cc:2468] T 029ed03d23974c4bb54a4c7ea280ea34 P 6da14c9679114d3eb95f86dcdfcc1b03 [term 0 FOLLOWER]: Leader pre-election vote request: Granting yes vote for candidate 953bfc000a724856adeb8daf2216f9ed in term 0.
I20260709 13:18:31.906504 18963 consensus_queue.cc:237] T 476288e5ec2948568125a72d67fa810a P 953bfc000a724856adeb8daf2216f9ed [LEADER]: Queue going to LEADER mode. State: All replicated index: 0, Majority replicated index: 0, Committed index: 0, Last appended: 0.0, Last appended by leader: 0, Current term: 1, Majority size: 2, State: 0, Mode: LEADER, active raft config: opid_index: -1 OBSOLETE_local: false peers { permanent_uuid: "e671694e084848fbb50106cee765389e" member_type: VOTER last_known_addr { host: "127.17.172.1" port: 44365 } } peers { permanent_uuid: "6da14c9679114d3eb95f86dcdfcc1b03" member_type: VOTER last_known_addr { host: "127.17.172.2" port: 45051 } } peers { permanent_uuid: "953bfc000a724856adeb8daf2216f9ed" member_type: VOTER last_known_addr { host: "127.17.172.3" port: 44287 } }
I20260709 13:18:31.908108 18847 leader_election.cc:304] T 029ed03d23974c4bb54a4c7ea280ea34 P 953bfc000a724856adeb8daf2216f9ed [CANDIDATE]: Term 1 pre-election: Election decided. Result: candidate won. Election summary: received 2 responses out of 3 voters: 2 yes votes; 0 no votes. yes voters: 6da14c9679114d3eb95f86dcdfcc1b03, 953bfc000a724856adeb8daf2216f9ed; no voters: 
I20260709 13:18:31.904589 18927 raft_consensus.cc:515] T e3d9a87b125346b88595d31c882be621 P 953bfc000a724856adeb8daf2216f9ed [term 1 FOLLOWER]: Starting leader election with config: opid_index: -1 OBSOLETE_local: false peers { permanent_uuid: "e671694e084848fbb50106cee765389e" member_type: VOTER last_known_addr { host: "127.17.172.1" port: 44365 } } peers { permanent_uuid: "6da14c9679114d3eb95f86dcdfcc1b03" member_type: VOTER last_known_addr { host: "127.17.172.2" port: 45051 } } peers { permanent_uuid: "953bfc000a724856adeb8daf2216f9ed" member_type: VOTER last_known_addr { host: "127.17.172.3" port: 44287 } }
I20260709 13:18:31.909408 18733 tablet_service.cc:1917] Received RequestConsensusVote() RPC: tablet_id: "6de3c15324cf4643992e06cd67b863fc" candidate_uuid: "953bfc000a724856adeb8daf2216f9ed" candidate_term: 1 candidate_status { last_received { term: 0 index: 0 } } ignore_live_leader: false dest_uuid: "e671694e084848fbb50106cee765389e"
I20260709 13:18:31.911778 18733 raft_consensus.cc:3060] T 6de3c15324cf4643992e06cd67b863fc P e671694e084848fbb50106cee765389e [term 0 FOLLOWER]: Advancing to term 1
I20260709 13:18:31.913371 18931 leader_election.cc:290] T 965f32a2adef4dada95f67cdce91312a P e671694e084848fbb50106cee765389e [CANDIDATE]: Term 1 election: Requested vote from peers 6da14c9679114d3eb95f86dcdfcc1b03 (127.17.172.2:45051), 953bfc000a724856adeb8daf2216f9ed (127.17.172.3:44287)
I20260709 13:18:31.921813 18883 raft_consensus.cc:2393] T e3d9a87b125346b88595d31c882be621 P 953bfc000a724856adeb8daf2216f9ed [term 1 FOLLOWER]: Leader pre-election vote request: Denying vote to candidate e671694e084848fbb50106cee765389e in current term 1: Already voted for candidate 953bfc000a724856adeb8daf2216f9ed in this term.
I20260709 13:18:31.923887 18732 tablet_service.cc:1917] Received RequestConsensusVote() RPC: tablet_id: "556140d0364e4dd6817be1ea60971f0b" candidate_uuid: "6da14c9679114d3eb95f86dcdfcc1b03" candidate_term: 1 candidate_status { last_received { term: 0 index: 0 } } ignore_live_leader: false dest_uuid: "e671694e084848fbb50106cee765389e"
W20260709 13:18:31.925926 18774 leader_election.cc:343] T 556140d0364e4dd6817be1ea60971f0b P 6da14c9679114d3eb95f86dcdfcc1b03 [CANDIDATE]: Term 1 election: Tablet error from VoteRequest() call to peer e671694e084848fbb50106cee765389e (127.17.172.1:44365): Illegal state: must be running to vote when last-logged opid is not known
I20260709 13:18:31.926775 18962 raft_consensus.cc:2804] T 029ed03d23974c4bb54a4c7ea280ea34 P 953bfc000a724856adeb8daf2216f9ed [term 0 FOLLOWER]: Leader pre-election won for term 1
