I20260709 13:18:32.307080 21231 tablet_service.cc:1917] Received RequestConsensusVote() RPC: tablet_id: "c013d17f8a314501b7a0dccce203f25d" candidate_uuid: "d9354ff771034c34883b823b60b8ed48" candidate_term: 2 candidate_status { last_received { term: 1 index: 1 } } ignore_live_leader: true dest_uuid: "53bff2af3ea44bdd9ca1e1349722ed46"
I20260709 13:18:32.307940 21307 raft_consensus.cc:3055] T c013d17f8a314501b7a0dccce203f25d P 3259fb171c6c4c5f9ff7b63f28004da4 [term 1 LEADER]: Stepping down as leader of term 1
I20260709 13:18:32.308094 21231 raft_consensus.cc:3060] T c013d17f8a314501b7a0dccce203f25d P 53bff2af3ea44bdd9ca1e1349722ed46 [term 1 FOLLOWER]: Advancing to term 2
I20260709 13:18:32.308257 21307 raft_consensus.cc:740] T c013d17f8a314501b7a0dccce203f25d P 3259fb171c6c4c5f9ff7b63f28004da4 [term 1 LEADER]: Becoming Follower/Learner. State: Replica: 3259fb171c6c4c5f9ff7b63f28004da4, State: Running, Role: LEADER
I20260709 13:18:32.309104 21307 consensus_queue.cc:260] T c013d17f8a314501b7a0dccce203f25d P 3259fb171c6c4c5f9ff7b63f28004da4 [NON_LEADER]: Queue going to NON_LEADER mode. State: All replicated index: 0, Majority replicated index: 1, Committed index: 1, Last appended: 1.1, Last appended by leader: 1, Current term: 1, Majority size: -1, State: 0, Mode: NON_LEADER, active raft config: opid_index: -1 OBSOLETE_local: false peers { permanent_uuid: "d9354ff771034c34883b823b60b8ed48" member_type: VOTER last_known_addr { host: "127.20.15.193" port: 42075 } } peers { permanent_uuid: "53bff2af3ea44bdd9ca1e1349722ed46" member_type: VOTER last_known_addr { host: "127.20.15.194" port: 36097 } } peers { permanent_uuid: "3259fb171c6c4c5f9ff7b63f28004da4" member_type: VOTER last_known_addr { host: "127.20.15.195" port: 36675 } }
I20260709 13:18:32.310202 21307 raft_consensus.cc:3060] T c013d17f8a314501b7a0dccce203f25d P 3259fb171c6c4c5f9ff7b63f28004da4 [term 1 FOLLOWER]: Advancing to term 2
I20260709 13:18:32.316637 21307 raft_consensus.cc:2468] T c013d17f8a314501b7a0dccce203f25d P 3259fb171c6c4c5f9ff7b63f28004da4 [term 2 FOLLOWER]: Leader election vote request: Granting yes vote for candidate d9354ff771034c34883b823b60b8ed48 in term 2.
I20260709 13:18:32.317389 21231 raft_consensus.cc:2468] T c013d17f8a314501b7a0dccce203f25d P 53bff2af3ea44bdd9ca1e1349722ed46 [term 2 FOLLOWER]: Leader election vote request: Granting yes vote for candidate d9354ff771034c34883b823b60b8ed48 in term 2.
I20260709 13:18:32.318439 21124 leader_election.cc:304] T c013d17f8a314501b7a0dccce203f25d P d9354ff771034c34883b823b60b8ed48 [CANDIDATE]: Term 2 election: Election decided. Result: candidate won. Election summary: received 2 responses out of 3 voters: 2 yes votes; 0 no votes. yes voters: 3259fb171c6c4c5f9ff7b63f28004da4, d9354ff771034c34883b823b60b8ed48; no voters: 
I20260709 13:18:32.319609 21400 raft_consensus.cc:2804] T c013d17f8a314501b7a0dccce203f25d P d9354ff771034c34883b823b60b8ed48 [term 2 FOLLOWER]: Leader election won for term 2
I20260709 13:18:32.320156 21400 raft_consensus.cc:697] T c013d17f8a314501b7a0dccce203f25d P d9354ff771034c34883b823b60b8ed48 [term 2 LEADER]: Becoming Leader. State: Replica: d9354ff771034c34883b823b60b8ed48, State: Running, Role: LEADER
I20260709 13:18:32.321035 21400 consensus_queue.cc:237] T c013d17f8a314501b7a0dccce203f25d P d9354ff771034c34883b823b60b8ed48 [LEADER]: Queue going to LEADER mode. State: All replicated index: 0, Majority replicated index: 1, Committed index: 1, Last appended: 1.1, Last appended by leader: 1, Current term: 2, Majority size: 2, State: 0, Mode: LEADER, active raft config: opid_index: -1 OBSOLETE_local: false peers { permanent_uuid: "d9354ff771034c34883b823b60b8ed48" member_type: VOTER last_known_addr { host: "127.20.15.193" port: 42075 } } peers { permanent_uuid: "53bff2af3ea44bdd9ca1e1349722ed46" member_type: VOTER last_known_addr { host: "127.20.15.194" port: 36097 } } peers { permanent_uuid: "3259fb171c6c4c5f9ff7b63f28004da4" member_type: VOTER last_known_addr { host: "127.20.15.195" port: 36675 } }
I20260709 13:18:32.329564 21055 catalog_manager.cc:5697] T c013d17f8a314501b7a0dccce203f25d P d9354ff771034c34883b823b60b8ed48 reported cstate change: term changed from 1 to 2, leader changed from 3259fb171c6c4c5f9ff7b63f28004da4 (127.20.15.195) to d9354ff771034c34883b823b60b8ed48 (127.20.15.193). New cstate: current_term: 2 leader_uuid: "d9354ff771034c34883b823b60b8ed48" committed_config { opid_index: -1 OBSOLETE_local: false peers { permanent_uuid: "d9354ff771034c34883b823b60b8ed48" member_type: VOTER last_known_addr { host: "127.20.15.193" port: 42075 } health_report { overall_health: HEALTHY } } peers { permanent_uuid: "53bff2af3ea44bdd9ca1e1349722ed46" member_type: VOTER last_known_addr { host: "127.20.15.194" port: 36097 } health_report { overall_health: UNKNOWN } } peers { permanent_uuid: "3259fb171c6c4c5f9ff7b63f28004da4" member_type: VOTER last_known_addr { host: "127.20.15.195" port: 36675 } health_report { overall_health: UNKNOWN } } }
I20260709 13:18:32.338783 21387 raft_consensus.cc:993] T 4d2ebd83acb3498e83eb45ed061fb0ed P 53bff2af3ea44bdd9ca1e1349722ed46: : Instructing follower d9354ff771034c34883b823b60b8ed48 to start an election
I20260709 13:18:32.339203 21461 raft_consensus.cc:1081] T 4d2ebd83acb3498e83eb45ed061fb0ed P 53bff2af3ea44bdd9ca1e1349722ed46 [term 1 LEADER]: Signalling peer d9354ff771034c34883b823b60b8ed48 to start an election
I20260709 13:18:32.340708 21158 tablet_service.cc:2044] Received Run Leader Election RPC: tablet_id: "4d2ebd83acb3498e83eb45ed061fb0ed"
dest_uuid: "d9354ff771034c34883b823b60b8ed48"
 from {username='slave'} at 127.0.0.1:46614
I20260709 13:18:32.341171 21158 raft_consensus.cc:493] T 4d2ebd83acb3498e83eb45ed061fb0ed P d9354ff771034c34883b823b60b8ed48 [term 1 FOLLOWER]: Starting forced leader election (received explicit request)
I20260709 13:18:32.341457 21158 raft_consensus.cc:3060] T 4d2ebd83acb3498e83eb45ed061fb0ed P d9354ff771034c34883b823b60b8ed48 [term 1 FOLLOWER]: Advancing to term 2
I20260709 13:18:32.346078 21158 raft_consensus.cc:515] T 4d2ebd83acb3498e83eb45ed061fb0ed P d9354ff771034c34883b823b60b8ed48 [term 2 FOLLOWER]: Starting forced leader election with config: opid_index: -1 OBSOLETE_local: false peers { permanent_uuid: "d9354ff771034c34883b823b60b8ed48" member_type: VOTER last_known_addr { host: "127.20.15.193" port: 42075 } } peers { permanent_uuid: "53bff2af3ea44bdd9ca1e1349722ed46" member_type: VOTER last_known_addr { host: "127.20.15.194" port: 36097 } } peers { permanent_uuid: "3259fb171c6c4c5f9ff7b63f28004da4" member_type: VOTER last_known_addr { host: "127.20.15.195" port: 36675 } }
I20260709 13:18:32.348716 21158 leader_election.cc:290] T 4d2ebd83acb3498e83eb45ed061fb0ed P d9354ff771034c34883b823b60b8ed48 [CANDIDATE]: Term 2 election: Requested vote from peers 53bff2af3ea44bdd9ca1e1349722ed46 (127.20.15.194:36097), 3259fb171c6c4c5f9ff7b63f28004da4 (127.20.15.195:36675)
I20260709 13:18:32.349143 21231 tablet_service.cc:1917] Received RequestConsensusVote() RPC: tablet_id: "4d2ebd83acb3498e83eb45ed061fb0ed" candidate_uuid: "d9354ff771034c34883b823b60b8ed48" candidate_term: 2 candidate_status { last_received { term: 1 index: 1 } } ignore_live_leader: true dest_uuid: "53bff2af3ea44bdd9ca1e1349722ed46"
I20260709 13:18:32.349792 21231 raft_consensus.cc:3055] T 4d2ebd83acb3498e83eb45ed061fb0ed P 53bff2af3ea44bdd9ca1e1349722ed46 [term 1 LEADER]: Stepping down as leader of term 1
I20260709 13:18:32.350109 21231 raft_consensus.cc:740] T 4d2ebd83acb3498e83eb45ed061fb0ed P 53bff2af3ea44bdd9ca1e1349722ed46 [term 1 LEADER]: Becoming Follower/Learner. State: Replica: 53bff2af3ea44bdd9ca1e1349722ed46, State: Running, Role: LEADER
I20260709 13:18:32.350162 21307 tablet_service.cc:1917] Received RequestConsensusVote() RPC: tablet_id: "4d2ebd83acb3498e83eb45ed061fb0ed" candidate_uuid: "d9354ff771034c34883b823b60b8ed48" candidate_term: 2 candidate_status { last_received { term: 1 index: 1 } } ignore_live_leader: true dest_uuid: "3259fb171c6c4c5f9ff7b63f28004da4"
I20260709 13:18:32.350632 21307 raft_consensus.cc:3060] T 4d2ebd83acb3498e83eb45ed061fb0ed P 3259fb171c6c4c5f9ff7b63f28004da4 [term 1 FOLLOWER]: Advancing to term 2
I20260709 13:18:32.350996 21231 consensus_queue.cc:260] T 4d2ebd83acb3498e83eb45ed061fb0ed P 53bff2af3ea44bdd9ca1e1349722ed46 [NON_LEADER]: Queue going to NON_LEADER mode. State: All replicated index: 0, Majority replicated index: 1, Committed index: 1, Last appended: 1.1, Last appended by leader: 1, Current term: 1, Majority size: -1, State: 0, Mode: NON_LEADER, active raft config: opid_index: -1 OBSOLETE_local: false peers { permanent_uuid: "d9354ff771034c34883b823b60b8ed48" member_type: VOTER last_known_addr { host: "127.20.15.193" port: 42075 } } peers { permanent_uuid: "53bff2af3ea44bdd9ca1e1349722ed46" member_type: VOTER last_known_addr { host: "127.20.15.194" port: 36097 } } peers { permanent_uuid: "3259fb171c6c4c5f9ff7b63f28004da4" member_type: VOTER last_known_addr { host: "127.20.15.195" port: 36675 } }
I20260709 13:18:32.352296 21231 raft_consensus.cc:3060] T 4d2ebd83acb3498e83eb45ed061fb0ed P 53bff2af3ea44bdd9ca1e1349722ed46 [term 1 FOLLOWER]: Advancing to term 2
I20260709 13:18:32.355966 21307 raft_consensus.cc:2468] T 4d2ebd83acb3498e83eb45ed061fb0ed P 3259fb171c6c4c5f9ff7b63f28004da4 [term 2 FOLLOWER]: Leader election vote request: Granting yes vote for candidate d9354ff771034c34883b823b60b8ed48 in term 2.
I20260709 13:18:32.357219 21124 leader_election.cc:304] T 4d2ebd83acb3498e83eb45ed061fb0ed P d9354ff771034c34883b823b60b8ed48 [CANDIDATE]: Term 2 election: Election decided. Result: candidate won. Election summary: received 2 responses out of 3 voters: 2 yes votes; 0 no votes. yes voters: 3259fb171c6c4c5f9ff7b63f28004da4, d9354ff771034c34883b823b60b8ed48; no voters: 
I20260709 13:18:32.358085 21400 raft_consensus.cc:2804] T 4d2ebd83acb3498e83eb45ed061fb0ed P d9354ff771034c34883b823b60b8ed48 [term 2 FOLLOWER]: Leader election won for term 2
I20260709 13:18:32.358556 21400 raft_consensus.cc:697] T 4d2ebd83acb3498e83eb45ed061fb0ed P d9354ff771034c34883b823b60b8ed48 [term 2 LEADER]: Becoming Leader. State: Replica: d9354ff771034c34883b823b60b8ed48, State: Running, Role: LEADER
I20260709 13:18:32.359432 21400 consensus_queue.cc:237] T 4d2ebd83acb3498e83eb45ed061fb0ed P d9354ff771034c34883b823b60b8ed48 [LEADER]: Queue going to LEADER mode. State: All replicated index: 0, Majority replicated index: 1, Committed index: 1, Last appended: 1.1, Last appended by leader: 1, Current term: 2, Majority size: 2, State: 0, Mode: LEADER, active raft config: opid_index: -1 OBSOLETE_local: false peers { permanent_uuid: "d9354ff771034c34883b823b60b8ed48" member_type: VOTER last_known_addr { host: "127.20.15.193" port: 42075 } } peers { permanent_uuid: "53bff2af3ea44bdd9ca1e1349722ed46" member_type: VOTER last_known_addr { host: "127.20.15.194" port: 36097 } } peers { permanent_uuid: "3259fb171c6c4c5f9ff7b63f28004da4" member_type: VOTER last_known_addr { host: "127.20.15.195" port: 36675 } }
I20260709 13:18:32.360543 21231 raft_consensus.cc:2468] T 4d2ebd83acb3498e83eb45ed061fb0ed P 53bff2af3ea44bdd9ca1e1349722ed46 [term 2 FOLLOWER]: Leader election vote request: Granting yes vote for candidate d9354ff771034c34883b823b60b8ed48 in term 2.
I20260709 13:18:32.366565 21424 raft_consensus.cc:993] T f5c1241722004677bf8c8fd7d949cdbe P d9354ff771034c34883b823b60b8ed48: : Instructing follower 53bff2af3ea44bdd9ca1e1349722ed46 to start an election
I20260709 13:18:32.367100 21424 raft_consensus.cc:1081] T f5c1241722004677bf8c8fd7d949cdbe P d9354ff771034c34883b823b60b8ed48 [term 1 LEADER]: Signalling peer 53bff2af3ea44bdd9ca1e1349722ed46 to start an election
I20260709 13:18:32.368854 21231 tablet_service.cc:2044] Received Run Leader Election RPC: tablet_id: "f5c1241722004677bf8c8fd7d949cdbe"
dest_uuid: "53bff2af3ea44bdd9ca1e1349722ed46"
 from {username='slave'} at 127.0.0.1:46626
I20260709 13:18:32.369374 21231 raft_consensus.cc:493] T f5c1241722004677bf8c8fd7d949cdbe P 53bff2af3ea44bdd9ca1e1349722ed46 [term 1 FOLLOWER]: Starting forced leader election (received explicit request)
I20260709 13:18:32.369663 21231 raft_consensus.cc:3060] T f5c1241722004677bf8c8fd7d949cdbe P 53bff2af3ea44bdd9ca1e1349722ed46 [term 1 FOLLOWER]: Advancing to term 2
I20260709 13:18:32.371045 21055 catalog_manager.cc:5697] T 4d2ebd83acb3498e83eb45ed061fb0ed P d9354ff771034c34883b823b60b8ed48 reported cstate change: term changed from 1 to 2, leader changed from 53bff2af3ea44bdd9ca1e1349722ed46 (127.20.15.194) to d9354ff771034c34883b823b60b8ed48 (127.20.15.193). New cstate: current_term: 2 leader_uuid: "d9354ff771034c34883b823b60b8ed48" committed_config { opid_index: -1 OBSOLETE_local: false peers { permanent_uuid: "d9354ff771034c34883b823b60b8ed48" member_type: VOTER last_known_addr { host: "127.20.15.193" port: 42075 } health_report { overall_health: HEALTHY } } peers { permanent_uuid: "53bff2af3ea44bdd9ca1e1349722ed46" member_type: VOTER last_known_addr { host: "127.20.15.194" port: 36097 } health_report { overall_health: UNKNOWN } } peers { permanent_uuid: "3259fb171c6c4c5f9ff7b63f28004da4" member_type: VOTER last_known_addr { host: "127.20.15.195" port: 36675 } health_report { overall_health: UNKNOWN } } }
I20260709 13:18:32.374336 21231 raft_consensus.cc:515] T f5c1241722004677bf8c8fd7d949cdbe P 53bff2af3ea44bdd9ca1e1349722ed46 [term 2 FOLLOWER]: Starting forced leader election with config: opid_index: -1 OBSOLETE_local: false peers { permanent_uuid: "d9354ff771034c34883b823b60b8ed48" member_type: VOTER last_known_addr { host: "127.20.15.193" port: 42075 } } peers { permanent_uuid: "53bff2af3ea44bdd9ca1e1349722ed46" member_type: VOTER last_known_addr { host: "127.20.15.194" port: 36097 } } peers { permanent_uuid: "3259fb171c6c4c5f9ff7b63f28004da4" member_type: VOTER last_known_addr { host: "127.20.15.195" port: 36675 } }
I20260709 13:18:32.376492 21231 leader_election.cc:290] T f5c1241722004677bf8c8fd7d949cdbe P 53bff2af3ea44bdd9ca1e1349722ed46 [CANDIDATE]: Term 2 election: Requested vote from peers d9354ff771034c34883b823b60b8ed48 (127.20.15.193:42075), 3259fb171c6c4c5f9ff7b63f28004da4 (127.20.15.195:36675)
I20260709 13:18:32.377688 21158 tablet_service.cc:1917] Received RequestConsensusVote() RPC: tablet_id: "f5c1241722004677bf8c8fd7d949cdbe" candidate_uuid: "53bff2af3ea44bdd9ca1e1349722ed46" candidate_term: 2 candidate_status { last_received { term: 1 index: 1 } } ignore_live_leader: true dest_uuid: "d9354ff771034c34883b823b60b8ed48"
I20260709 13:18:32.377867 21307 tablet_service.cc:1917] Received RequestConsensusVote() RPC: tablet_id: "f5c1241722004677bf8c8fd7d949cdbe" candidate_uuid: "53bff2af3ea44bdd9ca1e1349722ed46" candidate_term: 2 candidate_status { last_received { term: 1 index: 1 } } ignore_live_leader: true dest_uuid: "3259fb171c6c4c5f9ff7b63f28004da4"
I20260709 13:18:32.378347 21307 raft_consensus.cc:3060] T f5c1241722004677bf8c8fd7d949cdbe P 3259fb171c6c4c5f9ff7b63f28004da4 [term 1 FOLLOWER]: Advancing to term 2
I20260709 13:18:32.378304 21158 raft_consensus.cc:3055] T f5c1241722004677bf8c8fd7d949cdbe P d9354ff771034c34883b823b60b8ed48 [term 1 LEADER]: Stepping down as leader of term 1
I20260709 13:18:32.379201 21158 raft_consensus.cc:740] T f5c1241722004677bf8c8fd7d949cdbe P d9354ff771034c34883b823b60b8ed48 [term 1 LEADER]: Becoming Follower/Learner. State: Replica: d9354ff771034c34883b823b60b8ed48, State: Running, Role: LEADER
I20260709 13:18:32.380019 21158 consensus_queue.cc:260] T f5c1241722004677bf8c8fd7d949cdbe P d9354ff771034c34883b823b60b8ed48 [NON_LEADER]: Queue going to NON_LEADER mode. State: All replicated index: 0, Majority replicated index: 1, Committed index: 1, Last appended: 1.1, Last appended by leader: 1, Current term: 1, Majority size: -1, State: 0, Mode: NON_LEADER, active raft config: opid_index: -1 OBSOLETE_local: false peers { permanent_uuid: "d9354ff771034c34883b823b60b8ed48" member_type: VOTER last_known_addr { host: "127.20.15.193" port: 42075 } } peers { permanent_uuid: "53bff2af3ea44bdd9ca1e1349722ed46" member_type: VOTER last_known_addr { host: "127.20.15.194" port: 36097 } } peers { permanent_uuid: "3259fb171c6c4c5f9ff7b63f28004da4" member_type: VOTER last_known_addr { host: "127.20.15.195" port: 36675 } }
I20260709 13:18:32.381242 21158 raft_consensus.cc:3060] T f5c1241722004677bf8c8fd7d949cdbe P d9354ff771034c34883b823b60b8ed48 [term 1 FOLLOWER]: Advancing to term 2
I20260709 13:18:32.385166 21307 raft_consensus.cc:2468] T f5c1241722004677bf8c8fd7d949cdbe P 3259fb171c6c4c5f9ff7b63f28004da4 [term 2 FOLLOWER]: Leader election vote request: Granting yes vote for candidate 53bff2af3ea44bdd9ca1e1349722ed46 in term 2.
I20260709 13:18:32.386346 21199 leader_election.cc:304] T f5c1241722004677bf8c8fd7d949cdbe P 53bff2af3ea44bdd9ca1e1349722ed46 [CANDIDATE]: Term 2 election: Election decided. Result: candidate won. Election summary: received 2 responses out of 3 voters: 2 yes votes; 0 no votes. yes voters: 3259fb171c6c4c5f9ff7b63f28004da4, 53bff2af3ea44bdd9ca1e1349722ed46; no voters: 
I20260709 13:18:32.387164 21461 raft_consensus.cc:2804] T f5c1241722004677bf8c8fd7d949cdbe P 53bff2af3ea44bdd9ca1e1349722ed46 [term 2 FOLLOWER]: Leader election won for term 2
I20260709 13:18:32.387634 21461 raft_consensus.cc:697] T f5c1241722004677bf8c8fd7d949cdbe P 53bff2af3ea44bdd9ca1e1349722ed46 [term 2 LEADER]: Becoming Leader. State: Replica: 53bff2af3ea44bdd9ca1e1349722ed46, State: Running, Role: LEADER
I20260709 13:18:32.387660 21158 raft_consensus.cc:2468] T f5c1241722004677bf8c8fd7d949cdbe P d9354ff771034c34883b823b60b8ed48 [term 2 FOLLOWER]: Leader election vote request: Granting yes vote for candidate 53bff2af3ea44bdd9ca1e1349722ed46 in term 2.
I20260709 13:18:32.388566 21461 consensus_queue.cc:237] T f5c1241722004677bf8c8fd7d949cdbe P 53bff2af3ea44bdd9ca1e1349722ed46 [LEADER]: Queue going to LEADER mode. State: All replicated index: 0, Majority replicated index: 1, Committed index: 1, Last appended: 1.1, Last appended by leader: 1, Current term: 2, Majority size: 2, State: 0, Mode: LEADER, active raft config: opid_index: -1 OBSOLETE_local: false peers { permanent_uuid: "d9354ff771034c34883b823b60b8ed48" member_type: VOTER last_known_addr { host: "127.20.15.193" port: 42075 } } peers { permanent_uuid: "53bff2af3ea44bdd9ca1e1349722ed46" member_type: VOTER last_known_addr { host: "127.20.15.194" port: 36097 } } peers { permanent_uuid: "3259fb171c6c4c5f9ff7b63f28004da4" member_type: VOTER last_known_addr { host: "127.20.15.195" port: 36675 } }
I20260709 13:18:32.395649 21055 catalog_manager.cc:5697] T f5c1241722004677bf8c8fd7d949cdbe P 53bff2af3ea44bdd9ca1e1349722ed46 reported cstate change: term changed from 1 to 2, leader changed from d9354ff771034c34883b823b60b8ed48 (127.20.15.193) to 53bff2af3ea44bdd9ca1e1349722ed46 (127.20.15.194). New cstate: current_term: 2 leader_uuid: "53bff2af3ea44bdd9ca1e1349722ed46" committed_config { opid_index: -1 OBSOLETE_local: false peers { permanent_uuid: "d9354ff771034c34883b823b60b8ed48" member_type: VOTER last_known_addr { host: "127.20.15.193" port: 42075 } health_report { overall_health: UNKNOWN } } peers { permanent_uuid: "53bff2af3ea44bdd9ca1e1349722ed46" member_type: VOTER last_known_addr { host: "127.20.15.194" port: 36097 } health_report { overall_health: HEALTHY } } peers { permanent_uuid: "3259fb171c6c4c5f9ff7b63f28004da4" member_type: VOTER last_known_addr { host: "127.20.15.195" port: 36675 } health_report { overall_health: UNKNOWN } } }
I20260709 13:18:32.410416 21423 raft_consensus.cc:993] T 21071bd938b146f2aa3851306ab0fcac P 3259fb171c6c4c5f9ff7b63f28004da4: : Instructing follower 53bff2af3ea44bdd9ca1e1349722ed46 to start an election
I20260709 13:18:32.410897 21449 raft_consensus.cc:1081] T 21071bd938b146f2aa3851306ab0fcac P 3259fb171c6c4c5f9ff7b63f28004da4 [term 1 LEADER]: Signalling peer 53bff2af3ea44bdd9ca1e1349722ed46 to start an election
I20260709 13:18:32.412529 21231 tablet_service.cc:2044] Received Run Leader Election RPC: tablet_id: "21071bd938b146f2aa3851306ab0fcac"
dest_uuid: "53bff2af3ea44bdd9ca1e1349722ed46"
 from {username='slave'} at 127.0.0.1:46618
I20260709 13:18:32.413054 21231 raft_consensus.cc:493] T 21071bd938b146f2aa3851306ab0fcac P 53bff2af3ea44bdd9ca1e1349722ed46 [term 1 FOLLOWER]: Starting forced leader election (received explicit request)
I20260709 13:18:32.413395 21231 raft_consensus.cc:3060] T 21071bd938b146f2aa3851306ab0fcac P 53bff2af3ea44bdd9ca1e1349722ed46 [term 1 FOLLOWER]: Advancing to term 2
I20260709 13:18:32.418468 21231 raft_consensus.cc:515] T 21071bd938b146f2aa3851306ab0fcac P 53bff2af3ea44bdd9ca1e1349722ed46 [term 2 FOLLOWER]: Starting forced leader election with config: opid_index: -1 OBSOLETE_local: false peers { permanent_uuid: "d9354ff771034c34883b823b60b8ed48" member_type: VOTER last_known_addr { host: "127.20.15.193" port: 42075 } } peers { permanent_uuid: "53bff2af3ea44bdd9ca1e1349722ed46" member_type: VOTER last_known_addr { host: "127.20.15.194" port: 36097 } } peers { permanent_uuid: "3259fb171c6c4c5f9ff7b63f28004da4" member_type: VOTER last_known_addr { host: "127.20.15.195" port: 36675 } }
I20260709 13:18:32.420130 21231 leader_election.cc:290] T 21071bd938b146f2aa3851306ab0fcac P 53bff2af3ea44bdd9ca1e1349722ed46 [CANDIDATE]: Term 2 election: Requested vote from peers d9354ff771034c34883b823b60b8ed48 (127.20.15.193:42075), 3259fb171c6c4c5f9ff7b63f28004da4 (127.20.15.195:36675)
I20260709 13:18:32.421085 21158 tablet_service.cc:1917] Received RequestConsensusVote() RPC: tablet_id: "21071bd938b146f2aa3851306ab0fcac" candidate_uuid: "53bff2af3ea44bdd9ca1e1349722ed46" candidate_term: 2 candidate_status { last_received { term: 1 index: 1 } } ignore_live_leader: true dest_uuid: "d9354ff771034c34883b823b60b8ed48"
I20260709 13:18:32.421298 21307 tablet_service.cc:1917] Received RequestConsensusVote() RPC: tablet_id: "21071bd938b146f2aa3851306ab0fcac" candidate_uuid: "53bff2af3ea44bdd9ca1e1349722ed46" candidate_term: 2 candidate_status { last_received { term: 1 index: 1 } } ignore_live_leader: true dest_uuid: "3259fb171c6c4c5f9ff7b63f28004da4"
I20260709 13:18:32.421666 21158 raft_consensus.cc:3060] T 21071bd938b146f2aa3851306ab0fcac P d9354ff771034c34883b823b60b8ed48 [term 1 FOLLOWER]: Advancing to term 2
I20260709 13:18:32.421916 21307 raft_consensus.cc:3055] T 21071bd938b146f2aa3851306ab0fcac P 3259fb171c6c4c5f9ff7b63f28004da4 [term 1 LEADER]: Stepping down as leader of term 1
I20260709 13:18:32.422286 21307 raft_consensus.cc:740] T 21071bd938b146f2aa3851306ab0fcac P 3259fb171c6c4c5f9ff7b63f28004da4 [term 1 LEADER]: Becoming Follower/Learner. State: Replica: 3259fb171c6c4c5f9ff7b63f28004da4, State: Running, Role: LEADER
I20260709 13:18:32.423082 21307 consensus_queue.cc:260] T 21071bd938b146f2aa3851306ab0fcac P 3259fb171c6c4c5f9ff7b63f28004da4 [NON_LEADER]: Queue going to NON_LEADER mode. State: All replicated index: 0, Majority replicated index: 1, Committed index: 1, Last appended: 1.1, Last appended by leader: 1, Current term: 1, Majority size: -1, State: 0, Mode: NON_LEADER, active raft config: opid_index: -1 OBSOLETE_local: false peers { permanent_uuid: "d9354ff771034c34883b823b60b8ed48" member_type: VOTER last_known_addr { host: "127.20.15.193" port: 42075 } } peers { permanent_uuid: "53bff2af3ea44bdd9ca1e1349722ed46" member_type: VOTER last_known_addr { host: "127.20.15.194" port: 36097 } } peers { permanent_uuid: "3259fb171c6c4c5f9ff7b63f28004da4" member_type: VOTER last_known_addr { host: "127.20.15.195" port: 36675 } }
I20260709 13:18:32.424273 21307 raft_consensus.cc:3060] T 21071bd938b146f2aa3851306ab0fcac P 3259fb171c6c4c5f9ff7b63f28004da4 [term 1 FOLLOWER]: Advancing to term 2
I20260709 13:18:32.426821 21158 raft_consensus.cc:2468] T 21071bd938b146f2aa3851306ab0fcac P d9354ff771034c34883b823b60b8ed48 [term 2 FOLLOWER]: Leader election vote request: Granting yes vote for candidate 53bff2af3ea44bdd9ca1e1349722ed46 in term 2.
I20260709 13:18:32.427911 21198 leader_election.cc:304] T 21071bd938b146f2aa3851306ab0fcac P 53bff2af3ea44bdd9ca1e1349722ed46 [CANDIDATE]: Term 2 election: Election decided. Result: candidate won. Election summary: received 2 responses out of 3 voters: 2 yes votes; 0 no votes. yes voters: 53bff2af3ea44bdd9ca1e1349722ed46, d9354ff771034c34883b823b60b8ed48; no voters: 
I20260709 13:18:32.428561 21461 raft_consensus.cc:2804] T 21071bd938b146f2aa3851306ab0fcac P 53bff2af3ea44bdd9ca1e1349722ed46 [term 2 FOLLOWER]: Leader election won for term 2
I20260709 13:18:32.428943 21461 raft_consensus.cc:697] T 21071bd938b146f2aa3851306ab0fcac P 53bff2af3ea44bdd9ca1e1349722ed46 [term 2 LEADER]: Becoming Leader. State: Replica: 53bff2af3ea44bdd9ca1e1349722ed46, State: Running, Role: LEADER
I20260709 13:18:32.429986 21461 consensus_queue.cc:237] T 21071bd938b146f2aa3851306ab0fcac P 53bff2af3ea44bdd9ca1e1349722ed46 [LEADER]: Queue going to LEADER mode. State: All replicated index: 0, Majority replicated index: 1, Committed index: 1, Last appended: 1.1, Last appended by leader: 1, Current term: 2, Majority size: 2, State: 0, Mode: LEADER, active raft config: opid_index: -1 OBSOLETE_local: false peers { permanent_uuid: "d9354ff771034c34883b823b60b8ed48" member_type: VOTER last_known_addr { host: "127.20.15.193" port: 42075 } } peers { permanent_uuid: "53bff2af3ea44bdd9ca1e1349722ed46" member_type: VOTER last_known_addr { host: "127.20.15.194" port: 36097 } } peers { permanent_uuid: "3259fb171c6c4c5f9ff7b63f28004da4" member_type: VOTER last_known_addr { host: "127.20.15.195" port: 36675 } }
I20260709 13:18:32.431107 21307 raft_consensus.cc:2468] T 21071bd938b146f2aa3851306ab0fcac P 3259fb171c6c4c5f9ff7b63f28004da4 [term 2 FOLLOWER]: Leader election vote request: Granting yes vote for candidate 53bff2af3ea44bdd9ca1e1349722ed46 in term 2.
I20260709 13:18:32.436314 21055 catalog_manager.cc:5697] T 21071bd938b146f2aa3851306ab0fcac P 53bff2af3ea44bdd9ca1e1349722ed46 reported cstate change: term changed from 1 to 2, leader changed from 3259fb171c6c4c5f9ff7b63f28004da4 (127.20.15.195) to 53bff2af3ea44bdd9ca1e1349722ed46 (127.20.15.194). New cstate: current_term: 2 leader_uuid: "53bff2af3ea44bdd9ca1e1349722ed46" committed_config { opid_index: -1 OBSOLETE_local: false peers { permanent_uuid: "d9354ff771034c34883b823b60b8ed48" member_type: VOTER last_known_addr { host: "127.20.15.193" port: 42075 } health_report { overall_health: UNKNOWN } } peers { permanent_uuid: "53bff2af3ea44bdd9ca1e1349722ed46" member_type: VOTER last_known_addr { host: "127.20.15.194" port: 36097 } health_report { overall_health: HEALTHY } } peers { permanent_uuid: "3259fb171c6c4c5f9ff7b63f28004da4" member_type: VOTER last_known_addr { host: "127.20.15.195" port: 36675 } health_report { overall_health: UNKNOWN } } }
I20260709 13:18:32.517091 21424 raft_consensus.cc:993] T 72b8f7a984fe4eedbe96ebfa7f8f805e P d9354ff771034c34883b823b60b8ed48: : Instructing follower 53bff2af3ea44bdd9ca1e1349722ed46 to start an election
I20260709 13:18:32.517568 21400 raft_consensus.cc:1081] T 72b8f7a984fe4eedbe96ebfa7f8f805e P d9354ff771034c34883b823b60b8ed48 [term 1 LEADER]: Signalling peer 53bff2af3ea44bdd9ca1e1349722ed46 to start an election
I20260709 13:18:32.519093 21231 tablet_service.cc:2044] Received Run Leader Election RPC: tablet_id: "72b8f7a984fe4eedbe96ebfa7f8f805e"
dest_uuid: "53bff2af3ea44bdd9ca1e1349722ed46"
 from {username='slave'} at 127.0.0.1:46626
I20260709 13:18:32.519685 21231 raft_consensus.cc:493] T 72b8f7a984fe4eedbe96ebfa7f8f805e P 53bff2af3ea44bdd9ca1e1349722ed46 [term 1 FOLLOWER]: Starting forced leader election (received explicit request)
I20260709 13:18:32.520061 21231 raft_consensus.cc:3060] T 72b8f7a984fe4eedbe96ebfa7f8f805e P 53bff2af3ea44bdd9ca1e1349722ed46 [term 1 FOLLOWER]: Advancing to term 2
I20260709 13:18:32.527060 21231 raft_consensus.cc:515] T 72b8f7a984fe4eedbe96ebfa7f8f805e P 53bff2af3ea44bdd9ca1e1349722ed46 [term 2 FOLLOWER]: Starting forced leader election with config: opid_index: -1 OBSOLETE_local: false peers { permanent_uuid: "d9354ff771034c34883b823b60b8ed48" member_type: VOTER last_known_addr { host: "127.20.15.193" port: 42075 } } peers { permanent_uuid: "53bff2af3ea44bdd9ca1e1349722ed46" member_type: VOTER last_known_addr { host: "127.20.15.194" port: 36097 } } peers { permanent_uuid: "3259fb171c6c4c5f9ff7b63f28004da4" member_type: VOTER last_known_addr { host: "127.20.15.195" port: 36675 } }
I20260709 13:18:32.529644 21231 leader_election.cc:290] T 72b8f7a984fe4eedbe96ebfa7f8f805e P 53bff2af3ea44bdd9ca1e1349722ed46 [CANDIDATE]: Term 2 election: Requested vote from peers d9354ff771034c34883b823b60b8ed48 (127.20.15.193:42075), 3259fb171c6c4c5f9ff7b63f28004da4 (127.20.15.195:36675)
I20260709 13:18:32.529937 21158 tablet_service.cc:1917] Received RequestConsensusVote() RPC: tablet_id: "72b8f7a984fe4eedbe96ebfa7f8f805e" candidate_uuid: "53bff2af3ea44bdd9ca1e1349722ed46" candidate_term: 2 candidate_status { last_received { term: 1 index: 1 } } ignore_live_leader: true dest_uuid: "d9354ff771034c34883b823b60b8ed48"
I20260709 13:18:32.530201 21307 tablet_service.cc:1917] Received RequestConsensusVote() RPC: tablet_id: "72b8f7a984fe4eedbe96ebfa7f8f805e" candidate_uuid: "53bff2af3ea44bdd9ca1e1349722ed46" candidate_term: 2 candidate_status { last_received { term: 1 index: 1 } } ignore_live_leader: true dest_uuid: "3259fb171c6c4c5f9ff7b63f28004da4"
I20260709 13:18:32.530846 21307 raft_consensus.cc:3060] T 72b8f7a984fe4eedbe96ebfa7f8f805e P 3259fb171c6c4c5f9ff7b63f28004da4 [term 1 FOLLOWER]: Advancing to term 2
I20260709 13:18:32.530841 21158 raft_consensus.cc:3055] T 72b8f7a984fe4eedbe96ebfa7f8f805e P d9354ff771034c34883b823b60b8ed48 [term 1 LEADER]: Stepping down as leader of term 1
I20260709 13:18:32.531432 21158 raft_consensus.cc:740] T 72b8f7a984fe4eedbe96ebfa7f8f805e P d9354ff771034c34883b823b60b8ed48 [term 1 LEADER]: Becoming Follower/Learner. State: Replica: d9354ff771034c34883b823b60b8ed48, State: Running, Role: LEADER
I20260709 13:18:32.532250 21158 consensus_queue.cc:260] T 72b8f7a984fe4eedbe96ebfa7f8f805e P d9354ff771034c34883b823b60b8ed48 [NON_LEADER]: Queue going to NON_LEADER mode. State: All replicated index: 0, Majority replicated index: 1, Committed index: 1, Last appended: 1.1, Last appended by leader: 1, Current term: 1, Majority size: -1, State: 0, Mode: NON_LEADER, active raft config: opid_index: -1 OBSOLETE_local: false peers { permanent_uuid: "d9354ff771034c34883b823b60b8ed48" member_type: VOTER last_known_addr { host: "127.20.15.193" port: 42075 } } peers { permanent_uuid: "53bff2af3ea44bdd9ca1e1349722ed46" member_type: VOTER last_known_addr { host: "127.20.15.194" port: 36097 } } peers { permanent_uuid: "3259fb171c6c4c5f9ff7b63f28004da4" member_type: VOTER last_known_addr { host: "127.20.15.195" port: 36675 } }
I20260709 13:18:32.533476 21158 raft_consensus.cc:3060] T 72b8f7a984fe4eedbe96ebfa7f8f805e P d9354ff771034c34883b823b60b8ed48 [term 1 FOLLOWER]: Advancing to term 2
I20260709 13:18:32.538007 21307 raft_consensus.cc:2468] T 72b8f7a984fe4eedbe96ebfa7f8f805e P 3259fb171c6c4c5f9ff7b63f28004da4 [term 2 FOLLOWER]: Leader election vote request: Granting yes vote for candidate 53bff2af3ea44bdd9ca1e1349722ed46 in term 2.
I20260709 13:18:32.539261 21199 leader_election.cc:304] T 72b8f7a984fe4eedbe96ebfa7f8f805e P 53bff2af3ea44bdd9ca1e1349722ed46 [CANDIDATE]: Term 2 election: Election decided. Result: candidate won. Election summary: received 2 responses out of 3 voters: 2 yes votes; 0 no votes. yes voters: 3259fb171c6c4c5f9ff7b63f28004da4, 53bff2af3ea44bdd9ca1e1349722ed46; no voters: 
I20260709 13:18:32.539996 21158 raft_consensus.cc:2468] T 72b8f7a984fe4eedbe96ebfa7f8f805e P d9354ff771034c34883b823b60b8ed48 [term 2 FOLLOWER]: Leader election vote request: Granting yes vote for candidate 53bff2af3ea44bdd9ca1e1349722ed46 in term 2.
I20260709 13:18:32.540113 21461 raft_consensus.cc:2804] T 72b8f7a984fe4eedbe96ebfa7f8f805e P 53bff2af3ea44bdd9ca1e1349722ed46 [term 2 FOLLOWER]: Leader election won for term 2
I20260709 13:18:32.540699 21461 raft_consensus.cc:697] T 72b8f7a984fe4eedbe96ebfa7f8f805e P 53bff2af3ea44bdd9ca1e1349722ed46 [term 2 LEADER]: Becoming Leader. State: Replica: 53bff2af3ea44bdd9ca1e1349722ed46, State: Running, Role: LEADER
I20260709 13:18:32.541523 21461 consensus_queue.cc:237] T 72b8f7a984fe4eedbe96ebfa7f8f805e P 53bff2af3ea44bdd9ca1e1349722ed46 [LEADER]: Queue going to LEADER mode. State: All replicated index: 0, Majority replicated index: 1, Committed index: 1, Last appended: 1.1, Last appended by leader: 1, Current term: 2, Majority size: 2, State: 0, Mode: LEADER, active raft config: opid_index: -1 OBSOLETE_local: false peers { permanent_uuid: "d9354ff771034c34883b823b60b8ed48" member_type: VOTER last_known_addr { host: "127.20.15.193" port: 42075 } } peers { permanent_uuid: "53bff2af3ea44bdd9ca1e1349722ed46" member_type: VOTER last_known_addr { host: "127.20.15.194" port: 36097 } } peers { permanent_uuid: "3259fb171c6c4c5f9ff7b63f28004da4" member_type: VOTER last_known_addr { host: "127.20.15.195" port: 36675 } }
I20260709 13:18:32.549291 21055 catalog_manager.cc:5697] T 72b8f7a984fe4eedbe96ebfa7f8f805e P 53bff2af3ea44bdd9ca1e1349722ed46 reported cstate change: term changed from 1 to 2, leader changed from d9354ff771034c34883b823b60b8ed48 (127.20.15.193) to 53bff2af3ea44bdd9ca1e1349722ed46 (127.20.15.194). New cstate: current_term: 2 leader_uuid: "53bff2af3ea44bdd9ca1e1349722ed46" committed_config { opid_index: -1 OBSOLETE_local: false peers { permanent_uuid: "d9354ff771034c34883b823b60b8ed48" member_type: VOTER last_known_addr { host: "127.20.15.193" port: 42075 } health_report { overall_health: UNKNOWN } } peers { permanent_uuid: "53bff2af3ea44bdd9ca1e1349722ed46" member_type: VOTER last_known_addr { host: "127.20.15.194" port: 36097 } health_report { overall_health: HEALTHY } } peers { permanent_uuid: "3259fb171c6c4c5f9ff7b63f28004da4" member_type: VOTER last_known_addr { host: "127.20.15.195" port: 36675 } health_report { overall_health: UNKNOWN } } }
I20260709 13:18:32.684794 21423 raft_consensus.cc:993] T 7d989cab1e8c4d178d21d32516ab831d P 3259fb171c6c4c5f9ff7b63f28004da4: : Instructing follower d9354ff771034c34883b823b60b8ed48 to start an election
I20260709 13:18:32.685281 21449 raft_consensus.cc:1081] T 7d989cab1e8c4d178d21d32516ab831d P 3259fb171c6c4c5f9ff7b63f28004da4 [term 1 LEADER]: Signalling peer d9354ff771034c34883b823b60b8ed48 to start an election
I20260709 13:18:32.686910 21158 tablet_service.cc:2044] Received Run Leader Election RPC: tablet_id: "7d989cab1e8c4d178d21d32516ab831d"
dest_uuid: "d9354ff771034c34883b823b60b8ed48"
 from {username='slave'} at 127.0.0.1:46604
I20260709 13:18:32.687512 21158 raft_consensus.cc:493] T 7d989cab1e8c4d178d21d32516ab831d P d9354ff771034c34883b823b60b8ed48 [term 1 FOLLOWER]: Starting forced leader election (received explicit request)
I20260709 13:18:32.687891 21158 raft_consensus.cc:3060] T 7d989cab1e8c4d178d21d32516ab831d P d9354ff771034c34883b823b60b8ed48 [term 1 FOLLOWER]: Advancing to term 2
I20260709 13:18:32.694792 21158 raft_consensus.cc:515] T 7d989cab1e8c4d178d21d32516ab831d P d9354ff771034c34883b823b60b8ed48 [term 2 FOLLOWER]: Starting forced leader election with config: opid_index: -1 OBSOLETE_local: false peers { permanent_uuid: "d9354ff771034c34883b823b60b8ed48" member_type: VOTER last_known_addr { host: "127.20.15.193" port: 42075 } } peers { permanent_uuid: "3259fb171c6c4c5f9ff7b63f28004da4" member_type: VOTER last_known_addr { host: "127.20.15.195" port: 36675 } } peers { permanent_uuid: "53bff2af3ea44bdd9ca1e1349722ed46" member_type: VOTER last_known_addr { host: "127.20.15.194" port: 36097 } }
I20260709 13:18:32.697008 21158 leader_election.cc:290] T 7d989cab1e8c4d178d21d32516ab831d P d9354ff771034c34883b823b60b8ed48 [CANDIDATE]: Term 2 election: Requested vote from peers 3259fb171c6c4c5f9ff7b63f28004da4 (127.20.15.195:36675), 53bff2af3ea44bdd9ca1e1349722ed46 (127.20.15.194:36097)
I20260709 13:18:32.698024 21231 tablet_service.cc:1917] Received RequestConsensusVote() RPC: tablet_id: "7d989cab1e8c4d178d21d32516ab831d" candidate_uuid: "d9354ff771034c34883b823b60b8ed48" candidate_term: 2 candidate_status { last_received { term: 1 index: 1 } } ignore_live_leader: true dest_uuid: "53bff2af3ea44bdd9ca1e1349722ed46"
I20260709 13:18:32.698195 21307 tablet_service.cc:1917] Received RequestConsensusVote() RPC: tablet_id: "7d989cab1e8c4d178d21d32516ab831d" candidate_uuid: "d9354ff771034c34883b823b60b8ed48" candidate_term: 2 candidate_status { last_received { term: 1 index: 1 } } ignore_live_leader: true dest_uuid: "3259fb171c6c4c5f9ff7b63f28004da4"
I20260709 13:18:32.698653 21231 raft_consensus.cc:3060] T 7d989cab1e8c4d178d21d32516ab831d P 53bff2af3ea44bdd9ca1e1349722ed46 [term 1 FOLLOWER]: Advancing to term 2
I20260709 13:18:32.698719 21307 raft_consensus.cc:3055] T 7d989cab1e8c4d178d21d32516ab831d P 3259fb171c6c4c5f9ff7b63f28004da4 [term 1 LEADER]: Stepping down as leader of term 1
I20260709 13:18:32.699149 21307 raft_consensus.cc:740] T 7d989cab1e8c4d178d21d32516ab831d P 3259fb171c6c4c5f9ff7b63f28004da4 [term 1 LEADER]: Becoming Follower/Learner. State: Replica: 3259fb171c6c4c5f9ff7b63f28004da4, State: Running, Role: LEADER
I20260709 13:18:32.699926 21307 consensus_queue.cc:260] T 7d989cab1e8c4d178d21d32516ab831d P 3259fb171c6c4c5f9ff7b63f28004da4 [NON_LEADER]: Queue going to NON_LEADER mode. State: All replicated index: 0, Majority replicated index: 1, Committed index: 1, Last appended: 1.1, Last appended by leader: 1, Current term: 1, Majority size: -1, State: 0, Mode: NON_LEADER, active raft config: opid_index: -1 OBSOLETE_local: false peers { permanent_uuid: "d9354ff771034c34883b823b60b8ed48" member_type: VOTER last_known_addr { host: "127.20.15.193" port: 42075 } } peers { permanent_uuid: "3259fb171c6c4c5f9ff7b63f28004da4" member_type: VOTER last_known_addr { host: "127.20.15.195" port: 36675 } } peers { permanent_uuid: "53bff2af3ea44bdd9ca1e1349722ed46" member_type: VOTER last_known_addr { host: "127.20.15.194" port: 36097 } }
I20260709 13:18:32.701786 21307 raft_consensus.cc:3060] T 7d989cab1e8c4d178d21d32516ab831d P 3259fb171c6c4c5f9ff7b63f28004da4 [term 1 FOLLOWER]: Advancing to term 2
I20260709 13:18:32.705580 21231 raft_consensus.cc:2468] T 7d989cab1e8c4d178d21d32516ab831d P 53bff2af3ea44bdd9ca1e1349722ed46 [term 2 FOLLOWER]: Leader election vote request: Granting yes vote for candidate d9354ff771034c34883b823b60b8ed48 in term 2.
I20260709 13:18:32.706777 21121 leader_election.cc:304] T 7d989cab1e8c4d178d21d32516ab831d P d9354ff771034c34883b823b60b8ed48 [CANDIDATE]: Term 2 election: Election decided. Result: candidate won. Election summary: received 2 responses out of 3 voters: 2 yes votes; 0 no votes. yes voters: 53bff2af3ea44bdd9ca1e1349722ed46, d9354ff771034c34883b823b60b8ed48; no voters: 
I20260709 13:18:32.707623 21400 raft_consensus.cc:2804] T 7d989cab1e8c4d178d21d32516ab831d P d9354ff771034c34883b823b60b8ed48 [term 2 FOLLOWER]: Leader election won for term 2
I20260709 13:18:32.707779 21307 raft_consensus.cc:2468] T 7d989cab1e8c4d178d21d32516ab831d P 3259fb171c6c4c5f9ff7b63f28004da4 [term 2 FOLLOWER]: Leader election vote request: Granting yes vote for candidate d9354ff771034c34883b823b60b8ed48 in term 2.
I20260709 13:18:32.708132 21400 raft_consensus.cc:697] T 7d989cab1e8c4d178d21d32516ab831d P d9354ff771034c34883b823b60b8ed48 [term 2 LEADER]: Becoming Leader. State: Replica: d9354ff771034c34883b823b60b8ed48, State: Running, Role: LEADER
I20260709 13:18:32.708988 21400 consensus_queue.cc:237] T 7d989cab1e8c4d178d21d32516ab831d P d9354ff771034c34883b823b60b8ed48 [LEADER]: Queue going to LEADER mode. State: All replicated index: 0, Majority replicated index: 1, Committed index: 1, Last appended: 1.1, Last appended by leader: 1, Current term: 2, Majority size: 2, State: 0, Mode: LEADER, active raft config: opid_index: -1 OBSOLETE_local: false peers { permanent_uuid: "d9354ff771034c34883b823b60b8ed48" member_type: VOTER last_known_addr { host: "127.20.15.193" port: 42075 } } peers { permanent_uuid: "3259fb171c6c4c5f9ff7b63f28004da4" member_type: VOTER last_known_addr { host: "127.20.15.195" port: 36675 } } peers { permanent_uuid: "53bff2af3ea44bdd9ca1e1349722ed46" member_type: VOTER last_known_addr { host: "127.20.15.194" port: 36097 } }
I20260709 13:18:32.715925 21055 catalog_manager.cc:5697] T 7d989cab1e8c4d178d21d32516ab831d P d9354ff771034c34883b823b60b8ed48 reported cstate change: term changed from 1 to 2, leader changed from 3259fb171c6c4c5f9ff7b63f28004da4 (127.20.15.195) to d9354ff771034c34883b823b60b8ed48 (127.20.15.193). New cstate: current_term: 2 leader_uuid: "d9354ff771034c34883b823b60b8ed48" committed_config { opid_index: -1 OBSOLETE_local: false peers { permanent_uuid: "d9354ff771034c34883b823b60b8ed48" member_type: VOTER last_known_addr { host: "127.20.15.193" port: 42075 } health_report { overall_health: HEALTHY } } peers { permanent_uuid: "3259fb171c6c4c5f9ff7b63f28004da4" member_type: VOTER last_known_addr { host: "127.20.15.195" port: 36675 } health_report { overall_health: UNKNOWN } } peers { permanent_uuid: "53bff2af3ea44bdd9ca1e1349722ed46" member_type: VOTER last_known_addr { host: "127.20.15.194" port: 36097 } health_report { overall_health: UNKNOWN } } }
I20260709 13:18:32.742645 21307 raft_consensus.cc:1275] T 4d2ebd83acb3498e83eb45ed061fb0ed P 3259fb171c6c4c5f9ff7b63f28004da4 [term 2 FOLLOWER]: Refusing update from remote peer d9354ff771034c34883b823b60b8ed48: Log matching property violated. Preceding OpId in replica: term: 1 index: 1. Preceding OpId from leader: term: 2 index: 2. (index mismatch)
I20260709 13:18:32.744009 21400 consensus_queue.cc:1048] T 4d2ebd83acb3498e83eb45ed061fb0ed P d9354ff771034c34883b823b60b8ed48 [LEADER]: Connected to new peer: Peer: permanent_uuid: "3259fb171c6c4c5f9ff7b63f28004da4" member_type: VOTER last_known_addr { host: "127.20.15.195" port: 36675 }, Status: LMP_MISMATCH, Last received: 0.0, Next index: 2, Last known committed idx: 1, Time since last communication: 0.000s
I20260709 13:18:32.755007 21231 raft_consensus.cc:1275] T 4d2ebd83acb3498e83eb45ed061fb0ed P 53bff2af3ea44bdd9ca1e1349722ed46 [term 2 FOLLOWER]: Refusing update from remote peer d9354ff771034c34883b823b60b8ed48: Log matching property violated. Preceding OpId in replica: term: 1 index: 1. Preceding OpId from leader: term: 2 index: 2. (index mismatch)
I20260709 13:18:32.759572 21400 consensus_queue.cc:1048] T 4d2ebd83acb3498e83eb45ed061fb0ed P d9354ff771034c34883b823b60b8ed48 [LEADER]: Connected to new peer: Peer: permanent_uuid: "53bff2af3ea44bdd9ca1e1349722ed46" member_type: VOTER last_known_addr { host: "127.20.15.194" port: 36097 }, Status: LMP_MISMATCH, Last received: 0.0, Next index: 2, Last known committed idx: 1, Time since last communication: 0.000s
I20260709 13:18:32.785392 21307 raft_consensus.cc:1275] T fb67cf2386b345f8a0c0d6f075348ab9 P 3259fb171c6c4c5f9ff7b63f28004da4 [term 2 FOLLOWER]: Refusing update from remote peer d9354ff771034c34883b823b60b8ed48: Log matching property violated. Preceding OpId in replica: term: 1 index: 1. Preceding OpId from leader: term: 2 index: 2. (index mismatch)
I20260709 13:18:32.786759 21400 consensus_queue.cc:1048] T fb67cf2386b345f8a0c0d6f075348ab9 P d9354ff771034c34883b823b60b8ed48 [LEADER]: Connected to new peer: Peer: permanent_uuid: "3259fb171c6c4c5f9ff7b63f28004da4" member_type: VOTER last_known_addr { host: "127.20.15.195" port: 36675 }, Status: LMP_MISMATCH, Last received: 0.0, Next index: 2, Last known committed idx: 1, Time since last communication: 0.000s
I20260709 13:18:32.794688 21231 raft_consensus.cc:1275] T fb67cf2386b345f8a0c0d6f075348ab9 P 53bff2af3ea44bdd9ca1e1349722ed46 [term 2 FOLLOWER]: Refusing update from remote peer d9354ff771034c34883b823b60b8ed48: Log matching property violated. Preceding OpId in replica: term: 1 index: 1. Preceding OpId from leader: term: 2 index: 2. (index mismatch)
I20260709 13:18:32.796031 21446 consensus_queue.cc:1048] T fb67cf2386b345f8a0c0d6f075348ab9 P d9354ff771034c34883b823b60b8ed48 [LEADER]: Connected to new peer: Peer: permanent_uuid: "53bff2af3ea44bdd9ca1e1349722ed46" member_type: VOTER last_known_addr { host: "127.20.15.194" port: 36097 }, Status: LMP_MISMATCH, Last received: 0.0, Next index: 2, Last known committed idx: 1, Time since last communication: 0.000s
I20260709 13:18:32.824349 21231 raft_consensus.cc:1275] T c013d17f8a314501b7a0dccce203f25d P 53bff2af3ea44bdd9ca1e1349722ed46 [term 2 FOLLOWER]: Refusing update from remote peer d9354ff771034c34883b823b60b8ed48: Log matching property violated. Preceding OpId in replica: term: 1 index: 1. Preceding OpId from leader: term: 2 index: 2. (index mismatch)
I20260709 13:18:32.825660 21446 consensus_queue.cc:1048] T c013d17f8a314501b7a0dccce203f25d P d9354ff771034c34883b823b60b8ed48 [LEADER]: Connected to new peer: Peer: permanent_uuid: "53bff2af3ea44bdd9ca1e1349722ed46" member_type: VOTER last_known_addr { host: "127.20.15.194" port: 36097 }, Status: LMP_MISMATCH, Last received: 0.0, Next index: 2, Last known committed idx: 1, Time since last communication: 0.000s
I20260709 13:18:32.838361 21158 raft_consensus.cc:1275] T f5c1241722004677bf8c8fd7d949cdbe P d9354ff771034c34883b823b60b8ed48 [term 2 FOLLOWER]: Refusing update from remote peer 53bff2af3ea44bdd9ca1e1349722ed46: Log matching property violated. Preceding OpId in replica: term: 1 index: 1. Preceding OpId from leader: term: 2 index: 2. (index mismatch)
I20260709 13:18:32.839931 21387 consensus_queue.cc:1048] T f5c1241722004677bf8c8fd7d949cdbe P 53bff2af3ea44bdd9ca1e1349722ed46 [LEADER]: Connected to new peer: Peer: permanent_uuid: "d9354ff771034c34883b823b60b8ed48" member_type: VOTER last_known_addr { host: "127.20.15.193" port: 42075 }, Status: LMP_MISMATCH, Last received: 0.0, Next index: 2, Last known committed idx: 1, Time since last communication: 0.000s
I20260709 13:18:32.843025 21307 raft_consensus.cc:1275] T c013d17f8a314501b7a0dccce203f25d P 3259fb171c6c4c5f9ff7b63f28004da4 [term 2 FOLLOWER]: Refusing update from remote peer d9354ff771034c34883b823b60b8ed48: Log matching property violated. Preceding OpId in replica: term: 1 index: 1. Preceding OpId from leader: term: 2 index: 2. (index mismatch)
I20260709 13:18:32.844877 21400 consensus_queue.cc:1048] T c013d17f8a314501b7a0dccce203f25d P d9354ff771034c34883b823b60b8ed48 [LEADER]: Connected to new peer: Peer: permanent_uuid: "3259fb171c6c4c5f9ff7b63f28004da4" member_type: VOTER last_known_addr { host: "127.20.15.195" port: 36675 }, Status: LMP_MISMATCH, Last received: 0.0, Next index: 2, Last known committed idx: 1, Time since last communication: 0.000s
I20260709 13:18:32.873521 21307 raft_consensus.cc:1275] T 21071bd938b146f2aa3851306ab0fcac P 3259fb171c6c4c5f9ff7b63f28004da4 [term 2 FOLLOWER]: Refusing update from remote peer 53bff2af3ea44bdd9ca1e1349722ed46: Log matching property violated. Preceding OpId in replica: term: 1 index: 1. Preceding OpId from leader: term: 2 index: 2. (index mismatch)
I20260709 13:18:32.884018 21387 consensus_queue.cc:1048] T 21071bd938b146f2aa3851306ab0fcac P 53bff2af3ea44bdd9ca1e1349722ed46 [LEADER]: Connected to new peer: Peer: permanent_uuid: "3259fb171c6c4c5f9ff7b63f28004da4" member_type: VOTER last_known_addr { host: "127.20.15.195" port: 36675 }, Status: LMP_MISMATCH, Last received: 0.0, Next index: 2, Last known committed idx: 1, Time since last communication: 0.001s
I20260709 13:18:32.889111 21304 raft_consensus.cc:1275] T f5c1241722004677bf8c8fd7d949cdbe P 3259fb171c6c4c5f9ff7b63f28004da4 [term 2 FOLLOWER]: Refusing update from remote peer 53bff2af3ea44bdd9ca1e1349722ed46: Log matching property violated. Preceding OpId in replica: term: 1 index: 1. Preceding OpId from leader: term: 2 index: 2. (index mismatch)
I20260709 13:18:32.890888 21387 consensus_queue.cc:1048] T f5c1241722004677bf8c8fd7d949cdbe P 53bff2af3ea44bdd9ca1e1349722ed46 [LEADER]: Connected to new peer: Peer: permanent_uuid: "3259fb171c6c4c5f9ff7b63f28004da4" member_type: VOTER last_known_addr { host: "127.20.15.195" port: 36675 }, Status: LMP_MISMATCH, Last received: 0.0, Next index: 2, Last known committed idx: 1, Time since last communication: 0.000s
I20260709 13:18:32.907882 21158 raft_consensus.cc:1275] T 21071bd938b146f2aa3851306ab0fcac P d9354ff771034c34883b823b60b8ed48 [term 2 FOLLOWER]: Refusing update from remote peer 53bff2af3ea44bdd9ca1e1349722ed46: Log matching property violated. Preceding OpId in replica: term: 1 index: 1. Preceding OpId from leader: term: 2 index: 2. (index mismatch)
I20260709 13:18:32.909451 21387 consensus_queue.cc:1048] T 21071bd938b146f2aa3851306ab0fcac P 53bff2af3ea44bdd9ca1e1349722ed46 [LEADER]: Connected to new peer: Peer: permanent_uuid: "d9354ff771034c34883b823b60b8ed48" member_type: VOTER last_known_addr { host: "127.20.15.193" port: 42075 }, Status: LMP_MISMATCH, Last received: 0.0, Next index: 2, Last known committed idx: 1, Time since last communication: 0.000s
I20260709 13:18:33.004420 21158 raft_consensus.cc:1275] T 72b8f7a984fe4eedbe96ebfa7f8f805e P d9354ff771034c34883b823b60b8ed48 [term 2 FOLLOWER]: Refusing update from remote peer 53bff2af3ea44bdd9ca1e1349722ed46: Log matching property violated. Preceding OpId in replica: term: 1 index: 1. Preceding OpId from leader: term: 2 index: 2. (index mismatch)
I20260709 13:18:33.005712 21461 consensus_queue.cc:1048] T 72b8f7a984fe4eedbe96ebfa7f8f805e P 53bff2af3ea44bdd9ca1e1349722ed46 [LEADER]: Connected to new peer: Peer: permanent_uuid: "d9354ff771034c34883b823b60b8ed48" member_type: VOTER last_known_addr { host: "127.20.15.193" port: 42075 }, Status: LMP_MISMATCH, Last received: 0.0, Next index: 2, Last known committed idx: 1, Time since last communication: 0.000s
I20260709 13:18:33.013269 21307 raft_consensus.cc:1275] T 72b8f7a984fe4eedbe96ebfa7f8f805e P 3259fb171c6c4c5f9ff7b63f28004da4 [term 2 FOLLOWER]: Refusing update from remote peer 53bff2af3ea44bdd9ca1e1349722ed46: Log matching property violated. Preceding OpId in replica: term: 1 index: 1. Preceding OpId from leader: term: 2 index: 2. (index mismatch)
