I20260709 13:18:31.257843 24273 tablet_service.cc:1917] Received RequestConsensusVote() RPC: tablet_id: "d739948ccbf94eeab67be07ed03b5d3c" candidate_uuid: "cfd1d19f2a6a445b97d49269d23669b6" candidate_term: 1 candidate_status { last_received { term: 0 index: 0 } } ignore_live_leader: false dest_uuid: "6b0bdc94c0e54e87a11c2f4c83c58788"
I20260709 13:18:31.258453 24273 raft_consensus.cc:3060] T d739948ccbf94eeab67be07ed03b5d3c P 6b0bdc94c0e54e87a11c2f4c83c58788 [term 0 FOLLOWER]: Advancing to term 1
I20260709 13:18:31.258930 24124 raft_consensus.cc:3060] T d739948ccbf94eeab67be07ed03b5d3c P 3c67caa20059437dbfa00c925531fc81 [term 0 FOLLOWER]: Advancing to term 1
I20260709 13:18:31.263499 24124 raft_consensus.cc:2468] T d739948ccbf94eeab67be07ed03b5d3c P 3c67caa20059437dbfa00c925531fc81 [term 1 FOLLOWER]: Leader election vote request: Granting yes vote for candidate cfd1d19f2a6a445b97d49269d23669b6 in term 1.
I20260709 13:18:31.263712 24273 raft_consensus.cc:2468] T d739948ccbf94eeab67be07ed03b5d3c P 6b0bdc94c0e54e87a11c2f4c83c58788 [term 1 FOLLOWER]: Leader election vote request: Granting yes vote for candidate cfd1d19f2a6a445b97d49269d23669b6 in term 1.
I20260709 13:18:31.264329 24162 leader_election.cc:304] T d739948ccbf94eeab67be07ed03b5d3c P cfd1d19f2a6a445b97d49269d23669b6 [CANDIDATE]: Term 1 election: Election decided. Result: candidate won. Election summary: received 2 responses out of 3 voters: 2 yes votes; 0 no votes. yes voters: 3c67caa20059437dbfa00c925531fc81, cfd1d19f2a6a445b97d49269d23669b6; no voters: 
I20260709 13:18:31.264932 24349 raft_consensus.cc:2804] T d739948ccbf94eeab67be07ed03b5d3c P cfd1d19f2a6a445b97d49269d23669b6 [term 1 FOLLOWER]: Leader election won for term 1
I20260709 13:18:31.265357 24349 raft_consensus.cc:697] T d739948ccbf94eeab67be07ed03b5d3c P cfd1d19f2a6a445b97d49269d23669b6 [term 1 LEADER]: Becoming Leader. State: Replica: cfd1d19f2a6a445b97d49269d23669b6, State: Running, Role: LEADER
I20260709 13:18:31.265923 24349 consensus_queue.cc:237] T d739948ccbf94eeab67be07ed03b5d3c P cfd1d19f2a6a445b97d49269d23669b6 [LEADER]: Queue going to LEADER mode. State: All replicated index: 0, Majority replicated index: 0, Committed index: 0, Last appended: 0.0, Last appended by leader: 0, Current term: 1, Majority size: 2, State: 0, Mode: LEADER, active raft config: opid_index: -1 OBSOLETE_local: false peers { permanent_uuid: "3c67caa20059437dbfa00c925531fc81" member_type: VOTER last_known_addr { host: "127.22.233.193" port: 45587 } } peers { permanent_uuid: "cfd1d19f2a6a445b97d49269d23669b6" member_type: VOTER last_known_addr { host: "127.22.233.194" port: 42663 } } peers { permanent_uuid: "6b0bdc94c0e54e87a11c2f4c83c58788" member_type: VOTER last_known_addr { host: "127.22.233.195" port: 35209 } }
I20260709 13:18:31.272380 24020 catalog_manager.cc:5697] T d739948ccbf94eeab67be07ed03b5d3c P cfd1d19f2a6a445b97d49269d23669b6 reported cstate change: term changed from 0 to 1, leader changed from <none> to cfd1d19f2a6a445b97d49269d23669b6 (127.22.233.194). New cstate: current_term: 1 leader_uuid: "cfd1d19f2a6a445b97d49269d23669b6" committed_config { opid_index: -1 OBSOLETE_local: false peers { permanent_uuid: "3c67caa20059437dbfa00c925531fc81" member_type: VOTER last_known_addr { host: "127.22.233.193" port: 45587 } health_report { overall_health: UNKNOWN } } peers { permanent_uuid: "cfd1d19f2a6a445b97d49269d23669b6" member_type: VOTER last_known_addr { host: "127.22.233.194" port: 42663 } health_report { overall_health: HEALTHY } } peers { permanent_uuid: "6b0bdc94c0e54e87a11c2f4c83c58788" member_type: VOTER last_known_addr { host: "127.22.233.195" port: 35209 } health_report { overall_health: UNKNOWN } } }
I20260709 13:18:31.291422 24273 tablet_service.cc:2072] Received LeaderStepDown RPC: tablet_id: "29bab3d91102432bb7594bffbd76136e"
dest_uuid: "6b0bdc94c0e54e87a11c2f4c83c58788"
mode: GRACEFUL
new_leader_uuid: "3c67caa20059437dbfa00c925531fc81"
 from {username='slave'} at 127.0.0.1:47410
I20260709 13:18:31.291966 24273 raft_consensus.cc:606] T 29bab3d91102432bb7594bffbd76136e P 6b0bdc94c0e54e87a11c2f4c83c58788 [term 1 LEADER]: Received request to transfer leadership to TS 3c67caa20059437dbfa00c925531fc81
I20260709 13:18:31.293370 24367 consensus_queue.cc:1048] T 29bab3d91102432bb7594bffbd76136e P 6b0bdc94c0e54e87a11c2f4c83c58788 [LEADER]: Connected to new peer: Peer: permanent_uuid: "cfd1d19f2a6a445b97d49269d23669b6" member_type: VOTER last_known_addr { host: "127.22.233.194" port: 42663 }, Status: LMP_MISMATCH, Last received: 0.0, Next index: 1, Last known committed idx: 0, Time since last communication: 0.000s
I20260709 13:18:31.296988 24273 tablet_service.cc:2072] Received LeaderStepDown RPC: tablet_id: "bb1822d02e7043dd9bf7a166fc3fa05d"
dest_uuid: "6b0bdc94c0e54e87a11c2f4c83c58788"
mode: GRACEFUL
new_leader_uuid: "3c67caa20059437dbfa00c925531fc81"
 from {username='slave'} at 127.0.0.1:47410
I20260709 13:18:31.297562 24273 raft_consensus.cc:606] T bb1822d02e7043dd9bf7a166fc3fa05d P 6b0bdc94c0e54e87a11c2f4c83c58788 [term 1 LEADER]: Received request to transfer leadership to TS 3c67caa20059437dbfa00c925531fc81
I20260709 13:18:31.312988 24319 consensus_queue.cc:1048] T 4a3513c465d84ad7b1f9b0e01ec0b142 P cfd1d19f2a6a445b97d49269d23669b6 [LEADER]: Connected to new peer: Peer: permanent_uuid: "6b0bdc94c0e54e87a11c2f4c83c58788" member_type: VOTER last_known_addr { host: "127.22.233.195" port: 35209 }, Status: LMP_MISMATCH, Last received: 0.0, Next index: 1, Last known committed idx: 0, Time since last communication: 0.000s
I20260709 13:18:31.315630 24198 tablet_service.cc:2072] Received LeaderStepDown RPC: tablet_id: "4a3513c465d84ad7b1f9b0e01ec0b142"
dest_uuid: "cfd1d19f2a6a445b97d49269d23669b6"
mode: GRACEFUL
new_leader_uuid: "3c67caa20059437dbfa00c925531fc81"
 from {username='slave'} at 127.0.0.1:42914
I20260709 13:18:31.316223 24198 raft_consensus.cc:606] T 4a3513c465d84ad7b1f9b0e01ec0b142 P cfd1d19f2a6a445b97d49269d23669b6 [term 1 LEADER]: Received request to transfer leadership to TS 3c67caa20059437dbfa00c925531fc81
I20260709 13:18:31.319497 24321 consensus_queue.cc:1048] T 29bab3d91102432bb7594bffbd76136e P 6b0bdc94c0e54e87a11c2f4c83c58788 [LEADER]: Connected to new peer: Peer: permanent_uuid: "3c67caa20059437dbfa00c925531fc81" member_type: VOTER last_known_addr { host: "127.22.233.193" port: 45587 }, Status: LMP_MISMATCH, Last received: 0.0, Next index: 1, Last known committed idx: 0, Time since last communication: 0.000s
I20260709 13:18:31.324903 24198 tablet_service.cc:2072] Received LeaderStepDown RPC: tablet_id: "d739948ccbf94eeab67be07ed03b5d3c"
dest_uuid: "cfd1d19f2a6a445b97d49269d23669b6"
mode: GRACEFUL
new_leader_uuid: "3c67caa20059437dbfa00c925531fc81"
 from {username='slave'} at 127.0.0.1:42914
I20260709 13:18:31.325454 24198 raft_consensus.cc:606] T d739948ccbf94eeab67be07ed03b5d3c P cfd1d19f2a6a445b97d49269d23669b6 [term 1 LEADER]: Received request to transfer leadership to TS 3c67caa20059437dbfa00c925531fc81
I20260709 13:18:31.332322 24349 consensus_queue.cc:1048] T 4a3513c465d84ad7b1f9b0e01ec0b142 P cfd1d19f2a6a445b97d49269d23669b6 [LEADER]: Connected to new peer: Peer: permanent_uuid: "3c67caa20059437dbfa00c925531fc81" member_type: VOTER last_known_addr { host: "127.22.233.193" port: 45587 }, Status: LMP_MISMATCH, Last received: 0.0, Next index: 1, Last known committed idx: 0, Time since last communication: 0.000s
I20260709 13:18:31.338277 24273 tablet_service.cc:2072] Received LeaderStepDown RPC: tablet_id: "630e126afd4e4654b77b7d3ac0256fe0"
dest_uuid: "6b0bdc94c0e54e87a11c2f4c83c58788"
mode: GRACEFUL
new_leader_uuid: "cfd1d19f2a6a445b97d49269d23669b6"
 from {username='slave'} at 127.0.0.1:47410
I20260709 13:18:31.338752 24273 raft_consensus.cc:606] T 630e126afd4e4654b77b7d3ac0256fe0 P 6b0bdc94c0e54e87a11c2f4c83c58788 [term 1 LEADER]: Received request to transfer leadership to TS cfd1d19f2a6a445b97d49269d23669b6
I20260709 13:18:31.352551 24321 raft_consensus.cc:993] T 29bab3d91102432bb7594bffbd76136e P 6b0bdc94c0e54e87a11c2f4c83c58788: : Instructing follower 3c67caa20059437dbfa00c925531fc81 to start an election
I20260709 13:18:31.352972 24321 raft_consensus.cc:1081] T 29bab3d91102432bb7594bffbd76136e P 6b0bdc94c0e54e87a11c2f4c83c58788 [term 1 LEADER]: Signalling peer 3c67caa20059437dbfa00c925531fc81 to start an election
I20260709 13:18:31.360638 24124 tablet_service.cc:2044] Received Run Leader Election RPC: tablet_id: "29bab3d91102432bb7594bffbd76136e"
dest_uuid: "3c67caa20059437dbfa00c925531fc81"
 from {username='slave'} at 127.0.0.1:57724
I20260709 13:18:31.361289 24124 raft_consensus.cc:493] T 29bab3d91102432bb7594bffbd76136e P 3c67caa20059437dbfa00c925531fc81 [term 1 FOLLOWER]: Starting forced leader election (received explicit request)
I20260709 13:18:31.361739 24124 raft_consensus.cc:3060] T 29bab3d91102432bb7594bffbd76136e P 3c67caa20059437dbfa00c925531fc81 [term 1 FOLLOWER]: Advancing to term 2
I20260709 13:18:31.369827 24124 raft_consensus.cc:515] T 29bab3d91102432bb7594bffbd76136e P 3c67caa20059437dbfa00c925531fc81 [term 2 FOLLOWER]: Starting forced leader election with config: opid_index: -1 OBSOLETE_local: false peers { permanent_uuid: "cfd1d19f2a6a445b97d49269d23669b6" member_type: VOTER last_known_addr { host: "127.22.233.194" port: 42663 } } peers { permanent_uuid: "3c67caa20059437dbfa00c925531fc81" member_type: VOTER last_known_addr { host: "127.22.233.193" port: 45587 } } peers { permanent_uuid: "6b0bdc94c0e54e87a11c2f4c83c58788" member_type: VOTER last_known_addr { host: "127.22.233.195" port: 35209 } }
I20260709 13:18:31.372442 24377 raft_consensus.cc:993] T 4a3513c465d84ad7b1f9b0e01ec0b142 P cfd1d19f2a6a445b97d49269d23669b6: : Instructing follower 3c67caa20059437dbfa00c925531fc81 to start an election
I20260709 13:18:31.372872 24377 raft_consensus.cc:1081] T 4a3513c465d84ad7b1f9b0e01ec0b142 P cfd1d19f2a6a445b97d49269d23669b6 [term 1 LEADER]: Signalling peer 3c67caa20059437dbfa00c925531fc81 to start an election
I20260709 13:18:31.373035 24198 tablet_service.cc:1917] Received RequestConsensusVote() RPC: tablet_id: "29bab3d91102432bb7594bffbd76136e" candidate_uuid: "3c67caa20059437dbfa00c925531fc81" candidate_term: 2 candidate_status { last_received { term: 1 index: 1 } } ignore_live_leader: true dest_uuid: "cfd1d19f2a6a445b97d49269d23669b6"
I20260709 13:18:31.373947 24198 raft_consensus.cc:3060] T 29bab3d91102432bb7594bffbd76136e P cfd1d19f2a6a445b97d49269d23669b6 [term 1 FOLLOWER]: Advancing to term 2
I20260709 13:18:31.374778 24124 leader_election.cc:290] T 29bab3d91102432bb7594bffbd76136e P 3c67caa20059437dbfa00c925531fc81 [CANDIDATE]: Term 2 election: Requested vote from peers cfd1d19f2a6a445b97d49269d23669b6 (127.22.233.194:42663), 6b0bdc94c0e54e87a11c2f4c83c58788 (127.22.233.195:35209)
I20260709 13:18:31.376046 24123 tablet_service.cc:2044] Received Run Leader Election RPC: tablet_id: "4a3513c465d84ad7b1f9b0e01ec0b142"
dest_uuid: "3c67caa20059437dbfa00c925531fc81"
 from {username='slave'} at 127.0.0.1:57740
I20260709 13:18:31.376618 24123 raft_consensus.cc:493] T 4a3513c465d84ad7b1f9b0e01ec0b142 P 3c67caa20059437dbfa00c925531fc81 [term 1 FOLLOWER]: Starting forced leader election (received explicit request)
I20260709 13:18:31.376991 24123 raft_consensus.cc:3060] T 4a3513c465d84ad7b1f9b0e01ec0b142 P 3c67caa20059437dbfa00c925531fc81 [term 1 FOLLOWER]: Advancing to term 2
I20260709 13:18:31.378360 24124 tablet_service.cc:2072] Received LeaderStepDown RPC: tablet_id: "f2a3c3a64c95482b8ac923086733a83a"
dest_uuid: "3c67caa20059437dbfa00c925531fc81"
mode: GRACEFUL
new_leader_uuid: "cfd1d19f2a6a445b97d49269d23669b6"
 from {username='slave'} at 127.0.0.1:57744
I20260709 13:18:31.378985 24124 raft_consensus.cc:606] T f2a3c3a64c95482b8ac923086733a83a P 3c67caa20059437dbfa00c925531fc81 [term 1 LEADER]: Received request to transfer leadership to TS cfd1d19f2a6a445b97d49269d23669b6
I20260709 13:18:31.380703 24198 raft_consensus.cc:2468] T 29bab3d91102432bb7594bffbd76136e P cfd1d19f2a6a445b97d49269d23669b6 [term 2 FOLLOWER]: Leader election vote request: Granting yes vote for candidate 3c67caa20059437dbfa00c925531fc81 in term 2.
I20260709 13:18:31.382018 24273 tablet_service.cc:1917] Received RequestConsensusVote() RPC: tablet_id: "29bab3d91102432bb7594bffbd76136e" candidate_uuid: "3c67caa20059437dbfa00c925531fc81" candidate_term: 2 candidate_status { last_received { term: 1 index: 1 } } ignore_live_leader: true dest_uuid: "6b0bdc94c0e54e87a11c2f4c83c58788"
I20260709 13:18:31.382473 24088 leader_election.cc:304] T 29bab3d91102432bb7594bffbd76136e P 3c67caa20059437dbfa00c925531fc81 [CANDIDATE]: Term 2 election: Election decided. Result: candidate won. Election summary: received 2 responses out of 3 voters: 2 yes votes; 0 no votes. yes voters: 3c67caa20059437dbfa00c925531fc81, cfd1d19f2a6a445b97d49269d23669b6; no voters: 
I20260709 13:18:31.382550 24273 raft_consensus.cc:3055] T 29bab3d91102432bb7594bffbd76136e P 6b0bdc94c0e54e87a11c2f4c83c58788 [term 1 LEADER]: Stepping down as leader of term 1
I20260709 13:18:31.383060 24273 raft_consensus.cc:740] T 29bab3d91102432bb7594bffbd76136e P 6b0bdc94c0e54e87a11c2f4c83c58788 [term 1 LEADER]: Becoming Follower/Learner. State: Replica: 6b0bdc94c0e54e87a11c2f4c83c58788, State: Running, Role: LEADER
I20260709 13:18:31.383373 24354 raft_consensus.cc:2804] T 29bab3d91102432bb7594bffbd76136e P 3c67caa20059437dbfa00c925531fc81 [term 2 FOLLOWER]: Leader election won for term 2
I20260709 13:18:31.383452 24123 raft_consensus.cc:515] T 4a3513c465d84ad7b1f9b0e01ec0b142 P 3c67caa20059437dbfa00c925531fc81 [term 2 FOLLOWER]: Starting forced leader election with config: opid_index: -1 OBSOLETE_local: false peers { permanent_uuid: "3c67caa20059437dbfa00c925531fc81" member_type: VOTER last_known_addr { host: "127.22.233.193" port: 45587 } } peers { permanent_uuid: "cfd1d19f2a6a445b97d49269d23669b6" member_type: VOTER last_known_addr { host: "127.22.233.194" port: 42663 } } peers { permanent_uuid: "6b0bdc94c0e54e87a11c2f4c83c58788" member_type: VOTER last_known_addr { host: "127.22.233.195" port: 35209 } }
I20260709 13:18:31.383917 24354 raft_consensus.cc:697] T 29bab3d91102432bb7594bffbd76136e P 3c67caa20059437dbfa00c925531fc81 [term 2 LEADER]: Becoming Leader. State: Replica: 3c67caa20059437dbfa00c925531fc81, State: Running, Role: LEADER
I20260709 13:18:31.383869 24273 consensus_queue.cc:260] T 29bab3d91102432bb7594bffbd76136e P 6b0bdc94c0e54e87a11c2f4c83c58788 [NON_LEADER]: Queue going to NON_LEADER mode. State: All replicated index: 0, Majority replicated index: 1, Committed index: 1, Last appended: 1.1, Last appended by leader: 1, Current term: 1, Majority size: -1, State: 0, Mode: NON_LEADER, active raft config: opid_index: -1 OBSOLETE_local: false peers { permanent_uuid: "cfd1d19f2a6a445b97d49269d23669b6" member_type: VOTER last_known_addr { host: "127.22.233.194" port: 42663 } } peers { permanent_uuid: "3c67caa20059437dbfa00c925531fc81" member_type: VOTER last_known_addr { host: "127.22.233.193" port: 45587 } } peers { permanent_uuid: "6b0bdc94c0e54e87a11c2f4c83c58788" member_type: VOTER last_known_addr { host: "127.22.233.195" port: 35209 } }
I20260709 13:18:31.384853 24354 consensus_queue.cc:237] T 29bab3d91102432bb7594bffbd76136e P 3c67caa20059437dbfa00c925531fc81 [LEADER]: Queue going to LEADER mode. State: All replicated index: 0, Majority replicated index: 1, Committed index: 1, Last appended: 1.1, Last appended by leader: 1, Current term: 2, Majority size: 2, State: 0, Mode: LEADER, active raft config: opid_index: -1 OBSOLETE_local: false peers { permanent_uuid: "cfd1d19f2a6a445b97d49269d23669b6" member_type: VOTER last_known_addr { host: "127.22.233.194" port: 42663 } } peers { permanent_uuid: "3c67caa20059437dbfa00c925531fc81" member_type: VOTER last_known_addr { host: "127.22.233.193" port: 45587 } } peers { permanent_uuid: "6b0bdc94c0e54e87a11c2f4c83c58788" member_type: VOTER last_known_addr { host: "127.22.233.195" port: 35209 } }
I20260709 13:18:31.385411 24123 leader_election.cc:290] T 4a3513c465d84ad7b1f9b0e01ec0b142 P 3c67caa20059437dbfa00c925531fc81 [CANDIDATE]: Term 2 election: Requested vote from peers cfd1d19f2a6a445b97d49269d23669b6 (127.22.233.194:42663), 6b0bdc94c0e54e87a11c2f4c83c58788 (127.22.233.195:35209)
I20260709 13:18:31.385151 24273 raft_consensus.cc:3060] T 29bab3d91102432bb7594bffbd76136e P 6b0bdc94c0e54e87a11c2f4c83c58788 [term 1 FOLLOWER]: Advancing to term 2
I20260709 13:18:31.386629 24272 tablet_service.cc:1917] Received RequestConsensusVote() RPC: tablet_id: "4a3513c465d84ad7b1f9b0e01ec0b142" candidate_uuid: "3c67caa20059437dbfa00c925531fc81" candidate_term: 2 candidate_status { last_received { term: 1 index: 1 } } ignore_live_leader: true dest_uuid: "6b0bdc94c0e54e87a11c2f4c83c58788"
I20260709 13:18:31.387162 24272 raft_consensus.cc:3060] T 4a3513c465d84ad7b1f9b0e01ec0b142 P 6b0bdc94c0e54e87a11c2f4c83c58788 [term 1 FOLLOWER]: Advancing to term 2
I20260709 13:18:31.388463 24198 tablet_service.cc:1917] Received RequestConsensusVote() RPC: tablet_id: "4a3513c465d84ad7b1f9b0e01ec0b142" candidate_uuid: "3c67caa20059437dbfa00c925531fc81" candidate_term: 2 candidate_status { last_received { term: 1 index: 1 } } ignore_live_leader: true dest_uuid: "cfd1d19f2a6a445b97d49269d23669b6"
I20260709 13:18:31.389014 24198 raft_consensus.cc:3055] T 4a3513c465d84ad7b1f9b0e01ec0b142 P cfd1d19f2a6a445b97d49269d23669b6 [term 1 LEADER]: Stepping down as leader of term 1
I20260709 13:18:31.389349 24198 raft_consensus.cc:740] T 4a3513c465d84ad7b1f9b0e01ec0b142 P cfd1d19f2a6a445b97d49269d23669b6 [term 1 LEADER]: Becoming Follower/Learner. State: Replica: cfd1d19f2a6a445b97d49269d23669b6, State: Running, Role: LEADER
I20260709 13:18:31.390220 24198 consensus_queue.cc:260] T 4a3513c465d84ad7b1f9b0e01ec0b142 P cfd1d19f2a6a445b97d49269d23669b6 [NON_LEADER]: Queue going to NON_LEADER mode. State: All replicated index: 0, Majority replicated index: 1, Committed index: 1, Last appended: 1.1, Last appended by leader: 1, Current term: 1, Majority size: -1, State: 0, Mode: NON_LEADER, active raft config: opid_index: -1 OBSOLETE_local: false peers { permanent_uuid: "3c67caa20059437dbfa00c925531fc81" member_type: VOTER last_known_addr { host: "127.22.233.193" port: 45587 } } peers { permanent_uuid: "cfd1d19f2a6a445b97d49269d23669b6" member_type: VOTER last_known_addr { host: "127.22.233.194" port: 42663 } } peers { permanent_uuid: "6b0bdc94c0e54e87a11c2f4c83c58788" member_type: VOTER last_known_addr { host: "127.22.233.195" port: 35209 } }
I20260709 13:18:31.391461 24198 raft_consensus.cc:3060] T 4a3513c465d84ad7b1f9b0e01ec0b142 P cfd1d19f2a6a445b97d49269d23669b6 [term 1 FOLLOWER]: Advancing to term 2
I20260709 13:18:31.392979 24273 raft_consensus.cc:2468] T 29bab3d91102432bb7594bffbd76136e P 6b0bdc94c0e54e87a11c2f4c83c58788 [term 2 FOLLOWER]: Leader election vote request: Granting yes vote for candidate 3c67caa20059437dbfa00c925531fc81 in term 2.
I20260709 13:18:31.393071 24272 raft_consensus.cc:2468] T 4a3513c465d84ad7b1f9b0e01ec0b142 P 6b0bdc94c0e54e87a11c2f4c83c58788 [term 2 FOLLOWER]: Leader election vote request: Granting yes vote for candidate 3c67caa20059437dbfa00c925531fc81 in term 2.
I20260709 13:18:31.394861 24090 leader_election.cc:304] T 4a3513c465d84ad7b1f9b0e01ec0b142 P 3c67caa20059437dbfa00c925531fc81 [CANDIDATE]: Term 2 election: Election decided. Result: candidate won. Election summary: received 2 responses out of 3 voters: 2 yes votes; 0 no votes. yes voters: 3c67caa20059437dbfa00c925531fc81, 6b0bdc94c0e54e87a11c2f4c83c58788; no voters: 
I20260709 13:18:31.394945 24123 tablet_service.cc:2072] Received LeaderStepDown RPC: tablet_id: "5e41931e70eb4229b3f91d8725263e92"
dest_uuid: "3c67caa20059437dbfa00c925531fc81"
mode: GRACEFUL
new_leader_uuid: "cfd1d19f2a6a445b97d49269d23669b6"
 from {username='slave'} at 127.0.0.1:57744
I20260709 13:18:31.395748 24354 raft_consensus.cc:2804] T 4a3513c465d84ad7b1f9b0e01ec0b142 P 3c67caa20059437dbfa00c925531fc81 [term 2 FOLLOWER]: Leader election won for term 2
I20260709 13:18:31.394918 24021 catalog_manager.cc:5697] T 29bab3d91102432bb7594bffbd76136e P 3c67caa20059437dbfa00c925531fc81 reported cstate change: term changed from 1 to 2, leader changed from 6b0bdc94c0e54e87a11c2f4c83c58788 (127.22.233.195) to 3c67caa20059437dbfa00c925531fc81 (127.22.233.193). New cstate: current_term: 2 leader_uuid: "3c67caa20059437dbfa00c925531fc81" committed_config { opid_index: -1 OBSOLETE_local: false peers { permanent_uuid: "cfd1d19f2a6a445b97d49269d23669b6" member_type: VOTER last_known_addr { host: "127.22.233.194" port: 42663 } health_report { overall_health: UNKNOWN } } peers { permanent_uuid: "3c67caa20059437dbfa00c925531fc81" member_type: VOTER last_known_addr { host: "127.22.233.193" port: 45587 } health_report { overall_health: HEALTHY } } peers { permanent_uuid: "6b0bdc94c0e54e87a11c2f4c83c58788" member_type: VOTER last_known_addr { host: "127.22.233.195" port: 35209 } health_report { overall_health: UNKNOWN } } }
I20260709 13:18:31.396256 24354 raft_consensus.cc:697] T 4a3513c465d84ad7b1f9b0e01ec0b142 P 3c67caa20059437dbfa00c925531fc81 [term 2 LEADER]: Becoming Leader. State: Replica: 3c67caa20059437dbfa00c925531fc81, State: Running, Role: LEADER
I20260709 13:18:31.395728 24123 raft_consensus.cc:606] T 5e41931e70eb4229b3f91d8725263e92 P 3c67caa20059437dbfa00c925531fc81 [term 1 LEADER]: Received request to transfer leadership to TS cfd1d19f2a6a445b97d49269d23669b6
I20260709 13:18:31.397012 24198 raft_consensus.cc:2468] T 4a3513c465d84ad7b1f9b0e01ec0b142 P cfd1d19f2a6a445b97d49269d23669b6 [term 2 FOLLOWER]: Leader election vote request: Granting yes vote for candidate 3c67caa20059437dbfa00c925531fc81 in term 2.
I20260709 13:18:31.397011 24354 consensus_queue.cc:237] T 4a3513c465d84ad7b1f9b0e01ec0b142 P 3c67caa20059437dbfa00c925531fc81 [LEADER]: Queue going to LEADER mode. State: All replicated index: 0, Majority replicated index: 1, Committed index: 1, Last appended: 1.1, Last appended by leader: 1, Current term: 2, Majority size: 2, State: 0, Mode: LEADER, active raft config: opid_index: -1 OBSOLETE_local: false peers { permanent_uuid: "3c67caa20059437dbfa00c925531fc81" member_type: VOTER last_known_addr { host: "127.22.233.193" port: 45587 } } peers { permanent_uuid: "cfd1d19f2a6a445b97d49269d23669b6" member_type: VOTER last_known_addr { host: "127.22.233.194" port: 42663 } } peers { permanent_uuid: "6b0bdc94c0e54e87a11c2f4c83c58788" member_type: VOTER last_known_addr { host: "127.22.233.195" port: 35209 } }
I20260709 13:18:31.406941 24021 catalog_manager.cc:5697] T 4a3513c465d84ad7b1f9b0e01ec0b142 P 3c67caa20059437dbfa00c925531fc81 reported cstate change: term changed from 1 to 2, leader changed from cfd1d19f2a6a445b97d49269d23669b6 (127.22.233.194) to 3c67caa20059437dbfa00c925531fc81 (127.22.233.193). New cstate: current_term: 2 leader_uuid: "3c67caa20059437dbfa00c925531fc81" committed_config { opid_index: -1 OBSOLETE_local: false peers { permanent_uuid: "3c67caa20059437dbfa00c925531fc81" member_type: VOTER last_known_addr { host: "127.22.233.193" port: 45587 } health_report { overall_health: HEALTHY } } peers { permanent_uuid: "cfd1d19f2a6a445b97d49269d23669b6" member_type: VOTER last_known_addr { host: "127.22.233.194" port: 42663 } health_report { overall_health: UNKNOWN } } peers { permanent_uuid: "6b0bdc94c0e54e87a11c2f4c83c58788" member_type: VOTER last_known_addr { host: "127.22.233.195" port: 35209 } health_report { overall_health: UNKNOWN } } }
I20260709 13:18:31.430907 24320 consensus_queue.cc:1048] T 25818055313e4001b6261c19bdeaa36d P 3c67caa20059437dbfa00c925531fc81 [LEADER]: Connected to new peer: Peer: permanent_uuid: "6b0bdc94c0e54e87a11c2f4c83c58788" member_type: VOTER last_known_addr { host: "127.22.233.195" port: 35209 }, Status: LMP_MISMATCH, Last received: 0.0, Next index: 1, Last known committed idx: 0, Time since last communication: 0.000s
I20260709 13:18:31.431874 24354 consensus_queue.cc:1048] T f2a3c3a64c95482b8ac923086733a83a P 3c67caa20059437dbfa00c925531fc81 [LEADER]: Connected to new peer: Peer: permanent_uuid: "cfd1d19f2a6a445b97d49269d23669b6" member_type: VOTER last_known_addr { host: "127.22.233.194" port: 42663 }, Status: LMP_MISMATCH, Last received: 0.0, Next index: 1, Last known committed idx: 0, Time since last communication: 0.000s
I20260709 13:18:31.432184 24352 consensus_queue.cc:1048] T 25818055313e4001b6261c19bdeaa36d P 3c67caa20059437dbfa00c925531fc81 [LEADER]: Connected to new peer: Peer: permanent_uuid: "cfd1d19f2a6a445b97d49269d23669b6" member_type: VOTER last_known_addr { host: "127.22.233.194" port: 42663 }, Status: LMP_MISMATCH, Last received: 0.0, Next index: 1, Last known committed idx: 0, Time since last communication: 0.000s
I20260709 13:18:31.447574 24361 raft_consensus.cc:993] T f2a3c3a64c95482b8ac923086733a83a P 3c67caa20059437dbfa00c925531fc81: : Instructing follower cfd1d19f2a6a445b97d49269d23669b6 to start an election
I20260709 13:18:31.447986 24361 raft_consensus.cc:1081] T f2a3c3a64c95482b8ac923086733a83a P 3c67caa20059437dbfa00c925531fc81 [term 1 LEADER]: Signalling peer cfd1d19f2a6a445b97d49269d23669b6 to start an election
I20260709 13:18:31.454437 24196 tablet_service.cc:2044] Received Run Leader Election RPC: tablet_id: "f2a3c3a64c95482b8ac923086733a83a"
dest_uuid: "cfd1d19f2a6a445b97d49269d23669b6"
 from {username='slave'} at 127.0.0.1:42898
I20260709 13:18:31.454994 24196 raft_consensus.cc:493] T f2a3c3a64c95482b8ac923086733a83a P cfd1d19f2a6a445b97d49269d23669b6 [term 1 FOLLOWER]: Starting forced leader election (received explicit request)
I20260709 13:18:31.455392 24196 raft_consensus.cc:3060] T f2a3c3a64c95482b8ac923086733a83a P cfd1d19f2a6a445b97d49269d23669b6 [term 1 FOLLOWER]: Advancing to term 2
I20260709 13:18:31.457618 24321 consensus_queue.cc:1048] T 630e126afd4e4654b77b7d3ac0256fe0 P 6b0bdc94c0e54e87a11c2f4c83c58788 [LEADER]: Connected to new peer: Peer: permanent_uuid: "cfd1d19f2a6a445b97d49269d23669b6" member_type: VOTER last_known_addr { host: "127.22.233.194" port: 42663 }, Status: LMP_MISMATCH, Last received: 0.0, Next index: 1, Last known committed idx: 0, Time since last communication: 0.000s
I20260709 13:18:31.454833 24320 consensus_queue.cc:1048] T f2a3c3a64c95482b8ac923086733a83a P 3c67caa20059437dbfa00c925531fc81 [LEADER]: Connected to new peer: Peer: permanent_uuid: "6b0bdc94c0e54e87a11c2f4c83c58788" member_type: VOTER last_known_addr { host: "127.22.233.195" port: 35209 }, Status: LMP_MISMATCH, Last received: 0.0, Next index: 1, Last known committed idx: 0, Time since last communication: 0.000s
I20260709 13:18:31.461076 24196 raft_consensus.cc:515] T f2a3c3a64c95482b8ac923086733a83a P cfd1d19f2a6a445b97d49269d23669b6 [term 2 FOLLOWER]: Starting forced leader election with config: opid_index: -1 OBSOLETE_local: false peers { permanent_uuid: "3c67caa20059437dbfa00c925531fc81" member_type: VOTER last_known_addr { host: "127.22.233.193" port: 45587 } } peers { permanent_uuid: "cfd1d19f2a6a445b97d49269d23669b6" member_type: VOTER last_known_addr { host: "127.22.233.194" port: 42663 } } peers { permanent_uuid: "6b0bdc94c0e54e87a11c2f4c83c58788" member_type: VOTER last_known_addr { host: "127.22.233.195" port: 35209 } }
I20260709 13:18:31.473155 24123 tablet_service.cc:1917] Received RequestConsensusVote() RPC: tablet_id: "f2a3c3a64c95482b8ac923086733a83a" candidate_uuid: "cfd1d19f2a6a445b97d49269d23669b6" candidate_term: 2 candidate_status { last_received { term: 1 index: 1 } } ignore_live_leader: true dest_uuid: "3c67caa20059437dbfa00c925531fc81"
I20260709 13:18:31.473892 24123 raft_consensus.cc:3055] T f2a3c3a64c95482b8ac923086733a83a P 3c67caa20059437dbfa00c925531fc81 [term 1 LEADER]: Stepping down as leader of term 1
I20260709 13:18:31.474236 24123 raft_consensus.cc:740] T f2a3c3a64c95482b8ac923086733a83a P 3c67caa20059437dbfa00c925531fc81 [term 1 LEADER]: Becoming Follower/Learner. State: Replica: 3c67caa20059437dbfa00c925531fc81, State: Running, Role: LEADER
I20260709 13:18:31.475126 24123 consensus_queue.cc:260] T f2a3c3a64c95482b8ac923086733a83a P 3c67caa20059437dbfa00c925531fc81 [NON_LEADER]: Queue going to NON_LEADER mode. State: All replicated index: 0, Majority replicated index: 1, Committed index: 1, Last appended: 1.1, Last appended by leader: 1, Current term: 1, Majority size: -1, State: 0, Mode: NON_LEADER, active raft config: opid_index: -1 OBSOLETE_local: false peers { permanent_uuid: "3c67caa20059437dbfa00c925531fc81" member_type: VOTER last_known_addr { host: "127.22.233.193" port: 45587 } } peers { permanent_uuid: "cfd1d19f2a6a445b97d49269d23669b6" member_type: VOTER last_known_addr { host: "127.22.233.194" port: 42663 } } peers { permanent_uuid: "6b0bdc94c0e54e87a11c2f4c83c58788" member_type: VOTER last_known_addr { host: "127.22.233.195" port: 35209 } }
I20260709 13:18:31.476491 24368 raft_consensus.cc:993] T 630e126afd4e4654b77b7d3ac0256fe0 P 6b0bdc94c0e54e87a11c2f4c83c58788: : Instructing follower cfd1d19f2a6a445b97d49269d23669b6 to start an election
I20260709 13:18:31.479525 24368 raft_consensus.cc:1081] T 630e126afd4e4654b77b7d3ac0256fe0 P 6b0bdc94c0e54e87a11c2f4c83c58788 [term 1 LEADER]: Signalling peer cfd1d19f2a6a445b97d49269d23669b6 to start an election
I20260709 13:18:31.480902 24123 raft_consensus.cc:3060] T f2a3c3a64c95482b8ac923086733a83a P 3c67caa20059437dbfa00c925531fc81 [term 1 FOLLOWER]: Advancing to term 2
I20260709 13:18:31.483875 24124 raft_consensus.cc:3060] T 630e126afd4e4654b77b7d3ac0256fe0 P 3c67caa20059437dbfa00c925531fc81 [term 0 FOLLOWER]: Advancing to term 1
I20260709 13:18:31.485935 24196 leader_election.cc:290] T f2a3c3a64c95482b8ac923086733a83a P cfd1d19f2a6a445b97d49269d23669b6 [CANDIDATE]: Term 2 election: Requested vote from peers 3c67caa20059437dbfa00c925531fc81 (127.22.233.193:45587), 6b0bdc94c0e54e87a11c2f4c83c58788 (127.22.233.195:35209)
I20260709 13:18:31.482405 24198 tablet_service.cc:2044] Received Run Leader Election RPC: tablet_id: "630e126afd4e4654b77b7d3ac0256fe0"
dest_uuid: "cfd1d19f2a6a445b97d49269d23669b6"
 from {username='slave'} at 127.0.0.1:42886
I20260709 13:18:31.486903 24198 raft_consensus.cc:493] T 630e126afd4e4654b77b7d3ac0256fe0 P cfd1d19f2a6a445b97d49269d23669b6 [term 1 FOLLOWER]: Starting forced leader election (received explicit request)
I20260709 13:18:31.487294 24198 raft_consensus.cc:3060] T 630e126afd4e4654b77b7d3ac0256fe0 P cfd1d19f2a6a445b97d49269d23669b6 [term 1 FOLLOWER]: Advancing to term 2
I20260709 13:18:31.488154 24272 tablet_service.cc:1917] Received RequestConsensusVote() RPC: tablet_id: "f2a3c3a64c95482b8ac923086733a83a" candidate_uuid: "cfd1d19f2a6a445b97d49269d23669b6" candidate_term: 2 candidate_status { last_received { term: 1 index: 1 } } ignore_live_leader: true dest_uuid: "6b0bdc94c0e54e87a11c2f4c83c58788"
I20260709 13:18:31.494270 24352 consensus_queue.cc:1048] T 5e41931e70eb4229b3f91d8725263e92 P 3c67caa20059437dbfa00c925531fc81 [LEADER]: Connected to new peer: Peer: permanent_uuid: "cfd1d19f2a6a445b97d49269d23669b6" member_type: VOTER last_known_addr { host: "127.22.233.194" port: 42663 }, Status: LMP_MISMATCH, Last received: 0.0, Next index: 1, Last known committed idx: 0, Time since last communication: 0.000s
I20260709 13:18:31.496410 24367 consensus_queue.cc:1048] T 630e126afd4e4654b77b7d3ac0256fe0 P 6b0bdc94c0e54e87a11c2f4c83c58788 [LEADER]: Connected to new peer: Peer: permanent_uuid: "3c67caa20059437dbfa00c925531fc81" member_type: VOTER last_known_addr { host: "127.22.233.193" port: 45587 }, Status: LMP_MISMATCH, Last received: 0.0, Next index: 1, Last known committed idx: 0, Time since last communication: 0.000s
I20260709 13:18:31.499348 24123 raft_consensus.cc:2468] T f2a3c3a64c95482b8ac923086733a83a P 3c67caa20059437dbfa00c925531fc81 [term 2 FOLLOWER]: Leader election vote request: Granting yes vote for candidate cfd1d19f2a6a445b97d49269d23669b6 in term 2.
I20260709 13:18:31.494428 24198 raft_consensus.cc:515] T 630e126afd4e4654b77b7d3ac0256fe0 P cfd1d19f2a6a445b97d49269d23669b6 [term 2 FOLLOWER]: Starting forced leader election with config: opid_index: -1 OBSOLETE_local: false peers { permanent_uuid: "3c67caa20059437dbfa00c925531fc81" member_type: VOTER last_known_addr { host: "127.22.233.193" port: 45587 } } peers { permanent_uuid: "cfd1d19f2a6a445b97d49269d23669b6" member_type: VOTER last_known_addr { host: "127.22.233.194" port: 42663 } } peers { permanent_uuid: "6b0bdc94c0e54e87a11c2f4c83c58788" member_type: VOTER last_known_addr { host: "127.22.233.195" port: 35209 } }
I20260709 13:18:31.503350 24162 leader_election.cc:304] T f2a3c3a64c95482b8ac923086733a83a P cfd1d19f2a6a445b97d49269d23669b6 [CANDIDATE]: Term 2 election: Election decided. Result: candidate won. Election summary: received 3 responses out of 3 voters: 2 yes votes; 1 no votes. yes voters: 3c67caa20059437dbfa00c925531fc81, cfd1d19f2a6a445b97d49269d23669b6; no voters: 6b0bdc94c0e54e87a11c2f4c83c58788
I20260709 13:18:31.504231 24198 leader_election.cc:290] T 630e126afd4e4654b77b7d3ac0256fe0 P cfd1d19f2a6a445b97d49269d23669b6 [CANDIDATE]: Term 2 election: Requested vote from peers 3c67caa20059437dbfa00c925531fc81 (127.22.233.193:45587), 6b0bdc94c0e54e87a11c2f4c83c58788 (127.22.233.195:35209)
I20260709 13:18:31.504858 24377 raft_consensus.cc:2804] T f2a3c3a64c95482b8ac923086733a83a P cfd1d19f2a6a445b97d49269d23669b6 [term 2 FOLLOWER]: Leader election won for term 2
I20260709 13:18:31.505363 24377 raft_consensus.cc:697] T f2a3c3a64c95482b8ac923086733a83a P cfd1d19f2a6a445b97d49269d23669b6 [term 2 LEADER]: Becoming Leader. State: Replica: cfd1d19f2a6a445b97d49269d23669b6, State: Running, Role: LEADER
I20260709 13:18:31.505465 24273 tablet_service.cc:1917] Received RequestConsensusVote() RPC: tablet_id: "630e126afd4e4654b77b7d3ac0256fe0" candidate_uuid: "cfd1d19f2a6a445b97d49269d23669b6" candidate_term: 2 candidate_status { last_received { term: 1 index: 1 } } ignore_live_leader: true dest_uuid: "6b0bdc94c0e54e87a11c2f4c83c58788"
I20260709 13:18:31.505985 24273 raft_consensus.cc:3055] T 630e126afd4e4654b77b7d3ac0256fe0 P 6b0bdc94c0e54e87a11c2f4c83c58788 [term 1 LEADER]: Stepping down as leader of term 1
I20260709 13:18:31.506214 24273 raft_consensus.cc:740] T 630e126afd4e4654b77b7d3ac0256fe0 P 6b0bdc94c0e54e87a11c2f4c83c58788 [term 1 LEADER]: Becoming Follower/Learner. State: Replica: 6b0bdc94c0e54e87a11c2f4c83c58788, State: Running, Role: LEADER
I20260709 13:18:31.506209 24377 consensus_queue.cc:237] T f2a3c3a64c95482b8ac923086733a83a P cfd1d19f2a6a445b97d49269d23669b6 [LEADER]: Queue going to LEADER mode. State: All replicated index: 0, Majority replicated index: 1, Committed index: 1, Last appended: 1.1, Last appended by leader: 1, Current term: 2, Majority size: 2, State: 0, Mode: LEADER, active raft config: opid_index: -1 OBSOLETE_local: false peers { permanent_uuid: "3c67caa20059437dbfa00c925531fc81" member_type: VOTER last_known_addr { host: "127.22.233.193" port: 45587 } } peers { permanent_uuid: "cfd1d19f2a6a445b97d49269d23669b6" member_type: VOTER last_known_addr { host: "127.22.233.194" port: 42663 } } peers { permanent_uuid: "6b0bdc94c0e54e87a11c2f4c83c58788" member_type: VOTER last_known_addr { host: "127.22.233.195" port: 35209 } }
I20260709 13:18:31.507117 24273 consensus_queue.cc:260] T 630e126afd4e4654b77b7d3ac0256fe0 P 6b0bdc94c0e54e87a11c2f4c83c58788 [NON_LEADER]: Queue going to NON_LEADER mode. State: All replicated index: 0, Majority replicated index: 1, Committed index: 1, Last appended: 1.1, Last appended by leader: 1, Current term: 1, Majority size: -1, State: 0, Mode: NON_LEADER, active raft config: opid_index: -1 OBSOLETE_local: false peers { permanent_uuid: "3c67caa20059437dbfa00c925531fc81" member_type: VOTER last_known_addr { host: "127.22.233.193" port: 45587 } } peers { permanent_uuid: "cfd1d19f2a6a445b97d49269d23669b6" member_type: VOTER last_known_addr { host: "127.22.233.194" port: 42663 } } peers { permanent_uuid: "6b0bdc94c0e54e87a11c2f4c83c58788" member_type: VOTER last_known_addr { host: "127.22.233.195" port: 35209 } }
I20260709 13:18:31.508114 24273 raft_consensus.cc:3060] T 630e126afd4e4654b77b7d3ac0256fe0 P 6b0bdc94c0e54e87a11c2f4c83c58788 [term 1 FOLLOWER]: Advancing to term 2
I20260709 13:18:31.509483 24123 tablet_service.cc:1917] Received RequestConsensusVote() RPC: tablet_id: "630e126afd4e4654b77b7d3ac0256fe0" candidate_uuid: "cfd1d19f2a6a445b97d49269d23669b6" candidate_term: 2 candidate_status { last_received { term: 1 index: 1 } } ignore_live_leader: true dest_uuid: "3c67caa20059437dbfa00c925531fc81"
I20260709 13:18:31.512001 24352 consensus_queue.cc:1048] T 5e41931e70eb4229b3f91d8725263e92 P 3c67caa20059437dbfa00c925531fc81 [LEADER]: Connected to new peer: Peer: permanent_uuid: "6b0bdc94c0e54e87a11c2f4c83c58788" member_type: VOTER last_known_addr { host: "127.22.233.195" port: 35209 }, Status: LMP_MISMATCH, Last received: 0.0, Next index: 1, Last known committed idx: 0, Time since last communication: 0.000s
I20260709 13:18:31.520673 24273 raft_consensus.cc:2468] T 630e126afd4e4654b77b7d3ac0256fe0 P 6b0bdc94c0e54e87a11c2f4c83c58788 [term 2 FOLLOWER]: Leader election vote request: Granting yes vote for candidate cfd1d19f2a6a445b97d49269d23669b6 in term 2.
I20260709 13:18:31.524039 24165 leader_election.cc:304] T 630e126afd4e4654b77b7d3ac0256fe0 P cfd1d19f2a6a445b97d49269d23669b6 [CANDIDATE]: Term 2 election: Election decided. Result: candidate won. Election summary: received 3 responses out of 3 voters: 2 yes votes; 1 no votes. yes voters: 6b0bdc94c0e54e87a11c2f4c83c58788, cfd1d19f2a6a445b97d49269d23669b6; no voters: 3c67caa20059437dbfa00c925531fc81
I20260709 13:18:31.524672 24377 raft_consensus.cc:2804] T 630e126afd4e4654b77b7d3ac0256fe0 P cfd1d19f2a6a445b97d49269d23669b6 [term 2 FOLLOWER]: Leader election won for term 2
I20260709 13:18:31.525108 24377 raft_consensus.cc:697] T 630e126afd4e4654b77b7d3ac0256fe0 P cfd1d19f2a6a445b97d49269d23669b6 [term 2 LEADER]: Becoming Leader. State: Replica: cfd1d19f2a6a445b97d49269d23669b6, State: Running, Role: LEADER
I20260709 13:18:31.525822 24377 consensus_queue.cc:237] T 630e126afd4e4654b77b7d3ac0256fe0 P cfd1d19f2a6a445b97d49269d23669b6 [LEADER]: Queue going to LEADER mode. State: All replicated index: 0, Majority replicated index: 1, Committed index: 1, Last appended: 1.1, Last appended by leader: 1, Current term: 2, Majority size: 2, State: 0, Mode: LEADER, active raft config: opid_index: -1 OBSOLETE_local: false peers { permanent_uuid: "3c67caa20059437dbfa00c925531fc81" member_type: VOTER last_known_addr { host: "127.22.233.193" port: 45587 } } peers { permanent_uuid: "cfd1d19f2a6a445b97d49269d23669b6" member_type: VOTER last_known_addr { host: "127.22.233.194" port: 42663 } } peers { permanent_uuid: "6b0bdc94c0e54e87a11c2f4c83c58788" member_type: VOTER last_known_addr { host: "127.22.233.195" port: 35209 } }
I20260709 13:18:31.531693 24021 catalog_manager.cc:5697] T f2a3c3a64c95482b8ac923086733a83a P cfd1d19f2a6a445b97d49269d23669b6 reported cstate change: term changed from 1 to 2, leader changed from 3c67caa20059437dbfa00c925531fc81 (127.22.233.193) to cfd1d19f2a6a445b97d49269d23669b6 (127.22.233.194). New cstate: current_term: 2 leader_uuid: "cfd1d19f2a6a445b97d49269d23669b6" committed_config { opid_index: -1 OBSOLETE_local: false peers { permanent_uuid: "3c67caa20059437dbfa00c925531fc81" member_type: VOTER last_known_addr { host: "127.22.233.193" port: 45587 } health_report { overall_health: UNKNOWN } } peers { permanent_uuid: "cfd1d19f2a6a445b97d49269d23669b6" member_type: VOTER last_known_addr { host: "127.22.233.194" port: 42663 } health_report { overall_health: HEALTHY } } peers { permanent_uuid: "6b0bdc94c0e54e87a11c2f4c83c58788" member_type: VOTER last_known_addr { host: "127.22.233.195" port: 35209 } health_report { overall_health: UNKNOWN } } }
I20260709 13:18:31.533267 24320 raft_consensus.cc:993] T 5e41931e70eb4229b3f91d8725263e92 P 3c67caa20059437dbfa00c925531fc81: : Instructing follower cfd1d19f2a6a445b97d49269d23669b6 to start an election
I20260709 13:18:31.534328 24320 raft_consensus.cc:1081] T 5e41931e70eb4229b3f91d8725263e92 P 3c67caa20059437dbfa00c925531fc81 [term 1 LEADER]: Signalling peer cfd1d19f2a6a445b97d49269d23669b6 to start an election
I20260709 13:18:31.538189 24196 tablet_service.cc:2044] Received Run Leader Election RPC: tablet_id: "5e41931e70eb4229b3f91d8725263e92"
dest_uuid: "cfd1d19f2a6a445b97d49269d23669b6"
 from {username='slave'} at 127.0.0.1:42898
I20260709 13:18:31.538754 24196 raft_consensus.cc:493] T 5e41931e70eb4229b3f91d8725263e92 P cfd1d19f2a6a445b97d49269d23669b6 [term 1 FOLLOWER]: Starting forced leader election (received explicit request)
I20260709 13:18:31.539149 24196 raft_consensus.cc:3060] T 5e41931e70eb4229b3f91d8725263e92 P cfd1d19f2a6a445b97d49269d23669b6 [term 1 FOLLOWER]: Advancing to term 2
I20260709 13:18:31.544524 24196 raft_consensus.cc:515] T 5e41931e70eb4229b3f91d8725263e92 P cfd1d19f2a6a445b97d49269d23669b6 [term 2 FOLLOWER]: Starting forced leader election with config: opid_index: -1 OBSOLETE_local: false peers { permanent_uuid: "3c67caa20059437dbfa00c925531fc81" member_type: VOTER last_known_addr { host: "127.22.233.193" port: 45587 } } peers { permanent_uuid: "cfd1d19f2a6a445b97d49269d23669b6" member_type: VOTER last_known_addr { host: "127.22.233.194" port: 42663 } } peers { permanent_uuid: "6b0bdc94c0e54e87a11c2f4c83c58788" member_type: VOTER last_known_addr { host: "127.22.233.195" port: 35209 } }
I20260709 13:18:31.546491 24196 leader_election.cc:290] T 5e41931e70eb4229b3f91d8725263e92 P cfd1d19f2a6a445b97d49269d23669b6 [CANDIDATE]: Term 2 election: Requested vote from peers 3c67caa20059437dbfa00c925531fc81 (127.22.233.193:45587), 6b0bdc94c0e54e87a11c2f4c83c58788 (127.22.233.195:35209)
I20260709 13:18:31.546613 24122 tablet_service.cc:1917] Received RequestConsensusVote() RPC: tablet_id: "5e41931e70eb4229b3f91d8725263e92" candidate_uuid: "cfd1d19f2a6a445b97d49269d23669b6" candidate_term: 2 candidate_status { last_received { term: 1 index: 1 } } ignore_live_leader: true dest_uuid: "3c67caa20059437dbfa00c925531fc81"
I20260709 13:18:31.547204 24122 raft_consensus.cc:3055] T 5e41931e70eb4229b3f91d8725263e92 P 3c67caa20059437dbfa00c925531fc81 [term 1 LEADER]: Stepping down as leader of term 1
I20260709 13:18:31.547487 24122 raft_consensus.cc:740] T 5e41931e70eb4229b3f91d8725263e92 P 3c67caa20059437dbfa00c925531fc81 [term 1 LEADER]: Becoming Follower/Learner. State: Replica: 3c67caa20059437dbfa00c925531fc81, State: Running, Role: LEADER
I20260709 13:18:31.548081 24272 tablet_service.cc:1917] Received RequestConsensusVote() RPC: tablet_id: "5e41931e70eb4229b3f91d8725263e92" candidate_uuid: "cfd1d19f2a6a445b97d49269d23669b6" candidate_term: 2 candidate_status { last_received { term: 1 index: 1 } } ignore_live_leader: true dest_uuid: "6b0bdc94c0e54e87a11c2f4c83c58788"
I20260709 13:18:31.548617 24272 raft_consensus.cc:3060] T 5e41931e70eb4229b3f91d8725263e92 P 6b0bdc94c0e54e87a11c2f4c83c58788 [term 1 FOLLOWER]: Advancing to term 2
I20260709 13:18:31.548184 24122 consensus_queue.cc:260] T 5e41931e70eb4229b3f91d8725263e92 P 3c67caa20059437dbfa00c925531fc81 [NON_LEADER]: Queue going to NON_LEADER mode. State: All replicated index: 0, Majority replicated index: 1, Committed index: 1, Last appended: 1.1, Last appended by leader: 1, Current term: 1, Majority size: -1, State: 0, Mode: NON_LEADER, active raft config: opid_index: -1 OBSOLETE_local: false peers { permanent_uuid: "3c67caa20059437dbfa00c925531fc81" member_type: VOTER last_known_addr { host: "127.22.233.193" port: 45587 } } peers { permanent_uuid: "cfd1d19f2a6a445b97d49269d23669b6" member_type: VOTER last_known_addr { host: "127.22.233.194" port: 42663 } } peers { permanent_uuid: "6b0bdc94c0e54e87a11c2f4c83c58788" member_type: VOTER last_known_addr { host: "127.22.233.195" port: 35209 } }
I20260709 13:18:31.549463 24122 raft_consensus.cc:3060] T 5e41931e70eb4229b3f91d8725263e92 P 3c67caa20059437dbfa00c925531fc81 [term 1 FOLLOWER]: Advancing to term 2
I20260709 13:18:31.554862 24272 raft_consensus.cc:2468] T 5e41931e70eb4229b3f91d8725263e92 P 6b0bdc94c0e54e87a11c2f4c83c58788 [term 2 FOLLOWER]: Leader election vote request: Granting yes vote for candidate cfd1d19f2a6a445b97d49269d23669b6 in term 2.
I20260709 13:18:31.555608 24122 raft_consensus.cc:2468] T 5e41931e70eb4229b3f91d8725263e92 P 3c67caa20059437dbfa00c925531fc81 [term 2 FOLLOWER]: Leader election vote request: Granting yes vote for candidate cfd1d19f2a6a445b97d49269d23669b6 in term 2.
I20260709 13:18:31.555891 24165 leader_election.cc:304] T 5e41931e70eb4229b3f91d8725263e92 P cfd1d19f2a6a445b97d49269d23669b6 [CANDIDATE]: Term 2 election: Election decided. Result: candidate won. Election summary: received 2 responses out of 3 voters: 2 yes votes; 0 no votes. yes voters: 6b0bdc94c0e54e87a11c2f4c83c58788, cfd1d19f2a6a445b97d49269d23669b6; no voters: 
I20260709 13:18:31.556654 24377 raft_consensus.cc:2804] T 5e41931e70eb4229b3f91d8725263e92 P cfd1d19f2a6a445b97d49269d23669b6 [term 2 FOLLOWER]: Leader election won for term 2
I20260709 13:18:31.557049 24377 raft_consensus.cc:697] T 5e41931e70eb4229b3f91d8725263e92 P cfd1d19f2a6a445b97d49269d23669b6 [term 2 LEADER]: Becoming Leader. State: Replica: cfd1d19f2a6a445b97d49269d23669b6, State: Running, Role: LEADER
I20260709 13:18:31.557760 24377 consensus_queue.cc:237] T 5e41931e70eb4229b3f91d8725263e92 P cfd1d19f2a6a445b97d49269d23669b6 [LEADER]: Queue going to LEADER mode. State: All replicated index: 0, Majority replicated index: 1, Committed index: 1, Last appended: 1.1, Last appended by leader: 1, Current term: 2, Majority size: 2, State: 0, Mode: LEADER, active raft config: opid_index: -1 OBSOLETE_local: false peers { permanent_uuid: "3c67caa20059437dbfa00c925531fc81" member_type: VOTER last_known_addr { host: "127.22.233.193" port: 45587 } } peers { permanent_uuid: "cfd1d19f2a6a445b97d49269d23669b6" member_type: VOTER last_known_addr { host: "127.22.233.194" port: 42663 } } peers { permanent_uuid: "6b0bdc94c0e54e87a11c2f4c83c58788" member_type: VOTER last_known_addr { host: "127.22.233.195" port: 35209 } }
I20260709 13:18:31.563989 24367 consensus_queue.cc:1048] T bb1822d02e7043dd9bf7a166fc3fa05d P 6b0bdc94c0e54e87a11c2f4c83c58788 [LEADER]: Connected to new peer: Peer: permanent_uuid: "3c67caa20059437dbfa00c925531fc81" member_type: VOTER last_known_addr { host: "127.22.233.193" port: 45587 }, Status: LMP_MISMATCH, Last received: 0.0, Next index: 1, Last known committed idx: 0, Time since last communication: 0.000s
I20260709 13:18:31.564138 24021 catalog_manager.cc:5697] T 630e126afd4e4654b77b7d3ac0256fe0 P cfd1d19f2a6a445b97d49269d23669b6 reported cstate change: term changed from 1 to 2, leader changed from 6b0bdc94c0e54e87a11c2f4c83c58788 (127.22.233.195) to cfd1d19f2a6a445b97d49269d23669b6 (127.22.233.194). New cstate: current_term: 2 leader_uuid: "cfd1d19f2a6a445b97d49269d23669b6" committed_config { opid_index: -1 OBSOLETE_local: false peers { permanent_uuid: "3c67caa20059437dbfa00c925531fc81" member_type: VOTER last_known_addr { host: "127.22.233.193" port: 45587 } health_report { overall_health: UNKNOWN } } peers { permanent_uuid: "cfd1d19f2a6a445b97d49269d23669b6" member_type: VOTER last_known_addr { host: "127.22.233.194" port: 42663 } health_report { overall_health: HEALTHY } } peers { permanent_uuid: "6b0bdc94c0e54e87a11c2f4c83c58788" member_type: VOTER last_known_addr { host: "127.22.233.195" port: 35209 } health_report { overall_health: UNKNOWN } } }
I20260709 13:18:31.570024 24321 raft_consensus.cc:993] T bb1822d02e7043dd9bf7a166fc3fa05d P 6b0bdc94c0e54e87a11c2f4c83c58788: : Instructing follower 3c67caa20059437dbfa00c925531fc81 to start an election
I20260709 13:18:31.570415 24321 raft_consensus.cc:1081] T bb1822d02e7043dd9bf7a166fc3fa05d P 6b0bdc94c0e54e87a11c2f4c83c58788 [term 1 LEADER]: Signalling peer 3c67caa20059437dbfa00c925531fc81 to start an election
I20260709 13:18:31.572882 24124 tablet_service.cc:2044] Received Run Leader Election RPC: tablet_id: "bb1822d02e7043dd9bf7a166fc3fa05d"
dest_uuid: "3c67caa20059437dbfa00c925531fc81"
 from {username='slave'} at 127.0.0.1:57724
I20260709 13:18:31.573418 24124 raft_consensus.cc:493] T bb1822d02e7043dd9bf7a166fc3fa05d P 3c67caa20059437dbfa00c925531fc81 [term 1 FOLLOWER]: Starting forced leader election (received explicit request)
I20260709 13:18:31.573693 24124 raft_consensus.cc:3060] T bb1822d02e7043dd9bf7a166fc3fa05d P 3c67caa20059437dbfa00c925531fc81 [term 1 FOLLOWER]: Advancing to term 2
I20260709 13:18:31.576581 24321 consensus_queue.cc:1048] T bb1822d02e7043dd9bf7a166fc3fa05d P 6b0bdc94c0e54e87a11c2f4c83c58788 [LEADER]: Connected to new peer: Peer: permanent_uuid: "cfd1d19f2a6a445b97d49269d23669b6" member_type: VOTER last_known_addr { host: "127.22.233.194" port: 42663 }, Status: LMP_MISMATCH, Last received: 0.0, Next index: 1, Last known committed idx: 0, Time since last communication: 0.000s
I20260709 13:18:31.579226 24124 raft_consensus.cc:515] T bb1822d02e7043dd9bf7a166fc3fa05d P 3c67caa20059437dbfa00c925531fc81 [term 2 FOLLOWER]: Starting forced leader election with config: opid_index: -1 OBSOLETE_local: false peers { permanent_uuid: "3c67caa20059437dbfa00c925531fc81" member_type: VOTER last_known_addr { host: "127.22.233.193" port: 45587 } } peers { permanent_uuid: "cfd1d19f2a6a445b97d49269d23669b6" member_type: VOTER last_known_addr { host: "127.22.233.194" port: 42663 } } peers { permanent_uuid: "6b0bdc94c0e54e87a11c2f4c83c58788" member_type: VOTER last_known_addr { host: "127.22.233.195" port: 35209 } }
I20260709 13:18:31.581228 24124 leader_election.cc:290] T bb1822d02e7043dd9bf7a166fc3fa05d P 3c67caa20059437dbfa00c925531fc81 [CANDIDATE]: Term 2 election: Requested vote from peers cfd1d19f2a6a445b97d49269d23669b6 (127.22.233.194:42663), 6b0bdc94c0e54e87a11c2f4c83c58788 (127.22.233.195:35209)
