I20260709 13:18:44.770090 10235 consensus_queue.cc:260] T 409b090f67ab4bf8b051221141d1eb42 P 794aacb2214f4ab48c09608cd0e0ab40 [NON_LEADER]: Queue going to NON_LEADER mode. State: All replicated index: 0, Majority replicated index: 0, Committed index: 0, Last appended: 0.0, Last appended by leader: 0, Current term: 0, Majority size: -1, State: 0, Mode: NON_LEADER, active raft config: opid_index: -1 OBSOLETE_local: false peers { permanent_uuid: "6f33df4d9a3744c1a74481fd7baf566a" member_type: VOTER last_known_addr { host: "127.8.184.193" port: 36735 } } peers { permanent_uuid: "34e719a0c3d2417d87d0b3e4e268c8da" member_type: VOTER last_known_addr { host: "127.8.184.194" port: 39635 } } peers { permanent_uuid: "794aacb2214f4ab48c09608cd0e0ab40" member_type: VOTER last_known_addr { host: "127.8.184.195" port: 35917 } }
W20260709 13:18:44.771559 10085 leader_election.cc:343] T 9676f608b36443508f7fd4414ca12912 P 34e719a0c3d2417d87d0b3e4e268c8da [CANDIDATE]: Term 1 pre-election: Tablet error from VoteRequest() call to peer 794aacb2214f4ab48c09608cd0e0ab40 (127.8.184.195:35917): Illegal state: must be running to vote when last-logged opid is not known
I20260709 13:18:44.757454 10305 leader_election.cc:290] T 9676f608b36443508f7fd4414ca12912 P 34e719a0c3d2417d87d0b3e4e268c8da [CANDIDATE]: Term 1 pre-election: Requested pre-vote from peers 6f33df4d9a3744c1a74481fd7baf566a (127.8.184.193:36735), 794aacb2214f4ab48c09608cd0e0ab40 (127.8.184.195:35917)
W20260709 13:18:44.774044 10157 leader_election.cc:343] T ee9b585b75ea4e5cb5e243c89368abbc P 794aacb2214f4ab48c09608cd0e0ab40 [CANDIDATE]: Term 1 pre-election: Tablet error from VoteRequest() call to peer 6f33df4d9a3744c1a74481fd7baf566a (127.8.184.193:36735): Illegal state: must be running to vote when last-logged opid is not known
I20260709 13:18:44.774811 10157 leader_election.cc:304] T ee9b585b75ea4e5cb5e243c89368abbc P 794aacb2214f4ab48c09608cd0e0ab40 [CANDIDATE]: Term 1 pre-election: Election decided. Result: candidate lost. Election summary: received 3 responses out of 3 voters: 1 yes votes; 2 no votes. yes voters: 794aacb2214f4ab48c09608cd0e0ab40; no voters: 34e719a0c3d2417d87d0b3e4e268c8da, 6f33df4d9a3744c1a74481fd7baf566a
I20260709 13:18:44.787214 10235 ts_tablet_manager.cc:1434] T 409b090f67ab4bf8b051221141d1eb42 P 794aacb2214f4ab48c09608cd0e0ab40: Time spent starting tablet: real 0.028s	user 0.011s	sys 0.000s
I20260709 13:18:44.783371 10308 consensus_queue.cc:1048] T 5743621a5f434b6381b0aa4b2a84de3b P 6f33df4d9a3744c1a74481fd7baf566a [LEADER]: Connected to new peer: Peer: permanent_uuid: "34e719a0c3d2417d87d0b3e4e268c8da" member_type: VOTER last_known_addr { host: "127.8.184.194" port: 39635 }, Status: LMP_MISMATCH, Last received: 0.0, Next index: 1, Last known committed idx: 0, Time since last communication: 0.005s
I20260709 13:18:44.788478 10235 tablet_bootstrap.cc:492] T 9422fd9c397445799899ff2c13f9a4fe P 794aacb2214f4ab48c09608cd0e0ab40: Bootstrap starting.
I20260709 13:18:44.789763 10044 tablet_service.cc:1917] Received RequestConsensusVote() RPC: tablet_id: "9676f608b36443508f7fd4414ca12912" candidate_uuid: "34e719a0c3d2417d87d0b3e4e268c8da" candidate_term: 1 candidate_status { last_received { term: 0 index: 0 } } ignore_live_leader: false dest_uuid: "6f33df4d9a3744c1a74481fd7baf566a" is_pre_election: true
I20260709 13:18:44.791761 10266 raft_consensus.cc:493] T 409b090f67ab4bf8b051221141d1eb42 P 794aacb2214f4ab48c09608cd0e0ab40 [term 0 FOLLOWER]: Starting pre-election (no leader contacted us within the election timeout)
I20260709 13:18:44.792691 10266 raft_consensus.cc:515] T 409b090f67ab4bf8b051221141d1eb42 P 794aacb2214f4ab48c09608cd0e0ab40 [term 0 FOLLOWER]: Starting pre-election with config: opid_index: -1 OBSOLETE_local: false peers { permanent_uuid: "6f33df4d9a3744c1a74481fd7baf566a" member_type: VOTER last_known_addr { host: "127.8.184.193" port: 36735 } } peers { permanent_uuid: "34e719a0c3d2417d87d0b3e4e268c8da" member_type: VOTER last_known_addr { host: "127.8.184.194" port: 39635 } } peers { permanent_uuid: "794aacb2214f4ab48c09608cd0e0ab40" member_type: VOTER last_known_addr { host: "127.8.184.195" port: 35917 } }
I20260709 13:18:44.795099 10044 raft_consensus.cc:2468] T 9676f608b36443508f7fd4414ca12912 P 6f33df4d9a3744c1a74481fd7baf566a [term 0 FOLLOWER]: Leader pre-election vote request: Granting yes vote for candidate 34e719a0c3d2417d87d0b3e4e268c8da in term 0.
I20260709 13:18:44.797562 10083 leader_election.cc:304] T 9676f608b36443508f7fd4414ca12912 P 34e719a0c3d2417d87d0b3e4e268c8da [CANDIDATE]: Term 1 pre-election: Election decided. Result: candidate won. Election summary: received 3 responses out of 3 voters: 2 yes votes; 1 no votes. yes voters: 34e719a0c3d2417d87d0b3e4e268c8da, 6f33df4d9a3744c1a74481fd7baf566a; no voters: 794aacb2214f4ab48c09608cd0e0ab40
I20260709 13:18:44.795096 10266 leader_election.cc:290] T 409b090f67ab4bf8b051221141d1eb42 P 794aacb2214f4ab48c09608cd0e0ab40 [CANDIDATE]: Term 1 pre-election: Requested pre-vote from peers 6f33df4d9a3744c1a74481fd7baf566a (127.8.184.193:36735), 34e719a0c3d2417d87d0b3e4e268c8da (127.8.184.194:39635)
I20260709 13:18:44.798465 10115 tablet_service.cc:1917] Received RequestConsensusVote() RPC: tablet_id: "58aa5dc2f7264e32bb84d6c988922f06" candidate_uuid: "6f33df4d9a3744c1a74481fd7baf566a" candidate_term: 1 candidate_status { last_received { term: 0 index: 0 } } ignore_live_leader: false dest_uuid: "34e719a0c3d2417d87d0b3e4e268c8da" is_pre_election: true
I20260709 13:18:44.799623 10115 raft_consensus.cc:2468] T 58aa5dc2f7264e32bb84d6c988922f06 P 34e719a0c3d2417d87d0b3e4e268c8da [term 0 FOLLOWER]: Leader pre-election vote request: Granting yes vote for candidate 6f33df4d9a3744c1a74481fd7baf566a in term 0.
I20260709 13:18:44.801244 10119 tablet_service.cc:1917] Received RequestConsensusVote() RPC: tablet_id: "409b090f67ab4bf8b051221141d1eb42" candidate_uuid: "794aacb2214f4ab48c09608cd0e0ab40" candidate_term: 1 candidate_status { last_received { term: 0 index: 0 } } ignore_live_leader: false dest_uuid: "34e719a0c3d2417d87d0b3e4e268c8da" is_pre_election: true
I20260709 13:18:44.801146 10044 tablet_service.cc:1917] Received RequestConsensusVote() RPC: tablet_id: "409b090f67ab4bf8b051221141d1eb42" candidate_uuid: "794aacb2214f4ab48c09608cd0e0ab40" candidate_term: 1 candidate_status { last_received { term: 0 index: 0 } } ignore_live_leader: false dest_uuid: "6f33df4d9a3744c1a74481fd7baf566a" is_pre_election: true
I20260709 13:18:44.783849 10257 raft_consensus.cc:2749] T ee9b585b75ea4e5cb5e243c89368abbc P 794aacb2214f4ab48c09608cd0e0ab40 [term 0 FOLLOWER]: Leader pre-election lost for term 1. Reason: could not achieve majority
I20260709 13:18:44.814141 10346 raft_consensus.cc:2804] T 9676f608b36443508f7fd4414ca12912 P 34e719a0c3d2417d87d0b3e4e268c8da [term 0 FOLLOWER]: Leader pre-election won for term 1
I20260709 13:18:44.828114 10346 raft_consensus.cc:493] T 9676f608b36443508f7fd4414ca12912 P 34e719a0c3d2417d87d0b3e4e268c8da [term 0 FOLLOWER]: Starting leader election (no leader contacted us within the election timeout)
W20260709 13:18:44.834157 10157 leader_election.cc:343] T 409b090f67ab4bf8b051221141d1eb42 P 794aacb2214f4ab48c09608cd0e0ab40 [CANDIDATE]: Term 1 pre-election: Tablet error from VoteRequest() call to peer 6f33df4d9a3744c1a74481fd7baf566a (127.8.184.193:36735): Illegal state: must be running to vote when last-logged opid is not known
I20260709 13:18:44.837402 10346 raft_consensus.cc:3060] T 9676f608b36443508f7fd4414ca12912 P 34e719a0c3d2417d87d0b3e4e268c8da [term 0 FOLLOWER]: Advancing to term 1
I20260709 13:18:44.840950 10008 leader_election.cc:304] T 58aa5dc2f7264e32bb84d6c988922f06 P 6f33df4d9a3744c1a74481fd7baf566a [CANDIDATE]: Term 1 pre-election: Election decided. Result: candidate won. Election summary: received 3 responses out of 3 voters: 2 yes votes; 1 no votes. yes voters: 34e719a0c3d2417d87d0b3e4e268c8da, 6f33df4d9a3744c1a74481fd7baf566a; no voters: 794aacb2214f4ab48c09608cd0e0ab40
W20260709 13:18:44.845525 10157 leader_election.cc:343] T 409b090f67ab4bf8b051221141d1eb42 P 794aacb2214f4ab48c09608cd0e0ab40 [CANDIDATE]: Term 1 pre-election: Tablet error from VoteRequest() call to peer 34e719a0c3d2417d87d0b3e4e268c8da (127.8.184.194:39635): Illegal state: must be running to vote when last-logged opid is not known
I20260709 13:18:44.846095 10157 leader_election.cc:304] T 409b090f67ab4bf8b051221141d1eb42 P 794aacb2214f4ab48c09608cd0e0ab40 [CANDIDATE]: Term 1 pre-election: Election decided. Result: candidate lost. Election summary: received 3 responses out of 3 voters: 1 yes votes; 2 no votes. yes voters: 794aacb2214f4ab48c09608cd0e0ab40; no voters: 34e719a0c3d2417d87d0b3e4e268c8da, 6f33df4d9a3744c1a74481fd7baf566a
I20260709 13:18:44.844036 10308 raft_consensus.cc:2804] T 58aa5dc2f7264e32bb84d6c988922f06 P 6f33df4d9a3744c1a74481fd7baf566a [term 0 FOLLOWER]: Leader pre-election won for term 1
I20260709 13:18:44.848305 10308 raft_consensus.cc:493] T 58aa5dc2f7264e32bb84d6c988922f06 P 6f33df4d9a3744c1a74481fd7baf566a [term 0 FOLLOWER]: Starting leader election (no leader contacted us within the election timeout)
I20260709 13:18:44.848743 10308 raft_consensus.cc:3060] T 58aa5dc2f7264e32bb84d6c988922f06 P 6f33df4d9a3744c1a74481fd7baf566a [term 0 FOLLOWER]: Advancing to term 1
I20260709 13:18:44.849684 10235 tablet_bootstrap.cc:654] T 9422fd9c397445799899ff2c13f9a4fe P 794aacb2214f4ab48c09608cd0e0ab40: Neither blocks nor log segments found. Creating new log.
I20260709 13:18:44.851708 10257 raft_consensus.cc:2749] T 409b090f67ab4bf8b051221141d1eb42 P 794aacb2214f4ab48c09608cd0e0ab40 [term 0 FOLLOWER]: Leader pre-election lost for term 1. Reason: could not achieve majority
I20260709 13:18:44.857051 10233 tablet_bootstrap.cc:654] T 4a73a13475124f2e9a858cabc0667eed P 6f33df4d9a3744c1a74481fd7baf566a: Neither blocks nor log segments found. Creating new log.
I20260709 13:18:44.862584 10336 consensus_queue.cc:1048] T 206e7217c463448398d67fb6ab657774 P 6f33df4d9a3744c1a74481fd7baf566a [LEADER]: Connected to new peer: Peer: permanent_uuid: "34e719a0c3d2417d87d0b3e4e268c8da" member_type: VOTER last_known_addr { host: "127.8.184.194" port: 39635 }, Status: LMP_MISMATCH, Last received: 0.0, Next index: 1, Last known committed idx: 0, Time since last communication: 0.001s
I20260709 13:18:44.867944 10234 tablet_bootstrap.cc:492] T 9422fd9c397445799899ff2c13f9a4fe P 34e719a0c3d2417d87d0b3e4e268c8da: No bootstrap required, opened a new log
I20260709 13:18:44.868559 10234 ts_tablet_manager.cc:1403] T 9422fd9c397445799899ff2c13f9a4fe P 34e719a0c3d2417d87d0b3e4e268c8da: Time spent bootstrapping tablet: real 0.291s	user 0.015s	sys 0.001s
I20260709 13:18:44.871886 10234 raft_consensus.cc:359] T 9422fd9c397445799899ff2c13f9a4fe P 34e719a0c3d2417d87d0b3e4e268c8da [term 0 FOLLOWER]: Replica starting. Triggering 0 pending ops. Active config: opid_index: -1 OBSOLETE_local: false peers { permanent_uuid: "6f33df4d9a3744c1a74481fd7baf566a" member_type: VOTER last_known_addr { host: "127.8.184.193" port: 36735 } } peers { permanent_uuid: "34e719a0c3d2417d87d0b3e4e268c8da" member_type: VOTER last_known_addr { host: "127.8.184.194" port: 39635 } } peers { permanent_uuid: "794aacb2214f4ab48c09608cd0e0ab40" member_type: VOTER last_known_addr { host: "127.8.184.195" port: 35917 } }
I20260709 13:18:44.872676 10234 raft_consensus.cc:385] T 9422fd9c397445799899ff2c13f9a4fe P 34e719a0c3d2417d87d0b3e4e268c8da [term 0 FOLLOWER]: Consensus starting up: Expiring failure detector timer to make a prompt election more likely
I20260709 13:18:44.873150 10234 raft_consensus.cc:740] T 9422fd9c397445799899ff2c13f9a4fe P 34e719a0c3d2417d87d0b3e4e268c8da [term 0 FOLLOWER]: Becoming Follower/Learner. State: Replica: 34e719a0c3d2417d87d0b3e4e268c8da, State: Initialized, Role: FOLLOWER
I20260709 13:18:44.887069 10346 raft_consensus.cc:515] T 9676f608b36443508f7fd4414ca12912 P 34e719a0c3d2417d87d0b3e4e268c8da [term 1 FOLLOWER]: Starting leader election with config: opid_index: -1 OBSOLETE_local: false peers { permanent_uuid: "6f33df4d9a3744c1a74481fd7baf566a" member_type: VOTER last_known_addr { host: "127.8.184.193" port: 36735 } } peers { permanent_uuid: "34e719a0c3d2417d87d0b3e4e268c8da" member_type: VOTER last_known_addr { host: "127.8.184.194" port: 39635 } } peers { permanent_uuid: "794aacb2214f4ab48c09608cd0e0ab40" member_type: VOTER last_known_addr { host: "127.8.184.195" port: 35917 } }
I20260709 13:18:44.894376 10044 tablet_service.cc:1917] Received RequestConsensusVote() RPC: tablet_id: "9676f608b36443508f7fd4414ca12912" candidate_uuid: "34e719a0c3d2417d87d0b3e4e268c8da" candidate_term: 1 candidate_status { last_received { term: 0 index: 0 } } ignore_live_leader: false dest_uuid: "6f33df4d9a3744c1a74481fd7baf566a"
I20260709 13:18:44.897171 10044 raft_consensus.cc:3060] T 9676f608b36443508f7fd4414ca12912 P 6f33df4d9a3744c1a74481fd7baf566a [term 0 FOLLOWER]: Advancing to term 1
I20260709 13:18:44.901665 10346 leader_election.cc:290] T 9676f608b36443508f7fd4414ca12912 P 34e719a0c3d2417d87d0b3e4e268c8da [CANDIDATE]: Term 1 election: Requested vote from peers 6f33df4d9a3744c1a74481fd7baf566a (127.8.184.193:36735), 794aacb2214f4ab48c09608cd0e0ab40 (127.8.184.195:35917)
I20260709 13:18:44.904367 10234 consensus_queue.cc:260] T 9422fd9c397445799899ff2c13f9a4fe P 34e719a0c3d2417d87d0b3e4e268c8da [NON_LEADER]: Queue going to NON_LEADER mode. State: All replicated index: 0, Majority replicated index: 0, Committed index: 0, Last appended: 0.0, Last appended by leader: 0, Current term: 0, Majority size: -1, State: 0, Mode: NON_LEADER, active raft config: opid_index: -1 OBSOLETE_local: false peers { permanent_uuid: "6f33df4d9a3744c1a74481fd7baf566a" member_type: VOTER last_known_addr { host: "127.8.184.193" port: 36735 } } peers { permanent_uuid: "34e719a0c3d2417d87d0b3e4e268c8da" member_type: VOTER last_known_addr { host: "127.8.184.194" port: 39635 } } peers { permanent_uuid: "794aacb2214f4ab48c09608cd0e0ab40" member_type: VOTER last_known_addr { host: "127.8.184.195" port: 35917 } }
I20260709 13:18:44.887784  9940 catalog_manager.cc:5697] T e8d79d446efc42f4a090b96d4c2d7b0c P 6f33df4d9a3744c1a74481fd7baf566a reported cstate change: term changed from 0 to 1, leader changed from <none> to 6f33df4d9a3744c1a74481fd7baf566a (127.8.184.193). New cstate: current_term: 1 leader_uuid: "6f33df4d9a3744c1a74481fd7baf566a" committed_config { opid_index: -1 OBSOLETE_local: false peers { permanent_uuid: "6f33df4d9a3744c1a74481fd7baf566a" member_type: VOTER last_known_addr { host: "127.8.184.193" port: 36735 } health_report { overall_health: HEALTHY } } peers { permanent_uuid: "34e719a0c3d2417d87d0b3e4e268c8da" member_type: VOTER last_known_addr { host: "127.8.184.194" port: 39635 } health_report { overall_health: UNKNOWN } } peers { permanent_uuid: "794aacb2214f4ab48c09608cd0e0ab40" member_type: VOTER last_known_addr { host: "127.8.184.195" port: 35917 } health_report { overall_health: UNKNOWN } } }
I20260709 13:18:44.906832 10234 ts_tablet_manager.cc:1434] T 9422fd9c397445799899ff2c13f9a4fe P 34e719a0c3d2417d87d0b3e4e268c8da: Time spent starting tablet: real 0.038s	user 0.010s	sys 0.000s
I20260709 13:18:44.907881 10234 tablet_bootstrap.cc:492] T d19b65e241eb4bb4a4e4b51d54f71b8f P 34e719a0c3d2417d87d0b3e4e268c8da: Bootstrap starting.
I20260709 13:18:44.908370 10192 tablet_service.cc:1917] Received RequestConsensusVote() RPC: tablet_id: "9676f608b36443508f7fd4414ca12912" candidate_uuid: "34e719a0c3d2417d87d0b3e4e268c8da" candidate_term: 1 candidate_status { last_received { term: 0 index: 0 } } ignore_live_leader: false dest_uuid: "794aacb2214f4ab48c09608cd0e0ab40"
W20260709 13:18:44.911078 10085 leader_election.cc:343] T 9676f608b36443508f7fd4414ca12912 P 34e719a0c3d2417d87d0b3e4e268c8da [CANDIDATE]: Term 1 election: Tablet error from VoteRequest() call to peer 794aacb2214f4ab48c09608cd0e0ab40 (127.8.184.195:35917): Illegal state: must be running to vote when last-logged opid is not known
I20260709 13:18:44.911856 10308 raft_consensus.cc:515] T 58aa5dc2f7264e32bb84d6c988922f06 P 6f33df4d9a3744c1a74481fd7baf566a [term 1 FOLLOWER]: Starting leader election with config: opid_index: -1 OBSOLETE_local: false peers { permanent_uuid: "6f33df4d9a3744c1a74481fd7baf566a" member_type: VOTER last_known_addr { host: "127.8.184.193" port: 36735 } } peers { permanent_uuid: "34e719a0c3d2417d87d0b3e4e268c8da" member_type: VOTER last_known_addr { host: "127.8.184.194" port: 39635 } } peers { permanent_uuid: "794aacb2214f4ab48c09608cd0e0ab40" member_type: VOTER last_known_addr { host: "127.8.184.195" port: 35917 } }
I20260709 13:18:44.915400 10336 consensus_queue.cc:1048] T 206e7217c463448398d67fb6ab657774 P 6f33df4d9a3744c1a74481fd7baf566a [LEADER]: Connected to new peer: Peer: permanent_uuid: "794aacb2214f4ab48c09608cd0e0ab40" member_type: VOTER last_known_addr { host: "127.8.184.195" port: 35917 }, Status: LMP_MISMATCH, Last received: 0.0, Next index: 1, Last known committed idx: 0, Time since last communication: 0.000s
I20260709 13:18:44.915827 10192 tablet_service.cc:1917] Received RequestConsensusVote() RPC: tablet_id: "58aa5dc2f7264e32bb84d6c988922f06" candidate_uuid: "6f33df4d9a3744c1a74481fd7baf566a" candidate_term: 1 candidate_status { last_received { term: 0 index: 0 } } ignore_live_leader: false dest_uuid: "794aacb2214f4ab48c09608cd0e0ab40"
I20260709 13:18:44.916448 10044 raft_consensus.cc:2468] T 9676f608b36443508f7fd4414ca12912 P 6f33df4d9a3744c1a74481fd7baf566a [term 1 FOLLOWER]: Leader election vote request: Granting yes vote for candidate 34e719a0c3d2417d87d0b3e4e268c8da in term 1.
W20260709 13:18:44.917590 10010 leader_election.cc:343] T 58aa5dc2f7264e32bb84d6c988922f06 P 6f33df4d9a3744c1a74481fd7baf566a [CANDIDATE]: Term 1 election: Tablet error from VoteRequest() call to peer 794aacb2214f4ab48c09608cd0e0ab40 (127.8.184.195:35917): Illegal state: must be running to vote when last-logged opid is not known
I20260709 13:18:44.918583 10308 leader_election.cc:290] T 58aa5dc2f7264e32bb84d6c988922f06 P 6f33df4d9a3744c1a74481fd7baf566a [CANDIDATE]: Term 1 election: Requested vote from peers 34e719a0c3d2417d87d0b3e4e268c8da (127.8.184.194:39635), 794aacb2214f4ab48c09608cd0e0ab40 (127.8.184.195:35917)
I20260709 13:18:44.919679 10083 leader_election.cc:304] T 9676f608b36443508f7fd4414ca12912 P 34e719a0c3d2417d87d0b3e4e268c8da [CANDIDATE]: Term 1 election: Election decided. Result: candidate won. Election summary: received 3 responses out of 3 voters: 2 yes votes; 1 no votes. yes voters: 34e719a0c3d2417d87d0b3e4e268c8da, 6f33df4d9a3744c1a74481fd7baf566a; no voters: 794aacb2214f4ab48c09608cd0e0ab40
I20260709 13:18:44.921087 10346 raft_consensus.cc:2804] T 9676f608b36443508f7fd4414ca12912 P 34e719a0c3d2417d87d0b3e4e268c8da [term 1 FOLLOWER]: Leader election won for term 1
I20260709 13:18:44.922091 10346 raft_consensus.cc:697] T 9676f608b36443508f7fd4414ca12912 P 34e719a0c3d2417d87d0b3e4e268c8da [term 1 LEADER]: Becoming Leader. State: Replica: 34e719a0c3d2417d87d0b3e4e268c8da, State: Running, Role: LEADER
I20260709 13:18:44.925379 10233 tablet_bootstrap.cc:492] T 4a73a13475124f2e9a858cabc0667eed P 6f33df4d9a3744c1a74481fd7baf566a: No bootstrap required, opened a new log
I20260709 13:18:44.925886 10233 ts_tablet_manager.cc:1403] T 4a73a13475124f2e9a858cabc0667eed P 6f33df4d9a3744c1a74481fd7baf566a: Time spent bootstrapping tablet: real 0.255s	user 0.021s	sys 0.013s
I20260709 13:18:44.923691 10346 consensus_queue.cc:237] T 9676f608b36443508f7fd4414ca12912 P 34e719a0c3d2417d87d0b3e4e268c8da [LEADER]: Queue going to LEADER mode. State: All replicated index: 0, Majority replicated index: 0, Committed index: 0, Last appended: 0.0, Last appended by leader: 0, Current term: 1, Majority size: 2, State: 0, Mode: LEADER, active raft config: opid_index: -1 OBSOLETE_local: false peers { permanent_uuid: "6f33df4d9a3744c1a74481fd7baf566a" member_type: VOTER last_known_addr { host: "127.8.184.193" port: 36735 } } peers { permanent_uuid: "34e719a0c3d2417d87d0b3e4e268c8da" member_type: VOTER last_known_addr { host: "127.8.184.194" port: 39635 } } peers { permanent_uuid: "794aacb2214f4ab48c09608cd0e0ab40" member_type: VOTER last_known_addr { host: "127.8.184.195" port: 35917 } }
I20260709 13:18:44.944909 10116 tablet_service.cc:1917] Received RequestConsensusVote() RPC: tablet_id: "58aa5dc2f7264e32bb84d6c988922f06" candidate_uuid: "6f33df4d9a3744c1a74481fd7baf566a" candidate_term: 1 candidate_status { last_received { term: 0 index: 0 } } ignore_live_leader: false dest_uuid: "34e719a0c3d2417d87d0b3e4e268c8da"
I20260709 13:18:44.945840 10116 raft_consensus.cc:3060] T 58aa5dc2f7264e32bb84d6c988922f06 P 34e719a0c3d2417d87d0b3e4e268c8da [term 0 FOLLOWER]: Advancing to term 1
I20260709 13:18:44.958954  9941 catalog_manager.cc:5697] T d19b65e241eb4bb4a4e4b51d54f71b8f P 794aacb2214f4ab48c09608cd0e0ab40 reported cstate change: term changed from 0 to 1, leader changed from <none> to 794aacb2214f4ab48c09608cd0e0ab40 (127.8.184.195). New cstate: current_term: 1 leader_uuid: "794aacb2214f4ab48c09608cd0e0ab40" committed_config { opid_index: -1 OBSOLETE_local: false peers { permanent_uuid: "6f33df4d9a3744c1a74481fd7baf566a" member_type: VOTER last_known_addr { host: "127.8.184.193" port: 36735 } health_report { overall_health: UNKNOWN } } peers { permanent_uuid: "34e719a0c3d2417d87d0b3e4e268c8da" member_type: VOTER last_known_addr { host: "127.8.184.194" port: 39635 } health_report { overall_health: UNKNOWN } } peers { permanent_uuid: "794aacb2214f4ab48c09608cd0e0ab40" member_type: VOTER last_known_addr { host: "127.8.184.195" port: 35917 } health_report { overall_health: HEALTHY } } }
I20260709 13:18:44.972672 10233 raft_consensus.cc:359] T 4a73a13475124f2e9a858cabc0667eed P 6f33df4d9a3744c1a74481fd7baf566a [term 0 FOLLOWER]: Replica starting. Triggering 0 pending ops. Active config: opid_index: -1 OBSOLETE_local: false peers { permanent_uuid: "6f33df4d9a3744c1a74481fd7baf566a" member_type: VOTER last_known_addr { host: "127.8.184.193" port: 36735 } } peers { permanent_uuid: "34e719a0c3d2417d87d0b3e4e268c8da" member_type: VOTER last_known_addr { host: "127.8.184.194" port: 39635 } } peers { permanent_uuid: "794aacb2214f4ab48c09608cd0e0ab40" member_type: VOTER last_known_addr { host: "127.8.184.195" port: 35917 } }
I20260709 13:18:44.973721 10233 raft_consensus.cc:385] T 4a73a13475124f2e9a858cabc0667eed P 6f33df4d9a3744c1a74481fd7baf566a [term 0 FOLLOWER]: Consensus starting up: Expiring failure detector timer to make a prompt election more likely
I20260709 13:18:44.974026 10233 raft_consensus.cc:740] T 4a73a13475124f2e9a858cabc0667eed P 6f33df4d9a3744c1a74481fd7baf566a [term 0 FOLLOWER]: Becoming Follower/Learner. State: Replica: 6f33df4d9a3744c1a74481fd7baf566a, State: Initialized, Role: FOLLOWER
I20260709 13:18:44.974790 10233 consensus_queue.cc:260] T 4a73a13475124f2e9a858cabc0667eed P 6f33df4d9a3744c1a74481fd7baf566a [NON_LEADER]: Queue going to NON_LEADER mode. State: All replicated index: 0, Majority replicated index: 0, Committed index: 0, Last appended: 0.0, Last appended by leader: 0, Current term: 0, Majority size: -1, State: 0, Mode: NON_LEADER, active raft config: opid_index: -1 OBSOLETE_local: false peers { permanent_uuid: "6f33df4d9a3744c1a74481fd7baf566a" member_type: VOTER last_known_addr { host: "127.8.184.193" port: 36735 } } peers { permanent_uuid: "34e719a0c3d2417d87d0b3e4e268c8da" member_type: VOTER last_known_addr { host: "127.8.184.194" port: 39635 } } peers { permanent_uuid: "794aacb2214f4ab48c09608cd0e0ab40" member_type: VOTER last_known_addr { host: "127.8.184.195" port: 35917 } }
I20260709 13:18:44.977486 10233 ts_tablet_manager.cc:1434] T 4a73a13475124f2e9a858cabc0667eed P 6f33df4d9a3744c1a74481fd7baf566a: Time spent starting tablet: real 0.051s	user 0.010s	sys 0.000s
I20260709 13:18:44.978539 10233 tablet_bootstrap.cc:492] T 9e1cca40194548aa818d05c13cc7990e P 6f33df4d9a3744c1a74481fd7baf566a: Bootstrap starting.
I20260709 13:18:44.996241 10116 raft_consensus.cc:2468] T 58aa5dc2f7264e32bb84d6c988922f06 P 34e719a0c3d2417d87d0b3e4e268c8da [term 1 FOLLOWER]: Leader election vote request: Granting yes vote for candidate 6f33df4d9a3744c1a74481fd7baf566a in term 1.
I20260709 13:18:44.997946 10008 leader_election.cc:304] T 58aa5dc2f7264e32bb84d6c988922f06 P 6f33df4d9a3744c1a74481fd7baf566a [CANDIDATE]: Term 1 election: Election decided. Result: candidate won. Election summary: received 3 responses out of 3 voters: 2 yes votes; 1 no votes. yes voters: 34e719a0c3d2417d87d0b3e4e268c8da, 6f33df4d9a3744c1a74481fd7baf566a; no voters: 794aacb2214f4ab48c09608cd0e0ab40
I20260709 13:18:44.999059 10336 raft_consensus.cc:2804] T 58aa5dc2f7264e32bb84d6c988922f06 P 6f33df4d9a3744c1a74481fd7baf566a [term 1 FOLLOWER]: Leader election won for term 1
I20260709 13:18:44.999632 10336 raft_consensus.cc:697] T 58aa5dc2f7264e32bb84d6c988922f06 P 6f33df4d9a3744c1a74481fd7baf566a [term 1 LEADER]: Becoming Leader. State: Replica: 6f33df4d9a3744c1a74481fd7baf566a, State: Running, Role: LEADER
I20260709 13:18:45.000850 10336 consensus_queue.cc:237] T 58aa5dc2f7264e32bb84d6c988922f06 P 6f33df4d9a3744c1a74481fd7baf566a [LEADER]: Queue going to LEADER mode. State: All replicated index: 0, Majority replicated index: 0, Committed index: 0, Last appended: 0.0, Last appended by leader: 0, Current term: 1, Majority size: 2, State: 0, Mode: LEADER, active raft config: opid_index: -1 OBSOLETE_local: false peers { permanent_uuid: "6f33df4d9a3744c1a74481fd7baf566a" member_type: VOTER last_known_addr { host: "127.8.184.193" port: 36735 } } peers { permanent_uuid: "34e719a0c3d2417d87d0b3e4e268c8da" member_type: VOTER last_known_addr { host: "127.8.184.194" port: 39635 } } peers { permanent_uuid: "794aacb2214f4ab48c09608cd0e0ab40" member_type: VOTER last_known_addr { host: "127.8.184.195" port: 35917 } }
I20260709 13:18:45.006947  9942 catalog_manager.cc:5697] T 9676f608b36443508f7fd4414ca12912 P 34e719a0c3d2417d87d0b3e4e268c8da reported cstate change: term changed from 0 to 1, leader changed from <none> to 34e719a0c3d2417d87d0b3e4e268c8da (127.8.184.194). New cstate: current_term: 1 leader_uuid: "34e719a0c3d2417d87d0b3e4e268c8da" committed_config { opid_index: -1 OBSOLETE_local: false peers { permanent_uuid: "6f33df4d9a3744c1a74481fd7baf566a" member_type: VOTER last_known_addr { host: "127.8.184.193" port: 36735 } health_report { overall_health: UNKNOWN } } peers { permanent_uuid: "34e719a0c3d2417d87d0b3e4e268c8da" member_type: VOTER last_known_addr { host: "127.8.184.194" port: 39635 } health_report { overall_health: HEALTHY } } peers { permanent_uuid: "794aacb2214f4ab48c09608cd0e0ab40" member_type: VOTER last_known_addr { host: "127.8.184.195" port: 35917 } health_report { overall_health: UNKNOWN } } }
I20260709 13:18:45.010365  9942 catalog_manager.cc:5697] T 206e7217c463448398d67fb6ab657774 P 34e719a0c3d2417d87d0b3e4e268c8da reported cstate change: term changed from 0 to 1, leader changed from <none> to 6f33df4d9a3744c1a74481fd7baf566a (127.8.184.193). New cstate: current_term: 1 leader_uuid: "6f33df4d9a3744c1a74481fd7baf566a" committed_config { opid_index: -1 OBSOLETE_local: false peers { permanent_uuid: "6f33df4d9a3744c1a74481fd7baf566a" member_type: VOTER last_known_addr { host: "127.8.184.193" port: 36735 } } peers { permanent_uuid: "34e719a0c3d2417d87d0b3e4e268c8da" member_type: VOTER last_known_addr { host: "127.8.184.194" port: 39635 } } peers { permanent_uuid: "794aacb2214f4ab48c09608cd0e0ab40" member_type: VOTER last_known_addr { host: "127.8.184.195" port: 35917 } } }
I20260709 13:18:45.014933 10235 tablet_bootstrap.cc:492] T 9422fd9c397445799899ff2c13f9a4fe P 794aacb2214f4ab48c09608cd0e0ab40: No bootstrap required, opened a new log
I20260709 13:18:45.015542 10235 ts_tablet_manager.cc:1403] T 9422fd9c397445799899ff2c13f9a4fe P 794aacb2214f4ab48c09608cd0e0ab40: Time spent bootstrapping tablet: real 0.227s	user 0.026s	sys 0.032s
I20260709 13:18:45.018674 10233 tablet_bootstrap.cc:654] T 9e1cca40194548aa818d05c13cc7990e P 6f33df4d9a3744c1a74481fd7baf566a: Neither blocks nor log segments found. Creating new log.
I20260709 13:18:45.018674 10235 raft_consensus.cc:359] T 9422fd9c397445799899ff2c13f9a4fe P 794aacb2214f4ab48c09608cd0e0ab40 [term 0 FOLLOWER]: Replica starting. Triggering 0 pending ops. Active config: opid_index: -1 OBSOLETE_local: false peers { permanent_uuid: "6f33df4d9a3744c1a74481fd7baf566a" member_type: VOTER last_known_addr { host: "127.8.184.193" port: 36735 } } peers { permanent_uuid: "34e719a0c3d2417d87d0b3e4e268c8da" member_type: VOTER last_known_addr { host: "127.8.184.194" port: 39635 } } peers { permanent_uuid: "794aacb2214f4ab48c09608cd0e0ab40" member_type: VOTER last_known_addr { host: "127.8.184.195" port: 35917 } }
I20260709 13:18:45.019726 10235 raft_consensus.cc:385] T 9422fd9c397445799899ff2c13f9a4fe P 794aacb2214f4ab48c09608cd0e0ab40 [term 0 FOLLOWER]: Consensus starting up: Expiring failure detector timer to make a prompt election more likely
I20260709 13:18:45.020057 10235 raft_consensus.cc:740] T 9422fd9c397445799899ff2c13f9a4fe P 794aacb2214f4ab48c09608cd0e0ab40 [term 0 FOLLOWER]: Becoming Follower/Learner. State: Replica: 794aacb2214f4ab48c09608cd0e0ab40, State: Initialized, Role: FOLLOWER
I20260709 13:18:45.021396 10234 tablet_bootstrap.cc:654] T d19b65e241eb4bb4a4e4b51d54f71b8f P 34e719a0c3d2417d87d0b3e4e268c8da: Neither blocks nor log segments found. Creating new log.
I20260709 13:18:45.021296 10235 consensus_queue.cc:260] T 9422fd9c397445799899ff2c13f9a4fe P 794aacb2214f4ab48c09608cd0e0ab40 [NON_LEADER]: Queue going to NON_LEADER mode. State: All replicated index: 0, Majority replicated index: 0, Committed index: 0, Last appended: 0.0, Last appended by leader: 0, Current term: 0, Majority size: -1, State: 0, Mode: NON_LEADER, active raft config: opid_index: -1 OBSOLETE_local: false peers { permanent_uuid: "6f33df4d9a3744c1a74481fd7baf566a" member_type: VOTER last_known_addr { host: "127.8.184.193" port: 36735 } } peers { permanent_uuid: "34e719a0c3d2417d87d0b3e4e268c8da" member_type: VOTER last_known_addr { host: "127.8.184.194" port: 39635 } } peers { permanent_uuid: "794aacb2214f4ab48c09608cd0e0ab40" member_type: VOTER last_known_addr { host: "127.8.184.195" port: 35917 } }
I20260709 13:18:45.024379 10235 ts_tablet_manager.cc:1434] T 9422fd9c397445799899ff2c13f9a4fe P 794aacb2214f4ab48c09608cd0e0ab40: Time spent starting tablet: real 0.008s	user 0.007s	sys 0.000s
I20260709 13:18:45.025883 10235 tablet_bootstrap.cc:492] T 9e1cca40194548aa818d05c13cc7990e P 794aacb2214f4ab48c09608cd0e0ab40: Bootstrap starting.
I20260709 13:18:45.033869 10233 tablet_bootstrap.cc:492] T 9e1cca40194548aa818d05c13cc7990e P 6f33df4d9a3744c1a74481fd7baf566a: No bootstrap required, opened a new log
I20260709 13:18:45.034394 10233 ts_tablet_manager.cc:1403] T 9e1cca40194548aa818d05c13cc7990e P 6f33df4d9a3744c1a74481fd7baf566a: Time spent bootstrapping tablet: real 0.056s	user 0.016s	sys 0.004s
I20260709 13:18:45.036789 10234 tablet_bootstrap.cc:492] T d19b65e241eb4bb4a4e4b51d54f71b8f P 34e719a0c3d2417d87d0b3e4e268c8da: No bootstrap required, opened a new log
I20260709 13:18:45.037385 10234 ts_tablet_manager.cc:1403] T d19b65e241eb4bb4a4e4b51d54f71b8f P 34e719a0c3d2417d87d0b3e4e268c8da: Time spent bootstrapping tablet: real 0.130s	user 0.015s	sys 0.000s
I20260709 13:18:45.037487 10233 raft_consensus.cc:359] T 9e1cca40194548aa818d05c13cc7990e P 6f33df4d9a3744c1a74481fd7baf566a [term 0 FOLLOWER]: Replica starting. Triggering 0 pending ops. Active config: opid_index: -1 OBSOLETE_local: false peers { permanent_uuid: "6f33df4d9a3744c1a74481fd7baf566a" member_type: VOTER last_known_addr { host: "127.8.184.193" port: 36735 } } peers { permanent_uuid: "34e719a0c3d2417d87d0b3e4e268c8da" member_type: VOTER last_known_addr { host: "127.8.184.194" port: 39635 } } peers { permanent_uuid: "794aacb2214f4ab48c09608cd0e0ab40" member_type: VOTER last_known_addr { host: "127.8.184.195" port: 35917 } }
I20260709 13:18:45.038280 10233 raft_consensus.cc:385] T 9e1cca40194548aa818d05c13cc7990e P 6f33df4d9a3744c1a74481fd7baf566a [term 0 FOLLOWER]: Consensus starting up: Expiring failure detector timer to make a prompt election more likely
I20260709 13:18:45.038563 10233 raft_consensus.cc:740] T 9e1cca40194548aa818d05c13cc7990e P 6f33df4d9a3744c1a74481fd7baf566a [term 0 FOLLOWER]: Becoming Follower/Learner. State: Replica: 6f33df4d9a3744c1a74481fd7baf566a, State: Initialized, Role: FOLLOWER
I20260709 13:18:45.039368 10233 consensus_queue.cc:260] T 9e1cca40194548aa818d05c13cc7990e P 6f33df4d9a3744c1a74481fd7baf566a [NON_LEADER]: Queue going to NON_LEADER mode. State: All replicated index: 0, Majority replicated index: 0, Committed index: 0, Last appended: 0.0, Last appended by leader: 0, Current term: 0, Majority size: -1, State: 0, Mode: NON_LEADER, active raft config: opid_index: -1 OBSOLETE_local: false peers { permanent_uuid: "6f33df4d9a3744c1a74481fd7baf566a" member_type: VOTER last_known_addr { host: "127.8.184.193" port: 36735 } } peers { permanent_uuid: "34e719a0c3d2417d87d0b3e4e268c8da" member_type: VOTER last_known_addr { host: "127.8.184.194" port: 39635 } } peers { permanent_uuid: "794aacb2214f4ab48c09608cd0e0ab40" member_type: VOTER last_known_addr { host: "127.8.184.195" port: 35917 } }
I20260709 13:18:45.040642 10234 raft_consensus.cc:359] T d19b65e241eb4bb4a4e4b51d54f71b8f P 34e719a0c3d2417d87d0b3e4e268c8da [term 0 FOLLOWER]: Replica starting. Triggering 0 pending ops. Active config: opid_index: -1 OBSOLETE_local: false peers { permanent_uuid: "6f33df4d9a3744c1a74481fd7baf566a" member_type: VOTER last_known_addr { host: "127.8.184.193" port: 36735 } } peers { permanent_uuid: "34e719a0c3d2417d87d0b3e4e268c8da" member_type: VOTER last_known_addr { host: "127.8.184.194" port: 39635 } } peers { permanent_uuid: "794aacb2214f4ab48c09608cd0e0ab40" member_type: VOTER last_known_addr { host: "127.8.184.195" port: 35917 } }
I20260709 13:18:45.041328 10234 raft_consensus.cc:385] T d19b65e241eb4bb4a4e4b51d54f71b8f P 34e719a0c3d2417d87d0b3e4e268c8da [term 0 FOLLOWER]: Consensus starting up: Expiring failure detector timer to make a prompt election more likely
I20260709 13:18:45.041585 10233 ts_tablet_manager.cc:1434] T 9e1cca40194548aa818d05c13cc7990e P 6f33df4d9a3744c1a74481fd7baf566a: Time spent starting tablet: real 0.007s	user 0.004s	sys 0.000s
I20260709 13:18:45.042145 10234 raft_consensus.cc:740] T d19b65e241eb4bb4a4e4b51d54f71b8f P 34e719a0c3d2417d87d0b3e4e268c8da [term 0 FOLLOWER]: Becoming Follower/Learner. State: Replica: 34e719a0c3d2417d87d0b3e4e268c8da, State: Initialized, Role: FOLLOWER
I20260709 13:18:45.042964 10233 tablet_bootstrap.cc:492] T 9422fd9c397445799899ff2c13f9a4fe P 6f33df4d9a3744c1a74481fd7baf566a: Bootstrap starting.
I20260709 13:18:45.042918 10234 consensus_queue.cc:260] T d19b65e241eb4bb4a4e4b51d54f71b8f P 34e719a0c3d2417d87d0b3e4e268c8da [NON_LEADER]: Queue going to NON_LEADER mode. State: All replicated index: 0, Majority replicated index: 0, Committed index: 0, Last appended: 0.0, Last appended by leader: 0, Current term: 0, Majority size: -1, State: 0, Mode: NON_LEADER, active raft config: opid_index: -1 OBSOLETE_local: false peers { permanent_uuid: "6f33df4d9a3744c1a74481fd7baf566a" member_type: VOTER last_known_addr { host: "127.8.184.193" port: 36735 } } peers { permanent_uuid: "34e719a0c3d2417d87d0b3e4e268c8da" member_type: VOTER last_known_addr { host: "127.8.184.194" port: 39635 } } peers { permanent_uuid: "794aacb2214f4ab48c09608cd0e0ab40" member_type: VOTER last_known_addr { host: "127.8.184.195" port: 35917 } }
I20260709 13:18:45.045743 10234 ts_tablet_manager.cc:1434] T d19b65e241eb4bb4a4e4b51d54f71b8f P 34e719a0c3d2417d87d0b3e4e268c8da: Time spent starting tablet: real 0.008s	user 0.003s	sys 0.003s
I20260709 13:18:45.048097 10234 tablet_bootstrap.cc:492] T 4a73a13475124f2e9a858cabc0667eed P 34e719a0c3d2417d87d0b3e4e268c8da: Bootstrap starting.
I20260709 13:18:45.050530 10233 tablet_bootstrap.cc:654] T 9422fd9c397445799899ff2c13f9a4fe P 6f33df4d9a3744c1a74481fd7baf566a: Neither blocks nor log segments found. Creating new log.
I20260709 13:18:45.053505 10235 tablet_bootstrap.cc:654] T 9e1cca40194548aa818d05c13cc7990e P 794aacb2214f4ab48c09608cd0e0ab40: Neither blocks nor log segments found. Creating new log.
I20260709 13:18:45.055047 10234 tablet_bootstrap.cc:654] T 4a73a13475124f2e9a858cabc0667eed P 34e719a0c3d2417d87d0b3e4e268c8da: Neither blocks nor log segments found. Creating new log.
I20260709 13:18:45.068028 10234 tablet_bootstrap.cc:492] T 4a73a13475124f2e9a858cabc0667eed P 34e719a0c3d2417d87d0b3e4e268c8da: No bootstrap required, opened a new log
I20260709 13:18:45.068492 10234 ts_tablet_manager.cc:1403] T 4a73a13475124f2e9a858cabc0667eed P 34e719a0c3d2417d87d0b3e4e268c8da: Time spent bootstrapping tablet: real 0.021s	user 0.012s	sys 0.000s
I20260709 13:18:45.070477 10234 raft_consensus.cc:359] T 4a73a13475124f2e9a858cabc0667eed P 34e719a0c3d2417d87d0b3e4e268c8da [term 0 FOLLOWER]: Replica starting. Triggering 0 pending ops. Active config: opid_index: -1 OBSOLETE_local: false peers { permanent_uuid: "6f33df4d9a3744c1a74481fd7baf566a" member_type: VOTER last_known_addr { host: "127.8.184.193" port: 36735 } } peers { permanent_uuid: "34e719a0c3d2417d87d0b3e4e268c8da" member_type: VOTER last_known_addr { host: "127.8.184.194" port: 39635 } } peers { permanent_uuid: "794aacb2214f4ab48c09608cd0e0ab40" member_type: VOTER last_known_addr { host: "127.8.184.195" port: 35917 } }
I20260709 13:18:45.071185 10234 raft_consensus.cc:385] T 4a73a13475124f2e9a858cabc0667eed P 34e719a0c3d2417d87d0b3e4e268c8da [term 0 FOLLOWER]: Consensus starting up: Expiring failure detector timer to make a prompt election more likely
I20260709 13:18:45.071499 10234 raft_consensus.cc:740] T 4a73a13475124f2e9a858cabc0667eed P 34e719a0c3d2417d87d0b3e4e268c8da [term 0 FOLLOWER]: Becoming Follower/Learner. State: Replica: 34e719a0c3d2417d87d0b3e4e268c8da, State: Initialized, Role: FOLLOWER
I20260709 13:18:45.072609 10233 tablet_bootstrap.cc:492] T 9422fd9c397445799899ff2c13f9a4fe P 6f33df4d9a3744c1a74481fd7baf566a: No bootstrap required, opened a new log
I20260709 13:18:45.072271 10234 consensus_queue.cc:260] T 4a73a13475124f2e9a858cabc0667eed P 34e719a0c3d2417d87d0b3e4e268c8da [NON_LEADER]: Queue going to NON_LEADER mode. State: All replicated index: 0, Majority replicated index: 0, Committed index: 0, Last appended: 0.0, Last appended by leader: 0, Current term: 0, Majority size: -1, State: 0, Mode: NON_LEADER, active raft config: opid_index: -1 OBSOLETE_local: false peers { permanent_uuid: "6f33df4d9a3744c1a74481fd7baf566a" member_type: VOTER last_known_addr { host: "127.8.184.193" port: 36735 } } peers { permanent_uuid: "34e719a0c3d2417d87d0b3e4e268c8da" member_type: VOTER last_known_addr { host: "127.8.184.194" port: 39635 } } peers { permanent_uuid: "794aacb2214f4ab48c09608cd0e0ab40" member_type: VOTER last_known_addr { host: "127.8.184.195" port: 35917 } }
I20260709 13:18:45.073189 10233 ts_tablet_manager.cc:1403] T 9422fd9c397445799899ff2c13f9a4fe P 6f33df4d9a3744c1a74481fd7baf566a: Time spent bootstrapping tablet: real 0.030s	user 0.011s	sys 0.012s
I20260709 13:18:45.074978 10234 ts_tablet_manager.cc:1434] T 4a73a13475124f2e9a858cabc0667eed P 34e719a0c3d2417d87d0b3e4e268c8da: Time spent starting tablet: real 0.006s	user 0.007s	sys 0.001s
I20260709 13:18:45.075971 10234 tablet_bootstrap.cc:492] T 409b090f67ab4bf8b051221141d1eb42 P 34e719a0c3d2417d87d0b3e4e268c8da: Bootstrap starting.
I20260709 13:18:45.076619 10233 raft_consensus.cc:359] T 9422fd9c397445799899ff2c13f9a4fe P 6f33df4d9a3744c1a74481fd7baf566a [term 0 FOLLOWER]: Replica starting. Triggering 0 pending ops. Active config: opid_index: -1 OBSOLETE_local: false peers { permanent_uuid: "6f33df4d9a3744c1a74481fd7baf566a" member_type: VOTER last_known_addr { host: "127.8.184.193" port: 36735 } } peers { permanent_uuid: "34e719a0c3d2417d87d0b3e4e268c8da" member_type: VOTER last_known_addr { host: "127.8.184.194" port: 39635 } } peers { permanent_uuid: "794aacb2214f4ab48c09608cd0e0ab40" member_type: VOTER last_known_addr { host: "127.8.184.195" port: 35917 } }
I20260709 13:18:45.077086 10235 tablet_bootstrap.cc:492] T 9e1cca40194548aa818d05c13cc7990e P 794aacb2214f4ab48c09608cd0e0ab40: No bootstrap required, opened a new log
I20260709 13:18:45.077363 10233 raft_consensus.cc:385] T 9422fd9c397445799899ff2c13f9a4fe P 6f33df4d9a3744c1a74481fd7baf566a [term 0 FOLLOWER]: Consensus starting up: Expiring failure detector timer to make a prompt election more likely
I20260709 13:18:45.077663 10235 ts_tablet_manager.cc:1403] T 9e1cca40194548aa818d05c13cc7990e P 794aacb2214f4ab48c09608cd0e0ab40: Time spent bootstrapping tablet: real 0.052s	user 0.016s	sys 0.011s
I20260709 13:18:45.077692 10233 raft_consensus.cc:740] T 9422fd9c397445799899ff2c13f9a4fe P 6f33df4d9a3744c1a74481fd7baf566a [term 0 FOLLOWER]: Becoming Follower/Learner. State: Replica: 6f33df4d9a3744c1a74481fd7baf566a, State: Initialized, Role: FOLLOWER
I20260709 13:18:45.082471 10233 consensus_queue.cc:260] T 9422fd9c397445799899ff2c13f9a4fe P 6f33df4d9a3744c1a74481fd7baf566a [NON_LEADER]: Queue going to NON_LEADER mode. State: All replicated index: 0, Majority replicated index: 0, Committed index: 0, Last appended: 0.0, Last appended by leader: 0, Current term: 0, Majority size: -1, State: 0, Mode: NON_LEADER, active raft config: opid_index: -1 OBSOLETE_local: false peers { permanent_uuid: "6f33df4d9a3744c1a74481fd7baf566a" member_type: VOTER last_known_addr { host: "127.8.184.193" port: 36735 } } peers { permanent_uuid: "34e719a0c3d2417d87d0b3e4e268c8da" member_type: VOTER last_known_addr { host: "127.8.184.194" port: 39635 } } peers { permanent_uuid: "794aacb2214f4ab48c09608cd0e0ab40" member_type: VOTER last_known_addr { host: "127.8.184.195" port: 35917 } }
I20260709 13:18:45.083400 10234 tablet_bootstrap.cc:654] T 409b090f67ab4bf8b051221141d1eb42 P 34e719a0c3d2417d87d0b3e4e268c8da: Neither blocks nor log segments found. Creating new log.
I20260709 13:18:45.083918 10235 raft_consensus.cc:359] T 9e1cca40194548aa818d05c13cc7990e P 794aacb2214f4ab48c09608cd0e0ab40 [term 0 FOLLOWER]: Replica starting. Triggering 0 pending ops. Active config: opid_index: -1 OBSOLETE_local: false peers { permanent_uuid: "6f33df4d9a3744c1a74481fd7baf566a" member_type: VOTER last_known_addr { host: "127.8.184.193" port: 36735 } } peers { permanent_uuid: "34e719a0c3d2417d87d0b3e4e268c8da" member_type: VOTER last_known_addr { host: "127.8.184.194" port: 39635 } } peers { permanent_uuid: "794aacb2214f4ab48c09608cd0e0ab40" member_type: VOTER last_known_addr { host: "127.8.184.195" port: 35917 } }
I20260709 13:18:45.084865 10235 raft_consensus.cc:385] T 9e1cca40194548aa818d05c13cc7990e P 794aacb2214f4ab48c09608cd0e0ab40 [term 0 FOLLOWER]: Consensus starting up: Expiring failure detector timer to make a prompt election more likely
I20260709 13:18:45.085224 10233 ts_tablet_manager.cc:1434] T 9422fd9c397445799899ff2c13f9a4fe P 6f33df4d9a3744c1a74481fd7baf566a: Time spent starting tablet: real 0.011s	user 0.006s	sys 0.000s
I20260709 13:18:45.085316 10235 raft_consensus.cc:740] T 9e1cca40194548aa818d05c13cc7990e P 794aacb2214f4ab48c09608cd0e0ab40 [term 0 FOLLOWER]: Becoming Follower/Learner. State: Replica: 794aacb2214f4ab48c09608cd0e0ab40, State: Initialized, Role: FOLLOWER
I20260709 13:18:45.086267 10233 tablet_bootstrap.cc:492] T ee9b585b75ea4e5cb5e243c89368abbc P 6f33df4d9a3744c1a74481fd7baf566a: Bootstrap starting.
I20260709 13:18:45.086220 10235 consensus_queue.cc:260] T 9e1cca40194548aa818d05c13cc7990e P 794aacb2214f4ab48c09608cd0e0ab40 [NON_LEADER]: Queue going to NON_LEADER mode. State: All replicated index: 0, Majority replicated index: 0, Committed index: 0, Last appended: 0.0, Last appended by leader: 0, Current term: 0, Majority size: -1, State: 0, Mode: NON_LEADER, active raft config: opid_index: -1 OBSOLETE_local: false peers { permanent_uuid: "6f33df4d9a3744c1a74481fd7baf566a" member_type: VOTER last_known_addr { host: "127.8.184.193" port: 36735 } } peers { permanent_uuid: "34e719a0c3d2417d87d0b3e4e268c8da" member_type: VOTER last_known_addr { host: "127.8.184.194" port: 39635 } } peers { permanent_uuid: "794aacb2214f4ab48c09608cd0e0ab40" member_type: VOTER last_known_addr { host: "127.8.184.195" port: 35917 } }
I20260709 13:18:45.102519 10235 ts_tablet_manager.cc:1434] T 9e1cca40194548aa818d05c13cc7990e P 794aacb2214f4ab48c09608cd0e0ab40: Time spent starting tablet: real 0.024s	user 0.012s	sys 0.007s
I20260709 13:18:45.104779 10235 tablet_bootstrap.cc:492] T 9676f608b36443508f7fd4414ca12912 P 794aacb2214f4ab48c09608cd0e0ab40: Bootstrap starting.
I20260709 13:18:45.106403 10233 tablet_bootstrap.cc:654] T ee9b585b75ea4e5cb5e243c89368abbc P 6f33df4d9a3744c1a74481fd7baf566a: Neither blocks nor log segments found. Creating new log.
I20260709 13:18:45.114727 10235 tablet_bootstrap.cc:654] T 9676f608b36443508f7fd4414ca12912 P 794aacb2214f4ab48c09608cd0e0ab40: Neither blocks nor log segments found. Creating new log.
I20260709 13:18:45.118793 10346 raft_consensus.cc:493] T d19b65e241eb4bb4a4e4b51d54f71b8f P 34e719a0c3d2417d87d0b3e4e268c8da [term 0 FOLLOWER]: Starting pre-election (no leader contacted us within the election timeout)
I20260709 13:18:45.119386 10346 raft_consensus.cc:515] T d19b65e241eb4bb4a4e4b51d54f71b8f P 34e719a0c3d2417d87d0b3e4e268c8da [term 0 FOLLOWER]: Starting pre-election with config: opid_index: -1 OBSOLETE_local: false peers { permanent_uuid: "6f33df4d9a3744c1a74481fd7baf566a" member_type: VOTER last_known_addr { host: "127.8.184.193" port: 36735 } } peers { permanent_uuid: "34e719a0c3d2417d87d0b3e4e268c8da" member_type: VOTER last_known_addr { host: "127.8.184.194" port: 39635 } } peers { permanent_uuid: "794aacb2214f4ab48c09608cd0e0ab40" member_type: VOTER last_known_addr { host: "127.8.184.195" port: 35917 } }
I20260709 13:18:45.122515 10346 leader_election.cc:290] T d19b65e241eb4bb4a4e4b51d54f71b8f P 34e719a0c3d2417d87d0b3e4e268c8da [CANDIDATE]: Term 1 pre-election: Requested pre-vote from peers 6f33df4d9a3744c1a74481fd7baf566a (127.8.184.193:36735), 794aacb2214f4ab48c09608cd0e0ab40 (127.8.184.195:35917)
I20260709 13:18:45.124429 10044 tablet_service.cc:1917] Received RequestConsensusVote() RPC: tablet_id: "d19b65e241eb4bb4a4e4b51d54f71b8f" candidate_uuid: "34e719a0c3d2417d87d0b3e4e268c8da" candidate_term: 1 candidate_status { last_received { term: 0 index: 0 } } ignore_live_leader: false dest_uuid: "6f33df4d9a3744c1a74481fd7baf566a" is_pre_election: true
I20260709 13:18:45.125715 10044 raft_consensus.cc:2393] T d19b65e241eb4bb4a4e4b51d54f71b8f P 6f33df4d9a3744c1a74481fd7baf566a [term 1 FOLLOWER]: Leader pre-election vote request: Denying vote to candidate 34e719a0c3d2417d87d0b3e4e268c8da in current term 1: Already voted for candidate 794aacb2214f4ab48c09608cd0e0ab40 in this term.
I20260709 13:18:45.127851 10192 tablet_service.cc:1917] Received RequestConsensusVote() RPC: tablet_id: "d19b65e241eb4bb4a4e4b51d54f71b8f" candidate_uuid: "34e719a0c3d2417d87d0b3e4e268c8da" candidate_term: 1 candidate_status { last_received { term: 0 index: 0 } } ignore_live_leader: false dest_uuid: "794aacb2214f4ab48c09608cd0e0ab40" is_pre_election: true
I20260709 13:18:45.131410 10083 leader_election.cc:304] T d19b65e241eb4bb4a4e4b51d54f71b8f P 34e719a0c3d2417d87d0b3e4e268c8da [CANDIDATE]: Term 1 pre-election: Election decided. Result: candidate lost. Election summary: received 3 responses out of 3 voters: 1 yes votes; 2 no votes. yes voters: 34e719a0c3d2417d87d0b3e4e268c8da; no voters: 6f33df4d9a3744c1a74481fd7baf566a, 794aacb2214f4ab48c09608cd0e0ab40
I20260709 13:18:45.132759 10346 raft_consensus.cc:3060] T d19b65e241eb4bb4a4e4b51d54f71b8f P 34e719a0c3d2417d87d0b3e4e268c8da [term 0 FOLLOWER]: Advancing to term 1
I20260709 13:18:45.117244  9939 catalog_manager.cc:5697] T 58aa5dc2f7264e32bb84d6c988922f06 P 6f33df4d9a3744c1a74481fd7baf566a reported cstate change: term changed from 0 to 1, leader changed from <none> to 6f33df4d9a3744c1a74481fd7baf566a (127.8.184.193). New cstate: current_term: 1 leader_uuid: "6f33df4d9a3744c1a74481fd7baf566a" committed_config { opid_index: -1 OBSOLETE_local: false peers { permanent_uuid: "6f33df4d9a3744c1a74481fd7baf566a" member_type: VOTER last_known_addr { host: "127.8.184.193" port: 36735 } health_report { overall_health: HEALTHY } } peers { permanent_uuid: "34e719a0c3d2417d87d0b3e4e268c8da" member_type: VOTER last_known_addr { host: "127.8.184.194" port: 39635 } health_report { overall_health: UNKNOWN } } peers { permanent_uuid: "794aacb2214f4ab48c09608cd0e0ab40" member_type: VOTER last_known_addr { host: "127.8.184.195" port: 35917 } health_report { overall_health: UNKNOWN } } }
I20260709 13:18:45.144893 10346 raft_consensus.cc:2749] T d19b65e241eb4bb4a4e4b51d54f71b8f P 34e719a0c3d2417d87d0b3e4e268c8da [term 1 FOLLOWER]: Leader pre-election lost for term 1. Reason: could not achieve majority
I20260709 13:18:45.147111 10234 tablet_bootstrap.cc:492] T 409b090f67ab4bf8b051221141d1eb42 P 34e719a0c3d2417d87d0b3e4e268c8da: No bootstrap required, opened a new log
I20260709 13:18:45.147801 10234 ts_tablet_manager.cc:1403] T 409b090f67ab4bf8b051221141d1eb42 P 34e719a0c3d2417d87d0b3e4e268c8da: Time spent bootstrapping tablet: real 0.072s	user 0.033s	sys 0.021s
I20260709 13:18:45.148149 10235 tablet_bootstrap.cc:492] T 9676f608b36443508f7fd4414ca12912 P 794aacb2214f4ab48c09608cd0e0ab40: No bootstrap required, opened a new log
I20260709 13:18:45.148651 10235 ts_tablet_manager.cc:1403] T 9676f608b36443508f7fd4414ca12912 P 794aacb2214f4ab48c09608cd0e0ab40: Time spent bootstrapping tablet: real 0.044s	user 0.019s	sys 0.020s
I20260709 13:18:45.150049 10336 raft_consensus.cc:493] T 9e1cca40194548aa818d05c13cc7990e P 6f33df4d9a3744c1a74481fd7baf566a [term 0 FOLLOWER]: Starting pre-election (no leader contacted us within the election timeout)
