I20260709 13:18:10.456679  9275 tablet_service.cc:1917] Received RequestConsensusVote() RPC: tablet_id: "2706f3993708474185f0edccd766e985" candidate_uuid: "0d6ae77045274e65bb5467d6a9e1d179" candidate_term: 1 candidate_status { last_received { term: 0 index: 0 } } ignore_live_leader: false dest_uuid: "8e4284f42a154e2c9a3ce0c7a3821fa0" is_pre_election: true
I20260709 13:18:10.459234  9470 tablet_bootstrap.cc:492] T 6b5001963f214552ba2b023536d1e06e P 0d6ae77045274e65bb5467d6a9e1d179: No bootstrap required, opened a new log
I20260709 13:18:10.459679  9470 ts_tablet_manager.cc:1403] T 6b5001963f214552ba2b023536d1e06e P 0d6ae77045274e65bb5467d6a9e1d179: Time spent bootstrapping tablet: real 0.079s	user 0.010s	sys 0.010s
I20260709 13:18:10.457270  9273 tablet_service.cc:1917] Received RequestConsensusVote() RPC: tablet_id: "2706f3993708474185f0edccd766e985" candidate_uuid: "0d6ae77045274e65bb5467d6a9e1d179" candidate_term: 1 candidate_status { last_received { term: 0 index: 0 } } ignore_live_leader: false dest_uuid: "8e4284f42a154e2c9a3ce0c7a3821fa0"
I20260709 13:18:10.460273  9503 raft_consensus.cc:697] T fe0daa4af56d4feaab358aae648e8075 P c1311ba444c147e4b20c36c5c09bb0c4 [term 1 LEADER]: Becoming Leader. State: Replica: c1311ba444c147e4b20c36c5c09bb0c4, State: Running, Role: LEADER
I20260709 13:18:10.460904  9423 raft_consensus.cc:3060] T 2706f3993708474185f0edccd766e985 P c1311ba444c147e4b20c36c5c09bb0c4 [term 0 FOLLOWER]: Advancing to term 1
I20260709 13:18:10.462726  9467 ts_tablet_manager.cc:1434] T a2806cc1c8814c0789baa3f9bf875136 P 8e4284f42a154e2c9a3ce0c7a3821fa0: Time spent starting tablet: real 0.048s	user 0.007s	sys 0.000s
I20260709 13:18:10.463864  9467 tablet_bootstrap.cc:492] T 2706f3993708474185f0edccd766e985 P 8e4284f42a154e2c9a3ce0c7a3821fa0: Bootstrap starting.
I20260709 13:18:10.464231  9484 consensus_queue.cc:1048] T ffd1e75d0d9e458bbbd07d31079fa010 P 8e4284f42a154e2c9a3ce0c7a3821fa0 [LEADER]: Connected to new peer: Peer: permanent_uuid: "c1311ba444c147e4b20c36c5c09bb0c4" member_type: VOTER last_known_addr { host: "127.8.237.3" port: 42419 }, Status: LMP_MISMATCH, Last received: 0.0, Next index: 1, Last known committed idx: 0, Time since last communication: 0.000s
W20260709 13:18:10.466548  9314 leader_election.cc:343] T 2706f3993708474185f0edccd766e985 P 0d6ae77045274e65bb5467d6a9e1d179 [CANDIDATE]: Term 1 pre-election: Tablet error from VoteRequest() call to peer 8e4284f42a154e2c9a3ce0c7a3821fa0 (127.8.237.1:44413): Illegal state: must be running to vote when last-logged opid is not known
I20260709 13:18:10.469282  9274 tablet_service.cc:1917] Received RequestConsensusVote() RPC: tablet_id: "fe0daa4af56d4feaab358aae648e8075" candidate_uuid: "0d6ae77045274e65bb5467d6a9e1d179" candidate_term: 1 candidate_status { last_received { term: 0 index: 0 } } ignore_live_leader: false dest_uuid: "8e4284f42a154e2c9a3ce0c7a3821fa0" is_pre_election: true
I20260709 13:18:10.470839  9503 consensus_queue.cc:237] T fe0daa4af56d4feaab358aae648e8075 P c1311ba444c147e4b20c36c5c09bb0c4 [LEADER]: Queue going to LEADER mode. State: All replicated index: 0, Majority replicated index: 0, Committed index: 0, Last appended: 0.0, Last appended by leader: 0, Current term: 1, Majority size: 2, State: 0, Mode: LEADER, active raft config: opid_index: -1 OBSOLETE_local: false peers { permanent_uuid: "8e4284f42a154e2c9a3ce0c7a3821fa0" member_type: VOTER last_known_addr { host: "127.8.237.1" port: 44413 } } peers { permanent_uuid: "0d6ae77045274e65bb5467d6a9e1d179" member_type: VOTER last_known_addr { host: "127.8.237.2" port: 38231 } } peers { permanent_uuid: "c1311ba444c147e4b20c36c5c09bb0c4" member_type: VOTER last_known_addr { host: "127.8.237.3" port: 42419 } }
I20260709 13:18:10.471599  9274 raft_consensus.cc:2393] T fe0daa4af56d4feaab358aae648e8075 P 8e4284f42a154e2c9a3ce0c7a3821fa0 [term 1 FOLLOWER]: Leader pre-election vote request: Denying vote to candidate 0d6ae77045274e65bb5467d6a9e1d179 in current term 1: Already voted for candidate c1311ba444c147e4b20c36c5c09bb0c4 in this term.
I20260709 13:18:10.476382  9314 leader_election.cc:304] T fe0daa4af56d4feaab358aae648e8075 P 0d6ae77045274e65bb5467d6a9e1d179 [CANDIDATE]: Term 1 pre-election: Election decided. Result: candidate lost. Election summary: received 3 responses out of 3 voters: 1 yes votes; 2 no votes. yes voters: 0d6ae77045274e65bb5467d6a9e1d179; no voters: 8e4284f42a154e2c9a3ce0c7a3821fa0, c1311ba444c147e4b20c36c5c09bb0c4
I20260709 13:18:10.477841  9504 raft_consensus.cc:2749] T fe0daa4af56d4feaab358aae648e8075 P 0d6ae77045274e65bb5467d6a9e1d179 [term 1 FOLLOWER]: Leader pre-election lost for term 1. Reason: could not achieve majority
I20260709 13:18:10.478516  9468 tablet_bootstrap.cc:654] T a2806cc1c8814c0789baa3f9bf875136 P c1311ba444c147e4b20c36c5c09bb0c4: Neither blocks nor log segments found. Creating new log.
I20260709 13:18:10.474748  9423 raft_consensus.cc:2468] T 2706f3993708474185f0edccd766e985 P c1311ba444c147e4b20c36c5c09bb0c4 [term 1 FOLLOWER]: Leader election vote request: Granting yes vote for candidate 0d6ae77045274e65bb5467d6a9e1d179 in term 1.
I20260709 13:18:10.480536  9316 leader_election.cc:304] T 2706f3993708474185f0edccd766e985 P 0d6ae77045274e65bb5467d6a9e1d179 [CANDIDATE]: Term 1 election: Election decided. Result: candidate won. Election summary: received 3 responses out of 3 voters: 2 yes votes; 1 no votes. yes voters: 0d6ae77045274e65bb5467d6a9e1d179, c1311ba444c147e4b20c36c5c09bb0c4; no voters: 8e4284f42a154e2c9a3ce0c7a3821fa0
I20260709 13:18:10.483951  9504 raft_consensus.cc:2804] T 2706f3993708474185f0edccd766e985 P 0d6ae77045274e65bb5467d6a9e1d179 [term 1 FOLLOWER]: Leader election won for term 1
I20260709 13:18:10.485198  9504 raft_consensus.cc:697] T 2706f3993708474185f0edccd766e985 P 0d6ae77045274e65bb5467d6a9e1d179 [term 1 LEADER]: Becoming Leader. State: Replica: 0d6ae77045274e65bb5467d6a9e1d179, State: Running, Role: LEADER
I20260709 13:18:10.486788  9504 consensus_queue.cc:237] T 2706f3993708474185f0edccd766e985 P 0d6ae77045274e65bb5467d6a9e1d179 [LEADER]: Queue going to LEADER mode. State: All replicated index: 0, Majority replicated index: 0, Committed index: 0, Last appended: 0.0, Last appended by leader: 0, Current term: 1, Majority size: 2, State: 0, Mode: LEADER, active raft config: opid_index: -1 OBSOLETE_local: false peers { permanent_uuid: "8e4284f42a154e2c9a3ce0c7a3821fa0" member_type: VOTER last_known_addr { host: "127.8.237.1" port: 44413 } } peers { permanent_uuid: "0d6ae77045274e65bb5467d6a9e1d179" member_type: VOTER last_known_addr { host: "127.8.237.2" port: 38231 } } peers { permanent_uuid: "c1311ba444c147e4b20c36c5c09bb0c4" member_type: VOTER last_known_addr { host: "127.8.237.3" port: 42419 } }
I20260709 13:18:10.489140  9484 consensus_queue.cc:1048] T ffd1e75d0d9e458bbbd07d31079fa010 P 8e4284f42a154e2c9a3ce0c7a3821fa0 [LEADER]: Connected to new peer: Peer: permanent_uuid: "0d6ae77045274e65bb5467d6a9e1d179" member_type: VOTER last_known_addr { host: "127.8.237.2" port: 38231 }, Status: LMP_MISMATCH, Last received: 0.0, Next index: 1, Last known committed idx: 0, Time since last communication: 0.000s
I20260709 13:18:10.479000  9474 consensus_queue.cc:237] T 102f9e718db1424a8c3cd04fb1e781a3 P c1311ba444c147e4b20c36c5c09bb0c4 [LEADER]: Queue going to LEADER mode. State: All replicated index: 0, Majority replicated index: 0, Committed index: 0, Last appended: 0.0, Last appended by leader: 0, Current term: 1, Majority size: 2, State: 0, Mode: LEADER, active raft config: opid_index: -1 OBSOLETE_local: false peers { permanent_uuid: "8e4284f42a154e2c9a3ce0c7a3821fa0" member_type: VOTER last_known_addr { host: "127.8.237.1" port: 44413 } } peers { permanent_uuid: "0d6ae77045274e65bb5467d6a9e1d179" member_type: VOTER last_known_addr { host: "127.8.237.2" port: 38231 } } peers { permanent_uuid: "c1311ba444c147e4b20c36c5c09bb0c4" member_type: VOTER last_known_addr { host: "127.8.237.3" port: 42419 } }
I20260709 13:18:10.498088  9467 tablet_bootstrap.cc:654] T 2706f3993708474185f0edccd766e985 P 8e4284f42a154e2c9a3ce0c7a3821fa0: Neither blocks nor log segments found. Creating new log.
I20260709 13:18:10.537395  9470 raft_consensus.cc:359] T 6b5001963f214552ba2b023536d1e06e P 0d6ae77045274e65bb5467d6a9e1d179 [term 0 FOLLOWER]: Replica starting. Triggering 0 pending ops. Active config: opid_index: -1 OBSOLETE_local: false peers { permanent_uuid: "8e4284f42a154e2c9a3ce0c7a3821fa0" member_type: VOTER last_known_addr { host: "127.8.237.1" port: 44413 } } peers { permanent_uuid: "0d6ae77045274e65bb5467d6a9e1d179" member_type: VOTER last_known_addr { host: "127.8.237.2" port: 38231 } } peers { permanent_uuid: "c1311ba444c147e4b20c36c5c09bb0c4" member_type: VOTER last_known_addr { host: "127.8.237.3" port: 42419 } }
I20260709 13:18:10.539776  9470 raft_consensus.cc:385] T 6b5001963f214552ba2b023536d1e06e P 0d6ae77045274e65bb5467d6a9e1d179 [term 0 FOLLOWER]: Consensus starting up: Expiring failure detector timer to make a prompt election more likely
I20260709 13:18:10.540218  9470 raft_consensus.cc:740] T 6b5001963f214552ba2b023536d1e06e P 0d6ae77045274e65bb5467d6a9e1d179 [term 0 FOLLOWER]: Becoming Follower/Learner. State: Replica: 0d6ae77045274e65bb5467d6a9e1d179, State: Initialized, Role: FOLLOWER
I20260709 13:18:10.551013  9470 consensus_queue.cc:260] T 6b5001963f214552ba2b023536d1e06e P 0d6ae77045274e65bb5467d6a9e1d179 [NON_LEADER]: Queue going to NON_LEADER mode. State: All replicated index: 0, Majority replicated index: 0, Committed index: 0, Last appended: 0.0, Last appended by leader: 0, Current term: 0, Majority size: -1, State: 0, Mode: NON_LEADER, active raft config: opid_index: -1 OBSOLETE_local: false peers { permanent_uuid: "8e4284f42a154e2c9a3ce0c7a3821fa0" member_type: VOTER last_known_addr { host: "127.8.237.1" port: 44413 } } peers { permanent_uuid: "0d6ae77045274e65bb5467d6a9e1d179" member_type: VOTER last_known_addr { host: "127.8.237.2" port: 38231 } } peers { permanent_uuid: "c1311ba444c147e4b20c36c5c09bb0c4" member_type: VOTER last_known_addr { host: "127.8.237.3" port: 42419 } }
I20260709 13:18:10.564473  9470 ts_tablet_manager.cc:1434] T 6b5001963f214552ba2b023536d1e06e P 0d6ae77045274e65bb5467d6a9e1d179: Time spent starting tablet: real 0.104s	user 0.005s	sys 0.012s
I20260709 13:18:10.565622  9470 tablet_bootstrap.cc:492] T a2806cc1c8814c0789baa3f9bf875136 P 0d6ae77045274e65bb5467d6a9e1d179: Bootstrap starting.
I20260709 13:18:10.564882  9172 catalog_manager.cc:5697] T 2706f3993708474185f0edccd766e985 P 0d6ae77045274e65bb5467d6a9e1d179 reported cstate change: term changed from 0 to 1, leader changed from <none> to 0d6ae77045274e65bb5467d6a9e1d179 (127.8.237.2). New cstate: current_term: 1 leader_uuid: "0d6ae77045274e65bb5467d6a9e1d179" committed_config { opid_index: -1 OBSOLETE_local: false peers { permanent_uuid: "8e4284f42a154e2c9a3ce0c7a3821fa0" member_type: VOTER last_known_addr { host: "127.8.237.1" port: 44413 } health_report { overall_health: UNKNOWN } } peers { permanent_uuid: "0d6ae77045274e65bb5467d6a9e1d179" member_type: VOTER last_known_addr { host: "127.8.237.2" port: 38231 } health_report { overall_health: HEALTHY } } peers { permanent_uuid: "c1311ba444c147e4b20c36c5c09bb0c4" member_type: VOTER last_known_addr { host: "127.8.237.3" port: 42419 } health_report { overall_health: UNKNOWN } } }
I20260709 13:18:10.568825  9468 tablet_bootstrap.cc:492] T a2806cc1c8814c0789baa3f9bf875136 P c1311ba444c147e4b20c36c5c09bb0c4: No bootstrap required, opened a new log
I20260709 13:18:10.569434  9468 ts_tablet_manager.cc:1403] T a2806cc1c8814c0789baa3f9bf875136 P c1311ba444c147e4b20c36c5c09bb0c4: Time spent bootstrapping tablet: real 0.150s	user 0.017s	sys 0.003s
I20260709 13:18:10.576467  9484 raft_consensus.cc:493] T 5d5f9e82fbb24e369a8fbfbd7b033e1f P 8e4284f42a154e2c9a3ce0c7a3821fa0 [term 0 FOLLOWER]: Starting pre-election (no leader contacted us within the election timeout)
I20260709 13:18:10.577046  9484 raft_consensus.cc:515] T 5d5f9e82fbb24e369a8fbfbd7b033e1f P 8e4284f42a154e2c9a3ce0c7a3821fa0 [term 0 FOLLOWER]: Starting pre-election with config: opid_index: -1 OBSOLETE_local: false peers { permanent_uuid: "8e4284f42a154e2c9a3ce0c7a3821fa0" member_type: VOTER last_known_addr { host: "127.8.237.1" port: 44413 } } peers { permanent_uuid: "0d6ae77045274e65bb5467d6a9e1d179" member_type: VOTER last_known_addr { host: "127.8.237.2" port: 38231 } } peers { permanent_uuid: "c1311ba444c147e4b20c36c5c09bb0c4" member_type: VOTER last_known_addr { host: "127.8.237.3" port: 42419 } }
I20260709 13:18:10.580344  9349 tablet_service.cc:1917] Received RequestConsensusVote() RPC: tablet_id: "5d5f9e82fbb24e369a8fbfbd7b033e1f" candidate_uuid: "8e4284f42a154e2c9a3ce0c7a3821fa0" candidate_term: 1 candidate_status { last_received { term: 0 index: 0 } } ignore_live_leader: false dest_uuid: "0d6ae77045274e65bb5467d6a9e1d179" is_pre_election: true
I20260709 13:18:10.581105  9349 raft_consensus.cc:2468] T 5d5f9e82fbb24e369a8fbfbd7b033e1f P 0d6ae77045274e65bb5467d6a9e1d179 [term 0 FOLLOWER]: Leader pre-election vote request: Granting yes vote for candidate 8e4284f42a154e2c9a3ce0c7a3821fa0 in term 0.
I20260709 13:18:10.582472  9238 leader_election.cc:304] T 5d5f9e82fbb24e369a8fbfbd7b033e1f P 8e4284f42a154e2c9a3ce0c7a3821fa0 [CANDIDATE]: Term 1 pre-election: Election decided. Result: candidate won. Election summary: received 2 responses out of 3 voters: 2 yes votes; 0 no votes. yes voters: 0d6ae77045274e65bb5467d6a9e1d179, 8e4284f42a154e2c9a3ce0c7a3821fa0; no voters: 
W20260709 13:18:10.583216  9219 auto_rebalancer.cc:288] Could not retrieve cluster info: Service unavailable: Tablet not running
I20260709 13:18:10.584053  9488 consensus_queue.cc:1048] T 2ad67deea80d4df2a91bd0968d84b150 P 8e4284f42a154e2c9a3ce0c7a3821fa0 [LEADER]: Connected to new peer: Peer: permanent_uuid: "c1311ba444c147e4b20c36c5c09bb0c4" member_type: VOTER last_known_addr { host: "127.8.237.3" port: 42419 }, Status: LMP_MISMATCH, Last received: 0.0, Next index: 1, Last known committed idx: 0, Time since last communication: 0.001s
I20260709 13:18:10.585434  9488 raft_consensus.cc:2804] T 5d5f9e82fbb24e369a8fbfbd7b033e1f P 8e4284f42a154e2c9a3ce0c7a3821fa0 [term 0 FOLLOWER]: Leader pre-election won for term 1
I20260709 13:18:10.585774  9488 raft_consensus.cc:493] T 5d5f9e82fbb24e369a8fbfbd7b033e1f P 8e4284f42a154e2c9a3ce0c7a3821fa0 [term 0 FOLLOWER]: Starting leader election (no leader contacted us within the election timeout)
I20260709 13:18:10.586100  9488 raft_consensus.cc:3060] T 5d5f9e82fbb24e369a8fbfbd7b033e1f P 8e4284f42a154e2c9a3ce0c7a3821fa0 [term 0 FOLLOWER]: Advancing to term 1
I20260709 13:18:10.591506  9484 leader_election.cc:290] T 5d5f9e82fbb24e369a8fbfbd7b033e1f P 8e4284f42a154e2c9a3ce0c7a3821fa0 [CANDIDATE]: Term 1 pre-election: Requested pre-vote from peers 0d6ae77045274e65bb5467d6a9e1d179 (127.8.237.2:38231), c1311ba444c147e4b20c36c5c09bb0c4 (127.8.237.3:42419)
I20260709 13:18:10.592942  9423 tablet_service.cc:1917] Received RequestConsensusVote() RPC: tablet_id: "5d5f9e82fbb24e369a8fbfbd7b033e1f" candidate_uuid: "8e4284f42a154e2c9a3ce0c7a3821fa0" candidate_term: 1 candidate_status { last_received { term: 0 index: 0 } } ignore_live_leader: false dest_uuid: "c1311ba444c147e4b20c36c5c09bb0c4" is_pre_election: true
I20260709 13:18:10.593796  9423 raft_consensus.cc:2468] T 5d5f9e82fbb24e369a8fbfbd7b033e1f P c1311ba444c147e4b20c36c5c09bb0c4 [term 0 FOLLOWER]: Leader pre-election vote request: Granting yes vote for candidate 8e4284f42a154e2c9a3ce0c7a3821fa0 in term 0.
I20260709 13:18:10.594220  9488 raft_consensus.cc:515] T 5d5f9e82fbb24e369a8fbfbd7b033e1f P 8e4284f42a154e2c9a3ce0c7a3821fa0 [term 1 FOLLOWER]: Starting leader election with config: opid_index: -1 OBSOLETE_local: false peers { permanent_uuid: "8e4284f42a154e2c9a3ce0c7a3821fa0" member_type: VOTER last_known_addr { host: "127.8.237.1" port: 44413 } } peers { permanent_uuid: "0d6ae77045274e65bb5467d6a9e1d179" member_type: VOTER last_known_addr { host: "127.8.237.2" port: 38231 } } peers { permanent_uuid: "c1311ba444c147e4b20c36c5c09bb0c4" member_type: VOTER last_known_addr { host: "127.8.237.3" port: 42419 } }
I20260709 13:18:10.597095  9349 tablet_service.cc:1917] Received RequestConsensusVote() RPC: tablet_id: "5d5f9e82fbb24e369a8fbfbd7b033e1f" candidate_uuid: "8e4284f42a154e2c9a3ce0c7a3821fa0" candidate_term: 1 candidate_status { last_received { term: 0 index: 0 } } ignore_live_leader: false dest_uuid: "0d6ae77045274e65bb5467d6a9e1d179"
I20260709 13:18:10.597682  9349 raft_consensus.cc:3060] T 5d5f9e82fbb24e369a8fbfbd7b033e1f P 0d6ae77045274e65bb5467d6a9e1d179 [term 0 FOLLOWER]: Advancing to term 1
I20260709 13:18:10.600442  9468 raft_consensus.cc:359] T a2806cc1c8814c0789baa3f9bf875136 P c1311ba444c147e4b20c36c5c09bb0c4 [term 0 FOLLOWER]: Replica starting. Triggering 0 pending ops. Active config: opid_index: -1 OBSOLETE_local: false peers { permanent_uuid: "8e4284f42a154e2c9a3ce0c7a3821fa0" member_type: VOTER last_known_addr { host: "127.8.237.1" port: 44413 } } peers { permanent_uuid: "0d6ae77045274e65bb5467d6a9e1d179" member_type: VOTER last_known_addr { host: "127.8.237.2" port: 38231 } } peers { permanent_uuid: "c1311ba444c147e4b20c36c5c09bb0c4" member_type: VOTER last_known_addr { host: "127.8.237.3" port: 42419 } }
I20260709 13:18:10.601408  9468 raft_consensus.cc:385] T a2806cc1c8814c0789baa3f9bf875136 P c1311ba444c147e4b20c36c5c09bb0c4 [term 0 FOLLOWER]: Consensus starting up: Expiring failure detector timer to make a prompt election more likely
I20260709 13:18:10.601758  9468 raft_consensus.cc:740] T a2806cc1c8814c0789baa3f9bf875136 P c1311ba444c147e4b20c36c5c09bb0c4 [term 0 FOLLOWER]: Becoming Follower/Learner. State: Replica: c1311ba444c147e4b20c36c5c09bb0c4, State: Initialized, Role: FOLLOWER
I20260709 13:18:10.604408  9349 raft_consensus.cc:2468] T 5d5f9e82fbb24e369a8fbfbd7b033e1f P 0d6ae77045274e65bb5467d6a9e1d179 [term 1 FOLLOWER]: Leader election vote request: Granting yes vote for candidate 8e4284f42a154e2c9a3ce0c7a3821fa0 in term 1.
I20260709 13:18:10.605715  9238 leader_election.cc:304] T 5d5f9e82fbb24e369a8fbfbd7b033e1f P 8e4284f42a154e2c9a3ce0c7a3821fa0 [CANDIDATE]: Term 1 election: Election decided. Result: candidate won. Election summary: received 2 responses out of 3 voters: 2 yes votes; 0 no votes. yes voters: 0d6ae77045274e65bb5467d6a9e1d179, 8e4284f42a154e2c9a3ce0c7a3821fa0; no voters: 
I20260709 13:18:10.610563  9484 raft_consensus.cc:2804] T 5d5f9e82fbb24e369a8fbfbd7b033e1f P 8e4284f42a154e2c9a3ce0c7a3821fa0 [term 1 FOLLOWER]: Leader election won for term 1
I20260709 13:18:10.616915  9467 tablet_bootstrap.cc:492] T 2706f3993708474185f0edccd766e985 P 8e4284f42a154e2c9a3ce0c7a3821fa0: No bootstrap required, opened a new log
I20260709 13:18:10.617611  9467 ts_tablet_manager.cc:1403] T 2706f3993708474185f0edccd766e985 P 8e4284f42a154e2c9a3ce0c7a3821fa0: Time spent bootstrapping tablet: real 0.154s	user 0.004s	sys 0.016s
I20260709 13:18:10.620630  9484 raft_consensus.cc:697] T 5d5f9e82fbb24e369a8fbfbd7b033e1f P 8e4284f42a154e2c9a3ce0c7a3821fa0 [term 1 LEADER]: Becoming Leader. State: Replica: 8e4284f42a154e2c9a3ce0c7a3821fa0, State: Running, Role: LEADER
I20260709 13:18:10.621690  9484 consensus_queue.cc:237] T 5d5f9e82fbb24e369a8fbfbd7b033e1f P 8e4284f42a154e2c9a3ce0c7a3821fa0 [LEADER]: Queue going to LEADER mode. State: All replicated index: 0, Majority replicated index: 0, Committed index: 0, Last appended: 0.0, Last appended by leader: 0, Current term: 1, Majority size: 2, State: 0, Mode: LEADER, active raft config: opid_index: -1 OBSOLETE_local: false peers { permanent_uuid: "8e4284f42a154e2c9a3ce0c7a3821fa0" member_type: VOTER last_known_addr { host: "127.8.237.1" port: 44413 } } peers { permanent_uuid: "0d6ae77045274e65bb5467d6a9e1d179" member_type: VOTER last_known_addr { host: "127.8.237.2" port: 38231 } } peers { permanent_uuid: "c1311ba444c147e4b20c36c5c09bb0c4" member_type: VOTER last_known_addr { host: "127.8.237.3" port: 42419 } }
I20260709 13:18:10.623811  9488 leader_election.cc:290] T 5d5f9e82fbb24e369a8fbfbd7b033e1f P 8e4284f42a154e2c9a3ce0c7a3821fa0 [CANDIDATE]: Term 1 election: Requested vote from peers 0d6ae77045274e65bb5467d6a9e1d179 (127.8.237.2:38231), c1311ba444c147e4b20c36c5c09bb0c4 (127.8.237.3:42419)
I20260709 13:18:10.630369  9468 consensus_queue.cc:260] T a2806cc1c8814c0789baa3f9bf875136 P c1311ba444c147e4b20c36c5c09bb0c4 [NON_LEADER]: Queue going to NON_LEADER mode. State: All replicated index: 0, Majority replicated index: 0, Committed index: 0, Last appended: 0.0, Last appended by leader: 0, Current term: 0, Majority size: -1, State: 0, Mode: NON_LEADER, active raft config: opid_index: -1 OBSOLETE_local: false peers { permanent_uuid: "8e4284f42a154e2c9a3ce0c7a3821fa0" member_type: VOTER last_known_addr { host: "127.8.237.1" port: 44413 } } peers { permanent_uuid: "0d6ae77045274e65bb5467d6a9e1d179" member_type: VOTER last_known_addr { host: "127.8.237.2" port: 38231 } } peers { permanent_uuid: "c1311ba444c147e4b20c36c5c09bb0c4" member_type: VOTER last_known_addr { host: "127.8.237.3" port: 42419 } }
I20260709 13:18:10.632014  9470 tablet_bootstrap.cc:654] T a2806cc1c8814c0789baa3f9bf875136 P 0d6ae77045274e65bb5467d6a9e1d179: Neither blocks nor log segments found. Creating new log.
I20260709 13:18:10.631871  9503 raft_consensus.cc:493] T a2806cc1c8814c0789baa3f9bf875136 P c1311ba444c147e4b20c36c5c09bb0c4 [term 0 FOLLOWER]: Starting pre-election (no leader contacted us within the election timeout)
I20260709 13:18:10.633991  9468 ts_tablet_manager.cc:1434] T a2806cc1c8814c0789baa3f9bf875136 P c1311ba444c147e4b20c36c5c09bb0c4: Time spent starting tablet: real 0.064s	user 0.009s	sys 0.000s
I20260709 13:18:10.632603  9503 raft_consensus.cc:515] T a2806cc1c8814c0789baa3f9bf875136 P c1311ba444c147e4b20c36c5c09bb0c4 [term 0 FOLLOWER]: Starting pre-election with config: opid_index: -1 OBSOLETE_local: false peers { permanent_uuid: "8e4284f42a154e2c9a3ce0c7a3821fa0" member_type: VOTER last_known_addr { host: "127.8.237.1" port: 44413 } } peers { permanent_uuid: "0d6ae77045274e65bb5467d6a9e1d179" member_type: VOTER last_known_addr { host: "127.8.237.2" port: 38231 } } peers { permanent_uuid: "c1311ba444c147e4b20c36c5c09bb0c4" member_type: VOTER last_known_addr { host: "127.8.237.3" port: 42419 } }
I20260709 13:18:10.639119  9525 consensus_queue.cc:1048] T 2ad67deea80d4df2a91bd0968d84b150 P 8e4284f42a154e2c9a3ce0c7a3821fa0 [LEADER]: Connected to new peer: Peer: permanent_uuid: "0d6ae77045274e65bb5467d6a9e1d179" member_type: VOTER last_known_addr { host: "127.8.237.2" port: 38231 }, Status: LMP_MISMATCH, Last received: 0.0, Next index: 1, Last known committed idx: 0, Time since last communication: 0.009s
I20260709 13:18:10.644508  9274 tablet_service.cc:1917] Received RequestConsensusVote() RPC: tablet_id: "a2806cc1c8814c0789baa3f9bf875136" candidate_uuid: "c1311ba444c147e4b20c36c5c09bb0c4" candidate_term: 1 candidate_status { last_received { term: 0 index: 0 } } ignore_live_leader: false dest_uuid: "8e4284f42a154e2c9a3ce0c7a3821fa0" is_pre_election: true
I20260709 13:18:10.645169  9274 raft_consensus.cc:2468] T a2806cc1c8814c0789baa3f9bf875136 P 8e4284f42a154e2c9a3ce0c7a3821fa0 [term 0 FOLLOWER]: Leader pre-election vote request: Granting yes vote for candidate c1311ba444c147e4b20c36c5c09bb0c4 in term 0.
I20260709 13:18:10.647091  9388 leader_election.cc:304] T a2806cc1c8814c0789baa3f9bf875136 P c1311ba444c147e4b20c36c5c09bb0c4 [CANDIDATE]: Term 1 pre-election: Election decided. Result: candidate won. Election summary: received 2 responses out of 3 voters: 2 yes votes; 0 no votes. yes voters: 8e4284f42a154e2c9a3ce0c7a3821fa0, c1311ba444c147e4b20c36c5c09bb0c4; no voters: 
I20260709 13:18:10.647683  9467 raft_consensus.cc:359] T 2706f3993708474185f0edccd766e985 P 8e4284f42a154e2c9a3ce0c7a3821fa0 [term 0 FOLLOWER]: Replica starting. Triggering 0 pending ops. Active config: opid_index: -1 OBSOLETE_local: false peers { permanent_uuid: "8e4284f42a154e2c9a3ce0c7a3821fa0" member_type: VOTER last_known_addr { host: "127.8.237.1" port: 44413 } } peers { permanent_uuid: "0d6ae77045274e65bb5467d6a9e1d179" member_type: VOTER last_known_addr { host: "127.8.237.2" port: 38231 } } peers { permanent_uuid: "c1311ba444c147e4b20c36c5c09bb0c4" member_type: VOTER last_known_addr { host: "127.8.237.3" port: 42419 } }
I20260709 13:18:10.648614  9467 raft_consensus.cc:385] T 2706f3993708474185f0edccd766e985 P 8e4284f42a154e2c9a3ce0c7a3821fa0 [term 0 FOLLOWER]: Consensus starting up: Expiring failure detector timer to make a prompt election more likely
I20260709 13:18:10.648975  9467 raft_consensus.cc:740] T 2706f3993708474185f0edccd766e985 P 8e4284f42a154e2c9a3ce0c7a3821fa0 [term 0 FOLLOWER]: Becoming Follower/Learner. State: Replica: 8e4284f42a154e2c9a3ce0c7a3821fa0, State: Initialized, Role: FOLLOWER
I20260709 13:18:10.648160  9474 raft_consensus.cc:2804] T a2806cc1c8814c0789baa3f9bf875136 P c1311ba444c147e4b20c36c5c09bb0c4 [term 0 FOLLOWER]: Leader pre-election won for term 1
I20260709 13:18:10.641950  9424 tablet_service.cc:1917] Received RequestConsensusVote() RPC: tablet_id: "5d5f9e82fbb24e369a8fbfbd7b033e1f" candidate_uuid: "8e4284f42a154e2c9a3ce0c7a3821fa0" candidate_term: 1 candidate_status { last_received { term: 0 index: 0 } } ignore_live_leader: false dest_uuid: "c1311ba444c147e4b20c36c5c09bb0c4"
I20260709 13:18:10.649937  9474 raft_consensus.cc:493] T a2806cc1c8814c0789baa3f9bf875136 P c1311ba444c147e4b20c36c5c09bb0c4 [term 0 FOLLOWER]: Starting leader election (no leader contacted us within the election timeout)
I20260709 13:18:10.650079  9424 raft_consensus.cc:3060] T 5d5f9e82fbb24e369a8fbfbd7b033e1f P c1311ba444c147e4b20c36c5c09bb0c4 [term 0 FOLLOWER]: Advancing to term 1
I20260709 13:18:10.650322  9474 raft_consensus.cc:3060] T a2806cc1c8814c0789baa3f9bf875136 P c1311ba444c147e4b20c36c5c09bb0c4 [term 0 FOLLOWER]: Advancing to term 1
I20260709 13:18:10.654371  9468 tablet_bootstrap.cc:492] T 6b5001963f214552ba2b023536d1e06e P c1311ba444c147e4b20c36c5c09bb0c4: Bootstrap starting.
I20260709 13:18:10.657711  9503 leader_election.cc:290] T a2806cc1c8814c0789baa3f9bf875136 P c1311ba444c147e4b20c36c5c09bb0c4 [CANDIDATE]: Term 1 pre-election: Requested pre-vote from peers 8e4284f42a154e2c9a3ce0c7a3821fa0 (127.8.237.1:44413), 0d6ae77045274e65bb5467d6a9e1d179 (127.8.237.2:38231)
I20260709 13:18:10.655637  9467 consensus_queue.cc:260] T 2706f3993708474185f0edccd766e985 P 8e4284f42a154e2c9a3ce0c7a3821fa0 [NON_LEADER]: Queue going to NON_LEADER mode. State: All replicated index: 0, Majority replicated index: 0, Committed index: 0, Last appended: 0.0, Last appended by leader: 0, Current term: 0, Majority size: -1, State: 0, Mode: NON_LEADER, active raft config: opid_index: -1 OBSOLETE_local: false peers { permanent_uuid: "8e4284f42a154e2c9a3ce0c7a3821fa0" member_type: VOTER last_known_addr { host: "127.8.237.1" port: 44413 } } peers { permanent_uuid: "0d6ae77045274e65bb5467d6a9e1d179" member_type: VOTER last_known_addr { host: "127.8.237.2" port: 38231 } } peers { permanent_uuid: "c1311ba444c147e4b20c36c5c09bb0c4" member_type: VOTER last_known_addr { host: "127.8.237.3" port: 42419 } }
I20260709 13:18:10.659935  9349 tablet_service.cc:1917] Received RequestConsensusVote() RPC: tablet_id: "a2806cc1c8814c0789baa3f9bf875136" candidate_uuid: "c1311ba444c147e4b20c36c5c09bb0c4" candidate_term: 1 candidate_status { last_received { term: 0 index: 0 } } ignore_live_leader: false dest_uuid: "0d6ae77045274e65bb5467d6a9e1d179" is_pre_election: true
I20260709 13:18:10.661965  9467 ts_tablet_manager.cc:1434] T 2706f3993708474185f0edccd766e985 P 8e4284f42a154e2c9a3ce0c7a3821fa0: Time spent starting tablet: real 0.044s	user 0.009s	sys 0.000s
W20260709 13:18:10.662170  9387 leader_election.cc:343] T a2806cc1c8814c0789baa3f9bf875136 P c1311ba444c147e4b20c36c5c09bb0c4 [CANDIDATE]: Term 1 pre-election: Tablet error from VoteRequest() call to peer 0d6ae77045274e65bb5467d6a9e1d179 (127.8.237.2:38231): Illegal state: must be running to vote when last-logged opid is not known
I20260709 13:18:10.663005  9467 tablet_bootstrap.cc:492] T 6b5001963f214552ba2b023536d1e06e P 8e4284f42a154e2c9a3ce0c7a3821fa0: Bootstrap starting.
I20260709 13:18:10.664597  9171 catalog_manager.cc:5697] T 102f9e718db1424a8c3cd04fb1e781a3 P c1311ba444c147e4b20c36c5c09bb0c4 reported cstate change: term changed from 0 to 1, leader changed from <none> to c1311ba444c147e4b20c36c5c09bb0c4 (127.8.237.3). New cstate: current_term: 1 leader_uuid: "c1311ba444c147e4b20c36c5c09bb0c4" committed_config { opid_index: -1 OBSOLETE_local: false peers { permanent_uuid: "8e4284f42a154e2c9a3ce0c7a3821fa0" member_type: VOTER last_known_addr { host: "127.8.237.1" port: 44413 } health_report { overall_health: UNKNOWN } } peers { permanent_uuid: "0d6ae77045274e65bb5467d6a9e1d179" member_type: VOTER last_known_addr { host: "127.8.237.2" port: 38231 } health_report { overall_health: UNKNOWN } } peers { permanent_uuid: "c1311ba444c147e4b20c36c5c09bb0c4" member_type: VOTER last_known_addr { host: "127.8.237.3" port: 42419 } health_report { overall_health: HEALTHY } } }
I20260709 13:18:10.669683  9171 catalog_manager.cc:5697] T fe0daa4af56d4feaab358aae648e8075 P c1311ba444c147e4b20c36c5c09bb0c4 reported cstate change: term changed from 0 to 1, leader changed from <none> to c1311ba444c147e4b20c36c5c09bb0c4 (127.8.237.3). New cstate: current_term: 1 leader_uuid: "c1311ba444c147e4b20c36c5c09bb0c4" committed_config { opid_index: -1 OBSOLETE_local: false peers { permanent_uuid: "8e4284f42a154e2c9a3ce0c7a3821fa0" member_type: VOTER last_known_addr { host: "127.8.237.1" port: 44413 } health_report { overall_health: UNKNOWN } } peers { permanent_uuid: "0d6ae77045274e65bb5467d6a9e1d179" member_type: VOTER last_known_addr { host: "127.8.237.2" port: 38231 } health_report { overall_health: UNKNOWN } } peers { permanent_uuid: "c1311ba444c147e4b20c36c5c09bb0c4" member_type: VOTER last_known_addr { host: "127.8.237.3" port: 42419 } health_report { overall_health: HEALTHY } } }
I20260709 13:18:10.678426  9467 tablet_bootstrap.cc:654] T 6b5001963f214552ba2b023536d1e06e P 8e4284f42a154e2c9a3ce0c7a3821fa0: Neither blocks nor log segments found. Creating new log.
I20260709 13:18:10.680967  9503 consensus_queue.cc:1048] T 3e2a2234515e476ea161f777cfabfcff P c1311ba444c147e4b20c36c5c09bb0c4 [LEADER]: Connected to new peer: Peer: permanent_uuid: "8e4284f42a154e2c9a3ce0c7a3821fa0" member_type: VOTER last_known_addr { host: "127.8.237.1" port: 44413 }, Status: LMP_MISMATCH, Last received: 0.0, Next index: 1, Last known committed idx: 0, Time since last communication: 0.001s
I20260709 13:18:10.682128  9468 tablet_bootstrap.cc:654] T 6b5001963f214552ba2b023536d1e06e P c1311ba444c147e4b20c36c5c09bb0c4: Neither blocks nor log segments found. Creating new log.
I20260709 13:18:10.693647  9424 raft_consensus.cc:2468] T 5d5f9e82fbb24e369a8fbfbd7b033e1f P c1311ba444c147e4b20c36c5c09bb0c4 [term 1 FOLLOWER]: Leader election vote request: Granting yes vote for candidate 8e4284f42a154e2c9a3ce0c7a3821fa0 in term 1.
I20260709 13:18:10.705049  9470 tablet_bootstrap.cc:492] T a2806cc1c8814c0789baa3f9bf875136 P 0d6ae77045274e65bb5467d6a9e1d179: No bootstrap required, opened a new log
I20260709 13:18:10.705731  9470 ts_tablet_manager.cc:1403] T a2806cc1c8814c0789baa3f9bf875136 P 0d6ae77045274e65bb5467d6a9e1d179: Time spent bootstrapping tablet: real 0.140s	user 0.014s	sys 0.015s
I20260709 13:18:10.708065  9474 raft_consensus.cc:515] T a2806cc1c8814c0789baa3f9bf875136 P c1311ba444c147e4b20c36c5c09bb0c4 [term 1 FOLLOWER]: Starting leader election with config: opid_index: -1 OBSOLETE_local: false peers { permanent_uuid: "8e4284f42a154e2c9a3ce0c7a3821fa0" member_type: VOTER last_known_addr { host: "127.8.237.1" port: 44413 } } peers { permanent_uuid: "0d6ae77045274e65bb5467d6a9e1d179" member_type: VOTER last_known_addr { host: "127.8.237.2" port: 38231 } } peers { permanent_uuid: "c1311ba444c147e4b20c36c5c09bb0c4" member_type: VOTER last_known_addr { host: "127.8.237.3" port: 42419 } }
I20260709 13:18:10.714414  9474 leader_election.cc:290] T a2806cc1c8814c0789baa3f9bf875136 P c1311ba444c147e4b20c36c5c09bb0c4 [CANDIDATE]: Term 1 election: Requested vote from peers 8e4284f42a154e2c9a3ce0c7a3821fa0 (127.8.237.1:44413), 0d6ae77045274e65bb5467d6a9e1d179 (127.8.237.2:38231)
I20260709 13:18:10.715255  9275 tablet_service.cc:1917] Received RequestConsensusVote() RPC: tablet_id: "a2806cc1c8814c0789baa3f9bf875136" candidate_uuid: "c1311ba444c147e4b20c36c5c09bb0c4" candidate_term: 1 candidate_status { last_received { term: 0 index: 0 } } ignore_live_leader: false dest_uuid: "8e4284f42a154e2c9a3ce0c7a3821fa0"
I20260709 13:18:10.715832  9275 raft_consensus.cc:3060] T a2806cc1c8814c0789baa3f9bf875136 P 8e4284f42a154e2c9a3ce0c7a3821fa0 [term 0 FOLLOWER]: Advancing to term 1
I20260709 13:18:10.715907  9350 tablet_service.cc:1917] Received RequestConsensusVote() RPC: tablet_id: "a2806cc1c8814c0789baa3f9bf875136" candidate_uuid: "c1311ba444c147e4b20c36c5c09bb0c4" candidate_term: 1 candidate_status { last_received { term: 0 index: 0 } } ignore_live_leader: false dest_uuid: "0d6ae77045274e65bb5467d6a9e1d179"
I20260709 13:18:10.720698  9467 tablet_bootstrap.cc:492] T 6b5001963f214552ba2b023536d1e06e P 8e4284f42a154e2c9a3ce0c7a3821fa0: No bootstrap required, opened a new log
I20260709 13:18:10.721206  9470 raft_consensus.cc:359] T a2806cc1c8814c0789baa3f9bf875136 P 0d6ae77045274e65bb5467d6a9e1d179 [term 0 FOLLOWER]: Replica starting. Triggering 0 pending ops. Active config: opid_index: -1 OBSOLETE_local: false peers { permanent_uuid: "8e4284f42a154e2c9a3ce0c7a3821fa0" member_type: VOTER last_known_addr { host: "127.8.237.1" port: 44413 } } peers { permanent_uuid: "0d6ae77045274e65bb5467d6a9e1d179" member_type: VOTER last_known_addr { host: "127.8.237.2" port: 38231 } } peers { permanent_uuid: "c1311ba444c147e4b20c36c5c09bb0c4" member_type: VOTER last_known_addr { host: "127.8.237.3" port: 42419 } }
I20260709 13:18:10.721942  9470 raft_consensus.cc:385] T a2806cc1c8814c0789baa3f9bf875136 P 0d6ae77045274e65bb5467d6a9e1d179 [term 0 FOLLOWER]: Consensus starting up: Expiring failure detector timer to make a prompt election more likely
I20260709 13:18:10.722229  9470 raft_consensus.cc:740] T a2806cc1c8814c0789baa3f9bf875136 P 0d6ae77045274e65bb5467d6a9e1d179 [term 0 FOLLOWER]: Becoming Follower/Learner. State: Replica: 0d6ae77045274e65bb5467d6a9e1d179, State: Initialized, Role: FOLLOWER
I20260709 13:18:10.722935  9470 consensus_queue.cc:260] T a2806cc1c8814c0789baa3f9bf875136 P 0d6ae77045274e65bb5467d6a9e1d179 [NON_LEADER]: Queue going to NON_LEADER mode. State: All replicated index: 0, Majority replicated index: 0, Committed index: 0, Last appended: 0.0, Last appended by leader: 0, Current term: 0, Majority size: -1, State: 0, Mode: NON_LEADER, active raft config: opid_index: -1 OBSOLETE_local: false peers { permanent_uuid: "8e4284f42a154e2c9a3ce0c7a3821fa0" member_type: VOTER last_known_addr { host: "127.8.237.1" port: 44413 } } peers { permanent_uuid: "0d6ae77045274e65bb5467d6a9e1d179" member_type: VOTER last_known_addr { host: "127.8.237.2" port: 38231 } } peers { permanent_uuid: "c1311ba444c147e4b20c36c5c09bb0c4" member_type: VOTER last_known_addr { host: "127.8.237.3" port: 42419 } }
I20260709 13:18:10.721180  9467 ts_tablet_manager.cc:1403] T 6b5001963f214552ba2b023536d1e06e P 8e4284f42a154e2c9a3ce0c7a3821fa0: Time spent bootstrapping tablet: real 0.058s	user 0.011s	sys 0.000s
I20260709 13:18:10.726701  9470 ts_tablet_manager.cc:1434] T a2806cc1c8814c0789baa3f9bf875136 P 0d6ae77045274e65bb5467d6a9e1d179: Time spent starting tablet: real 0.021s	user 0.004s	sys 0.003s
I20260709 13:18:10.727947  9470 tablet_bootstrap.cc:492] T 3e2a2234515e476ea161f777cfabfcff P 0d6ae77045274e65bb5467d6a9e1d179: Bootstrap starting.
I20260709 13:18:10.731230  9468 tablet_bootstrap.cc:492] T 6b5001963f214552ba2b023536d1e06e P c1311ba444c147e4b20c36c5c09bb0c4: No bootstrap required, opened a new log
I20260709 13:18:10.730952  9275 raft_consensus.cc:2468] T a2806cc1c8814c0789baa3f9bf875136 P 8e4284f42a154e2c9a3ce0c7a3821fa0 [term 1 FOLLOWER]: Leader election vote request: Granting yes vote for candidate c1311ba444c147e4b20c36c5c09bb0c4 in term 1.
I20260709 13:18:10.730973  9467 raft_consensus.cc:359] T 6b5001963f214552ba2b023536d1e06e P 8e4284f42a154e2c9a3ce0c7a3821fa0 [term 0 FOLLOWER]: Replica starting. Triggering 0 pending ops. Active config: opid_index: -1 OBSOLETE_local: false peers { permanent_uuid: "8e4284f42a154e2c9a3ce0c7a3821fa0" member_type: VOTER last_known_addr { host: "127.8.237.1" port: 44413 } } peers { permanent_uuid: "0d6ae77045274e65bb5467d6a9e1d179" member_type: VOTER last_known_addr { host: "127.8.237.2" port: 38231 } } peers { permanent_uuid: "c1311ba444c147e4b20c36c5c09bb0c4" member_type: VOTER last_known_addr { host: "127.8.237.3" port: 42419 } }
I20260709 13:18:10.731659  9468 ts_tablet_manager.cc:1403] T 6b5001963f214552ba2b023536d1e06e P c1311ba444c147e4b20c36c5c09bb0c4: Time spent bootstrapping tablet: real 0.078s	user 0.017s	sys 0.003s
I20260709 13:18:10.731856  9467 raft_consensus.cc:385] T 6b5001963f214552ba2b023536d1e06e P 8e4284f42a154e2c9a3ce0c7a3821fa0 [term 0 FOLLOWER]: Consensus starting up: Expiring failure detector timer to make a prompt election more likely
I20260709 13:18:10.732146  9467 raft_consensus.cc:740] T 6b5001963f214552ba2b023536d1e06e P 8e4284f42a154e2c9a3ce0c7a3821fa0 [term 0 FOLLOWER]: Becoming Follower/Learner. State: Replica: 8e4284f42a154e2c9a3ce0c7a3821fa0, State: Initialized, Role: FOLLOWER
I20260709 13:18:10.732820  9467 consensus_queue.cc:260] T 6b5001963f214552ba2b023536d1e06e P 8e4284f42a154e2c9a3ce0c7a3821fa0 [NON_LEADER]: Queue going to NON_LEADER mode. State: All replicated index: 0, Majority replicated index: 0, Committed index: 0, Last appended: 0.0, Last appended by leader: 0, Current term: 0, Majority size: -1, State: 0, Mode: NON_LEADER, active raft config: opid_index: -1 OBSOLETE_local: false peers { permanent_uuid: "8e4284f42a154e2c9a3ce0c7a3821fa0" member_type: VOTER last_known_addr { host: "127.8.237.1" port: 44413 } } peers { permanent_uuid: "0d6ae77045274e65bb5467d6a9e1d179" member_type: VOTER last_known_addr { host: "127.8.237.2" port: 38231 } } peers { permanent_uuid: "c1311ba444c147e4b20c36c5c09bb0c4" member_type: VOTER last_known_addr { host: "127.8.237.3" port: 42419 } }
I20260709 13:18:10.734419  9388 leader_election.cc:304] T a2806cc1c8814c0789baa3f9bf875136 P c1311ba444c147e4b20c36c5c09bb0c4 [CANDIDATE]: Term 1 election: Election decided. Result: candidate won. Election summary: received 2 responses out of 3 voters: 2 yes votes; 0 no votes. yes voters: 8e4284f42a154e2c9a3ce0c7a3821fa0, c1311ba444c147e4b20c36c5c09bb0c4; no voters: 
I20260709 13:18:10.735107  9467 ts_tablet_manager.cc:1434] T 6b5001963f214552ba2b023536d1e06e P 8e4284f42a154e2c9a3ce0c7a3821fa0: Time spent starting tablet: real 0.010s	user 0.007s	sys 0.000s
I20260709 13:18:10.735986  9496 raft_consensus.cc:2804] T a2806cc1c8814c0789baa3f9bf875136 P c1311ba444c147e4b20c36c5c09bb0c4 [term 1 FOLLOWER]: Leader election won for term 1
I20260709 13:18:10.736510  9496 raft_consensus.cc:697] T a2806cc1c8814c0789baa3f9bf875136 P c1311ba444c147e4b20c36c5c09bb0c4 [term 1 LEADER]: Becoming Leader. State: Replica: c1311ba444c147e4b20c36c5c09bb0c4, State: Running, Role: LEADER
W20260709 13:18:10.737718  9387 consensus_peers.cc:597] T 3e2a2234515e476ea161f777cfabfcff P c1311ba444c147e4b20c36c5c09bb0c4 -> Peer 0d6ae77045274e65bb5467d6a9e1d179 (127.8.237.2:38231): Couldn't send request to peer 0d6ae77045274e65bb5467d6a9e1d179. Error code: TABLET_NOT_RUNNING (12). Status: Illegal state: Tablet not RUNNING: BOOTSTRAPPING. This is attempt 1: this message will repeat every 5th retry.
I20260709 13:18:10.737967  9496 consensus_queue.cc:237] T a2806cc1c8814c0789baa3f9bf875136 P c1311ba444c147e4b20c36c5c09bb0c4 [LEADER]: Queue going to LEADER mode. State: All replicated index: 0, Majority replicated index: 0, Committed index: 0, Last appended: 0.0, Last appended by leader: 0, Current term: 1, Majority size: 2, State: 0, Mode: LEADER, active raft config: opid_index: -1 OBSOLETE_local: false peers { permanent_uuid: "8e4284f42a154e2c9a3ce0c7a3821fa0" member_type: VOTER last_known_addr { host: "127.8.237.1" port: 44413 } } peers { permanent_uuid: "0d6ae77045274e65bb5467d6a9e1d179" member_type: VOTER last_known_addr { host: "127.8.237.2" port: 38231 } } peers { permanent_uuid: "c1311ba444c147e4b20c36c5c09bb0c4" member_type: VOTER last_known_addr { host: "127.8.237.3" port: 42419 } }
I20260709 13:18:10.740554  9468 raft_consensus.cc:359] T 6b5001963f214552ba2b023536d1e06e P c1311ba444c147e4b20c36c5c09bb0c4 [term 0 FOLLOWER]: Replica starting. Triggering 0 pending ops. Active config: opid_index: -1 OBSOLETE_local: false peers { permanent_uuid: "8e4284f42a154e2c9a3ce0c7a3821fa0" member_type: VOTER last_known_addr { host: "127.8.237.1" port: 44413 } } peers { permanent_uuid: "0d6ae77045274e65bb5467d6a9e1d179" member_type: VOTER last_known_addr { host: "127.8.237.2" port: 38231 } } peers { permanent_uuid: "c1311ba444c147e4b20c36c5c09bb0c4" member_type: VOTER last_known_addr { host: "127.8.237.3" port: 42419 } }
I20260709 13:18:10.741199  9468 raft_consensus.cc:385] T 6b5001963f214552ba2b023536d1e06e P c1311ba444c147e4b20c36c5c09bb0c4 [term 0 FOLLOWER]: Consensus starting up: Expiring failure detector timer to make a prompt election more likely
I20260709 13:18:10.741480  9468 raft_consensus.cc:740] T 6b5001963f214552ba2b023536d1e06e P c1311ba444c147e4b20c36c5c09bb0c4 [term 0 FOLLOWER]: Becoming Follower/Learner. State: Replica: c1311ba444c147e4b20c36c5c09bb0c4, State: Initialized, Role: FOLLOWER
I20260709 13:18:10.742192  9468 consensus_queue.cc:260] T 6b5001963f214552ba2b023536d1e06e P c1311ba444c147e4b20c36c5c09bb0c4 [NON_LEADER]: Queue going to NON_LEADER mode. State: All replicated index: 0, Majority replicated index: 0, Committed index: 0, Last appended: 0.0, Last appended by leader: 0, Current term: 0, Majority size: -1, State: 0, Mode: NON_LEADER, active raft config: opid_index: -1 OBSOLETE_local: false peers { permanent_uuid: "8e4284f42a154e2c9a3ce0c7a3821fa0" member_type: VOTER last_known_addr { host: "127.8.237.1" port: 44413 } } peers { permanent_uuid: "0d6ae77045274e65bb5467d6a9e1d179" member_type: VOTER last_known_addr { host: "127.8.237.2" port: 38231 } } peers { permanent_uuid: "c1311ba444c147e4b20c36c5c09bb0c4" member_type: VOTER last_known_addr { host: "127.8.237.3" port: 42419 } }
I20260709 13:18:10.745712  9468 ts_tablet_manager.cc:1434] T 6b5001963f214552ba2b023536d1e06e P c1311ba444c147e4b20c36c5c09bb0c4: Time spent starting tablet: real 0.014s	user 0.006s	sys 0.000s
I20260709 13:18:10.746120  9470 tablet_bootstrap.cc:654] T 3e2a2234515e476ea161f777cfabfcff P 0d6ae77045274e65bb5467d6a9e1d179: Neither blocks nor log segments found. Creating new log.
I20260709 13:18:10.747080  9350 raft_consensus.cc:3060] T a2806cc1c8814c0789baa3f9bf875136 P 0d6ae77045274e65bb5467d6a9e1d179 [term 0 FOLLOWER]: Advancing to term 1
I20260709 13:18:10.757012  9172 catalog_manager.cc:5697] T 5d5f9e82fbb24e369a8fbfbd7b033e1f P 8e4284f42a154e2c9a3ce0c7a3821fa0 reported cstate change: term changed from 0 to 1, leader changed from <none> to 8e4284f42a154e2c9a3ce0c7a3821fa0 (127.8.237.1). New cstate: current_term: 1 leader_uuid: "8e4284f42a154e2c9a3ce0c7a3821fa0" committed_config { opid_index: -1 OBSOLETE_local: false peers { permanent_uuid: "8e4284f42a154e2c9a3ce0c7a3821fa0" member_type: VOTER last_known_addr { host: "127.8.237.1" port: 44413 } health_report { overall_health: HEALTHY } } peers { permanent_uuid: "0d6ae77045274e65bb5467d6a9e1d179" member_type: VOTER last_known_addr { host: "127.8.237.2" port: 38231 } health_report { overall_health: UNKNOWN } } peers { permanent_uuid: "c1311ba444c147e4b20c36c5c09bb0c4" member_type: VOTER last_known_addr { host: "127.8.237.3" port: 42419 } health_report { overall_health: UNKNOWN } } }
I20260709 13:18:10.761924  9350 raft_consensus.cc:2468] T a2806cc1c8814c0789baa3f9bf875136 P 0d6ae77045274e65bb5467d6a9e1d179 [term 1 FOLLOWER]: Leader election vote request: Granting yes vote for candidate c1311ba444c147e4b20c36c5c09bb0c4 in term 1.
I20260709 13:18:10.773655  9470 tablet_bootstrap.cc:492] T 3e2a2234515e476ea161f777cfabfcff P 0d6ae77045274e65bb5467d6a9e1d179: No bootstrap required, opened a new log
I20260709 13:18:10.774140  9470 ts_tablet_manager.cc:1403] T 3e2a2234515e476ea161f777cfabfcff P 0d6ae77045274e65bb5467d6a9e1d179: Time spent bootstrapping tablet: real 0.047s	user 0.009s	sys 0.019s
I20260709 13:18:10.772949  9171 catalog_manager.cc:5697] T a2806cc1c8814c0789baa3f9bf875136 P c1311ba444c147e4b20c36c5c09bb0c4 reported cstate change: term changed from 0 to 1, leader changed from <none> to c1311ba444c147e4b20c36c5c09bb0c4 (127.8.237.3). New cstate: current_term: 1 leader_uuid: "c1311ba444c147e4b20c36c5c09bb0c4" committed_config { opid_index: -1 OBSOLETE_local: false peers { permanent_uuid: "8e4284f42a154e2c9a3ce0c7a3821fa0" member_type: VOTER last_known_addr { host: "127.8.237.1" port: 44413 } health_report { overall_health: UNKNOWN } } peers { permanent_uuid: "0d6ae77045274e65bb5467d6a9e1d179" member_type: VOTER last_known_addr { host: "127.8.237.2" port: 38231 } health_report { overall_health: UNKNOWN } } peers { permanent_uuid: "c1311ba444c147e4b20c36c5c09bb0c4" member_type: VOTER last_known_addr { host: "127.8.237.3" port: 42419 } health_report { overall_health: HEALTHY } } }
I20260709 13:18:10.776968  9470 raft_consensus.cc:359] T 3e2a2234515e476ea161f777cfabfcff P 0d6ae77045274e65bb5467d6a9e1d179 [term 0 FOLLOWER]: Replica starting. Triggering 0 pending ops. Active config: opid_index: -1 OBSOLETE_local: false peers { permanent_uuid: "8e4284f42a154e2c9a3ce0c7a3821fa0" member_type: VOTER last_known_addr { host: "127.8.237.1" port: 44413 } } peers { permanent_uuid: "0d6ae77045274e65bb5467d6a9e1d179" member_type: VOTER last_known_addr { host: "127.8.237.2" port: 38231 } } peers { permanent_uuid: "c1311ba444c147e4b20c36c5c09bb0c4" member_type: VOTER last_known_addr { host: "127.8.237.3" port: 42419 } }
I20260709 13:18:10.778337  9470 raft_consensus.cc:385] T 3e2a2234515e476ea161f777cfabfcff P 0d6ae77045274e65bb5467d6a9e1d179 [term 0 FOLLOWER]: Consensus starting up: Expiring failure detector timer to make a prompt election more likely
I20260709 13:18:10.778650  9470 raft_consensus.cc:740] T 3e2a2234515e476ea161f777cfabfcff P 0d6ae77045274e65bb5467d6a9e1d179 [term 0 FOLLOWER]: Becoming Follower/Learner. State: Replica: 0d6ae77045274e65bb5467d6a9e1d179, State: Initialized, Role: FOLLOWER
I20260709 13:18:10.779488  9470 consensus_queue.cc:260] T 3e2a2234515e476ea161f777cfabfcff P 0d6ae77045274e65bb5467d6a9e1d179 [NON_LEADER]: Queue going to NON_LEADER mode. State: All replicated index: 0, Majority replicated index: 0, Committed index: 0, Last appended: 0.0, Last appended by leader: 0, Current term: 0, Majority size: -1, State: 0, Mode: NON_LEADER, active raft config: opid_index: -1 OBSOLETE_local: false peers { permanent_uuid: "8e4284f42a154e2c9a3ce0c7a3821fa0" member_type: VOTER last_known_addr { host: "127.8.237.1" port: 44413 } } peers { permanent_uuid: "0d6ae77045274e65bb5467d6a9e1d179" member_type: VOTER last_known_addr { host: "127.8.237.2" port: 38231 } } peers { permanent_uuid: "c1311ba444c147e4b20c36c5c09bb0c4" member_type: VOTER last_known_addr { host: "127.8.237.3" port: 42419 } }
I20260709 13:18:10.781601  9470 ts_tablet_manager.cc:1434] T 3e2a2234515e476ea161f777cfabfcff P 0d6ae77045274e65bb5467d6a9e1d179: Time spent starting tablet: real 0.007s	user 0.007s	sys 0.000s
I20260709 13:18:10.867268  9275 raft_consensus.cc:3060] T 2706f3993708474185f0edccd766e985 P 8e4284f42a154e2c9a3ce0c7a3821fa0 [term 0 FOLLOWER]: Advancing to term 1
I20260709 13:18:10.873421  9504 consensus_queue.cc:1048] T 2706f3993708474185f0edccd766e985 P 0d6ae77045274e65bb5467d6a9e1d179 [LEADER]: Connected to new peer: Peer: permanent_uuid: "8e4284f42a154e2c9a3ce0c7a3821fa0" member_type: VOTER last_known_addr { host: "127.8.237.1" port: 44413 }, Status: LMP_MISMATCH, Last received: 0.0, Next index: 1, Last known committed idx: 0, Time since last communication: 0.000s
I20260709 13:18:10.885779  9477 consensus_queue.cc:1048] T 2706f3993708474185f0edccd766e985 P 0d6ae77045274e65bb5467d6a9e1d179 [LEADER]: Connected to new peer: Peer: permanent_uuid: "c1311ba444c147e4b20c36c5c09bb0c4" member_type: VOTER last_known_addr { host: "127.8.237.3" port: 42419 }, Status: LMP_MISMATCH, Last received: 0.0, Next index: 1, Last known committed idx: 0, Time since last communication: 0.000s
I20260709 13:18:10.899183  9536 raft_consensus.cc:493] T 6b5001963f214552ba2b023536d1e06e P 0d6ae77045274e65bb5467d6a9e1d179 [term 0 FOLLOWER]: Starting pre-election (no leader contacted us within the election timeout)
I20260709 13:18:10.899725  9536 raft_consensus.cc:515] T 6b5001963f214552ba2b023536d1e06e P 0d6ae77045274e65bb5467d6a9e1d179 [term 0 FOLLOWER]: Starting pre-election with config: opid_index: -1 OBSOLETE_local: false peers { permanent_uuid: "8e4284f42a154e2c9a3ce0c7a3821fa0" member_type: VOTER last_known_addr { host: "127.8.237.1" port: 44413 } } peers { permanent_uuid: "0d6ae77045274e65bb5467d6a9e1d179" member_type: VOTER last_known_addr { host: "127.8.237.2" port: 38231 } } peers { permanent_uuid: "c1311ba444c147e4b20c36c5c09bb0c4" member_type: VOTER last_known_addr { host: "127.8.237.3" port: 42419 } }
I20260709 13:18:10.903740  9536 leader_election.cc:290] T 6b5001963f214552ba2b023536d1e06e P 0d6ae77045274e65bb5467d6a9e1d179 [CANDIDATE]: Term 1 pre-election: Requested pre-vote from peers 8e4284f42a154e2c9a3ce0c7a3821fa0 (127.8.237.1:44413), c1311ba444c147e4b20c36c5c09bb0c4 (127.8.237.3:42419)
