I20260709 13:18:09.240625 14175 tablet_bootstrap.cc:492] T 2b7031a1562e4267bbc8341a569476c3 P 66d83f377d06466f90f1c90f47580dca: No bootstrap required, opened a new log
I20260709 13:18:09.241102 14175 ts_tablet_manager.cc:1403] T 2b7031a1562e4267bbc8341a569476c3 P 66d83f377d06466f90f1c90f47580dca: Time spent bootstrapping tablet: real 0.019s	user 0.018s	sys 0.000s
W20260709 13:18:09.241124 14095 leader_election.cc:343] T e00d1dacc0f44809ab578fe702e98462 P 08faa407ba9f4ff4868f960c3a4c85bb [CANDIDATE]: Term 1 pre-election: Tablet error from VoteRequest() call to peer 66d83f377d06466f90f1c90f47580dca (127.13.133.130:36795): Illegal state: must be running to vote when last-logged opid is not known
I20260709 13:18:09.241044 14173 consensus_queue.cc:260] T 6429493def614ec7a2f67cc1513db7ef P f9d503189ea04ea397a91f6f32967f1b [NON_LEADER]: Queue going to NON_LEADER mode. State: All replicated index: 0, Majority replicated index: 0, Committed index: 0, Last appended: 0.0, Last appended by leader: 0, Current term: 0, Majority size: -1, State: 0, Mode: NON_LEADER, active raft config: opid_index: -1 OBSOLETE_local: false peers { permanent_uuid: "f9d503189ea04ea397a91f6f32967f1b" member_type: VOTER last_known_addr { host: "127.13.133.129" port: 43211 } } peers { permanent_uuid: "66d83f377d06466f90f1c90f47580dca" member_type: VOTER last_known_addr { host: "127.13.133.130" port: 36795 } } peers { permanent_uuid: "08faa407ba9f4ff4868f960c3a4c85bb" member_type: VOTER last_known_addr { host: "127.13.133.131" port: 36491 } }
I20260709 13:18:09.241717 14095 leader_election.cc:304] T e00d1dacc0f44809ab578fe702e98462 P 08faa407ba9f4ff4868f960c3a4c85bb [CANDIDATE]: Term 1 pre-election: Election decided. Result: candidate lost. Election summary: received 3 responses out of 3 voters: 1 yes votes; 2 no votes. yes voters: 08faa407ba9f4ff4868f960c3a4c85bb; no voters: 66d83f377d06466f90f1c90f47580dca, f9d503189ea04ea397a91f6f32967f1b
I20260709 13:18:09.244518 14196 raft_consensus.cc:515] T 0e4f463821154eb1953ae693eba9d656 P 08faa407ba9f4ff4868f960c3a4c85bb [term 1 FOLLOWER]: Starting leader election with config: opid_index: -1 OBSOLETE_local: false peers { permanent_uuid: "f9d503189ea04ea397a91f6f32967f1b" member_type: VOTER last_known_addr { host: "127.13.133.129" port: 43211 } } peers { permanent_uuid: "66d83f377d06466f90f1c90f47580dca" member_type: VOTER last_known_addr { host: "127.13.133.130" port: 36795 } } peers { permanent_uuid: "08faa407ba9f4ff4868f960c3a4c85bb" member_type: VOTER last_known_addr { host: "127.13.133.131" port: 36491 } }
I20260709 13:18:09.246632 14173 ts_tablet_manager.cc:1434] T 6429493def614ec7a2f67cc1513db7ef P f9d503189ea04ea397a91f6f32967f1b: Time spent starting tablet: real 0.018s	user 0.005s	sys 0.001s
I20260709 13:18:09.247571 14173 tablet_bootstrap.cc:492] T 32c35a1f4a904ffca09e6f3419053fc9 P f9d503189ea04ea397a91f6f32967f1b: Bootstrap starting.
I20260709 13:18:09.247831 13981 tablet_service.cc:1917] Received RequestConsensusVote() RPC: tablet_id: "0e4f463821154eb1953ae693eba9d656" candidate_uuid: "08faa407ba9f4ff4868f960c3a4c85bb" candidate_term: 1 candidate_status { last_received { term: 0 index: 0 } } ignore_live_leader: false dest_uuid: "f9d503189ea04ea397a91f6f32967f1b"
I20260709 13:18:09.248404 13981 raft_consensus.cc:3060] T 0e4f463821154eb1953ae693eba9d656 P f9d503189ea04ea397a91f6f32967f1b [term 0 FOLLOWER]: Advancing to term 1
I20260709 13:18:09.244089 14175 raft_consensus.cc:359] T 2b7031a1562e4267bbc8341a569476c3 P 66d83f377d06466f90f1c90f47580dca [term 0 FOLLOWER]: Replica starting. Triggering 0 pending ops. Active config: opid_index: -1 OBSOLETE_local: false peers { permanent_uuid: "f9d503189ea04ea397a91f6f32967f1b" member_type: VOTER last_known_addr { host: "127.13.133.129" port: 43211 } } peers { permanent_uuid: "66d83f377d06466f90f1c90f47580dca" member_type: VOTER last_known_addr { host: "127.13.133.130" port: 36795 } } peers { permanent_uuid: "08faa407ba9f4ff4868f960c3a4c85bb" member_type: VOTER last_known_addr { host: "127.13.133.131" port: 36491 } }
I20260709 13:18:09.242576 14174 ts_tablet_manager.cc:1434] T 09d30bbc480e4222af109cbe24263560 P 08faa407ba9f4ff4868f960c3a4c85bb: Time spent starting tablet: real 0.024s	user 0.006s	sys 0.002s
I20260709 13:18:09.250512 14179 raft_consensus.cc:2749] T e00d1dacc0f44809ab578fe702e98462 P 08faa407ba9f4ff4868f960c3a4c85bb [term 0 FOLLOWER]: Leader pre-election lost for term 1. Reason: could not achieve majority
I20260709 13:18:09.251282 14198 raft_consensus.cc:697] T 99bc9025c52e467ba1ad30d1f66c8053 P 08faa407ba9f4ff4868f960c3a4c85bb [term 1 LEADER]: Becoming Leader. State: Replica: 08faa407ba9f4ff4868f960c3a4c85bb, State: Running, Role: LEADER
I20260709 13:18:09.250859 14175 raft_consensus.cc:385] T 2b7031a1562e4267bbc8341a569476c3 P 66d83f377d06466f90f1c90f47580dca [term 0 FOLLOWER]: Consensus starting up: Expiring failure detector timer to make a prompt election more likely
I20260709 13:18:09.252979 14175 raft_consensus.cc:740] T 2b7031a1562e4267bbc8341a569476c3 P 66d83f377d06466f90f1c90f47580dca [term 0 FOLLOWER]: Becoming Follower/Learner. State: Replica: 66d83f377d06466f90f1c90f47580dca, State: Initialized, Role: FOLLOWER
I20260709 13:18:09.253758 14175 consensus_queue.cc:260] T 2b7031a1562e4267bbc8341a569476c3 P 66d83f377d06466f90f1c90f47580dca [NON_LEADER]: Queue going to NON_LEADER mode. State: All replicated index: 0, Majority replicated index: 0, Committed index: 0, Last appended: 0.0, Last appended by leader: 0, Current term: 0, Majority size: -1, State: 0, Mode: NON_LEADER, active raft config: opid_index: -1 OBSOLETE_local: false peers { permanent_uuid: "f9d503189ea04ea397a91f6f32967f1b" member_type: VOTER last_known_addr { host: "127.13.133.129" port: 43211 } } peers { permanent_uuid: "66d83f377d06466f90f1c90f47580dca" member_type: VOTER last_known_addr { host: "127.13.133.130" port: 36795 } } peers { permanent_uuid: "08faa407ba9f4ff4868f960c3a4c85bb" member_type: VOTER last_known_addr { host: "127.13.133.131" port: 36491 } }
I20260709 13:18:09.256285 14175 ts_tablet_manager.cc:1434] T 2b7031a1562e4267bbc8341a569476c3 P 66d83f377d06466f90f1c90f47580dca: Time spent starting tablet: real 0.015s	user 0.007s	sys 0.000s
I20260709 13:18:09.256703 13981 raft_consensus.cc:2468] T 0e4f463821154eb1953ae693eba9d656 P f9d503189ea04ea397a91f6f32967f1b [term 1 FOLLOWER]: Leader election vote request: Granting yes vote for candidate 08faa407ba9f4ff4868f960c3a4c85bb in term 1.
I20260709 13:18:09.257954 14094 leader_election.cc:304] T 0e4f463821154eb1953ae693eba9d656 P 08faa407ba9f4ff4868f960c3a4c85bb [CANDIDATE]: Term 1 election: Election decided. Result: candidate won. Election summary: received 2 responses out of 3 voters: 2 yes votes; 0 no votes. yes voters: 08faa407ba9f4ff4868f960c3a4c85bb, f9d503189ea04ea397a91f6f32967f1b; no voters: 
I20260709 13:18:09.258656 14175 tablet_bootstrap.cc:492] T d06059b5cca0417ea383211e4f68fcb6 P 66d83f377d06466f90f1c90f47580dca: Bootstrap starting.
I20260709 13:18:09.258836 14179 raft_consensus.cc:2804] T 0e4f463821154eb1953ae693eba9d656 P 08faa407ba9f4ff4868f960c3a4c85bb [term 1 FOLLOWER]: Leader election won for term 1
I20260709 13:18:09.259332 14179 raft_consensus.cc:697] T 0e4f463821154eb1953ae693eba9d656 P 08faa407ba9f4ff4868f960c3a4c85bb [term 1 LEADER]: Becoming Leader. State: Replica: 08faa407ba9f4ff4868f960c3a4c85bb, State: Running, Role: LEADER
I20260709 13:18:09.260689 14179 consensus_queue.cc:237] T 0e4f463821154eb1953ae693eba9d656 P 08faa407ba9f4ff4868f960c3a4c85bb [LEADER]: Queue going to LEADER mode. State: All replicated index: 0, Majority replicated index: 0, Committed index: 0, Last appended: 0.0, Last appended by leader: 0, Current term: 1, Majority size: 2, State: 0, Mode: LEADER, active raft config: opid_index: -1 OBSOLETE_local: false peers { permanent_uuid: "f9d503189ea04ea397a91f6f32967f1b" member_type: VOTER last_known_addr { host: "127.13.133.129" port: 43211 } } peers { permanent_uuid: "66d83f377d06466f90f1c90f47580dca" member_type: VOTER last_known_addr { host: "127.13.133.130" port: 36795 } } peers { permanent_uuid: "08faa407ba9f4ff4868f960c3a4c85bb" member_type: VOTER last_known_addr { host: "127.13.133.131" port: 36491 } }
I20260709 13:18:09.264961 14055 tablet_service.cc:1917] Received RequestConsensusVote() RPC: tablet_id: "0e4f463821154eb1953ae693eba9d656" candidate_uuid: "08faa407ba9f4ff4868f960c3a4c85bb" candidate_term: 1 candidate_status { last_received { term: 0 index: 0 } } ignore_live_leader: false dest_uuid: "66d83f377d06466f90f1c90f47580dca"
I20260709 13:18:09.265398 14174 tablet_bootstrap.cc:492] T 52b000ce0a0b4c08a110c662200f1b59 P 08faa407ba9f4ff4868f960c3a4c85bb: Bootstrap starting.
I20260709 13:18:09.266146 14173 tablet_bootstrap.cc:654] T 32c35a1f4a904ffca09e6f3419053fc9 P f9d503189ea04ea397a91f6f32967f1b: Neither blocks nor log segments found. Creating new log.
W20260709 13:18:09.266554 14095 leader_election.cc:343] T 0e4f463821154eb1953ae693eba9d656 P 08faa407ba9f4ff4868f960c3a4c85bb [CANDIDATE]: Term 1 election: Tablet error from VoteRequest() call to peer 66d83f377d06466f90f1c90f47580dca (127.13.133.130:36795): Illegal state: must be running to vote when last-logged opid is not known
I20260709 13:18:09.267808 14196 leader_election.cc:290] T 0e4f463821154eb1953ae693eba9d656 P 08faa407ba9f4ff4868f960c3a4c85bb [CANDIDATE]: Term 1 election: Requested vote from peers f9d503189ea04ea397a91f6f32967f1b (127.13.133.129:43211), 66d83f377d06466f90f1c90f47580dca (127.13.133.130:36795)
I20260709 13:18:09.270978 14175 tablet_bootstrap.cc:654] T d06059b5cca0417ea383211e4f68fcb6 P 66d83f377d06466f90f1c90f47580dca: Neither blocks nor log segments found. Creating new log.
I20260709 13:18:09.264827 14198 consensus_queue.cc:237] T 99bc9025c52e467ba1ad30d1f66c8053 P 08faa407ba9f4ff4868f960c3a4c85bb [LEADER]: Queue going to LEADER mode. State: All replicated index: 0, Majority replicated index: 0, Committed index: 0, Last appended: 0.0, Last appended by leader: 0, Current term: 1, Majority size: 2, State: 0, Mode: LEADER, active raft config: opid_index: -1 OBSOLETE_local: false peers { permanent_uuid: "f9d503189ea04ea397a91f6f32967f1b" member_type: VOTER last_known_addr { host: "127.13.133.129" port: 43211 } } peers { permanent_uuid: "66d83f377d06466f90f1c90f47580dca" member_type: VOTER last_known_addr { host: "127.13.133.130" port: 36795 } } peers { permanent_uuid: "08faa407ba9f4ff4868f960c3a4c85bb" member_type: VOTER last_known_addr { host: "127.13.133.131" port: 36491 } }
I20260709 13:18:09.282332 14174 tablet_bootstrap.cc:654] T 52b000ce0a0b4c08a110c662200f1b59 P 08faa407ba9f4ff4868f960c3a4c85bb: Neither blocks nor log segments found. Creating new log.
I20260709 13:18:09.290498 14173 tablet_bootstrap.cc:492] T 32c35a1f4a904ffca09e6f3419053fc9 P f9d503189ea04ea397a91f6f32967f1b: No bootstrap required, opened a new log
I20260709 13:18:09.291131 14173 ts_tablet_manager.cc:1403] T 32c35a1f4a904ffca09e6f3419053fc9 P f9d503189ea04ea397a91f6f32967f1b: Time spent bootstrapping tablet: real 0.044s	user 0.011s	sys 0.010s
I20260709 13:18:09.293051 14198 raft_consensus.cc:493] T 32c35a1f4a904ffca09e6f3419053fc9 P 08faa407ba9f4ff4868f960c3a4c85bb [term 0 FOLLOWER]: Starting pre-election (no leader contacted us within the election timeout)
I20260709 13:18:09.293867 14198 raft_consensus.cc:515] T 32c35a1f4a904ffca09e6f3419053fc9 P 08faa407ba9f4ff4868f960c3a4c85bb [term 0 FOLLOWER]: Starting pre-election with config: opid_index: -1 OBSOLETE_local: false peers { permanent_uuid: "f9d503189ea04ea397a91f6f32967f1b" member_type: VOTER last_known_addr { host: "127.13.133.129" port: 43211 } } peers { permanent_uuid: "66d83f377d06466f90f1c90f47580dca" member_type: VOTER last_known_addr { host: "127.13.133.130" port: 36795 } } peers { permanent_uuid: "08faa407ba9f4ff4868f960c3a4c85bb" member_type: VOTER last_known_addr { host: "127.13.133.131" port: 36491 } }
I20260709 13:18:09.295190 14173 raft_consensus.cc:359] T 32c35a1f4a904ffca09e6f3419053fc9 P f9d503189ea04ea397a91f6f32967f1b [term 0 FOLLOWER]: Replica starting. Triggering 0 pending ops. Active config: opid_index: -1 OBSOLETE_local: false peers { permanent_uuid: "f9d503189ea04ea397a91f6f32967f1b" member_type: VOTER last_known_addr { host: "127.13.133.129" port: 43211 } } peers { permanent_uuid: "66d83f377d06466f90f1c90f47580dca" member_type: VOTER last_known_addr { host: "127.13.133.130" port: 36795 } } peers { permanent_uuid: "08faa407ba9f4ff4868f960c3a4c85bb" member_type: VOTER last_known_addr { host: "127.13.133.131" port: 36491 } }
I20260709 13:18:09.296025 14173 raft_consensus.cc:385] T 32c35a1f4a904ffca09e6f3419053fc9 P f9d503189ea04ea397a91f6f32967f1b [term 0 FOLLOWER]: Consensus starting up: Expiring failure detector timer to make a prompt election more likely
I20260709 13:18:09.296284 14175 tablet_bootstrap.cc:492] T d06059b5cca0417ea383211e4f68fcb6 P 66d83f377d06466f90f1c90f47580dca: No bootstrap required, opened a new log
I20260709 13:18:09.297083 14181 raft_consensus.cc:493] T 32c35a1f4a904ffca09e6f3419053fc9 P 66d83f377d06466f90f1c90f47580dca [term 0 FOLLOWER]: Starting pre-election (no leader contacted us within the election timeout)
I20260709 13:18:09.297149 13981 tablet_service.cc:1917] Received RequestConsensusVote() RPC: tablet_id: "32c35a1f4a904ffca09e6f3419053fc9" candidate_uuid: "08faa407ba9f4ff4868f960c3a4c85bb" candidate_term: 1 candidate_status { last_received { term: 0 index: 0 } } ignore_live_leader: false dest_uuid: "f9d503189ea04ea397a91f6f32967f1b" is_pre_election: true
I20260709 13:18:09.297636 14181 raft_consensus.cc:515] T 32c35a1f4a904ffca09e6f3419053fc9 P 66d83f377d06466f90f1c90f47580dca [term 0 FOLLOWER]: Starting pre-election with config: opid_index: -1 OBSOLETE_local: false peers { permanent_uuid: "f9d503189ea04ea397a91f6f32967f1b" member_type: VOTER last_known_addr { host: "127.13.133.129" port: 43211 } } peers { permanent_uuid: "66d83f377d06466f90f1c90f47580dca" member_type: VOTER last_known_addr { host: "127.13.133.130" port: 36795 } } peers { permanent_uuid: "08faa407ba9f4ff4868f960c3a4c85bb" member_type: VOTER last_known_addr { host: "127.13.133.131" port: 36491 } }
I20260709 13:18:09.299365 14055 tablet_service.cc:1917] Received RequestConsensusVote() RPC: tablet_id: "32c35a1f4a904ffca09e6f3419053fc9" candidate_uuid: "08faa407ba9f4ff4868f960c3a4c85bb" candidate_term: 1 candidate_status { last_received { term: 0 index: 0 } } ignore_live_leader: false dest_uuid: "66d83f377d06466f90f1c90f47580dca" is_pre_election: true
I20260709 13:18:09.299942 14055 raft_consensus.cc:2468] T 32c35a1f4a904ffca09e6f3419053fc9 P 66d83f377d06466f90f1c90f47580dca [term 0 FOLLOWER]: Leader pre-election vote request: Granting yes vote for candidate 08faa407ba9f4ff4868f960c3a4c85bb in term 0.
I20260709 13:18:09.300251 14181 leader_election.cc:290] T 32c35a1f4a904ffca09e6f3419053fc9 P 66d83f377d06466f90f1c90f47580dca [CANDIDATE]: Term 1 pre-election: Requested pre-vote from peers f9d503189ea04ea397a91f6f32967f1b (127.13.133.129:43211), 08faa407ba9f4ff4868f960c3a4c85bb (127.13.133.131:36491)
I20260709 13:18:09.296391 14173 raft_consensus.cc:740] T 32c35a1f4a904ffca09e6f3419053fc9 P f9d503189ea04ea397a91f6f32967f1b [term 0 FOLLOWER]: Becoming Follower/Learner. State: Replica: f9d503189ea04ea397a91f6f32967f1b, State: Initialized, Role: FOLLOWER
I20260709 13:18:09.301301 14173 consensus_queue.cc:260] T 32c35a1f4a904ffca09e6f3419053fc9 P f9d503189ea04ea397a91f6f32967f1b [NON_LEADER]: Queue going to NON_LEADER mode. State: All replicated index: 0, Majority replicated index: 0, Committed index: 0, Last appended: 0.0, Last appended by leader: 0, Current term: 0, Majority size: -1, State: 0, Mode: NON_LEADER, active raft config: opid_index: -1 OBSOLETE_local: false peers { permanent_uuid: "f9d503189ea04ea397a91f6f32967f1b" member_type: VOTER last_known_addr { host: "127.13.133.129" port: 43211 } } peers { permanent_uuid: "66d83f377d06466f90f1c90f47580dca" member_type: VOTER last_known_addr { host: "127.13.133.130" port: 36795 } } peers { permanent_uuid: "08faa407ba9f4ff4868f960c3a4c85bb" member_type: VOTER last_known_addr { host: "127.13.133.131" port: 36491 } }
I20260709 13:18:09.301985 13878 catalog_manager.cc:5697] T 99bc9025c52e467ba1ad30d1f66c8053 P 08faa407ba9f4ff4868f960c3a4c85bb reported cstate change: term changed from 0 to 1, leader changed from <none> to 08faa407ba9f4ff4868f960c3a4c85bb (127.13.133.131). New cstate: current_term: 1 leader_uuid: "08faa407ba9f4ff4868f960c3a4c85bb" committed_config { opid_index: -1 OBSOLETE_local: false peers { permanent_uuid: "f9d503189ea04ea397a91f6f32967f1b" member_type: VOTER last_known_addr { host: "127.13.133.129" port: 43211 } health_report { overall_health: UNKNOWN } } peers { permanent_uuid: "66d83f377d06466f90f1c90f47580dca" member_type: VOTER last_known_addr { host: "127.13.133.130" port: 36795 } health_report { overall_health: UNKNOWN } } peers { permanent_uuid: "08faa407ba9f4ff4868f960c3a4c85bb" member_type: VOTER last_known_addr { host: "127.13.133.131" port: 36491 } health_report { overall_health: HEALTHY } } }
I20260709 13:18:09.303135 14095 leader_election.cc:304] T 32c35a1f4a904ffca09e6f3419053fc9 P 08faa407ba9f4ff4868f960c3a4c85bb [CANDIDATE]: Term 1 pre-election: Election decided. Result: candidate won. Election summary: received 2 responses out of 3 voters: 2 yes votes; 0 no votes. yes voters: 08faa407ba9f4ff4868f960c3a4c85bb, 66d83f377d06466f90f1c90f47580dca; no voters: 
I20260709 13:18:09.303966 14179 raft_consensus.cc:2804] T 32c35a1f4a904ffca09e6f3419053fc9 P 08faa407ba9f4ff4868f960c3a4c85bb [term 0 FOLLOWER]: Leader pre-election won for term 1
I20260709 13:18:09.297101 14175 ts_tablet_manager.cc:1403] T d06059b5cca0417ea383211e4f68fcb6 P 66d83f377d06466f90f1c90f47580dca: Time spent bootstrapping tablet: real 0.039s	user 0.025s	sys 0.006s
I20260709 13:18:09.304054 13981 raft_consensus.cc:2468] T 32c35a1f4a904ffca09e6f3419053fc9 P f9d503189ea04ea397a91f6f32967f1b [term 0 FOLLOWER]: Leader pre-election vote request: Granting yes vote for candidate 08faa407ba9f4ff4868f960c3a4c85bb in term 0.
I20260709 13:18:09.304245 14173 ts_tablet_manager.cc:1434] T 32c35a1f4a904ffca09e6f3419053fc9 P f9d503189ea04ea397a91f6f32967f1b: Time spent starting tablet: real 0.013s	user 0.007s	sys 0.002s
I20260709 13:18:09.304388 14179 raft_consensus.cc:493] T 32c35a1f4a904ffca09e6f3419053fc9 P 08faa407ba9f4ff4868f960c3a4c85bb [term 0 FOLLOWER]: Starting leader election (no leader contacted us within the election timeout)
I20260709 13:18:09.307255 14179 raft_consensus.cc:3060] T 32c35a1f4a904ffca09e6f3419053fc9 P 08faa407ba9f4ff4868f960c3a4c85bb [term 0 FOLLOWER]: Advancing to term 1
I20260709 13:18:09.307765 14173 tablet_bootstrap.cc:492] T d06059b5cca0417ea383211e4f68fcb6 P f9d503189ea04ea397a91f6f32967f1b: Bootstrap starting.
I20260709 13:18:09.314522 14180 raft_consensus.cc:493] T 09d30bbc480e4222af109cbe24263560 P f9d503189ea04ea397a91f6f32967f1b [term 0 FOLLOWER]: Starting pre-election (no leader contacted us within the election timeout)
I20260709 13:18:09.315143 14180 raft_consensus.cc:515] T 09d30bbc480e4222af109cbe24263560 P f9d503189ea04ea397a91f6f32967f1b [term 0 FOLLOWER]: Starting pre-election with config: opid_index: -1 OBSOLETE_local: false peers { permanent_uuid: "66d83f377d06466f90f1c90f47580dca" member_type: VOTER last_known_addr { host: "127.13.133.130" port: 36795 } } peers { permanent_uuid: "f9d503189ea04ea397a91f6f32967f1b" member_type: VOTER last_known_addr { host: "127.13.133.129" port: 43211 } } peers { permanent_uuid: "08faa407ba9f4ff4868f960c3a4c85bb" member_type: VOTER last_known_addr { host: "127.13.133.131" port: 36491 } }
I20260709 13:18:09.316085 14179 raft_consensus.cc:515] T 32c35a1f4a904ffca09e6f3419053fc9 P 08faa407ba9f4ff4868f960c3a4c85bb [term 1 FOLLOWER]: Starting leader election with config: opid_index: -1 OBSOLETE_local: false peers { permanent_uuid: "f9d503189ea04ea397a91f6f32967f1b" member_type: VOTER last_known_addr { host: "127.13.133.129" port: 43211 } } peers { permanent_uuid: "66d83f377d06466f90f1c90f47580dca" member_type: VOTER last_known_addr { host: "127.13.133.130" port: 36795 } } peers { permanent_uuid: "08faa407ba9f4ff4868f960c3a4c85bb" member_type: VOTER last_known_addr { host: "127.13.133.131" port: 36491 } }
I20260709 13:18:09.316679 14175 raft_consensus.cc:359] T d06059b5cca0417ea383211e4f68fcb6 P 66d83f377d06466f90f1c90f47580dca [term 0 FOLLOWER]: Replica starting. Triggering 0 pending ops. Active config: opid_index: -1 OBSOLETE_local: false peers { permanent_uuid: "f9d503189ea04ea397a91f6f32967f1b" member_type: VOTER last_known_addr { host: "127.13.133.129" port: 43211 } } peers { permanent_uuid: "66d83f377d06466f90f1c90f47580dca" member_type: VOTER last_known_addr { host: "127.13.133.130" port: 36795 } } peers { permanent_uuid: "08faa407ba9f4ff4868f960c3a4c85bb" member_type: VOTER last_known_addr { host: "127.13.133.131" port: 36491 } }
I20260709 13:18:09.317320 14174 tablet_bootstrap.cc:492] T 52b000ce0a0b4c08a110c662200f1b59 P 08faa407ba9f4ff4868f960c3a4c85bb: No bootstrap required, opened a new log
I20260709 13:18:09.318312 14179 leader_election.cc:290] T 32c35a1f4a904ffca09e6f3419053fc9 P 08faa407ba9f4ff4868f960c3a4c85bb [CANDIDATE]: Term 1 election: Requested vote from peers f9d503189ea04ea397a91f6f32967f1b (127.13.133.129:43211), 66d83f377d06466f90f1c90f47580dca (127.13.133.130:36795)
I20260709 13:18:09.318869 14174 ts_tablet_manager.cc:1403] T 52b000ce0a0b4c08a110c662200f1b59 P 08faa407ba9f4ff4868f960c3a4c85bb: Time spent bootstrapping tablet: real 0.054s	user 0.011s	sys 0.010s
I20260709 13:18:09.320866 14174 raft_consensus.cc:359] T 52b000ce0a0b4c08a110c662200f1b59 P 08faa407ba9f4ff4868f960c3a4c85bb [term 0 FOLLOWER]: Replica starting. Triggering 0 pending ops. Active config: opid_index: -1 OBSOLETE_local: false peers { permanent_uuid: "f9d503189ea04ea397a91f6f32967f1b" member_type: VOTER last_known_addr { host: "127.13.133.129" port: 43211 } } peers { permanent_uuid: "66d83f377d06466f90f1c90f47580dca" member_type: VOTER last_known_addr { host: "127.13.133.130" port: 36795 } } peers { permanent_uuid: "08faa407ba9f4ff4868f960c3a4c85bb" member_type: VOTER last_known_addr { host: "127.13.133.131" port: 36491 } }
I20260709 13:18:09.321771 14174 raft_consensus.cc:385] T 52b000ce0a0b4c08a110c662200f1b59 P 08faa407ba9f4ff4868f960c3a4c85bb [term 0 FOLLOWER]: Consensus starting up: Expiring failure detector timer to make a prompt election more likely
I20260709 13:18:09.322117 14174 raft_consensus.cc:740] T 52b000ce0a0b4c08a110c662200f1b59 P 08faa407ba9f4ff4868f960c3a4c85bb [term 0 FOLLOWER]: Becoming Follower/Learner. State: Replica: 08faa407ba9f4ff4868f960c3a4c85bb, State: Initialized, Role: FOLLOWER
I20260709 13:18:09.322523 14173 tablet_bootstrap.cc:654] T d06059b5cca0417ea383211e4f68fcb6 P f9d503189ea04ea397a91f6f32967f1b: Neither blocks nor log segments found. Creating new log.
I20260709 13:18:09.317402 14175 raft_consensus.cc:385] T d06059b5cca0417ea383211e4f68fcb6 P 66d83f377d06466f90f1c90f47580dca [term 0 FOLLOWER]: Consensus starting up: Expiring failure detector timer to make a prompt election more likely
I20260709 13:18:09.325634 14055 tablet_service.cc:1917] Received RequestConsensusVote() RPC: tablet_id: "32c35a1f4a904ffca09e6f3419053fc9" candidate_uuid: "08faa407ba9f4ff4868f960c3a4c85bb" candidate_term: 1 candidate_status { last_received { term: 0 index: 0 } } ignore_live_leader: false dest_uuid: "66d83f377d06466f90f1c90f47580dca"
I20260709 13:18:09.326066 14175 raft_consensus.cc:740] T d06059b5cca0417ea383211e4f68fcb6 P 66d83f377d06466f90f1c90f47580dca [term 0 FOLLOWER]: Becoming Follower/Learner. State: Replica: 66d83f377d06466f90f1c90f47580dca, State: Initialized, Role: FOLLOWER
I20260709 13:18:09.326210 14055 raft_consensus.cc:3060] T 32c35a1f4a904ffca09e6f3419053fc9 P 66d83f377d06466f90f1c90f47580dca [term 0 FOLLOWER]: Advancing to term 1
I20260709 13:18:09.326836 14175 consensus_queue.cc:260] T d06059b5cca0417ea383211e4f68fcb6 P 66d83f377d06466f90f1c90f47580dca [NON_LEADER]: Queue going to NON_LEADER mode. State: All replicated index: 0, Majority replicated index: 0, Committed index: 0, Last appended: 0.0, Last appended by leader: 0, Current term: 0, Majority size: -1, State: 0, Mode: NON_LEADER, active raft config: opid_index: -1 OBSOLETE_local: false peers { permanent_uuid: "f9d503189ea04ea397a91f6f32967f1b" member_type: VOTER last_known_addr { host: "127.13.133.129" port: 43211 } } peers { permanent_uuid: "66d83f377d06466f90f1c90f47580dca" member_type: VOTER last_known_addr { host: "127.13.133.130" port: 36795 } } peers { permanent_uuid: "08faa407ba9f4ff4868f960c3a4c85bb" member_type: VOTER last_known_addr { host: "127.13.133.131" port: 36491 } }
I20260709 13:18:09.329331 14175 ts_tablet_manager.cc:1434] T d06059b5cca0417ea383211e4f68fcb6 P 66d83f377d06466f90f1c90f47580dca: Time spent starting tablet: real 0.025s	user 0.008s	sys 0.001s
I20260709 13:18:09.330335 14180 leader_election.cc:290] T 09d30bbc480e4222af109cbe24263560 P f9d503189ea04ea397a91f6f32967f1b [CANDIDATE]: Term 1 pre-election: Requested pre-vote from peers 66d83f377d06466f90f1c90f47580dca (127.13.133.130:36795), 08faa407ba9f4ff4868f960c3a4c85bb (127.13.133.131:36491)
I20260709 13:18:09.330835 13981 tablet_service.cc:1917] Received RequestConsensusVote() RPC: tablet_id: "32c35a1f4a904ffca09e6f3419053fc9" candidate_uuid: "08faa407ba9f4ff4868f960c3a4c85bb" candidate_term: 1 candidate_status { last_received { term: 0 index: 0 } } ignore_live_leader: false dest_uuid: "f9d503189ea04ea397a91f6f32967f1b"
I20260709 13:18:09.333300 13981 raft_consensus.cc:3060] T 32c35a1f4a904ffca09e6f3419053fc9 P f9d503189ea04ea397a91f6f32967f1b [term 0 FOLLOWER]: Advancing to term 1
I20260709 13:18:09.330258 14175 tablet_bootstrap.cc:492] T 0e4f463821154eb1953ae693eba9d656 P 66d83f377d06466f90f1c90f47580dca: Bootstrap starting.
I20260709 13:18:09.346541 14198 leader_election.cc:290] T 32c35a1f4a904ffca09e6f3419053fc9 P 08faa407ba9f4ff4868f960c3a4c85bb [CANDIDATE]: Term 1 pre-election: Requested pre-vote from peers f9d503189ea04ea397a91f6f32967f1b (127.13.133.129:43211), 66d83f377d06466f90f1c90f47580dca (127.13.133.130:36795)
I20260709 13:18:09.348821 14175 tablet_bootstrap.cc:654] T 0e4f463821154eb1953ae693eba9d656 P 66d83f377d06466f90f1c90f47580dca: Neither blocks nor log segments found. Creating new log.
I20260709 13:18:09.353794 14055 raft_consensus.cc:2468] T 32c35a1f4a904ffca09e6f3419053fc9 P 66d83f377d06466f90f1c90f47580dca [term 1 FOLLOWER]: Leader election vote request: Granting yes vote for candidate 08faa407ba9f4ff4868f960c3a4c85bb in term 1.
I20260709 13:18:09.322902 14174 consensus_queue.cc:260] T 52b000ce0a0b4c08a110c662200f1b59 P 08faa407ba9f4ff4868f960c3a4c85bb [NON_LEADER]: Queue going to NON_LEADER mode. State: All replicated index: 0, Majority replicated index: 0, Committed index: 0, Last appended: 0.0, Last appended by leader: 0, Current term: 0, Majority size: -1, State: 0, Mode: NON_LEADER, active raft config: opid_index: -1 OBSOLETE_local: false peers { permanent_uuid: "f9d503189ea04ea397a91f6f32967f1b" member_type: VOTER last_known_addr { host: "127.13.133.129" port: 43211 } } peers { permanent_uuid: "66d83f377d06466f90f1c90f47580dca" member_type: VOTER last_known_addr { host: "127.13.133.130" port: 36795 } } peers { permanent_uuid: "08faa407ba9f4ff4868f960c3a4c85bb" member_type: VOTER last_known_addr { host: "127.13.133.131" port: 36491 } }
I20260709 13:18:09.355386 14095 leader_election.cc:304] T 32c35a1f4a904ffca09e6f3419053fc9 P 08faa407ba9f4ff4868f960c3a4c85bb [CANDIDATE]: Term 1 election: Election decided. Result: candidate won. Election summary: received 2 responses out of 3 voters: 2 yes votes; 0 no votes. yes voters: 08faa407ba9f4ff4868f960c3a4c85bb, 66d83f377d06466f90f1c90f47580dca; no voters: 
I20260709 13:18:09.361821 14198 raft_consensus.cc:2804] T 32c35a1f4a904ffca09e6f3419053fc9 P 08faa407ba9f4ff4868f960c3a4c85bb [term 1 FOLLOWER]: Leader election won for term 1
I20260709 13:18:09.362583 14174 ts_tablet_manager.cc:1434] T 52b000ce0a0b4c08a110c662200f1b59 P 08faa407ba9f4ff4868f960c3a4c85bb: Time spent starting tablet: real 0.043s	user 0.005s	sys 0.000s
I20260709 13:18:09.362504 14198 raft_consensus.cc:697] T 32c35a1f4a904ffca09e6f3419053fc9 P 08faa407ba9f4ff4868f960c3a4c85bb [term 1 LEADER]: Becoming Leader. State: Replica: 08faa407ba9f4ff4868f960c3a4c85bb, State: Running, Role: LEADER
I20260709 13:18:09.363629 14174 tablet_bootstrap.cc:492] T 2b7031a1562e4267bbc8341a569476c3 P 08faa407ba9f4ff4868f960c3a4c85bb: Bootstrap starting.
I20260709 13:18:09.363734 14198 consensus_queue.cc:237] T 32c35a1f4a904ffca09e6f3419053fc9 P 08faa407ba9f4ff4868f960c3a4c85bb [LEADER]: Queue going to LEADER mode. State: All replicated index: 0, Majority replicated index: 0, Committed index: 0, Last appended: 0.0, Last appended by leader: 0, Current term: 1, Majority size: 2, State: 0, Mode: LEADER, active raft config: opid_index: -1 OBSOLETE_local: false peers { permanent_uuid: "f9d503189ea04ea397a91f6f32967f1b" member_type: VOTER last_known_addr { host: "127.13.133.129" port: 43211 } } peers { permanent_uuid: "66d83f377d06466f90f1c90f47580dca" member_type: VOTER last_known_addr { host: "127.13.133.130" port: 36795 } } peers { permanent_uuid: "08faa407ba9f4ff4868f960c3a4c85bb" member_type: VOTER last_known_addr { host: "127.13.133.131" port: 36491 } }
I20260709 13:18:09.352595 13981 raft_consensus.cc:2468] T 32c35a1f4a904ffca09e6f3419053fc9 P f9d503189ea04ea397a91f6f32967f1b [term 1 FOLLOWER]: Leader election vote request: Granting yes vote for candidate 08faa407ba9f4ff4868f960c3a4c85bb in term 1.
I20260709 13:18:09.379765 14130 tablet_service.cc:1917] Received RequestConsensusVote() RPC: tablet_id: "32c35a1f4a904ffca09e6f3419053fc9" candidate_uuid: "66d83f377d06466f90f1c90f47580dca" candidate_term: 1 candidate_status { last_received { term: 0 index: 0 } } ignore_live_leader: false dest_uuid: "08faa407ba9f4ff4868f960c3a4c85bb" is_pre_election: true
I20260709 13:18:09.386447 14174 tablet_bootstrap.cc:654] T 2b7031a1562e4267bbc8341a569476c3 P 08faa407ba9f4ff4868f960c3a4c85bb: Neither blocks nor log segments found. Creating new log.
I20260709 13:18:09.389225 14180 raft_consensus.cc:493] T 2b7031a1562e4267bbc8341a569476c3 P f9d503189ea04ea397a91f6f32967f1b [term 0 FOLLOWER]: Starting pre-election (no leader contacted us within the election timeout)
I20260709 13:18:09.389611 14173 tablet_bootstrap.cc:492] T d06059b5cca0417ea383211e4f68fcb6 P f9d503189ea04ea397a91f6f32967f1b: No bootstrap required, opened a new log
I20260709 13:18:09.390075 14173 ts_tablet_manager.cc:1403] T d06059b5cca0417ea383211e4f68fcb6 P f9d503189ea04ea397a91f6f32967f1b: Time spent bootstrapping tablet: real 0.083s	user 0.014s	sys 0.017s
I20260709 13:18:09.389688 14180 raft_consensus.cc:515] T 2b7031a1562e4267bbc8341a569476c3 P f9d503189ea04ea397a91f6f32967f1b [term 0 FOLLOWER]: Starting pre-election with config: opid_index: -1 OBSOLETE_local: false peers { permanent_uuid: "f9d503189ea04ea397a91f6f32967f1b" member_type: VOTER last_known_addr { host: "127.13.133.129" port: 43211 } } peers { permanent_uuid: "66d83f377d06466f90f1c90f47580dca" member_type: VOTER last_known_addr { host: "127.13.133.130" port: 36795 } } peers { permanent_uuid: "08faa407ba9f4ff4868f960c3a4c85bb" member_type: VOTER last_known_addr { host: "127.13.133.131" port: 36491 } }
I20260709 13:18:09.390255 13981 tablet_service.cc:1917] Received RequestConsensusVote() RPC: tablet_id: "32c35a1f4a904ffca09e6f3419053fc9" candidate_uuid: "66d83f377d06466f90f1c90f47580dca" candidate_term: 1 candidate_status { last_received { term: 0 index: 0 } } ignore_live_leader: false dest_uuid: "f9d503189ea04ea397a91f6f32967f1b" is_pre_election: true
I20260709 13:18:09.391052 13981 raft_consensus.cc:2393] T 32c35a1f4a904ffca09e6f3419053fc9 P f9d503189ea04ea397a91f6f32967f1b [term 1 FOLLOWER]: Leader pre-election vote request: Denying vote to candidate 66d83f377d06466f90f1c90f47580dca in current term 1: Already voted for candidate 08faa407ba9f4ff4868f960c3a4c85bb in this term.
I20260709 13:18:09.391701 14180 leader_election.cc:290] T 2b7031a1562e4267bbc8341a569476c3 P f9d503189ea04ea397a91f6f32967f1b [CANDIDATE]: Term 1 pre-election: Requested pre-vote from peers 66d83f377d06466f90f1c90f47580dca (127.13.133.130:36795), 08faa407ba9f4ff4868f960c3a4c85bb (127.13.133.131:36491)
I20260709 13:18:09.392392 14020 leader_election.cc:304] T 32c35a1f4a904ffca09e6f3419053fc9 P 66d83f377d06466f90f1c90f47580dca [CANDIDATE]: Term 1 pre-election: Election decided. Result: candidate lost. Election summary: received 3 responses out of 3 voters: 1 yes votes; 2 no votes. yes voters: 66d83f377d06466f90f1c90f47580dca; no voters: 08faa407ba9f4ff4868f960c3a4c85bb, f9d503189ea04ea397a91f6f32967f1b
I20260709 13:18:09.393261 14181 raft_consensus.cc:2749] T 32c35a1f4a904ffca09e6f3419053fc9 P 66d83f377d06466f90f1c90f47580dca [term 1 FOLLOWER]: Leader pre-election lost for term 1. Reason: could not achieve majority
I20260709 13:18:09.394820 14173 raft_consensus.cc:359] T d06059b5cca0417ea383211e4f68fcb6 P f9d503189ea04ea397a91f6f32967f1b [term 0 FOLLOWER]: Replica starting. Triggering 0 pending ops. Active config: opid_index: -1 OBSOLETE_local: false peers { permanent_uuid: "f9d503189ea04ea397a91f6f32967f1b" member_type: VOTER last_known_addr { host: "127.13.133.129" port: 43211 } } peers { permanent_uuid: "66d83f377d06466f90f1c90f47580dca" member_type: VOTER last_known_addr { host: "127.13.133.130" port: 36795 } } peers { permanent_uuid: "08faa407ba9f4ff4868f960c3a4c85bb" member_type: VOTER last_known_addr { host: "127.13.133.131" port: 36491 } }
I20260709 13:18:09.395489 14173 raft_consensus.cc:385] T d06059b5cca0417ea383211e4f68fcb6 P f9d503189ea04ea397a91f6f32967f1b [term 0 FOLLOWER]: Consensus starting up: Expiring failure detector timer to make a prompt election more likely
I20260709 13:18:09.395748 14173 raft_consensus.cc:740] T d06059b5cca0417ea383211e4f68fcb6 P f9d503189ea04ea397a91f6f32967f1b [term 0 FOLLOWER]: Becoming Follower/Learner. State: Replica: f9d503189ea04ea397a91f6f32967f1b, State: Initialized, Role: FOLLOWER
I20260709 13:18:09.398648 14175 tablet_bootstrap.cc:492] T 0e4f463821154eb1953ae693eba9d656 P 66d83f377d06466f90f1c90f47580dca: No bootstrap required, opened a new log
I20260709 13:18:09.399142 14175 ts_tablet_manager.cc:1403] T 0e4f463821154eb1953ae693eba9d656 P 66d83f377d06466f90f1c90f47580dca: Time spent bootstrapping tablet: real 0.069s	user 0.018s	sys 0.004s
I20260709 13:18:09.402969 14174 tablet_bootstrap.cc:492] T 2b7031a1562e4267bbc8341a569476c3 P 08faa407ba9f4ff4868f960c3a4c85bb: No bootstrap required, opened a new log
I20260709 13:18:09.396721 14173 consensus_queue.cc:260] T d06059b5cca0417ea383211e4f68fcb6 P f9d503189ea04ea397a91f6f32967f1b [NON_LEADER]: Queue going to NON_LEADER mode. State: All replicated index: 0, Majority replicated index: 0, Committed index: 0, Last appended: 0.0, Last appended by leader: 0, Current term: 0, Majority size: -1, State: 0, Mode: NON_LEADER, active raft config: opid_index: -1 OBSOLETE_local: false peers { permanent_uuid: "f9d503189ea04ea397a91f6f32967f1b" member_type: VOTER last_known_addr { host: "127.13.133.129" port: 43211 } } peers { permanent_uuid: "66d83f377d06466f90f1c90f47580dca" member_type: VOTER last_known_addr { host: "127.13.133.130" port: 36795 } } peers { permanent_uuid: "08faa407ba9f4ff4868f960c3a4c85bb" member_type: VOTER last_known_addr { host: "127.13.133.131" port: 36491 } }
I20260709 13:18:09.403416 14174 ts_tablet_manager.cc:1403] T 2b7031a1562e4267bbc8341a569476c3 P 08faa407ba9f4ff4868f960c3a4c85bb: Time spent bootstrapping tablet: real 0.040s	user 0.008s	sys 0.004s
I20260709 13:18:09.402616 14175 raft_consensus.cc:359] T 0e4f463821154eb1953ae693eba9d656 P 66d83f377d06466f90f1c90f47580dca [term 0 FOLLOWER]: Replica starting. Triggering 0 pending ops. Active config: opid_index: -1 OBSOLETE_local: false peers { permanent_uuid: "f9d503189ea04ea397a91f6f32967f1b" member_type: VOTER last_known_addr { host: "127.13.133.129" port: 43211 } } peers { permanent_uuid: "66d83f377d06466f90f1c90f47580dca" member_type: VOTER last_known_addr { host: "127.13.133.130" port: 36795 } } peers { permanent_uuid: "08faa407ba9f4ff4868f960c3a4c85bb" member_type: VOTER last_known_addr { host: "127.13.133.131" port: 36491 } }
I20260709 13:18:09.405078 14175 raft_consensus.cc:385] T 0e4f463821154eb1953ae693eba9d656 P 66d83f377d06466f90f1c90f47580dca [term 0 FOLLOWER]: Consensus starting up: Expiring failure detector timer to make a prompt election more likely
I20260709 13:18:09.405371 14175 raft_consensus.cc:740] T 0e4f463821154eb1953ae693eba9d656 P 66d83f377d06466f90f1c90f47580dca [term 0 FOLLOWER]: Becoming Follower/Learner. State: Replica: 66d83f377d06466f90f1c90f47580dca, State: Initialized, Role: FOLLOWER
I20260709 13:18:09.405587 14129 tablet_service.cc:1917] Received RequestConsensusVote() RPC: tablet_id: "2b7031a1562e4267bbc8341a569476c3" candidate_uuid: "f9d503189ea04ea397a91f6f32967f1b" candidate_term: 1 candidate_status { last_received { term: 0 index: 0 } } ignore_live_leader: false dest_uuid: "08faa407ba9f4ff4868f960c3a4c85bb" is_pre_election: true
I20260709 13:18:09.406039 14175 consensus_queue.cc:260] T 0e4f463821154eb1953ae693eba9d656 P 66d83f377d06466f90f1c90f47580dca [NON_LEADER]: Queue going to NON_LEADER mode. State: All replicated index: 0, Majority replicated index: 0, Committed index: 0, Last appended: 0.0, Last appended by leader: 0, Current term: 0, Majority size: -1, State: 0, Mode: NON_LEADER, active raft config: opid_index: -1 OBSOLETE_local: false peers { permanent_uuid: "f9d503189ea04ea397a91f6f32967f1b" member_type: VOTER last_known_addr { host: "127.13.133.129" port: 43211 } } peers { permanent_uuid: "66d83f377d06466f90f1c90f47580dca" member_type: VOTER last_known_addr { host: "127.13.133.130" port: 36795 } } peers { permanent_uuid: "08faa407ba9f4ff4868f960c3a4c85bb" member_type: VOTER last_known_addr { host: "127.13.133.131" port: 36491 } }
I20260709 13:18:09.405071 14130 tablet_service.cc:1917] Received RequestConsensusVote() RPC: tablet_id: "09d30bbc480e4222af109cbe24263560" candidate_uuid: "f9d503189ea04ea397a91f6f32967f1b" candidate_term: 1 candidate_status { last_received { term: 0 index: 0 } } ignore_live_leader: false dest_uuid: "08faa407ba9f4ff4868f960c3a4c85bb" is_pre_election: true
I20260709 13:18:09.407066 14173 ts_tablet_manager.cc:1434] T d06059b5cca0417ea383211e4f68fcb6 P f9d503189ea04ea397a91f6f32967f1b: Time spent starting tablet: real 0.017s	user 0.007s	sys 0.000s
I20260709 13:18:09.407202 14130 raft_consensus.cc:2468] T 09d30bbc480e4222af109cbe24263560 P 08faa407ba9f4ff4868f960c3a4c85bb [term 0 FOLLOWER]: Leader pre-election vote request: Granting yes vote for candidate f9d503189ea04ea397a91f6f32967f1b in term 0.
I20260709 13:18:09.407958 14173 tablet_bootstrap.cc:492] T e00d1dacc0f44809ab578fe702e98462 P f9d503189ea04ea397a91f6f32967f1b: Bootstrap starting.
W20260709 13:18:09.408712 13947 leader_election.cc:343] T 2b7031a1562e4267bbc8341a569476c3 P f9d503189ea04ea397a91f6f32967f1b [CANDIDATE]: Term 1 pre-election: Tablet error from VoteRequest() call to peer 08faa407ba9f4ff4868f960c3a4c85bb (127.13.133.131:36491): Illegal state: must be running to vote when last-logged opid is not known
I20260709 13:18:09.409423 13947 leader_election.cc:304] T 09d30bbc480e4222af109cbe24263560 P f9d503189ea04ea397a91f6f32967f1b [CANDIDATE]: Term 1 pre-election: Election decided. Result: candidate won. Election summary: received 2 responses out of 3 voters: 2 yes votes; 0 no votes. yes voters: 08faa407ba9f4ff4868f960c3a4c85bb, f9d503189ea04ea397a91f6f32967f1b; no voters: 
I20260709 13:18:09.410195 14180 raft_consensus.cc:2804] T 09d30bbc480e4222af109cbe24263560 P f9d503189ea04ea397a91f6f32967f1b [term 0 FOLLOWER]: Leader pre-election won for term 1
I20260709 13:18:09.409968 14174 raft_consensus.cc:359] T 2b7031a1562e4267bbc8341a569476c3 P 08faa407ba9f4ff4868f960c3a4c85bb [term 0 FOLLOWER]: Replica starting. Triggering 0 pending ops. Active config: opid_index: -1 OBSOLETE_local: false peers { permanent_uuid: "f9d503189ea04ea397a91f6f32967f1b" member_type: VOTER last_known_addr { host: "127.13.133.129" port: 43211 } } peers { permanent_uuid: "66d83f377d06466f90f1c90f47580dca" member_type: VOTER last_known_addr { host: "127.13.133.130" port: 36795 } } peers { permanent_uuid: "08faa407ba9f4ff4868f960c3a4c85bb" member_type: VOTER last_known_addr { host: "127.13.133.131" port: 36491 } }
I20260709 13:18:09.410543 14180 raft_consensus.cc:493] T 09d30bbc480e4222af109cbe24263560 P f9d503189ea04ea397a91f6f32967f1b [term 0 FOLLOWER]: Starting leader election (no leader contacted us within the election timeout)
I20260709 13:18:09.410679 14174 raft_consensus.cc:385] T 2b7031a1562e4267bbc8341a569476c3 P 08faa407ba9f4ff4868f960c3a4c85bb [term 0 FOLLOWER]: Consensus starting up: Expiring failure detector timer to make a prompt election more likely
I20260709 13:18:09.410909 14180 raft_consensus.cc:3060] T 09d30bbc480e4222af109cbe24263560 P f9d503189ea04ea397a91f6f32967f1b [term 0 FOLLOWER]: Advancing to term 1
I20260709 13:18:09.410964 14174 raft_consensus.cc:740] T 2b7031a1562e4267bbc8341a569476c3 P 08faa407ba9f4ff4868f960c3a4c85bb [term 0 FOLLOWER]: Becoming Follower/Learner. State: Replica: 08faa407ba9f4ff4868f960c3a4c85bb, State: Initialized, Role: FOLLOWER
I20260709 13:18:09.411757 14174 consensus_queue.cc:260] T 2b7031a1562e4267bbc8341a569476c3 P 08faa407ba9f4ff4868f960c3a4c85bb [NON_LEADER]: Queue going to NON_LEADER mode. State: All replicated index: 0, Majority replicated index: 0, Committed index: 0, Last appended: 0.0, Last appended by leader: 0, Current term: 0, Majority size: -1, State: 0, Mode: NON_LEADER, active raft config: opid_index: -1 OBSOLETE_local: false peers { permanent_uuid: "f9d503189ea04ea397a91f6f32967f1b" member_type: VOTER last_known_addr { host: "127.13.133.129" port: 43211 } } peers { permanent_uuid: "66d83f377d06466f90f1c90f47580dca" member_type: VOTER last_known_addr { host: "127.13.133.130" port: 36795 } } peers { permanent_uuid: "08faa407ba9f4ff4868f960c3a4c85bb" member_type: VOTER last_known_addr { host: "127.13.133.131" port: 36491 } }
I20260709 13:18:09.414305 14174 ts_tablet_manager.cc:1434] T 2b7031a1562e4267bbc8341a569476c3 P 08faa407ba9f4ff4868f960c3a4c85bb: Time spent starting tablet: real 0.011s	user 0.006s	sys 0.000s
I20260709 13:18:09.415273 14174 tablet_bootstrap.cc:492] T 6429493def614ec7a2f67cc1513db7ef P 08faa407ba9f4ff4868f960c3a4c85bb: Bootstrap starting.
I20260709 13:18:09.417739 14180 raft_consensus.cc:515] T 09d30bbc480e4222af109cbe24263560 P f9d503189ea04ea397a91f6f32967f1b [term 1 FOLLOWER]: Starting leader election with config: opid_index: -1 OBSOLETE_local: false peers { permanent_uuid: "66d83f377d06466f90f1c90f47580dca" member_type: VOTER last_known_addr { host: "127.13.133.130" port: 36795 } } peers { permanent_uuid: "f9d503189ea04ea397a91f6f32967f1b" member_type: VOTER last_known_addr { host: "127.13.133.129" port: 43211 } } peers { permanent_uuid: "08faa407ba9f4ff4868f960c3a4c85bb" member_type: VOTER last_known_addr { host: "127.13.133.131" port: 36491 } }
I20260709 13:18:09.419823 14180 leader_election.cc:290] T 09d30bbc480e4222af109cbe24263560 P f9d503189ea04ea397a91f6f32967f1b [CANDIDATE]: Term 1 election: Requested vote from peers 66d83f377d06466f90f1c90f47580dca (127.13.133.130:36795), 08faa407ba9f4ff4868f960c3a4c85bb (127.13.133.131:36491)
I20260709 13:18:09.420625 14181 raft_consensus.cc:493] T 09d30bbc480e4222af109cbe24263560 P 66d83f377d06466f90f1c90f47580dca [term 0 FOLLOWER]: Starting pre-election (no leader contacted us within the election timeout)
I20260709 13:18:09.421132 14181 raft_consensus.cc:515] T 09d30bbc480e4222af109cbe24263560 P 66d83f377d06466f90f1c90f47580dca [term 0 FOLLOWER]: Starting pre-election with config: opid_index: -1 OBSOLETE_local: false peers { permanent_uuid: "66d83f377d06466f90f1c90f47580dca" member_type: VOTER last_known_addr { host: "127.13.133.130" port: 36795 } } peers { permanent_uuid: "f9d503189ea04ea397a91f6f32967f1b" member_type: VOTER last_known_addr { host: "127.13.133.129" port: 43211 } } peers { permanent_uuid: "08faa407ba9f4ff4868f960c3a4c85bb" member_type: VOTER last_known_addr { host: "127.13.133.131" port: 36491 } }
I20260709 13:18:09.423523 14181 leader_election.cc:290] T 09d30bbc480e4222af109cbe24263560 P 66d83f377d06466f90f1c90f47580dca [CANDIDATE]: Term 1 pre-election: Requested pre-vote from peers f9d503189ea04ea397a91f6f32967f1b (127.13.133.129:43211), 08faa407ba9f4ff4868f960c3a4c85bb (127.13.133.131:36491)
I20260709 13:18:09.425144 14130 tablet_service.cc:1917] Received RequestConsensusVote() RPC: tablet_id: "09d30bbc480e4222af109cbe24263560" candidate_uuid: "66d83f377d06466f90f1c90f47580dca" candidate_term: 1 candidate_status { last_received { term: 0 index: 0 } } ignore_live_leader: false dest_uuid: "08faa407ba9f4ff4868f960c3a4c85bb" is_pre_election: true
I20260709 13:18:09.425324 14175 ts_tablet_manager.cc:1434] T 0e4f463821154eb1953ae693eba9d656 P 66d83f377d06466f90f1c90f47580dca: Time spent starting tablet: real 0.026s	user 0.008s	sys 0.001s
I20260709 13:18:09.425707 14130 raft_consensus.cc:2468] T 09d30bbc480e4222af109cbe24263560 P 08faa407ba9f4ff4868f960c3a4c85bb [term 0 FOLLOWER]: Leader pre-election vote request: Granting yes vote for candidate 66d83f377d06466f90f1c90f47580dca in term 0.
I20260709 13:18:09.426262 14175 tablet_bootstrap.cc:492] T e00d1dacc0f44809ab578fe702e98462 P 66d83f377d06466f90f1c90f47580dca: Bootstrap starting.
I20260709 13:18:09.426640 14174 tablet_bootstrap.cc:654] T 6429493def614ec7a2f67cc1513db7ef P 08faa407ba9f4ff4868f960c3a4c85bb: Neither blocks nor log segments found. Creating new log.
I20260709 13:18:09.428121 14022 leader_election.cc:304] T 09d30bbc480e4222af109cbe24263560 P 66d83f377d06466f90f1c90f47580dca [CANDIDATE]: Term 1 pre-election: Election decided. Result: candidate won. Election summary: received 2 responses out of 3 voters: 2 yes votes; 0 no votes. yes voters: 08faa407ba9f4ff4868f960c3a4c85bb, 66d83f377d06466f90f1c90f47580dca; no voters: 
I20260709 13:18:09.428934 14181 raft_consensus.cc:2804] T 09d30bbc480e4222af109cbe24263560 P 66d83f377d06466f90f1c90f47580dca [term 0 FOLLOWER]: Leader pre-election won for term 1
I20260709 13:18:09.429416 14181 raft_consensus.cc:493] T 09d30bbc480e4222af109cbe24263560 P 66d83f377d06466f90f1c90f47580dca [term 0 FOLLOWER]: Starting leader election (no leader contacted us within the election timeout)
I20260709 13:18:09.429831 14181 raft_consensus.cc:3060] T 09d30bbc480e4222af109cbe24263560 P 66d83f377d06466f90f1c90f47580dca [term 0 FOLLOWER]: Advancing to term 1
I20260709 13:18:09.431253 14130 tablet_service.cc:1917] Received RequestConsensusVote() RPC: tablet_id: "09d30bbc480e4222af109cbe24263560" candidate_uuid: "f9d503189ea04ea397a91f6f32967f1b" candidate_term: 1 candidate_status { last_received { term: 0 index: 0 } } ignore_live_leader: false dest_uuid: "08faa407ba9f4ff4868f960c3a4c85bb"
I20260709 13:18:09.431803 14130 raft_consensus.cc:3060] T 09d30bbc480e4222af109cbe24263560 P 08faa407ba9f4ff4868f960c3a4c85bb [term 0 FOLLOWER]: Advancing to term 1
I20260709 13:18:09.435794 13981 tablet_service.cc:1917] Received RequestConsensusVote() RPC: tablet_id: "09d30bbc480e4222af109cbe24263560" candidate_uuid: "66d83f377d06466f90f1c90f47580dca" candidate_term: 1 candidate_status { last_received { term: 0 index: 0 } } ignore_live_leader: false dest_uuid: "f9d503189ea04ea397a91f6f32967f1b" is_pre_election: true
I20260709 13:18:09.436676 13981 raft_consensus.cc:2393] T 09d30bbc480e4222af109cbe24263560 P f9d503189ea04ea397a91f6f32967f1b [term 1 FOLLOWER]: Leader pre-election vote request: Denying vote to candidate 66d83f377d06466f90f1c90f47580dca in current term 1: Already voted for candidate f9d503189ea04ea397a91f6f32967f1b in this term.
I20260709 13:18:09.440044 14173 tablet_bootstrap.cc:654] T e00d1dacc0f44809ab578fe702e98462 P f9d503189ea04ea397a91f6f32967f1b: Neither blocks nor log segments found. Creating new log.
I20260709 13:18:09.441917 14181 raft_consensus.cc:515] T 09d30bbc480e4222af109cbe24263560 P 66d83f377d06466f90f1c90f47580dca [term 1 FOLLOWER]: Starting leader election with config: opid_index: -1 OBSOLETE_local: false peers { permanent_uuid: "66d83f377d06466f90f1c90f47580dca" member_type: VOTER last_known_addr { host: "127.13.133.130" port: 36795 } } peers { permanent_uuid: "f9d503189ea04ea397a91f6f32967f1b" member_type: VOTER last_known_addr { host: "127.13.133.129" port: 43211 } } peers { permanent_uuid: "08faa407ba9f4ff4868f960c3a4c85bb" member_type: VOTER last_known_addr { host: "127.13.133.131" port: 36491 } }
I20260709 13:18:09.443254 14055 tablet_service.cc:1917] Received RequestConsensusVote() RPC: tablet_id: "09d30bbc480e4222af109cbe24263560" candidate_uuid: "f9d503189ea04ea397a91f6f32967f1b" candidate_term: 1 candidate_status { last_received { term: 0 index: 0 } } ignore_live_leader: false dest_uuid: "66d83f377d06466f90f1c90f47580dca" is_pre_election: true
I20260709 13:18:09.443856 14181 leader_election.cc:290] T 09d30bbc480e4222af109cbe24263560 P 66d83f377d06466f90f1c90f47580dca [CANDIDATE]: Term 1 election: Requested vote from peers f9d503189ea04ea397a91f6f32967f1b (127.13.133.129:43211), 08faa407ba9f4ff4868f960c3a4c85bb (127.13.133.131:36491)
I20260709 13:18:09.444036 14055 raft_consensus.cc:2393] T 09d30bbc480e4222af109cbe24263560 P 66d83f377d06466f90f1c90f47580dca [term 1 FOLLOWER]: Leader pre-election vote request: Denying vote to candidate f9d503189ea04ea397a91f6f32967f1b in current term 1: Already voted for candidate 66d83f377d06466f90f1c90f47580dca in this term.
