I20260709 13:18:34.869019 14933 raft_consensus.cc:359] T b70a74dd158b4d4995bc408afdf407c2 P 442c770f337746f490948cf932a951bd [term 0 FOLLOWER]: Replica starting. Triggering 0 pending ops. Active config: opid_index: -1 OBSOLETE_local: false peers { permanent_uuid: "3b7ea4a8b6894e03bda835eb7ca284a1" member_type: VOTER last_known_addr { host: "127.13.81.193" port: 32897 } } peers { permanent_uuid: "442c770f337746f490948cf932a951bd" member_type: VOTER last_known_addr { host: "127.13.81.194" port: 41197 } } peers { permanent_uuid: "0e34eecc2d3446d7bbb62a664b7957f1" member_type: VOTER last_known_addr { host: "127.13.81.195" port: 37357 } }
I20260709 13:18:34.869932 14933 raft_consensus.cc:385] T b70a74dd158b4d4995bc408afdf407c2 P 442c770f337746f490948cf932a951bd [term 0 FOLLOWER]: Consensus starting up: Expiring failure detector timer to make a prompt election more likely
I20260709 13:18:34.870210 14933 raft_consensus.cc:740] T b70a74dd158b4d4995bc408afdf407c2 P 442c770f337746f490948cf932a951bd [term 0 FOLLOWER]: Becoming Follower/Learner. State: Replica: 442c770f337746f490948cf932a951bd, State: Initialized, Role: FOLLOWER
I20260709 13:18:34.870765 14933 consensus_queue.cc:260] T b70a74dd158b4d4995bc408afdf407c2 P 442c770f337746f490948cf932a951bd [NON_LEADER]: Queue going to NON_LEADER mode. State: All replicated index: 0, Majority replicated index: 0, Committed index: 0, Last appended: 0.0, Last appended by leader: 0, Current term: 0, Majority size: -1, State: 0, Mode: NON_LEADER, active raft config: opid_index: -1 OBSOLETE_local: false peers { permanent_uuid: "3b7ea4a8b6894e03bda835eb7ca284a1" member_type: VOTER last_known_addr { host: "127.13.81.193" port: 32897 } } peers { permanent_uuid: "442c770f337746f490948cf932a951bd" member_type: VOTER last_known_addr { host: "127.13.81.194" port: 41197 } } peers { permanent_uuid: "0e34eecc2d3446d7bbb62a664b7957f1" member_type: VOTER last_known_addr { host: "127.13.81.195" port: 37357 } }
I20260709 13:18:34.879055 14933 ts_tablet_manager.cc:1434] T b70a74dd158b4d4995bc408afdf407c2 P 442c770f337746f490948cf932a951bd: Time spent starting tablet: real 0.013s	user 0.005s	sys 0.001s
I20260709 13:18:34.879333 14894 tablet_service.cc:1917] Received RequestConsensusVote() RPC: tablet_id: "f6cb265902a74291a0fb5b822cd6f797" candidate_uuid: "442c770f337746f490948cf932a951bd" candidate_term: 1 candidate_status { last_received { term: 0 index: 0 } } ignore_live_leader: false dest_uuid: "0e34eecc2d3446d7bbb62a664b7957f1" is_pre_election: true
I20260709 13:18:34.880000 14894 raft_consensus.cc:2468] T f6cb265902a74291a0fb5b822cd6f797 P 0e34eecc2d3446d7bbb62a664b7957f1 [term 0 FOLLOWER]: Leader pre-election vote request: Granting yes vote for candidate 442c770f337746f490948cf932a951bd in term 0.
I20260709 13:18:34.880520 14933 tablet_bootstrap.cc:492] T 1ede60c3ba1f48a79d48f586cd443be3 P 442c770f337746f490948cf932a951bd: Bootstrap starting.
I20260709 13:18:34.872797 15111 leader_election.cc:290] T f6cb265902a74291a0fb5b822cd6f797 P 442c770f337746f490948cf932a951bd [CANDIDATE]: Term 1 pre-election: Requested pre-vote from peers 3b7ea4a8b6894e03bda835eb7ca284a1 (127.13.81.193:32897), 0e34eecc2d3446d7bbb62a664b7957f1 (127.13.81.195:37357)
I20260709 13:18:34.883610 14937 ts_tablet_manager.cc:1434] T f6cb265902a74291a0fb5b822cd6f797 P 3b7ea4a8b6894e03bda835eb7ca284a1: Time spent starting tablet: real 0.059s	user 0.007s	sys 0.000s
I20260709 13:18:34.883059 14784 leader_election.cc:304] T f6cb265902a74291a0fb5b822cd6f797 P 442c770f337746f490948cf932a951bd [CANDIDATE]: Term 1 pre-election: Election decided. Result: candidate won. Election summary: received 2 responses out of 3 voters: 2 yes votes; 0 no votes. yes voters: 0e34eecc2d3446d7bbb62a664b7957f1, 442c770f337746f490948cf932a951bd; no voters: 
I20260709 13:18:34.887915 15112 raft_consensus.cc:2804] T f6cb265902a74291a0fb5b822cd6f797 P 442c770f337746f490948cf932a951bd [term 0 FOLLOWER]: Leader pre-election won for term 1
I20260709 13:18:34.888289 15112 raft_consensus.cc:493] T f6cb265902a74291a0fb5b822cd6f797 P 442c770f337746f490948cf932a951bd [term 0 FOLLOWER]: Starting leader election (no leader contacted us within the election timeout)
I20260709 13:18:34.888770 15112 raft_consensus.cc:3060] T f6cb265902a74291a0fb5b822cd6f797 P 442c770f337746f490948cf932a951bd [term 0 FOLLOWER]: Advancing to term 1
I20260709 13:18:34.890120 14744 tablet_service.cc:1917] Received RequestConsensusVote() RPC: tablet_id: "f6cb265902a74291a0fb5b822cd6f797" candidate_uuid: "442c770f337746f490948cf932a951bd" candidate_term: 1 candidate_status { last_received { term: 0 index: 0 } } ignore_live_leader: false dest_uuid: "3b7ea4a8b6894e03bda835eb7ca284a1" is_pre_election: true
I20260709 13:18:34.890743 14744 raft_consensus.cc:2468] T f6cb265902a74291a0fb5b822cd6f797 P 3b7ea4a8b6894e03bda835eb7ca284a1 [term 0 FOLLOWER]: Leader pre-election vote request: Granting yes vote for candidate 442c770f337746f490948cf932a951bd in term 0.
I20260709 13:18:34.892132 15127 raft_consensus.cc:515] T 29848ab1e90f4aa0bff5d3ccd9c76e30 P 442c770f337746f490948cf932a951bd [term 1 FOLLOWER]: Starting leader election with config: opid_index: -1 OBSOLETE_local: false peers { permanent_uuid: "3b7ea4a8b6894e03bda835eb7ca284a1" member_type: VOTER last_known_addr { host: "127.13.81.193" port: 32897 } } peers { permanent_uuid: "442c770f337746f490948cf932a951bd" member_type: VOTER last_known_addr { host: "127.13.81.194" port: 41197 } } peers { permanent_uuid: "0e34eecc2d3446d7bbb62a664b7957f1" member_type: VOTER last_known_addr { host: "127.13.81.195" port: 37357 } }
I20260709 13:18:34.894340 14937 tablet_bootstrap.cc:492] T b6e658f6d7474e898a57a61c77353b82 P 3b7ea4a8b6894e03bda835eb7ca284a1: Bootstrap starting.
I20260709 13:18:34.895893 15112 raft_consensus.cc:515] T f6cb265902a74291a0fb5b822cd6f797 P 442c770f337746f490948cf932a951bd [term 1 FOLLOWER]: Starting leader election with config: opid_index: -1 OBSOLETE_local: false peers { permanent_uuid: "3b7ea4a8b6894e03bda835eb7ca284a1" member_type: VOTER last_known_addr { host: "127.13.81.193" port: 32897 } } peers { permanent_uuid: "442c770f337746f490948cf932a951bd" member_type: VOTER last_known_addr { host: "127.13.81.194" port: 41197 } } peers { permanent_uuid: "0e34eecc2d3446d7bbb62a664b7957f1" member_type: VOTER last_known_addr { host: "127.13.81.195" port: 37357 } }
I20260709 13:18:34.897872 15112 leader_election.cc:290] T f6cb265902a74291a0fb5b822cd6f797 P 442c770f337746f490948cf932a951bd [CANDIDATE]: Term 1 election: Requested vote from peers 3b7ea4a8b6894e03bda835eb7ca284a1 (127.13.81.193:32897), 0e34eecc2d3446d7bbb62a664b7957f1 (127.13.81.195:37357)
I20260709 13:18:34.907809 14744 tablet_service.cc:1917] Received RequestConsensusVote() RPC: tablet_id: "f6cb265902a74291a0fb5b822cd6f797" candidate_uuid: "442c770f337746f490948cf932a951bd" candidate_term: 1 candidate_status { last_received { term: 0 index: 0 } } ignore_live_leader: false dest_uuid: "3b7ea4a8b6894e03bda835eb7ca284a1"
I20260709 13:18:34.908486 14935 tablet_bootstrap.cc:492] T a1195ffe2125447383ef0752323630e8 P 0e34eecc2d3446d7bbb62a664b7957f1: No bootstrap required, opened a new log
I20260709 13:18:34.908573 14744 raft_consensus.cc:3060] T f6cb265902a74291a0fb5b822cd6f797 P 3b7ea4a8b6894e03bda835eb7ca284a1 [term 0 FOLLOWER]: Advancing to term 1
I20260709 13:18:34.909080 14935 ts_tablet_manager.cc:1403] T a1195ffe2125447383ef0752323630e8 P 0e34eecc2d3446d7bbb62a664b7957f1: Time spent bootstrapping tablet: real 0.058s	user 0.018s	sys 0.005s
I20260709 13:18:34.912711 14935 raft_consensus.cc:359] T a1195ffe2125447383ef0752323630e8 P 0e34eecc2d3446d7bbb62a664b7957f1 [term 0 FOLLOWER]: Replica starting. Triggering 0 pending ops. Active config: opid_index: -1 OBSOLETE_local: false peers { permanent_uuid: "3b7ea4a8b6894e03bda835eb7ca284a1" member_type: VOTER last_known_addr { host: "127.13.81.193" port: 32897 } } peers { permanent_uuid: "442c770f337746f490948cf932a951bd" member_type: VOTER last_known_addr { host: "127.13.81.194" port: 41197 } } peers { permanent_uuid: "0e34eecc2d3446d7bbb62a664b7957f1" member_type: VOTER last_known_addr { host: "127.13.81.195" port: 37357 } }
I20260709 13:18:34.913394 14935 raft_consensus.cc:385] T a1195ffe2125447383ef0752323630e8 P 0e34eecc2d3446d7bbb62a664b7957f1 [term 0 FOLLOWER]: Consensus starting up: Expiring failure detector timer to make a prompt election more likely
I20260709 13:18:34.913800 14935 raft_consensus.cc:740] T a1195ffe2125447383ef0752323630e8 P 0e34eecc2d3446d7bbb62a664b7957f1 [term 0 FOLLOWER]: Becoming Follower/Learner. State: Replica: 0e34eecc2d3446d7bbb62a664b7957f1, State: Initialized, Role: FOLLOWER
I20260709 13:18:34.914481 14935 consensus_queue.cc:260] T a1195ffe2125447383ef0752323630e8 P 0e34eecc2d3446d7bbb62a664b7957f1 [NON_LEADER]: Queue going to NON_LEADER mode. State: All replicated index: 0, Majority replicated index: 0, Committed index: 0, Last appended: 0.0, Last appended by leader: 0, Current term: 0, Majority size: -1, State: 0, Mode: NON_LEADER, active raft config: opid_index: -1 OBSOLETE_local: false peers { permanent_uuid: "3b7ea4a8b6894e03bda835eb7ca284a1" member_type: VOTER last_known_addr { host: "127.13.81.193" port: 32897 } } peers { permanent_uuid: "442c770f337746f490948cf932a951bd" member_type: VOTER last_known_addr { host: "127.13.81.194" port: 41197 } } peers { permanent_uuid: "0e34eecc2d3446d7bbb62a664b7957f1" member_type: VOTER last_known_addr { host: "127.13.81.195" port: 37357 } }
I20260709 13:18:34.916643 14935 ts_tablet_manager.cc:1434] T a1195ffe2125447383ef0752323630e8 P 0e34eecc2d3446d7bbb62a664b7957f1: Time spent starting tablet: real 0.007s	user 0.003s	sys 0.003s
I20260709 13:18:34.918525 14744 raft_consensus.cc:2468] T f6cb265902a74291a0fb5b822cd6f797 P 3b7ea4a8b6894e03bda835eb7ca284a1 [term 1 FOLLOWER]: Leader election vote request: Granting yes vote for candidate 442c770f337746f490948cf932a951bd in term 1.
I20260709 13:18:34.920285 15127 leader_election.cc:290] T 29848ab1e90f4aa0bff5d3ccd9c76e30 P 442c770f337746f490948cf932a951bd [CANDIDATE]: Term 1 election: Requested vote from peers 3b7ea4a8b6894e03bda835eb7ca284a1 (127.13.81.193:32897), 0e34eecc2d3446d7bbb62a664b7957f1 (127.13.81.195:37357)
I20260709 13:18:34.922375 14743 tablet_service.cc:1917] Received RequestConsensusVote() RPC: tablet_id: "29848ab1e90f4aa0bff5d3ccd9c76e30" candidate_uuid: "442c770f337746f490948cf932a951bd" candidate_term: 1 candidate_status { last_received { term: 0 index: 0 } } ignore_live_leader: false dest_uuid: "3b7ea4a8b6894e03bda835eb7ca284a1"
I20260709 13:18:34.924314 14937 tablet_bootstrap.cc:654] T b6e658f6d7474e898a57a61c77353b82 P 3b7ea4a8b6894e03bda835eb7ca284a1: Neither blocks nor log segments found. Creating new log.
I20260709 13:18:34.924793 14894 tablet_service.cc:1917] Received RequestConsensusVote() RPC: tablet_id: "f6cb265902a74291a0fb5b822cd6f797" candidate_uuid: "442c770f337746f490948cf932a951bd" candidate_term: 1 candidate_status { last_received { term: 0 index: 0 } } ignore_live_leader: false dest_uuid: "0e34eecc2d3446d7bbb62a664b7957f1"
I20260709 13:18:34.925333 14935 tablet_bootstrap.cc:492] T b6e658f6d7474e898a57a61c77353b82 P 0e34eecc2d3446d7bbb62a664b7957f1: Bootstrap starting.
I20260709 13:18:34.925478 14894 raft_consensus.cc:3060] T f6cb265902a74291a0fb5b822cd6f797 P 0e34eecc2d3446d7bbb62a664b7957f1 [term 0 FOLLOWER]: Advancing to term 1
I20260709 13:18:34.930485 15047 raft_consensus.cc:493] T 9c7331a7e43a42ea9a964817a6e4cda8 P 0e34eecc2d3446d7bbb62a664b7957f1 [term 0 FOLLOWER]: Starting pre-election (no leader contacted us within the election timeout)
I20260709 13:18:34.931030 15047 raft_consensus.cc:515] T 9c7331a7e43a42ea9a964817a6e4cda8 P 0e34eecc2d3446d7bbb62a664b7957f1 [term 0 FOLLOWER]: Starting pre-election with config: opid_index: -1 OBSOLETE_local: false peers { permanent_uuid: "3b7ea4a8b6894e03bda835eb7ca284a1" member_type: VOTER last_known_addr { host: "127.13.81.193" port: 32897 } } peers { permanent_uuid: "442c770f337746f490948cf932a951bd" member_type: VOTER last_known_addr { host: "127.13.81.194" port: 41197 } } peers { permanent_uuid: "0e34eecc2d3446d7bbb62a664b7957f1" member_type: VOTER last_known_addr { host: "127.13.81.195" port: 37357 } }
I20260709 13:18:34.934651 14743 tablet_service.cc:1917] Received RequestConsensusVote() RPC: tablet_id: "9c7331a7e43a42ea9a964817a6e4cda8" candidate_uuid: "0e34eecc2d3446d7bbb62a664b7957f1" candidate_term: 1 candidate_status { last_received { term: 0 index: 0 } } ignore_live_leader: false dest_uuid: "3b7ea4a8b6894e03bda835eb7ca284a1" is_pre_election: true
W20260709 13:18:34.936250 14858 leader_election.cc:343] T 9c7331a7e43a42ea9a964817a6e4cda8 P 0e34eecc2d3446d7bbb62a664b7957f1 [CANDIDATE]: Term 1 pre-election: Tablet error from VoteRequest() call to peer 3b7ea4a8b6894e03bda835eb7ca284a1 (127.13.81.193:32897): Illegal state: must be running to vote when last-logged opid is not known
I20260709 13:18:34.939708 14935 tablet_bootstrap.cc:654] T b6e658f6d7474e898a57a61c77353b82 P 0e34eecc2d3446d7bbb62a664b7957f1: Neither blocks nor log segments found. Creating new log.
I20260709 13:18:34.940213 14894 raft_consensus.cc:2468] T f6cb265902a74291a0fb5b822cd6f797 P 0e34eecc2d3446d7bbb62a664b7957f1 [term 1 FOLLOWER]: Leader election vote request: Granting yes vote for candidate 442c770f337746f490948cf932a951bd in term 1.
I20260709 13:18:34.941912 14889 tablet_service.cc:1917] Received RequestConsensusVote() RPC: tablet_id: "29848ab1e90f4aa0bff5d3ccd9c76e30" candidate_uuid: "442c770f337746f490948cf932a951bd" candidate_term: 1 candidate_status { last_received { term: 0 index: 0 } } ignore_live_leader: false dest_uuid: "0e34eecc2d3446d7bbb62a664b7957f1"
I20260709 13:18:34.945233 14889 raft_consensus.cc:3060] T 29848ab1e90f4aa0bff5d3ccd9c76e30 P 0e34eecc2d3446d7bbb62a664b7957f1 [term 0 FOLLOWER]: Advancing to term 1
I20260709 13:18:34.908133 14933 tablet_bootstrap.cc:654] T 1ede60c3ba1f48a79d48f586cd443be3 P 442c770f337746f490948cf932a951bd: Neither blocks nor log segments found. Creating new log.
I20260709 13:18:34.949123 14937 tablet_bootstrap.cc:492] T b6e658f6d7474e898a57a61c77353b82 P 3b7ea4a8b6894e03bda835eb7ca284a1: No bootstrap required, opened a new log
I20260709 13:18:34.943238 15047 leader_election.cc:290] T 9c7331a7e43a42ea9a964817a6e4cda8 P 0e34eecc2d3446d7bbb62a664b7957f1 [CANDIDATE]: Term 1 pre-election: Requested pre-vote from peers 3b7ea4a8b6894e03bda835eb7ca284a1 (127.13.81.193:32897), 442c770f337746f490948cf932a951bd (127.13.81.194:41197)
I20260709 13:18:34.949641 14937 ts_tablet_manager.cc:1403] T b6e658f6d7474e898a57a61c77353b82 P 3b7ea4a8b6894e03bda835eb7ca284a1: Time spent bootstrapping tablet: real 0.056s	user 0.014s	sys 0.017s
I20260709 13:18:34.950404 15127 raft_consensus.cc:493] T 2790c2435bd041a9b23cfc9f0accdd95 P 442c770f337746f490948cf932a951bd [term 0 FOLLOWER]: Starting pre-election (no leader contacted us within the election timeout)
I20260709 13:18:34.951010 15127 raft_consensus.cc:515] T 2790c2435bd041a9b23cfc9f0accdd95 P 442c770f337746f490948cf932a951bd [term 0 FOLLOWER]: Starting pre-election with config: opid_index: -1 OBSOLETE_local: false peers { permanent_uuid: "3b7ea4a8b6894e03bda835eb7ca284a1" member_type: VOTER last_known_addr { host: "127.13.81.193" port: 32897 } } peers { permanent_uuid: "442c770f337746f490948cf932a951bd" member_type: VOTER last_known_addr { host: "127.13.81.194" port: 41197 } } peers { permanent_uuid: "0e34eecc2d3446d7bbb62a664b7957f1" member_type: VOTER last_known_addr { host: "127.13.81.195" port: 37357 } }
I20260709 13:18:34.952907 14937 raft_consensus.cc:359] T b6e658f6d7474e898a57a61c77353b82 P 3b7ea4a8b6894e03bda835eb7ca284a1 [term 0 FOLLOWER]: Replica starting. Triggering 0 pending ops. Active config: opid_index: -1 OBSOLETE_local: false peers { permanent_uuid: "3b7ea4a8b6894e03bda835eb7ca284a1" member_type: VOTER last_known_addr { host: "127.13.81.193" port: 32897 } } peers { permanent_uuid: "442c770f337746f490948cf932a951bd" member_type: VOTER last_known_addr { host: "127.13.81.194" port: 41197 } } peers { permanent_uuid: "0e34eecc2d3446d7bbb62a664b7957f1" member_type: VOTER last_known_addr { host: "127.13.81.195" port: 37357 } }
I20260709 13:18:34.953436 15127 leader_election.cc:290] T 2790c2435bd041a9b23cfc9f0accdd95 P 442c770f337746f490948cf932a951bd [CANDIDATE]: Term 1 pre-election: Requested pre-vote from peers 3b7ea4a8b6894e03bda835eb7ca284a1 (127.13.81.193:32897), 0e34eecc2d3446d7bbb62a664b7957f1 (127.13.81.195:37357)
I20260709 13:18:34.953701 14937 raft_consensus.cc:385] T b6e658f6d7474e898a57a61c77353b82 P 3b7ea4a8b6894e03bda835eb7ca284a1 [term 0 FOLLOWER]: Consensus starting up: Expiring failure detector timer to make a prompt election more likely
I20260709 13:18:34.954375 14937 raft_consensus.cc:740] T b6e658f6d7474e898a57a61c77353b82 P 3b7ea4a8b6894e03bda835eb7ca284a1 [term 0 FOLLOWER]: Becoming Follower/Learner. State: Replica: 3b7ea4a8b6894e03bda835eb7ca284a1, State: Initialized, Role: FOLLOWER
I20260709 13:18:34.955199 14937 consensus_queue.cc:260] T b6e658f6d7474e898a57a61c77353b82 P 3b7ea4a8b6894e03bda835eb7ca284a1 [NON_LEADER]: Queue going to NON_LEADER mode. State: All replicated index: 0, Majority replicated index: 0, Committed index: 0, Last appended: 0.0, Last appended by leader: 0, Current term: 0, Majority size: -1, State: 0, Mode: NON_LEADER, active raft config: opid_index: -1 OBSOLETE_local: false peers { permanent_uuid: "3b7ea4a8b6894e03bda835eb7ca284a1" member_type: VOTER last_known_addr { host: "127.13.81.193" port: 32897 } } peers { permanent_uuid: "442c770f337746f490948cf932a951bd" member_type: VOTER last_known_addr { host: "127.13.81.194" port: 41197 } } peers { permanent_uuid: "0e34eecc2d3446d7bbb62a664b7957f1" member_type: VOTER last_known_addr { host: "127.13.81.195" port: 37357 } }
I20260709 13:18:34.956086 14935 tablet_bootstrap.cc:492] T b6e658f6d7474e898a57a61c77353b82 P 0e34eecc2d3446d7bbb62a664b7957f1: No bootstrap required, opened a new log
I20260709 13:18:34.956568 14935 ts_tablet_manager.cc:1403] T b6e658f6d7474e898a57a61c77353b82 P 0e34eecc2d3446d7bbb62a664b7957f1: Time spent bootstrapping tablet: real 0.032s	user 0.014s	sys 0.005s
I20260709 13:18:34.957443 14937 ts_tablet_manager.cc:1434] T b6e658f6d7474e898a57a61c77353b82 P 3b7ea4a8b6894e03bda835eb7ca284a1: Time spent starting tablet: real 0.007s	user 0.006s	sys 0.000s
I20260709 13:18:34.958683 14937 tablet_bootstrap.cc:492] T b70a74dd158b4d4995bc408afdf407c2 P 3b7ea4a8b6894e03bda835eb7ca284a1: Bootstrap starting.
I20260709 13:18:34.958833 14889 raft_consensus.cc:2468] T 29848ab1e90f4aa0bff5d3ccd9c76e30 P 0e34eecc2d3446d7bbb62a664b7957f1 [term 1 FOLLOWER]: Leader election vote request: Granting yes vote for candidate 442c770f337746f490948cf932a951bd in term 1.
I20260709 13:18:34.959177 14935 raft_consensus.cc:359] T b6e658f6d7474e898a57a61c77353b82 P 0e34eecc2d3446d7bbb62a664b7957f1 [term 0 FOLLOWER]: Replica starting. Triggering 0 pending ops. Active config: opid_index: -1 OBSOLETE_local: false peers { permanent_uuid: "3b7ea4a8b6894e03bda835eb7ca284a1" member_type: VOTER last_known_addr { host: "127.13.81.193" port: 32897 } } peers { permanent_uuid: "442c770f337746f490948cf932a951bd" member_type: VOTER last_known_addr { host: "127.13.81.194" port: 41197 } } peers { permanent_uuid: "0e34eecc2d3446d7bbb62a664b7957f1" member_type: VOTER last_known_addr { host: "127.13.81.195" port: 37357 } }
I20260709 13:18:34.959844 14935 raft_consensus.cc:385] T b6e658f6d7474e898a57a61c77353b82 P 0e34eecc2d3446d7bbb62a664b7957f1 [term 0 FOLLOWER]: Consensus starting up: Expiring failure detector timer to make a prompt election more likely
I20260709 13:18:34.944809 14784 leader_election.cc:304] T f6cb265902a74291a0fb5b822cd6f797 P 442c770f337746f490948cf932a951bd [CANDIDATE]: Term 1 election: Election decided. Result: candidate won. Election summary: received 2 responses out of 3 voters: 2 yes votes; 0 no votes. yes voters: 3b7ea4a8b6894e03bda835eb7ca284a1, 442c770f337746f490948cf932a951bd; no voters: 
I20260709 13:18:34.960183 14935 raft_consensus.cc:740] T b6e658f6d7474e898a57a61c77353b82 P 0e34eecc2d3446d7bbb62a664b7957f1 [term 0 FOLLOWER]: Becoming Follower/Learner. State: Replica: 0e34eecc2d3446d7bbb62a664b7957f1, State: Initialized, Role: FOLLOWER
I20260709 13:18:34.960923 14935 consensus_queue.cc:260] T b6e658f6d7474e898a57a61c77353b82 P 0e34eecc2d3446d7bbb62a664b7957f1 [NON_LEADER]: Queue going to NON_LEADER mode. State: All replicated index: 0, Majority replicated index: 0, Committed index: 0, Last appended: 0.0, Last appended by leader: 0, Current term: 0, Majority size: -1, State: 0, Mode: NON_LEADER, active raft config: opid_index: -1 OBSOLETE_local: false peers { permanent_uuid: "3b7ea4a8b6894e03bda835eb7ca284a1" member_type: VOTER last_known_addr { host: "127.13.81.193" port: 32897 } } peers { permanent_uuid: "442c770f337746f490948cf932a951bd" member_type: VOTER last_known_addr { host: "127.13.81.194" port: 41197 } } peers { permanent_uuid: "0e34eecc2d3446d7bbb62a664b7957f1" member_type: VOTER last_known_addr { host: "127.13.81.195" port: 37357 } }
I20260709 13:18:34.961177 15047 raft_consensus.cc:493] T d66ece4beefc4dbf89e8ab9ae47d71bc P 0e34eecc2d3446d7bbb62a664b7957f1 [term 0 FOLLOWER]: Starting pre-election (no leader contacted us within the election timeout)
W20260709 13:18:34.961700 14784 leader_election.cc:343] T 29848ab1e90f4aa0bff5d3ccd9c76e30 P 442c770f337746f490948cf932a951bd [CANDIDATE]: Term 1 election: Tablet error from VoteRequest() call to peer 3b7ea4a8b6894e03bda835eb7ca284a1 (127.13.81.193:32897): Illegal state: must be running to vote when last-logged opid is not known
I20260709 13:18:34.961858 15047 raft_consensus.cc:515] T d66ece4beefc4dbf89e8ab9ae47d71bc P 0e34eecc2d3446d7bbb62a664b7957f1 [term 0 FOLLOWER]: Starting pre-election with config: opid_index: -1 OBSOLETE_local: false peers { permanent_uuid: "3b7ea4a8b6894e03bda835eb7ca284a1" member_type: VOTER last_known_addr { host: "127.13.81.193" port: 32897 } } peers { permanent_uuid: "442c770f337746f490948cf932a951bd" member_type: VOTER last_known_addr { host: "127.13.81.194" port: 41197 } } peers { permanent_uuid: "0e34eecc2d3446d7bbb62a664b7957f1" member_type: VOTER last_known_addr { host: "127.13.81.195" port: 37357 } }
I20260709 13:18:34.963375 14935 ts_tablet_manager.cc:1434] T b6e658f6d7474e898a57a61c77353b82 P 0e34eecc2d3446d7bbb62a664b7957f1: Time spent starting tablet: real 0.007s	user 0.005s	sys 0.000s
I20260709 13:18:34.964129 15047 leader_election.cc:290] T d66ece4beefc4dbf89e8ab9ae47d71bc P 0e34eecc2d3446d7bbb62a664b7957f1 [CANDIDATE]: Term 1 pre-election: Requested pre-vote from peers 3b7ea4a8b6894e03bda835eb7ca284a1 (127.13.81.193:32897), 442c770f337746f490948cf932a951bd (127.13.81.194:41197)
I20260709 13:18:34.964471 14935 tablet_bootstrap.cc:492] T 2790c2435bd041a9b23cfc9f0accdd95 P 0e34eecc2d3446d7bbb62a664b7957f1: Bootstrap starting.
I20260709 13:18:34.966498 14815 tablet_service.cc:1917] Received RequestConsensusVote() RPC: tablet_id: "9c7331a7e43a42ea9a964817a6e4cda8" candidate_uuid: "0e34eecc2d3446d7bbb62a664b7957f1" candidate_term: 1 candidate_status { last_received { term: 0 index: 0 } } ignore_live_leader: false dest_uuid: "442c770f337746f490948cf932a951bd" is_pre_election: true
I20260709 13:18:34.961218 15127 raft_consensus.cc:2804] T f6cb265902a74291a0fb5b822cd6f797 P 442c770f337746f490948cf932a951bd [term 1 FOLLOWER]: Leader election won for term 1
I20260709 13:18:34.967252 14815 raft_consensus.cc:2468] T 9c7331a7e43a42ea9a964817a6e4cda8 P 442c770f337746f490948cf932a951bd [term 0 FOLLOWER]: Leader pre-election vote request: Granting yes vote for candidate 0e34eecc2d3446d7bbb62a664b7957f1 in term 0.
I20260709 13:18:34.967571 15127 raft_consensus.cc:697] T f6cb265902a74291a0fb5b822cd6f797 P 442c770f337746f490948cf932a951bd [term 1 LEADER]: Becoming Leader. State: Replica: 442c770f337746f490948cf932a951bd, State: Running, Role: LEADER
I20260709 13:18:34.968796 14815 tablet_service.cc:1917] Received RequestConsensusVote() RPC: tablet_id: "d66ece4beefc4dbf89e8ab9ae47d71bc" candidate_uuid: "0e34eecc2d3446d7bbb62a664b7957f1" candidate_term: 1 candidate_status { last_received { term: 0 index: 0 } } ignore_live_leader: false dest_uuid: "442c770f337746f490948cf932a951bd" is_pre_election: true
I20260709 13:18:34.968566 15127 consensus_queue.cc:237] T f6cb265902a74291a0fb5b822cd6f797 P 442c770f337746f490948cf932a951bd [LEADER]: Queue going to LEADER mode. State: All replicated index: 0, Majority replicated index: 0, Committed index: 0, Last appended: 0.0, Last appended by leader: 0, Current term: 1, Majority size: 2, State: 0, Mode: LEADER, active raft config: opid_index: -1 OBSOLETE_local: false peers { permanent_uuid: "3b7ea4a8b6894e03bda835eb7ca284a1" member_type: VOTER last_known_addr { host: "127.13.81.193" port: 32897 } } peers { permanent_uuid: "442c770f337746f490948cf932a951bd" member_type: VOTER last_known_addr { host: "127.13.81.194" port: 41197 } } peers { permanent_uuid: "0e34eecc2d3446d7bbb62a664b7957f1" member_type: VOTER last_known_addr { host: "127.13.81.195" port: 37357 } }
I20260709 13:18:34.969326 14937 tablet_bootstrap.cc:654] T b70a74dd158b4d4995bc408afdf407c2 P 3b7ea4a8b6894e03bda835eb7ca284a1: Neither blocks nor log segments found. Creating new log.
I20260709 13:18:34.969856 14815 raft_consensus.cc:2393] T d66ece4beefc4dbf89e8ab9ae47d71bc P 442c770f337746f490948cf932a951bd [term 1 FOLLOWER]: Leader pre-election vote request: Denying vote to candidate 0e34eecc2d3446d7bbb62a664b7957f1 in current term 1: Already voted for candidate 3b7ea4a8b6894e03bda835eb7ca284a1 in this term.
I20260709 13:18:34.971869 14935 tablet_bootstrap.cc:654] T 2790c2435bd041a9b23cfc9f0accdd95 P 0e34eecc2d3446d7bbb62a664b7957f1: Neither blocks nor log segments found. Creating new log.
I20260709 13:18:34.972487 14889 tablet_service.cc:1917] Received RequestConsensusVote() RPC: tablet_id: "2790c2435bd041a9b23cfc9f0accdd95" candidate_uuid: "442c770f337746f490948cf932a951bd" candidate_term: 1 candidate_status { last_received { term: 0 index: 0 } } ignore_live_leader: false dest_uuid: "0e34eecc2d3446d7bbb62a664b7957f1" is_pre_election: true
I20260709 13:18:34.973136 14933 tablet_bootstrap.cc:492] T 1ede60c3ba1f48a79d48f586cd443be3 P 442c770f337746f490948cf932a951bd: No bootstrap required, opened a new log
I20260709 13:18:34.974079 14933 ts_tablet_manager.cc:1403] T 1ede60c3ba1f48a79d48f586cd443be3 P 442c770f337746f490948cf932a951bd: Time spent bootstrapping tablet: real 0.094s	user 0.009s	sys 0.009s
I20260709 13:18:34.977491 14935 tablet_bootstrap.cc:492] T 2790c2435bd041a9b23cfc9f0accdd95 P 0e34eecc2d3446d7bbb62a664b7957f1: No bootstrap required, opened a new log
I20260709 13:18:34.978322 14935 ts_tablet_manager.cc:1403] T 2790c2435bd041a9b23cfc9f0accdd95 P 0e34eecc2d3446d7bbb62a664b7957f1: Time spent bootstrapping tablet: real 0.014s	user 0.011s	sys 0.001s
I20260709 13:18:35.021715 14743 tablet_service.cc:1917] Received RequestConsensusVote() RPC: tablet_id: "2790c2435bd041a9b23cfc9f0accdd95" candidate_uuid: "442c770f337746f490948cf932a951bd" candidate_term: 1 candidate_status { last_received { term: 0 index: 0 } } ignore_live_leader: false dest_uuid: "3b7ea4a8b6894e03bda835eb7ca284a1" is_pre_election: true
I20260709 13:18:35.025318 14743 raft_consensus.cc:2468] T 2790c2435bd041a9b23cfc9f0accdd95 P 3b7ea4a8b6894e03bda835eb7ca284a1 [term 0 FOLLOWER]: Leader pre-election vote request: Granting yes vote for candidate 442c770f337746f490948cf932a951bd in term 0.
I20260709 13:18:35.026877 14745 tablet_service.cc:1917] Received RequestConsensusVote() RPC: tablet_id: "d66ece4beefc4dbf89e8ab9ae47d71bc" candidate_uuid: "0e34eecc2d3446d7bbb62a664b7957f1" candidate_term: 1 candidate_status { last_received { term: 0 index: 0 } } ignore_live_leader: false dest_uuid: "3b7ea4a8b6894e03bda835eb7ca284a1" is_pre_election: true
I20260709 13:18:34.976778 14933 raft_consensus.cc:359] T 1ede60c3ba1f48a79d48f586cd443be3 P 442c770f337746f490948cf932a951bd [term 0 FOLLOWER]: Replica starting. Triggering 0 pending ops. Active config: opid_index: -1 OBSOLETE_local: false peers { permanent_uuid: "3b7ea4a8b6894e03bda835eb7ca284a1" member_type: VOTER last_known_addr { host: "127.13.81.193" port: 32897 } } peers { permanent_uuid: "442c770f337746f490948cf932a951bd" member_type: VOTER last_known_addr { host: "127.13.81.194" port: 41197 } } peers { permanent_uuid: "0e34eecc2d3446d7bbb62a664b7957f1" member_type: VOTER last_known_addr { host: "127.13.81.195" port: 37357 } }
I20260709 13:18:35.041594 14933 raft_consensus.cc:385] T 1ede60c3ba1f48a79d48f586cd443be3 P 442c770f337746f490948cf932a951bd [term 0 FOLLOWER]: Consensus starting up: Expiring failure detector timer to make a prompt election more likely
I20260709 13:18:35.042068 14933 raft_consensus.cc:740] T 1ede60c3ba1f48a79d48f586cd443be3 P 442c770f337746f490948cf932a951bd [term 0 FOLLOWER]: Becoming Follower/Learner. State: Replica: 442c770f337746f490948cf932a951bd, State: Initialized, Role: FOLLOWER
I20260709 13:18:35.042239 14944 raft_consensus.cc:493] T 0957ef3ecac6437bbf2667e3297b9769 P 3b7ea4a8b6894e03bda835eb7ca284a1 [term 0 FOLLOWER]: Starting pre-election (no leader contacted us within the election timeout)
I20260709 13:18:35.043054 14933 consensus_queue.cc:260] T 1ede60c3ba1f48a79d48f586cd443be3 P 442c770f337746f490948cf932a951bd [NON_LEADER]: Queue going to NON_LEADER mode. State: All replicated index: 0, Majority replicated index: 0, Committed index: 0, Last appended: 0.0, Last appended by leader: 0, Current term: 0, Majority size: -1, State: 0, Mode: NON_LEADER, active raft config: opid_index: -1 OBSOLETE_local: false peers { permanent_uuid: "3b7ea4a8b6894e03bda835eb7ca284a1" member_type: VOTER last_known_addr { host: "127.13.81.193" port: 32897 } } peers { permanent_uuid: "442c770f337746f490948cf932a951bd" member_type: VOTER last_known_addr { host: "127.13.81.194" port: 41197 } } peers { permanent_uuid: "0e34eecc2d3446d7bbb62a664b7957f1" member_type: VOTER last_known_addr { host: "127.13.81.195" port: 37357 } }
I20260709 13:18:35.043416 14944 raft_consensus.cc:515] T 0957ef3ecac6437bbf2667e3297b9769 P 3b7ea4a8b6894e03bda835eb7ca284a1 [term 0 FOLLOWER]: Starting pre-election with config: opid_index: -1 OBSOLETE_local: false peers { permanent_uuid: "3b7ea4a8b6894e03bda835eb7ca284a1" member_type: VOTER last_known_addr { host: "127.13.81.193" port: 32897 } } peers { permanent_uuid: "442c770f337746f490948cf932a951bd" member_type: VOTER last_known_addr { host: "127.13.81.194" port: 41197 } } peers { permanent_uuid: "0e34eecc2d3446d7bbb62a664b7957f1" member_type: VOTER last_known_addr { host: "127.13.81.195" port: 37357 } }
I20260709 13:18:35.046888 14933 ts_tablet_manager.cc:1434] T 1ede60c3ba1f48a79d48f586cd443be3 P 442c770f337746f490948cf932a951bd: Time spent starting tablet: real 0.072s	user 0.007s	sys 0.001s
I20260709 13:18:35.048861 14935 raft_consensus.cc:359] T 2790c2435bd041a9b23cfc9f0accdd95 P 0e34eecc2d3446d7bbb62a664b7957f1 [term 0 FOLLOWER]: Replica starting. Triggering 0 pending ops. Active config: opid_index: -1 OBSOLETE_local: false peers { permanent_uuid: "3b7ea4a8b6894e03bda835eb7ca284a1" member_type: VOTER last_known_addr { host: "127.13.81.193" port: 32897 } } peers { permanent_uuid: "442c770f337746f490948cf932a951bd" member_type: VOTER last_known_addr { host: "127.13.81.194" port: 41197 } } peers { permanent_uuid: "0e34eecc2d3446d7bbb62a664b7957f1" member_type: VOTER last_known_addr { host: "127.13.81.195" port: 37357 } }
I20260709 13:18:35.058049 14935 raft_consensus.cc:385] T 2790c2435bd041a9b23cfc9f0accdd95 P 0e34eecc2d3446d7bbb62a664b7957f1 [term 0 FOLLOWER]: Consensus starting up: Expiring failure detector timer to make a prompt election more likely
I20260709 13:18:35.058367 14935 raft_consensus.cc:740] T 2790c2435bd041a9b23cfc9f0accdd95 P 0e34eecc2d3446d7bbb62a664b7957f1 [term 0 FOLLOWER]: Becoming Follower/Learner. State: Replica: 0e34eecc2d3446d7bbb62a664b7957f1, State: Initialized, Role: FOLLOWER
I20260709 13:18:35.067567 14889 raft_consensus.cc:3060] T d66ece4beefc4dbf89e8ab9ae47d71bc P 0e34eecc2d3446d7bbb62a664b7957f1 [term 0 FOLLOWER]: Advancing to term 1
I20260709 13:18:35.074889 14641 catalog_manager.cc:5697] T f6cb265902a74291a0fb5b822cd6f797 P 442c770f337746f490948cf932a951bd reported cstate change: term changed from 0 to 1, leader changed from <none> to 442c770f337746f490948cf932a951bd (127.13.81.194). New cstate: current_term: 1 leader_uuid: "442c770f337746f490948cf932a951bd" committed_config { opid_index: -1 OBSOLETE_local: false peers { permanent_uuid: "3b7ea4a8b6894e03bda835eb7ca284a1" member_type: VOTER last_known_addr { host: "127.13.81.193" port: 32897 } health_report { overall_health: UNKNOWN } } peers { permanent_uuid: "442c770f337746f490948cf932a951bd" member_type: VOTER last_known_addr { host: "127.13.81.194" port: 41197 } health_report { overall_health: HEALTHY } } peers { permanent_uuid: "0e34eecc2d3446d7bbb62a664b7957f1" member_type: VOTER last_known_addr { host: "127.13.81.195" port: 37357 } health_report { overall_health: UNKNOWN } } }
I20260709 13:18:35.076690 14937 tablet_bootstrap.cc:492] T b70a74dd158b4d4995bc408afdf407c2 P 3b7ea4a8b6894e03bda835eb7ca284a1: No bootstrap required, opened a new log
I20260709 13:18:35.078835 14937 ts_tablet_manager.cc:1403] T b70a74dd158b4d4995bc408afdf407c2 P 3b7ea4a8b6894e03bda835eb7ca284a1: Time spent bootstrapping tablet: real 0.120s	user 0.013s	sys 0.003s
I20260709 13:18:35.078920 14784 leader_election.cc:304] T 29848ab1e90f4aa0bff5d3ccd9c76e30 P 442c770f337746f490948cf932a951bd [CANDIDATE]: Term 1 election: Election decided. Result: candidate won. Election summary: received 3 responses out of 3 voters: 2 yes votes; 1 no votes. yes voters: 0e34eecc2d3446d7bbb62a664b7957f1, 442c770f337746f490948cf932a951bd; no voters: 3b7ea4a8b6894e03bda835eb7ca284a1
W20260709 13:18:35.081115 14784 leader_election.cc:343] T 2790c2435bd041a9b23cfc9f0accdd95 P 442c770f337746f490948cf932a951bd [CANDIDATE]: Term 1 pre-election: Tablet error from VoteRequest() call to peer 0e34eecc2d3446d7bbb62a664b7957f1 (127.13.81.195:37357): Illegal state: must be running to vote when last-logged opid is not known
I20260709 13:18:35.082098 15013 raft_consensus.cc:2804] T 29848ab1e90f4aa0bff5d3ccd9c76e30 P 442c770f337746f490948cf932a951bd [term 1 FOLLOWER]: Leader election won for term 1
I20260709 13:18:35.082908 15013 raft_consensus.cc:697] T 29848ab1e90f4aa0bff5d3ccd9c76e30 P 442c770f337746f490948cf932a951bd [term 1 LEADER]: Becoming Leader. State: Replica: 442c770f337746f490948cf932a951bd, State: Running, Role: LEADER
I20260709 13:18:35.083112 14944 leader_election.cc:290] T 0957ef3ecac6437bbf2667e3297b9769 P 3b7ea4a8b6894e03bda835eb7ca284a1 [CANDIDATE]: Term 1 pre-election: Requested pre-vote from peers 442c770f337746f490948cf932a951bd (127.13.81.194:41197), 0e34eecc2d3446d7bbb62a664b7957f1 (127.13.81.195:37357)
I20260709 13:18:35.091833 14894 tablet_service.cc:1917] Received RequestConsensusVote() RPC: tablet_id: "0957ef3ecac6437bbf2667e3297b9769" candidate_uuid: "3b7ea4a8b6894e03bda835eb7ca284a1" candidate_term: 1 candidate_status { last_received { term: 0 index: 0 } } ignore_live_leader: false dest_uuid: "0e34eecc2d3446d7bbb62a664b7957f1" is_pre_election: true
I20260709 13:18:35.093535 14894 raft_consensus.cc:2468] T 0957ef3ecac6437bbf2667e3297b9769 P 0e34eecc2d3446d7bbb62a664b7957f1 [term 0 FOLLOWER]: Leader pre-election vote request: Granting yes vote for candidate 3b7ea4a8b6894e03bda835eb7ca284a1 in term 0.
I20260709 13:18:35.093632 14944 consensus_queue.cc:1048] T d66ece4beefc4dbf89e8ab9ae47d71bc P 3b7ea4a8b6894e03bda835eb7ca284a1 [LEADER]: Connected to new peer: Peer: permanent_uuid: "442c770f337746f490948cf932a951bd" member_type: VOTER last_known_addr { host: "127.13.81.194" port: 41197 }, Status: LMP_MISMATCH, Last received: 0.0, Next index: 1, Last known committed idx: 0, Time since last communication: 0.001s
I20260709 13:18:35.093850 15013 consensus_queue.cc:237] T 29848ab1e90f4aa0bff5d3ccd9c76e30 P 442c770f337746f490948cf932a951bd [LEADER]: Queue going to LEADER mode. State: All replicated index: 0, Majority replicated index: 0, Committed index: 0, Last appended: 0.0, Last appended by leader: 0, Current term: 1, Majority size: 2, State: 0, Mode: LEADER, active raft config: opid_index: -1 OBSOLETE_local: false peers { permanent_uuid: "3b7ea4a8b6894e03bda835eb7ca284a1" member_type: VOTER last_known_addr { host: "127.13.81.193" port: 32897 } } peers { permanent_uuid: "442c770f337746f490948cf932a951bd" member_type: VOTER last_known_addr { host: "127.13.81.194" port: 41197 } } peers { permanent_uuid: "0e34eecc2d3446d7bbb62a664b7957f1" member_type: VOTER last_known_addr { host: "127.13.81.195" port: 37357 } }
I20260709 13:18:35.087729 14935 consensus_queue.cc:260] T 2790c2435bd041a9b23cfc9f0accdd95 P 0e34eecc2d3446d7bbb62a664b7957f1 [NON_LEADER]: Queue going to NON_LEADER mode. State: All replicated index: 0, Majority replicated index: 0, Committed index: 0, Last appended: 0.0, Last appended by leader: 0, Current term: 0, Majority size: -1, State: 0, Mode: NON_LEADER, active raft config: opid_index: -1 OBSOLETE_local: false peers { permanent_uuid: "3b7ea4a8b6894e03bda835eb7ca284a1" member_type: VOTER last_known_addr { host: "127.13.81.193" port: 32897 } } peers { permanent_uuid: "442c770f337746f490948cf932a951bd" member_type: VOTER last_known_addr { host: "127.13.81.194" port: 41197 } } peers { permanent_uuid: "0e34eecc2d3446d7bbb62a664b7957f1" member_type: VOTER last_known_addr { host: "127.13.81.195" port: 37357 } }
I20260709 13:18:35.100334 14709 leader_election.cc:304] T 0957ef3ecac6437bbf2667e3297b9769 P 3b7ea4a8b6894e03bda835eb7ca284a1 [CANDIDATE]: Term 1 pre-election: Election decided. Result: candidate won. Election summary: received 2 responses out of 3 voters: 2 yes votes; 0 no votes. yes voters: 0e34eecc2d3446d7bbb62a664b7957f1, 3b7ea4a8b6894e03bda835eb7ca284a1; no voters: 
I20260709 13:18:35.101907 15118 raft_consensus.cc:493] T b6e658f6d7474e898a57a61c77353b82 P 3b7ea4a8b6894e03bda835eb7ca284a1 [term 0 FOLLOWER]: Starting pre-election (no leader contacted us within the election timeout)
I20260709 13:18:35.102869 15118 raft_consensus.cc:515] T b6e658f6d7474e898a57a61c77353b82 P 3b7ea4a8b6894e03bda835eb7ca284a1 [term 0 FOLLOWER]: Starting pre-election with config: opid_index: -1 OBSOLETE_local: false peers { permanent_uuid: "3b7ea4a8b6894e03bda835eb7ca284a1" member_type: VOTER last_known_addr { host: "127.13.81.193" port: 32897 } } peers { permanent_uuid: "442c770f337746f490948cf932a951bd" member_type: VOTER last_known_addr { host: "127.13.81.194" port: 41197 } } peers { permanent_uuid: "0e34eecc2d3446d7bbb62a664b7957f1" member_type: VOTER last_known_addr { host: "127.13.81.195" port: 37357 } }
I20260709 13:18:35.103518 14937 raft_consensus.cc:359] T b70a74dd158b4d4995bc408afdf407c2 P 3b7ea4a8b6894e03bda835eb7ca284a1 [term 0 FOLLOWER]: Replica starting. Triggering 0 pending ops. Active config: opid_index: -1 OBSOLETE_local: false peers { permanent_uuid: "3b7ea4a8b6894e03bda835eb7ca284a1" member_type: VOTER last_known_addr { host: "127.13.81.193" port: 32897 } } peers { permanent_uuid: "442c770f337746f490948cf932a951bd" member_type: VOTER last_known_addr { host: "127.13.81.194" port: 41197 } } peers { permanent_uuid: "0e34eecc2d3446d7bbb62a664b7957f1" member_type: VOTER last_known_addr { host: "127.13.81.195" port: 37357 } }
I20260709 13:18:35.104581 14937 raft_consensus.cc:385] T b70a74dd158b4d4995bc408afdf407c2 P 3b7ea4a8b6894e03bda835eb7ca284a1 [term 0 FOLLOWER]: Consensus starting up: Expiring failure detector timer to make a prompt election more likely
I20260709 13:18:35.088665 14816 tablet_service.cc:1917] Received RequestConsensusVote() RPC: tablet_id: "0957ef3ecac6437bbf2667e3297b9769" candidate_uuid: "3b7ea4a8b6894e03bda835eb7ca284a1" candidate_term: 1 candidate_status { last_received { term: 0 index: 0 } } ignore_live_leader: false dest_uuid: "442c770f337746f490948cf932a951bd" is_pre_election: true
I20260709 13:18:35.086019 14933 tablet_bootstrap.cc:492] T 1b1b5b4a1e814b19ab7c11a4f98d031d P 442c770f337746f490948cf932a951bd: Bootstrap starting.
I20260709 13:18:35.110682 14937 raft_consensus.cc:740] T b70a74dd158b4d4995bc408afdf407c2 P 3b7ea4a8b6894e03bda835eb7ca284a1 [term 0 FOLLOWER]: Becoming Follower/Learner. State: Replica: 3b7ea4a8b6894e03bda835eb7ca284a1, State: Initialized, Role: FOLLOWER
I20260709 13:18:35.111682 14816 raft_consensus.cc:2468] T 0957ef3ecac6437bbf2667e3297b9769 P 442c770f337746f490948cf932a951bd [term 0 FOLLOWER]: Leader pre-election vote request: Granting yes vote for candidate 3b7ea4a8b6894e03bda835eb7ca284a1 in term 0.
I20260709 13:18:35.111958 15118 leader_election.cc:290] T b6e658f6d7474e898a57a61c77353b82 P 3b7ea4a8b6894e03bda835eb7ca284a1 [CANDIDATE]: Term 1 pre-election: Requested pre-vote from peers 442c770f337746f490948cf932a951bd (127.13.81.194:41197), 0e34eecc2d3446d7bbb62a664b7957f1 (127.13.81.195:37357)
I20260709 13:18:35.114998 14818 tablet_service.cc:1917] Received RequestConsensusVote() RPC: tablet_id: "b6e658f6d7474e898a57a61c77353b82" candidate_uuid: "3b7ea4a8b6894e03bda835eb7ca284a1" candidate_term: 1 candidate_status { last_received { term: 0 index: 0 } } ignore_live_leader: false dest_uuid: "442c770f337746f490948cf932a951bd" is_pre_election: true
I20260709 13:18:35.115916 14818 raft_consensus.cc:2468] T b6e658f6d7474e898a57a61c77353b82 P 442c770f337746f490948cf932a951bd [term 0 FOLLOWER]: Leader pre-election vote request: Granting yes vote for candidate 3b7ea4a8b6894e03bda835eb7ca284a1 in term 0.
I20260709 13:18:35.116103 14937 consensus_queue.cc:260] T b70a74dd158b4d4995bc408afdf407c2 P 3b7ea4a8b6894e03bda835eb7ca284a1 [NON_LEADER]: Queue going to NON_LEADER mode. State: All replicated index: 0, Majority replicated index: 0, Committed index: 0, Last appended: 0.0, Last appended by leader: 0, Current term: 0, Majority size: -1, State: 0, Mode: NON_LEADER, active raft config: opid_index: -1 OBSOLETE_local: false peers { permanent_uuid: "3b7ea4a8b6894e03bda835eb7ca284a1" member_type: VOTER last_known_addr { host: "127.13.81.193" port: 32897 } } peers { permanent_uuid: "442c770f337746f490948cf932a951bd" member_type: VOTER last_known_addr { host: "127.13.81.194" port: 41197 } } peers { permanent_uuid: "0e34eecc2d3446d7bbb62a664b7957f1" member_type: VOTER last_known_addr { host: "127.13.81.195" port: 37357 } }
I20260709 13:18:35.118531 14942 raft_consensus.cc:493] T b6e658f6d7474e898a57a61c77353b82 P 0e34eecc2d3446d7bbb62a664b7957f1 [term 0 FOLLOWER]: Starting pre-election (no leader contacted us within the election timeout)
I20260709 13:18:35.121753 14935 ts_tablet_manager.cc:1434] T 2790c2435bd041a9b23cfc9f0accdd95 P 0e34eecc2d3446d7bbb62a664b7957f1: Time spent starting tablet: real 0.143s	user 0.006s	sys 0.007s
I20260709 13:18:35.112988 14944 raft_consensus.cc:2804] T 0957ef3ecac6437bbf2667e3297b9769 P 3b7ea4a8b6894e03bda835eb7ca284a1 [term 0 FOLLOWER]: Leader pre-election won for term 1
I20260709 13:18:35.133802 14942 raft_consensus.cc:515] T b6e658f6d7474e898a57a61c77353b82 P 0e34eecc2d3446d7bbb62a664b7957f1 [term 0 FOLLOWER]: Starting pre-election with config: opid_index: -1 OBSOLETE_local: false peers { permanent_uuid: "3b7ea4a8b6894e03bda835eb7ca284a1" member_type: VOTER last_known_addr { host: "127.13.81.193" port: 32897 } } peers { permanent_uuid: "442c770f337746f490948cf932a951bd" member_type: VOTER last_known_addr { host: "127.13.81.194" port: 41197 } } peers { permanent_uuid: "0e34eecc2d3446d7bbb62a664b7957f1" member_type: VOTER last_known_addr { host: "127.13.81.195" port: 37357 } }
I20260709 13:18:35.134810 14784 leader_election.cc:304] T 2790c2435bd041a9b23cfc9f0accdd95 P 442c770f337746f490948cf932a951bd [CANDIDATE]: Term 1 pre-election: Election decided. Result: candidate won. Election summary: received 3 responses out of 3 voters: 2 yes votes; 1 no votes. yes voters: 3b7ea4a8b6894e03bda835eb7ca284a1, 442c770f337746f490948cf932a951bd; no voters: 0e34eecc2d3446d7bbb62a664b7957f1
I20260709 13:18:35.136441 14858 leader_election.cc:304] T 9c7331a7e43a42ea9a964817a6e4cda8 P 0e34eecc2d3446d7bbb62a664b7957f1 [CANDIDATE]: Term 1 pre-election: Election decided. Result: candidate won. Election summary: received 3 responses out of 3 voters: 2 yes votes; 1 no votes. yes voters: 0e34eecc2d3446d7bbb62a664b7957f1, 442c770f337746f490948cf932a951bd; no voters: 3b7ea4a8b6894e03bda835eb7ca284a1
I20260709 13:18:35.137702 15111 raft_consensus.cc:493] T 1ede60c3ba1f48a79d48f586cd443be3 P 442c770f337746f490948cf932a951bd [term 0 FOLLOWER]: Starting pre-election (no leader contacted us within the election timeout)
I20260709 13:18:35.142828 14937 ts_tablet_manager.cc:1434] T b70a74dd158b4d4995bc408afdf407c2 P 3b7ea4a8b6894e03bda835eb7ca284a1: Time spent starting tablet: real 0.063s	user 0.005s	sys 0.004s
I20260709 13:18:35.143590 14894 tablet_service.cc:1917] Received RequestConsensusVote() RPC: tablet_id: "b6e658f6d7474e898a57a61c77353b82" candidate_uuid: "3b7ea4a8b6894e03bda835eb7ca284a1" candidate_term: 1 candidate_status { last_received { term: 0 index: 0 } } ignore_live_leader: false dest_uuid: "0e34eecc2d3446d7bbb62a664b7957f1" is_pre_election: true
I20260709 13:18:35.143569 15111 raft_consensus.cc:515] T 1ede60c3ba1f48a79d48f586cd443be3 P 442c770f337746f490948cf932a951bd [term 0 FOLLOWER]: Starting pre-election with config: opid_index: -1 OBSOLETE_local: false peers { permanent_uuid: "3b7ea4a8b6894e03bda835eb7ca284a1" member_type: VOTER last_known_addr { host: "127.13.81.193" port: 32897 } } peers { permanent_uuid: "442c770f337746f490948cf932a951bd" member_type: VOTER last_known_addr { host: "127.13.81.194" port: 41197 } } peers { permanent_uuid: "0e34eecc2d3446d7bbb62a664b7957f1" member_type: VOTER last_known_addr { host: "127.13.81.195" port: 37357 } }
I20260709 13:18:35.144876 15112 raft_consensus.cc:2804] T 2790c2435bd041a9b23cfc9f0accdd95 P 442c770f337746f490948cf932a951bd [term 0 FOLLOWER]: Leader pre-election won for term 1
I20260709 13:18:35.145368 15112 raft_consensus.cc:493] T 2790c2435bd041a9b23cfc9f0accdd95 P 442c770f337746f490948cf932a951bd [term 0 FOLLOWER]: Starting leader election (no leader contacted us within the election timeout)
I20260709 13:18:35.146432 15111 leader_election.cc:290] T 1ede60c3ba1f48a79d48f586cd443be3 P 442c770f337746f490948cf932a951bd [CANDIDATE]: Term 1 pre-election: Requested pre-vote from peers 3b7ea4a8b6894e03bda835eb7ca284a1 (127.13.81.193:32897), 0e34eecc2d3446d7bbb62a664b7957f1 (127.13.81.195:37357)
I20260709 13:18:35.145763 15112 raft_consensus.cc:3060] T 2790c2435bd041a9b23cfc9f0accdd95 P 442c770f337746f490948cf932a951bd [term 0 FOLLOWER]: Advancing to term 1
I20260709 13:18:35.139513 14944 raft_consensus.cc:493] T 0957ef3ecac6437bbf2667e3297b9769 P 3b7ea4a8b6894e03bda835eb7ca284a1 [term 0 FOLLOWER]: Starting leader election (no leader contacted us within the election timeout)
I20260709 13:18:35.152771 15166 raft_consensus.cc:2804] T 9c7331a7e43a42ea9a964817a6e4cda8 P 0e34eecc2d3446d7bbb62a664b7957f1 [term 0 FOLLOWER]: Leader pre-election won for term 1
I20260709 13:18:35.153355 15166 raft_consensus.cc:493] T 9c7331a7e43a42ea9a964817a6e4cda8 P 0e34eecc2d3446d7bbb62a664b7957f1 [term 0 FOLLOWER]: Starting leader election (no leader contacted us within the election timeout)
I20260709 13:18:35.153887 15166 raft_consensus.cc:3060] T 9c7331a7e43a42ea9a964817a6e4cda8 P 0e34eecc2d3446d7bbb62a664b7957f1 [term 0 FOLLOWER]: Advancing to term 1
I20260709 13:18:35.155118 15127 consensus_queue.cc:1048] T a1195ffe2125447383ef0752323630e8 P 442c770f337746f490948cf932a951bd [LEADER]: Connected to new peer: Peer: permanent_uuid: "3b7ea4a8b6894e03bda835eb7ca284a1" member_type: VOTER last_known_addr { host: "127.13.81.193" port: 32897 }, Status: LMP_MISMATCH, Last received: 0.0, Next index: 1, Last known committed idx: 0, Time since last communication: 0.001s
I20260709 13:18:35.160063 14894 raft_consensus.cc:2468] T b6e658f6d7474e898a57a61c77353b82 P 0e34eecc2d3446d7bbb62a664b7957f1 [term 0 FOLLOWER]: Leader pre-election vote request: Granting yes vote for candidate 3b7ea4a8b6894e03bda835eb7ca284a1 in term 0.
I20260709 13:18:35.160624 15111 raft_consensus.cc:493] T b70a74dd158b4d4995bc408afdf407c2 P 442c770f337746f490948cf932a951bd [term 0 FOLLOWER]: Starting pre-election (no leader contacted us within the election timeout)
I20260709 13:18:35.161232 15111 raft_consensus.cc:515] T b70a74dd158b4d4995bc408afdf407c2 P 442c770f337746f490948cf932a951bd [term 0 FOLLOWER]: Starting pre-election with config: opid_index: -1 OBSOLETE_local: false peers { permanent_uuid: "3b7ea4a8b6894e03bda835eb7ca284a1" member_type: VOTER last_known_addr { host: "127.13.81.193" port: 32897 } } peers { permanent_uuid: "442c770f337746f490948cf932a951bd" member_type: VOTER last_known_addr { host: "127.13.81.194" port: 41197 } } peers { permanent_uuid: "0e34eecc2d3446d7bbb62a664b7957f1" member_type: VOTER last_known_addr { host: "127.13.81.195" port: 37357 } }
I20260709 13:18:35.161266 14858 leader_election.cc:304] T d66ece4beefc4dbf89e8ab9ae47d71bc P 0e34eecc2d3446d7bbb62a664b7957f1 [CANDIDATE]: Term 1 pre-election: Election decided. Result: candidate lost. Election summary: received 3 responses out of 3 voters: 1 yes votes; 2 no votes. yes voters: 0e34eecc2d3446d7bbb62a664b7957f1; no voters: 3b7ea4a8b6894e03bda835eb7ca284a1, 442c770f337746f490948cf932a951bd
I20260709 13:18:35.164222 15111 leader_election.cc:290] T b70a74dd158b4d4995bc408afdf407c2 P 442c770f337746f490948cf932a951bd [CANDIDATE]: Term 1 pre-election: Requested pre-vote from peers 3b7ea4a8b6894e03bda835eb7ca284a1 (127.13.81.193:32897), 0e34eecc2d3446d7bbb62a664b7957f1 (127.13.81.195:37357)
I20260709 13:18:35.150941 14944 raft_consensus.cc:3060] T 0957ef3ecac6437bbf2667e3297b9769 P 3b7ea4a8b6894e03bda835eb7ca284a1 [term 0 FOLLOWER]: Advancing to term 1
I20260709 13:18:35.171669 14937 tablet_bootstrap.cc:492] T 9c7331a7e43a42ea9a964817a6e4cda8 P 3b7ea4a8b6894e03bda835eb7ca284a1: Bootstrap starting.
