I20260709 13:18:00.640480  3627 raft_consensus.cc:697] T 1da52254d50c4ccaa33aa142a42115a9 P a9bbd40af32140e58e0ad25d902247ca [term 1 LEADER]: Becoming Leader. State: Replica: a9bbd40af32140e58e0ad25d902247ca, State: Running, Role: LEADER
I20260709 13:18:00.641734  3627 consensus_queue.cc:237] T 1da52254d50c4ccaa33aa142a42115a9 P a9bbd40af32140e58e0ad25d902247ca [LEADER]: Queue going to LEADER mode. State: All replicated index: 0, Majority replicated index: 0, Committed index: 0, Last appended: 0.0, Last appended by leader: 0, Current term: 1, Majority size: 2, State: 0, Mode: LEADER, active raft config: opid_index: -1 OBSOLETE_local: false peers { permanent_uuid: "a9bbd40af32140e58e0ad25d902247ca" member_type: VOTER last_known_addr { host: "127.3.55.65" port: 34823 } } peers { permanent_uuid: "341db604d2bd4a66986f0bff0c974b87" member_type: VOTER last_known_addr { host: "127.3.55.66" port: 36403 } } peers { permanent_uuid: "da2d25ee91074358a9ae0ccd3fdde686" member_type: VOTER last_known_addr { host: "127.3.55.67" port: 35385 } }
I20260709 13:18:00.651472  3621 ts_tablet_manager.cc:1434] T 26d39f9f04f74a1f9c4663703c38e6fc P a9bbd40af32140e58e0ad25d902247ca: Time spent starting tablet: real 0.017s	user 0.007s	sys 0.000s
I20260709 13:18:00.651660  3623 tablet_bootstrap.cc:492] T 26d39f9f04f74a1f9c4663703c38e6fc P 341db604d2bd4a66986f0bff0c974b87: No bootstrap required, opened a new log
I20260709 13:18:00.652194  3623 ts_tablet_manager.cc:1403] T 26d39f9f04f74a1f9c4663703c38e6fc P 341db604d2bd4a66986f0bff0c974b87: Time spent bootstrapping tablet: real 0.083s	user 0.008s	sys 0.008s
I20260709 13:18:00.652467  3621 tablet_bootstrap.cc:492] T b3c967581aeb4b379d16af61a9735f42 P a9bbd40af32140e58e0ad25d902247ca: Bootstrap starting.
I20260709 13:18:00.655612  3651 raft_consensus.cc:493] T b3c967581aeb4b379d16af61a9735f42 P da2d25ee91074358a9ae0ccd3fdde686 [term 0 FOLLOWER]: Starting pre-election (no leader contacted us within the election timeout)
I20260709 13:18:00.656119  3651 raft_consensus.cc:515] T b3c967581aeb4b379d16af61a9735f42 P da2d25ee91074358a9ae0ccd3fdde686 [term 0 FOLLOWER]: Starting pre-election with config: opid_index: -1 OBSOLETE_local: false peers { permanent_uuid: "a9bbd40af32140e58e0ad25d902247ca" member_type: VOTER last_known_addr { host: "127.3.55.65" port: 34823 } } peers { permanent_uuid: "341db604d2bd4a66986f0bff0c974b87" member_type: VOTER last_known_addr { host: "127.3.55.66" port: 36403 } } peers { permanent_uuid: "da2d25ee91074358a9ae0ccd3fdde686" member_type: VOTER last_known_addr { host: "127.3.55.67" port: 35385 } }
I20260709 13:18:00.656538  3623 raft_consensus.cc:359] T 26d39f9f04f74a1f9c4663703c38e6fc P 341db604d2bd4a66986f0bff0c974b87 [term 0 FOLLOWER]: Replica starting. Triggering 0 pending ops. Active config: opid_index: -1 OBSOLETE_local: false peers { permanent_uuid: "a9bbd40af32140e58e0ad25d902247ca" member_type: VOTER last_known_addr { host: "127.3.55.65" port: 34823 } } peers { permanent_uuid: "341db604d2bd4a66986f0bff0c974b87" member_type: VOTER last_known_addr { host: "127.3.55.66" port: 36403 } } peers { permanent_uuid: "da2d25ee91074358a9ae0ccd3fdde686" member_type: VOTER last_known_addr { host: "127.3.55.67" port: 35385 } }
I20260709 13:18:00.657342  3623 raft_consensus.cc:385] T 26d39f9f04f74a1f9c4663703c38e6fc P 341db604d2bd4a66986f0bff0c974b87 [term 0 FOLLOWER]: Consensus starting up: Expiring failure detector timer to make a prompt election more likely
I20260709 13:18:00.657673  3623 raft_consensus.cc:740] T 26d39f9f04f74a1f9c4663703c38e6fc P 341db604d2bd4a66986f0bff0c974b87 [term 0 FOLLOWER]: Becoming Follower/Learner. State: Replica: 341db604d2bd4a66986f0bff0c974b87, State: Initialized, Role: FOLLOWER
I20260709 13:18:00.658387  3623 consensus_queue.cc:260] T 26d39f9f04f74a1f9c4663703c38e6fc P 341db604d2bd4a66986f0bff0c974b87 [NON_LEADER]: Queue going to NON_LEADER mode. State: All replicated index: 0, Majority replicated index: 0, Committed index: 0, Last appended: 0.0, Last appended by leader: 0, Current term: 0, Majority size: -1, State: 0, Mode: NON_LEADER, active raft config: opid_index: -1 OBSOLETE_local: false peers { permanent_uuid: "a9bbd40af32140e58e0ad25d902247ca" member_type: VOTER last_known_addr { host: "127.3.55.65" port: 34823 } } peers { permanent_uuid: "341db604d2bd4a66986f0bff0c974b87" member_type: VOTER last_known_addr { host: "127.3.55.66" port: 36403 } } peers { permanent_uuid: "da2d25ee91074358a9ae0ccd3fdde686" member_type: VOTER last_known_addr { host: "127.3.55.67" port: 35385 } }
I20260709 13:18:00.660063  3621 tablet_bootstrap.cc:654] T b3c967581aeb4b379d16af61a9735f42 P a9bbd40af32140e58e0ad25d902247ca: Neither blocks nor log segments found. Creating new log.
I20260709 13:18:00.661257  3623 ts_tablet_manager.cc:1434] T 26d39f9f04f74a1f9c4663703c38e6fc P 341db604d2bd4a66986f0bff0c974b87: Time spent starting tablet: real 0.009s	user 0.009s	sys 0.001s
I20260709 13:18:00.662361  3623 tablet_bootstrap.cc:492] T 1da52254d50c4ccaa33aa142a42115a9 P 341db604d2bd4a66986f0bff0c974b87: Bootstrap starting.
I20260709 13:18:00.667109  3620 tablet_bootstrap.cc:492] T 4bdc4243669242999fb618b005a91236 P da2d25ee91074358a9ae0ccd3fdde686: No bootstrap required, opened a new log
I20260709 13:18:00.667616  3620 ts_tablet_manager.cc:1403] T 4bdc4243669242999fb618b005a91236 P da2d25ee91074358a9ae0ccd3fdde686: Time spent bootstrapping tablet: real 0.045s	user 0.011s	sys 0.013s
I20260709 13:18:00.673306  3620 raft_consensus.cc:359] T 4bdc4243669242999fb618b005a91236 P da2d25ee91074358a9ae0ccd3fdde686 [term 0 FOLLOWER]: Replica starting. Triggering 0 pending ops. Active config: opid_index: -1 OBSOLETE_local: false peers { permanent_uuid: "a9bbd40af32140e58e0ad25d902247ca" member_type: VOTER last_known_addr { host: "127.3.55.65" port: 34823 } } peers { permanent_uuid: "341db604d2bd4a66986f0bff0c974b87" member_type: VOTER last_known_addr { host: "127.3.55.66" port: 36403 } } peers { permanent_uuid: "da2d25ee91074358a9ae0ccd3fdde686" member_type: VOTER last_known_addr { host: "127.3.55.67" port: 35385 } }
I20260709 13:18:00.674068  3620 raft_consensus.cc:385] T 4bdc4243669242999fb618b005a91236 P da2d25ee91074358a9ae0ccd3fdde686 [term 0 FOLLOWER]: Consensus starting up: Expiring failure detector timer to make a prompt election more likely
I20260709 13:18:00.674343  3620 raft_consensus.cc:740] T 4bdc4243669242999fb618b005a91236 P da2d25ee91074358a9ae0ccd3fdde686 [term 0 FOLLOWER]: Becoming Follower/Learner. State: Replica: da2d25ee91074358a9ae0ccd3fdde686, State: Initialized, Role: FOLLOWER
I20260709 13:18:00.676288  3620 consensus_queue.cc:260] T 4bdc4243669242999fb618b005a91236 P da2d25ee91074358a9ae0ccd3fdde686 [NON_LEADER]: Queue going to NON_LEADER mode. State: All replicated index: 0, Majority replicated index: 0, Committed index: 0, Last appended: 0.0, Last appended by leader: 0, Current term: 0, Majority size: -1, State: 0, Mode: NON_LEADER, active raft config: opid_index: -1 OBSOLETE_local: false peers { permanent_uuid: "a9bbd40af32140e58e0ad25d902247ca" member_type: VOTER last_known_addr { host: "127.3.55.65" port: 34823 } } peers { permanent_uuid: "341db604d2bd4a66986f0bff0c974b87" member_type: VOTER last_known_addr { host: "127.3.55.66" port: 36403 } } peers { permanent_uuid: "da2d25ee91074358a9ae0ccd3fdde686" member_type: VOTER last_known_addr { host: "127.3.55.67" port: 35385 } }
I20260709 13:18:00.681473  3651 leader_election.cc:290] T b3c967581aeb4b379d16af61a9735f42 P da2d25ee91074358a9ae0ccd3fdde686 [CANDIDATE]: Term 1 pre-election: Requested pre-vote from peers a9bbd40af32140e58e0ad25d902247ca (127.3.55.65:34823), 341db604d2bd4a66986f0bff0c974b87 (127.3.55.66:36403)
W20260709 13:18:00.683465  3373 auto_rebalancer.cc:288] Could not retrieve cluster info: Service unavailable: Tablet not running
I20260709 13:18:00.683319  3428 tablet_service.cc:1917] Received RequestConsensusVote() RPC: tablet_id: "b3c967581aeb4b379d16af61a9735f42" candidate_uuid: "da2d25ee91074358a9ae0ccd3fdde686" candidate_term: 1 candidate_status { last_received { term: 0 index: 0 } } ignore_live_leader: false dest_uuid: "a9bbd40af32140e58e0ad25d902247ca" is_pre_election: true
I20260709 13:18:00.683862  3620 ts_tablet_manager.cc:1434] T 4bdc4243669242999fb618b005a91236 P da2d25ee91074358a9ae0ccd3fdde686: Time spent starting tablet: real 0.016s	user 0.007s	sys 0.002s
I20260709 13:18:00.684634  3502 tablet_service.cc:1917] Received RequestConsensusVote() RPC: tablet_id: "b3c967581aeb4b379d16af61a9735f42" candidate_uuid: "da2d25ee91074358a9ae0ccd3fdde686" candidate_term: 1 candidate_status { last_received { term: 0 index: 0 } } ignore_live_leader: false dest_uuid: "341db604d2bd4a66986f0bff0c974b87" is_pre_election: true
I20260709 13:18:00.686209  3502 raft_consensus.cc:2468] T b3c967581aeb4b379d16af61a9735f42 P 341db604d2bd4a66986f0bff0c974b87 [term 0 FOLLOWER]: Leader pre-election vote request: Granting yes vote for candidate da2d25ee91074358a9ae0ccd3fdde686 in term 0.
W20260709 13:18:00.686316  3541 leader_election.cc:343] T b3c967581aeb4b379d16af61a9735f42 P da2d25ee91074358a9ae0ccd3fdde686 [CANDIDATE]: Term 1 pre-election: Tablet error from VoteRequest() call to peer a9bbd40af32140e58e0ad25d902247ca (127.3.55.65:34823): Illegal state: must be running to vote when last-logged opid is not known
I20260709 13:18:00.688239  3541 leader_election.cc:304] T b3c967581aeb4b379d16af61a9735f42 P da2d25ee91074358a9ae0ccd3fdde686 [CANDIDATE]: Term 1 pre-election: Election decided. Result: candidate won. Election summary: received 3 responses out of 3 voters: 2 yes votes; 1 no votes. yes voters: 341db604d2bd4a66986f0bff0c974b87, da2d25ee91074358a9ae0ccd3fdde686; no voters: a9bbd40af32140e58e0ad25d902247ca
I20260709 13:18:00.689453  3651 raft_consensus.cc:2804] T b3c967581aeb4b379d16af61a9735f42 P da2d25ee91074358a9ae0ccd3fdde686 [term 0 FOLLOWER]: Leader pre-election won for term 1
I20260709 13:18:00.689862  3651 raft_consensus.cc:493] T b3c967581aeb4b379d16af61a9735f42 P da2d25ee91074358a9ae0ccd3fdde686 [term 0 FOLLOWER]: Starting leader election (no leader contacted us within the election timeout)
I20260709 13:18:00.690207  3651 raft_consensus.cc:3060] T b3c967581aeb4b379d16af61a9735f42 P da2d25ee91074358a9ae0ccd3fdde686 [term 0 FOLLOWER]: Advancing to term 1
I20260709 13:18:00.675024  3323 catalog_manager.cc:5697] T 67fef8adaae9484e9427092e265ee456 P da2d25ee91074358a9ae0ccd3fdde686 reported cstate change: term changed from 0 to 1, leader changed from <none> to da2d25ee91074358a9ae0ccd3fdde686 (127.3.55.67). New cstate: current_term: 1 leader_uuid: "da2d25ee91074358a9ae0ccd3fdde686" committed_config { opid_index: -1 OBSOLETE_local: false peers { permanent_uuid: "a9bbd40af32140e58e0ad25d902247ca" member_type: VOTER last_known_addr { host: "127.3.55.65" port: 34823 } health_report { overall_health: UNKNOWN } } peers { permanent_uuid: "341db604d2bd4a66986f0bff0c974b87" member_type: VOTER last_known_addr { host: "127.3.55.66" port: 36403 } health_report { overall_health: UNKNOWN } } peers { permanent_uuid: "da2d25ee91074358a9ae0ccd3fdde686" member_type: VOTER last_known_addr { host: "127.3.55.67" port: 35385 } health_report { overall_health: HEALTHY } } }
I20260709 13:18:00.697080  3649 raft_consensus.cc:493] T 26d39f9f04f74a1f9c4663703c38e6fc P a9bbd40af32140e58e0ad25d902247ca [term 0 FOLLOWER]: Starting pre-election (no leader contacted us within the election timeout)
I20260709 13:18:00.697692  3649 raft_consensus.cc:515] T 26d39f9f04f74a1f9c4663703c38e6fc P a9bbd40af32140e58e0ad25d902247ca [term 0 FOLLOWER]: Starting pre-election with config: opid_index: -1 OBSOLETE_local: false peers { permanent_uuid: "a9bbd40af32140e58e0ad25d902247ca" member_type: VOTER last_known_addr { host: "127.3.55.65" port: 34823 } } peers { permanent_uuid: "341db604d2bd4a66986f0bff0c974b87" member_type: VOTER last_known_addr { host: "127.3.55.66" port: 36403 } } peers { permanent_uuid: "da2d25ee91074358a9ae0ccd3fdde686" member_type: VOTER last_known_addr { host: "127.3.55.67" port: 35385 } }
I20260709 13:18:00.698837  3651 raft_consensus.cc:515] T b3c967581aeb4b379d16af61a9735f42 P da2d25ee91074358a9ae0ccd3fdde686 [term 1 FOLLOWER]: Starting leader election with config: opid_index: -1 OBSOLETE_local: false peers { permanent_uuid: "a9bbd40af32140e58e0ad25d902247ca" member_type: VOTER last_known_addr { host: "127.3.55.65" port: 34823 } } peers { permanent_uuid: "341db604d2bd4a66986f0bff0c974b87" member_type: VOTER last_known_addr { host: "127.3.55.66" port: 36403 } } peers { permanent_uuid: "da2d25ee91074358a9ae0ccd3fdde686" member_type: VOTER last_known_addr { host: "127.3.55.67" port: 35385 } }
I20260709 13:18:00.702396  3621 tablet_bootstrap.cc:492] T b3c967581aeb4b379d16af61a9735f42 P a9bbd40af32140e58e0ad25d902247ca: No bootstrap required, opened a new log
I20260709 13:18:00.702922  3621 ts_tablet_manager.cc:1403] T b3c967581aeb4b379d16af61a9735f42 P a9bbd40af32140e58e0ad25d902247ca: Time spent bootstrapping tablet: real 0.051s	user 0.021s	sys 0.007s
I20260709 13:18:00.702430  3428 tablet_service.cc:1917] Received RequestConsensusVote() RPC: tablet_id: "b3c967581aeb4b379d16af61a9735f42" candidate_uuid: "da2d25ee91074358a9ae0ccd3fdde686" candidate_term: 1 candidate_status { last_received { term: 0 index: 0 } } ignore_live_leader: false dest_uuid: "a9bbd40af32140e58e0ad25d902247ca"
I20260709 13:18:00.702550  3323 catalog_manager.cc:5697] T f8d3ce718cea45a48b5aef048ad4deee P da2d25ee91074358a9ae0ccd3fdde686 reported cstate change: term changed from 0 to 1, leader changed from <none> to da2d25ee91074358a9ae0ccd3fdde686 (127.3.55.67). New cstate: current_term: 1 leader_uuid: "da2d25ee91074358a9ae0ccd3fdde686" committed_config { opid_index: -1 OBSOLETE_local: false peers { permanent_uuid: "a9bbd40af32140e58e0ad25d902247ca" member_type: VOTER last_known_addr { host: "127.3.55.65" port: 34823 } health_report { overall_health: UNKNOWN } } peers { permanent_uuid: "341db604d2bd4a66986f0bff0c974b87" member_type: VOTER last_known_addr { host: "127.3.55.66" port: 36403 } health_report { overall_health: UNKNOWN } } peers { permanent_uuid: "da2d25ee91074358a9ae0ccd3fdde686" member_type: VOTER last_known_addr { host: "127.3.55.67" port: 35385 } health_report { overall_health: HEALTHY } } }
I20260709 13:18:00.702785  3576 tablet_service.cc:1917] Received RequestConsensusVote() RPC: tablet_id: "26d39f9f04f74a1f9c4663703c38e6fc" candidate_uuid: "a9bbd40af32140e58e0ad25d902247ca" candidate_term: 1 candidate_status { last_received { term: 0 index: 0 } } ignore_live_leader: false dest_uuid: "da2d25ee91074358a9ae0ccd3fdde686" is_pre_election: true
I20260709 13:18:00.704008  3576 raft_consensus.cc:2468] T 26d39f9f04f74a1f9c4663703c38e6fc P da2d25ee91074358a9ae0ccd3fdde686 [term 0 FOLLOWER]: Leader pre-election vote request: Granting yes vote for candidate a9bbd40af32140e58e0ad25d902247ca in term 0.
I20260709 13:18:00.705322  3394 leader_election.cc:304] T 26d39f9f04f74a1f9c4663703c38e6fc P a9bbd40af32140e58e0ad25d902247ca [CANDIDATE]: Term 1 pre-election: Election decided. Result: candidate won. Election summary: received 2 responses out of 3 voters: 2 yes votes; 0 no votes. yes voters: a9bbd40af32140e58e0ad25d902247ca, da2d25ee91074358a9ae0ccd3fdde686; no voters: 
I20260709 13:18:00.705966  3621 raft_consensus.cc:359] T b3c967581aeb4b379d16af61a9735f42 P a9bbd40af32140e58e0ad25d902247ca [term 0 FOLLOWER]: Replica starting. Triggering 0 pending ops. Active config: opid_index: -1 OBSOLETE_local: false peers { permanent_uuid: "a9bbd40af32140e58e0ad25d902247ca" member_type: VOTER last_known_addr { host: "127.3.55.65" port: 34823 } } peers { permanent_uuid: "341db604d2bd4a66986f0bff0c974b87" member_type: VOTER last_known_addr { host: "127.3.55.66" port: 36403 } } peers { permanent_uuid: "da2d25ee91074358a9ae0ccd3fdde686" member_type: VOTER last_known_addr { host: "127.3.55.67" port: 35385 } }
I20260709 13:18:00.706382  3652 raft_consensus.cc:2804] T 26d39f9f04f74a1f9c4663703c38e6fc P a9bbd40af32140e58e0ad25d902247ca [term 0 FOLLOWER]: Leader pre-election won for term 1
I20260709 13:18:00.706708  3621 raft_consensus.cc:385] T b3c967581aeb4b379d16af61a9735f42 P a9bbd40af32140e58e0ad25d902247ca [term 0 FOLLOWER]: Consensus starting up: Expiring failure detector timer to make a prompt election more likely
I20260709 13:18:00.706782  3652 raft_consensus.cc:493] T 26d39f9f04f74a1f9c4663703c38e6fc P a9bbd40af32140e58e0ad25d902247ca [term 0 FOLLOWER]: Starting leader election (no leader contacted us within the election timeout)
I20260709 13:18:00.707119  3621 raft_consensus.cc:740] T b3c967581aeb4b379d16af61a9735f42 P a9bbd40af32140e58e0ad25d902247ca [term 0 FOLLOWER]: Becoming Follower/Learner. State: Replica: a9bbd40af32140e58e0ad25d902247ca, State: Initialized, Role: FOLLOWER
I20260709 13:18:00.707257  3652 raft_consensus.cc:3060] T 26d39f9f04f74a1f9c4663703c38e6fc P a9bbd40af32140e58e0ad25d902247ca [term 0 FOLLOWER]: Advancing to term 1
I20260709 13:18:00.707934  3621 consensus_queue.cc:260] T b3c967581aeb4b379d16af61a9735f42 P a9bbd40af32140e58e0ad25d902247ca [NON_LEADER]: Queue going to NON_LEADER mode. State: All replicated index: 0, Majority replicated index: 0, Committed index: 0, Last appended: 0.0, Last appended by leader: 0, Current term: 0, Majority size: -1, State: 0, Mode: NON_LEADER, active raft config: opid_index: -1 OBSOLETE_local: false peers { permanent_uuid: "a9bbd40af32140e58e0ad25d902247ca" member_type: VOTER last_known_addr { host: "127.3.55.65" port: 34823 } } peers { permanent_uuid: "341db604d2bd4a66986f0bff0c974b87" member_type: VOTER last_known_addr { host: "127.3.55.66" port: 36403 } } peers { permanent_uuid: "da2d25ee91074358a9ae0ccd3fdde686" member_type: VOTER last_known_addr { host: "127.3.55.67" port: 35385 } }
I20260709 13:18:00.710088  3651 leader_election.cc:290] T b3c967581aeb4b379d16af61a9735f42 P da2d25ee91074358a9ae0ccd3fdde686 [CANDIDATE]: Term 1 election: Requested vote from peers a9bbd40af32140e58e0ad25d902247ca (127.3.55.65:34823), 341db604d2bd4a66986f0bff0c974b87 (127.3.55.66:36403)
I20260709 13:18:00.711637  3502 tablet_service.cc:1917] Received RequestConsensusVote() RPC: tablet_id: "26d39f9f04f74a1f9c4663703c38e6fc" candidate_uuid: "a9bbd40af32140e58e0ad25d902247ca" candidate_term: 1 candidate_status { last_received { term: 0 index: 0 } } ignore_live_leader: false dest_uuid: "341db604d2bd4a66986f0bff0c974b87" is_pre_election: true
I20260709 13:18:00.712378  3502 raft_consensus.cc:2468] T 26d39f9f04f74a1f9c4663703c38e6fc P 341db604d2bd4a66986f0bff0c974b87 [term 0 FOLLOWER]: Leader pre-election vote request: Granting yes vote for candidate a9bbd40af32140e58e0ad25d902247ca in term 0.
I20260709 13:18:00.713456  3503 tablet_service.cc:1917] Received RequestConsensusVote() RPC: tablet_id: "b3c967581aeb4b379d16af61a9735f42" candidate_uuid: "da2d25ee91074358a9ae0ccd3fdde686" candidate_term: 1 candidate_status { last_received { term: 0 index: 0 } } ignore_live_leader: false dest_uuid: "341db604d2bd4a66986f0bff0c974b87"
I20260709 13:18:00.714092  3503 raft_consensus.cc:3060] T b3c967581aeb4b379d16af61a9735f42 P 341db604d2bd4a66986f0bff0c974b87 [term 0 FOLLOWER]: Advancing to term 1
I20260709 13:18:00.714711  3623 tablet_bootstrap.cc:654] T 1da52254d50c4ccaa33aa142a42115a9 P 341db604d2bd4a66986f0bff0c974b87: Neither blocks nor log segments found. Creating new log.
I20260709 13:18:00.721653  3649 leader_election.cc:290] T 26d39f9f04f74a1f9c4663703c38e6fc P a9bbd40af32140e58e0ad25d902247ca [CANDIDATE]: Term 1 pre-election: Requested pre-vote from peers 341db604d2bd4a66986f0bff0c974b87 (127.3.55.66:36403), da2d25ee91074358a9ae0ccd3fdde686 (127.3.55.67:35385)
I20260709 13:18:00.728344  3428 raft_consensus.cc:3060] T b3c967581aeb4b379d16af61a9735f42 P a9bbd40af32140e58e0ad25d902247ca [term 0 FOLLOWER]: Advancing to term 1
I20260709 13:18:00.734375  3503 raft_consensus.cc:2468] T b3c967581aeb4b379d16af61a9735f42 P 341db604d2bd4a66986f0bff0c974b87 [term 1 FOLLOWER]: Leader election vote request: Granting yes vote for candidate da2d25ee91074358a9ae0ccd3fdde686 in term 1.
I20260709 13:18:00.735755  3541 leader_election.cc:304] T b3c967581aeb4b379d16af61a9735f42 P da2d25ee91074358a9ae0ccd3fdde686 [CANDIDATE]: Term 1 election: Election decided. Result: candidate won. Election summary: received 2 responses out of 3 voters: 2 yes votes; 0 no votes. yes voters: 341db604d2bd4a66986f0bff0c974b87, da2d25ee91074358a9ae0ccd3fdde686; no voters: 
I20260709 13:18:00.736702  3651 raft_consensus.cc:2804] T b3c967581aeb4b379d16af61a9735f42 P da2d25ee91074358a9ae0ccd3fdde686 [term 1 FOLLOWER]: Leader election won for term 1
I20260709 13:18:00.737203  3651 raft_consensus.cc:697] T b3c967581aeb4b379d16af61a9735f42 P da2d25ee91074358a9ae0ccd3fdde686 [term 1 LEADER]: Becoming Leader. State: Replica: da2d25ee91074358a9ae0ccd3fdde686, State: Running, Role: LEADER
I20260709 13:18:00.737304  3652 raft_consensus.cc:515] T 26d39f9f04f74a1f9c4663703c38e6fc P a9bbd40af32140e58e0ad25d902247ca [term 1 FOLLOWER]: Starting leader election with config: opid_index: -1 OBSOLETE_local: false peers { permanent_uuid: "a9bbd40af32140e58e0ad25d902247ca" member_type: VOTER last_known_addr { host: "127.3.55.65" port: 34823 } } peers { permanent_uuid: "341db604d2bd4a66986f0bff0c974b87" member_type: VOTER last_known_addr { host: "127.3.55.66" port: 36403 } } peers { permanent_uuid: "da2d25ee91074358a9ae0ccd3fdde686" member_type: VOTER last_known_addr { host: "127.3.55.67" port: 35385 } }
I20260709 13:18:00.738121  3651 consensus_queue.cc:237] T b3c967581aeb4b379d16af61a9735f42 P da2d25ee91074358a9ae0ccd3fdde686 [LEADER]: Queue going to LEADER mode. State: All replicated index: 0, Majority replicated index: 0, Committed index: 0, Last appended: 0.0, Last appended by leader: 0, Current term: 1, Majority size: 2, State: 0, Mode: LEADER, active raft config: opid_index: -1 OBSOLETE_local: false peers { permanent_uuid: "a9bbd40af32140e58e0ad25d902247ca" member_type: VOTER last_known_addr { host: "127.3.55.65" port: 34823 } } peers { permanent_uuid: "341db604d2bd4a66986f0bff0c974b87" member_type: VOTER last_known_addr { host: "127.3.55.66" port: 36403 } } peers { permanent_uuid: "da2d25ee91074358a9ae0ccd3fdde686" member_type: VOTER last_known_addr { host: "127.3.55.67" port: 35385 } }
I20260709 13:18:00.740893  3503 tablet_service.cc:1917] Received RequestConsensusVote() RPC: tablet_id: "26d39f9f04f74a1f9c4663703c38e6fc" candidate_uuid: "a9bbd40af32140e58e0ad25d902247ca" candidate_term: 1 candidate_status { last_received { term: 0 index: 0 } } ignore_live_leader: false dest_uuid: "341db604d2bd4a66986f0bff0c974b87"
I20260709 13:18:00.741493  3428 raft_consensus.cc:2468] T b3c967581aeb4b379d16af61a9735f42 P a9bbd40af32140e58e0ad25d902247ca [term 1 FOLLOWER]: Leader election vote request: Granting yes vote for candidate da2d25ee91074358a9ae0ccd3fdde686 in term 1.
I20260709 13:18:00.743263  3576 tablet_service.cc:1917] Received RequestConsensusVote() RPC: tablet_id: "26d39f9f04f74a1f9c4663703c38e6fc" candidate_uuid: "a9bbd40af32140e58e0ad25d902247ca" candidate_term: 1 candidate_status { last_received { term: 0 index: 0 } } ignore_live_leader: false dest_uuid: "da2d25ee91074358a9ae0ccd3fdde686"
I20260709 13:18:00.743830  3576 raft_consensus.cc:3060] T 26d39f9f04f74a1f9c4663703c38e6fc P da2d25ee91074358a9ae0ccd3fdde686 [term 0 FOLLOWER]: Advancing to term 1
I20260709 13:18:00.752818  3576 raft_consensus.cc:2468] T 26d39f9f04f74a1f9c4663703c38e6fc P da2d25ee91074358a9ae0ccd3fdde686 [term 1 FOLLOWER]: Leader election vote request: Granting yes vote for candidate a9bbd40af32140e58e0ad25d902247ca in term 1.
I20260709 13:18:00.741554  3503 raft_consensus.cc:3060] T 26d39f9f04f74a1f9c4663703c38e6fc P 341db604d2bd4a66986f0bff0c974b87 [term 0 FOLLOWER]: Advancing to term 1
I20260709 13:18:00.761248  3394 leader_election.cc:304] T 26d39f9f04f74a1f9c4663703c38e6fc P a9bbd40af32140e58e0ad25d902247ca [CANDIDATE]: Term 1 election: Election decided. Result: candidate won. Election summary: received 2 responses out of 3 voters: 2 yes votes; 0 no votes. yes voters: a9bbd40af32140e58e0ad25d902247ca, da2d25ee91074358a9ae0ccd3fdde686; no voters: 
I20260709 13:18:00.765827  3627 raft_consensus.cc:2804] T 26d39f9f04f74a1f9c4663703c38e6fc P a9bbd40af32140e58e0ad25d902247ca [term 1 FOLLOWER]: Leader election won for term 1
I20260709 13:18:00.767158  3627 raft_consensus.cc:697] T 26d39f9f04f74a1f9c4663703c38e6fc P a9bbd40af32140e58e0ad25d902247ca [term 1 LEADER]: Becoming Leader. State: Replica: a9bbd40af32140e58e0ad25d902247ca, State: Running, Role: LEADER
I20260709 13:18:00.768584  3627 consensus_queue.cc:237] T 26d39f9f04f74a1f9c4663703c38e6fc P a9bbd40af32140e58e0ad25d902247ca [LEADER]: Queue going to LEADER mode. State: All replicated index: 0, Majority replicated index: 0, Committed index: 0, Last appended: 0.0, Last appended by leader: 0, Current term: 1, Majority size: 2, State: 0, Mode: LEADER, active raft config: opid_index: -1 OBSOLETE_local: false peers { permanent_uuid: "a9bbd40af32140e58e0ad25d902247ca" member_type: VOTER last_known_addr { host: "127.3.55.65" port: 34823 } } peers { permanent_uuid: "341db604d2bd4a66986f0bff0c974b87" member_type: VOTER last_known_addr { host: "127.3.55.66" port: 36403 } } peers { permanent_uuid: "da2d25ee91074358a9ae0ccd3fdde686" member_type: VOTER last_known_addr { host: "127.3.55.67" port: 35385 } }
I20260709 13:18:00.769433  3621 ts_tablet_manager.cc:1434] T b3c967581aeb4b379d16af61a9735f42 P a9bbd40af32140e58e0ad25d902247ca: Time spent starting tablet: real 0.066s	user 0.031s	sys 0.023s
I20260709 13:18:00.770171  3623 tablet_bootstrap.cc:492] T 1da52254d50c4ccaa33aa142a42115a9 P 341db604d2bd4a66986f0bff0c974b87: No bootstrap required, opened a new log
I20260709 13:18:00.770682  3623 ts_tablet_manager.cc:1403] T 1da52254d50c4ccaa33aa142a42115a9 P 341db604d2bd4a66986f0bff0c974b87: Time spent bootstrapping tablet: real 0.109s	user 0.010s	sys 0.008s
I20260709 13:18:00.771272  3621 tablet_bootstrap.cc:492] T 13c453a5be3748e28c651c48f8b524c9 P a9bbd40af32140e58e0ad25d902247ca: Bootstrap starting.
I20260709 13:18:00.755299  3652 leader_election.cc:290] T 26d39f9f04f74a1f9c4663703c38e6fc P a9bbd40af32140e58e0ad25d902247ca [CANDIDATE]: Term 1 election: Requested vote from peers 341db604d2bd4a66986f0bff0c974b87 (127.3.55.66:36403), da2d25ee91074358a9ae0ccd3fdde686 (127.3.55.67:35385)
I20260709 13:18:00.774535  3649 raft_consensus.cc:493] T 67fef8adaae9484e9427092e265ee456 P a9bbd40af32140e58e0ad25d902247ca [term 0 FOLLOWER]: Starting pre-election (no leader contacted us within the election timeout)
I20260709 13:18:00.759384  3323 catalog_manager.cc:5697] T b3c967581aeb4b379d16af61a9735f42 P da2d25ee91074358a9ae0ccd3fdde686 reported cstate change: term changed from 0 to 1, leader changed from <none> to da2d25ee91074358a9ae0ccd3fdde686 (127.3.55.67). New cstate: current_term: 1 leader_uuid: "da2d25ee91074358a9ae0ccd3fdde686" committed_config { opid_index: -1 OBSOLETE_local: false peers { permanent_uuid: "a9bbd40af32140e58e0ad25d902247ca" member_type: VOTER last_known_addr { host: "127.3.55.65" port: 34823 } health_report { overall_health: UNKNOWN } } peers { permanent_uuid: "341db604d2bd4a66986f0bff0c974b87" member_type: VOTER last_known_addr { host: "127.3.55.66" port: 36403 } health_report { overall_health: UNKNOWN } } peers { permanent_uuid: "da2d25ee91074358a9ae0ccd3fdde686" member_type: VOTER last_known_addr { host: "127.3.55.67" port: 35385 } health_report { overall_health: HEALTHY } } }
I20260709 13:18:00.776527  3623 raft_consensus.cc:359] T 1da52254d50c4ccaa33aa142a42115a9 P 341db604d2bd4a66986f0bff0c974b87 [term 0 FOLLOWER]: Replica starting. Triggering 0 pending ops. Active config: opid_index: -1 OBSOLETE_local: false peers { permanent_uuid: "a9bbd40af32140e58e0ad25d902247ca" member_type: VOTER last_known_addr { host: "127.3.55.65" port: 34823 } } peers { permanent_uuid: "341db604d2bd4a66986f0bff0c974b87" member_type: VOTER last_known_addr { host: "127.3.55.66" port: 36403 } } peers { permanent_uuid: "da2d25ee91074358a9ae0ccd3fdde686" member_type: VOTER last_known_addr { host: "127.3.55.67" port: 35385 } }
I20260709 13:18:00.776373  3649 raft_consensus.cc:515] T 67fef8adaae9484e9427092e265ee456 P a9bbd40af32140e58e0ad25d902247ca [term 0 FOLLOWER]: Starting pre-election with config: opid_index: -1 OBSOLETE_local: false peers { permanent_uuid: "a9bbd40af32140e58e0ad25d902247ca" member_type: VOTER last_known_addr { host: "127.3.55.65" port: 34823 } } peers { permanent_uuid: "341db604d2bd4a66986f0bff0c974b87" member_type: VOTER last_known_addr { host: "127.3.55.66" port: 36403 } } peers { permanent_uuid: "da2d25ee91074358a9ae0ccd3fdde686" member_type: VOTER last_known_addr { host: "127.3.55.67" port: 35385 } }
I20260709 13:18:00.777392  3623 raft_consensus.cc:385] T 1da52254d50c4ccaa33aa142a42115a9 P 341db604d2bd4a66986f0bff0c974b87 [term 0 FOLLOWER]: Consensus starting up: Expiring failure detector timer to make a prompt election more likely
I20260709 13:18:00.777779  3623 raft_consensus.cc:740] T 1da52254d50c4ccaa33aa142a42115a9 P 341db604d2bd4a66986f0bff0c974b87 [term 0 FOLLOWER]: Becoming Follower/Learner. State: Replica: 341db604d2bd4a66986f0bff0c974b87, State: Initialized, Role: FOLLOWER
I20260709 13:18:00.778529  3623 consensus_queue.cc:260] T 1da52254d50c4ccaa33aa142a42115a9 P 341db604d2bd4a66986f0bff0c974b87 [NON_LEADER]: Queue going to NON_LEADER mode. State: All replicated index: 0, Majority replicated index: 0, Committed index: 0, Last appended: 0.0, Last appended by leader: 0, Current term: 0, Majority size: -1, State: 0, Mode: NON_LEADER, active raft config: opid_index: -1 OBSOLETE_local: false peers { permanent_uuid: "a9bbd40af32140e58e0ad25d902247ca" member_type: VOTER last_known_addr { host: "127.3.55.65" port: 34823 } } peers { permanent_uuid: "341db604d2bd4a66986f0bff0c974b87" member_type: VOTER last_known_addr { host: "127.3.55.66" port: 36403 } } peers { permanent_uuid: "da2d25ee91074358a9ae0ccd3fdde686" member_type: VOTER last_known_addr { host: "127.3.55.67" port: 35385 } }
I20260709 13:18:00.781090  3623 ts_tablet_manager.cc:1434] T 1da52254d50c4ccaa33aa142a42115a9 P 341db604d2bd4a66986f0bff0c974b87: Time spent starting tablet: real 0.010s	user 0.006s	sys 0.002s
I20260709 13:18:00.784438  3623 tablet_bootstrap.cc:492] T 13c453a5be3748e28c651c48f8b524c9 P 341db604d2bd4a66986f0bff0c974b87: Bootstrap starting.
I20260709 13:18:00.784490  3502 tablet_service.cc:1917] Received RequestConsensusVote() RPC: tablet_id: "67fef8adaae9484e9427092e265ee456" candidate_uuid: "a9bbd40af32140e58e0ad25d902247ca" candidate_term: 1 candidate_status { last_received { term: 0 index: 0 } } ignore_live_leader: false dest_uuid: "341db604d2bd4a66986f0bff0c974b87" is_pre_election: true
I20260709 13:18:00.785475  3621 tablet_bootstrap.cc:654] T 13c453a5be3748e28c651c48f8b524c9 P a9bbd40af32140e58e0ad25d902247ca: Neither blocks nor log segments found. Creating new log.
I20260709 13:18:00.785585  3502 raft_consensus.cc:2393] T 67fef8adaae9484e9427092e265ee456 P 341db604d2bd4a66986f0bff0c974b87 [term 1 FOLLOWER]: Leader pre-election vote request: Denying vote to candidate a9bbd40af32140e58e0ad25d902247ca in current term 1: Already voted for candidate da2d25ee91074358a9ae0ccd3fdde686 in this term.
I20260709 13:18:00.790583  3576 tablet_service.cc:1917] Received RequestConsensusVote() RPC: tablet_id: "67fef8adaae9484e9427092e265ee456" candidate_uuid: "a9bbd40af32140e58e0ad25d902247ca" candidate_term: 1 candidate_status { last_received { term: 0 index: 0 } } ignore_live_leader: false dest_uuid: "da2d25ee91074358a9ae0ccd3fdde686" is_pre_election: true
I20260709 13:18:00.792833  3394 leader_election.cc:304] T 67fef8adaae9484e9427092e265ee456 P a9bbd40af32140e58e0ad25d902247ca [CANDIDATE]: Term 1 pre-election: Election decided. Result: candidate lost. Election summary: received 3 responses out of 3 voters: 1 yes votes; 2 no votes. yes voters: a9bbd40af32140e58e0ad25d902247ca; no voters: 341db604d2bd4a66986f0bff0c974b87, da2d25ee91074358a9ae0ccd3fdde686
I20260709 13:18:00.771986  3322 catalog_manager.cc:5697] T 1496220925374f5e958d636de42c03be P a9bbd40af32140e58e0ad25d902247ca reported cstate change: term changed from 0 to 1, leader changed from <none> to a9bbd40af32140e58e0ad25d902247ca (127.3.55.65). New cstate: current_term: 1 leader_uuid: "a9bbd40af32140e58e0ad25d902247ca" committed_config { opid_index: -1 OBSOLETE_local: false peers { permanent_uuid: "a9bbd40af32140e58e0ad25d902247ca" member_type: VOTER last_known_addr { host: "127.3.55.65" port: 34823 } health_report { overall_health: HEALTHY } } peers { permanent_uuid: "341db604d2bd4a66986f0bff0c974b87" member_type: VOTER last_known_addr { host: "127.3.55.66" port: 36403 } health_report { overall_health: UNKNOWN } } peers { permanent_uuid: "da2d25ee91074358a9ae0ccd3fdde686" member_type: VOTER last_known_addr { host: "127.3.55.67" port: 35385 } health_report { overall_health: UNKNOWN } } }
I20260709 13:18:00.793864  3649 leader_election.cc:290] T 67fef8adaae9484e9427092e265ee456 P a9bbd40af32140e58e0ad25d902247ca [CANDIDATE]: Term 1 pre-election: Requested pre-vote from peers 341db604d2bd4a66986f0bff0c974b87 (127.3.55.66:36403), da2d25ee91074358a9ae0ccd3fdde686 (127.3.55.67:35385)
I20260709 13:18:00.795424  3672 raft_consensus.cc:3060] T 67fef8adaae9484e9427092e265ee456 P a9bbd40af32140e58e0ad25d902247ca [term 0 FOLLOWER]: Advancing to term 1
I20260709 13:18:00.798794  3322 catalog_manager.cc:5697] T 1da52254d50c4ccaa33aa142a42115a9 P a9bbd40af32140e58e0ad25d902247ca reported cstate change: term changed from 0 to 1, leader changed from <none> to a9bbd40af32140e58e0ad25d902247ca (127.3.55.65). New cstate: current_term: 1 leader_uuid: "a9bbd40af32140e58e0ad25d902247ca" committed_config { opid_index: -1 OBSOLETE_local: false peers { permanent_uuid: "a9bbd40af32140e58e0ad25d902247ca" member_type: VOTER last_known_addr { host: "127.3.55.65" port: 34823 } health_report { overall_health: HEALTHY } } peers { permanent_uuid: "341db604d2bd4a66986f0bff0c974b87" member_type: VOTER last_known_addr { host: "127.3.55.66" port: 36403 } health_report { overall_health: UNKNOWN } } peers { permanent_uuid: "da2d25ee91074358a9ae0ccd3fdde686" member_type: VOTER last_known_addr { host: "127.3.55.67" port: 35385 } health_report { overall_health: UNKNOWN } } }
I20260709 13:18:00.801484  3621 tablet_bootstrap.cc:492] T 13c453a5be3748e28c651c48f8b524c9 P a9bbd40af32140e58e0ad25d902247ca: No bootstrap required, opened a new log
I20260709 13:18:00.802002  3621 ts_tablet_manager.cc:1403] T 13c453a5be3748e28c651c48f8b524c9 P a9bbd40af32140e58e0ad25d902247ca: Time spent bootstrapping tablet: real 0.031s	user 0.016s	sys 0.006s
I20260709 13:18:00.803869  3623 tablet_bootstrap.cc:654] T 13c453a5be3748e28c651c48f8b524c9 P 341db604d2bd4a66986f0bff0c974b87: Neither blocks nor log segments found. Creating new log.
I20260709 13:18:00.804438  3503 raft_consensus.cc:2468] T 26d39f9f04f74a1f9c4663703c38e6fc P 341db604d2bd4a66986f0bff0c974b87 [term 1 FOLLOWER]: Leader election vote request: Granting yes vote for candidate a9bbd40af32140e58e0ad25d902247ca in term 1.
I20260709 13:18:00.806332  3672 raft_consensus.cc:2749] T 67fef8adaae9484e9427092e265ee456 P a9bbd40af32140e58e0ad25d902247ca [term 1 FOLLOWER]: Leader pre-election lost for term 1. Reason: could not achieve majority
I20260709 13:18:00.809370  3651 raft_consensus.cc:493] T 1496220925374f5e958d636de42c03be P da2d25ee91074358a9ae0ccd3fdde686 [term 0 FOLLOWER]: Starting pre-election (no leader contacted us within the election timeout)
I20260709 13:18:00.809877  3651 raft_consensus.cc:515] T 1496220925374f5e958d636de42c03be P da2d25ee91074358a9ae0ccd3fdde686 [term 0 FOLLOWER]: Starting pre-election with config: opid_index: -1 OBSOLETE_local: false peers { permanent_uuid: "a9bbd40af32140e58e0ad25d902247ca" member_type: VOTER last_known_addr { host: "127.3.55.65" port: 34823 } } peers { permanent_uuid: "341db604d2bd4a66986f0bff0c974b87" member_type: VOTER last_known_addr { host: "127.3.55.66" port: 36403 } } peers { permanent_uuid: "da2d25ee91074358a9ae0ccd3fdde686" member_type: VOTER last_known_addr { host: "127.3.55.67" port: 35385 } }
I20260709 13:18:00.812040  3651 leader_election.cc:290] T 1496220925374f5e958d636de42c03be P da2d25ee91074358a9ae0ccd3fdde686 [CANDIDATE]: Term 1 pre-election: Requested pre-vote from peers a9bbd40af32140e58e0ad25d902247ca (127.3.55.65:34823), 341db604d2bd4a66986f0bff0c974b87 (127.3.55.66:36403)
I20260709 13:18:00.814478  3621 raft_consensus.cc:359] T 13c453a5be3748e28c651c48f8b524c9 P a9bbd40af32140e58e0ad25d902247ca [term 0 FOLLOWER]: Replica starting. Triggering 0 pending ops. Active config: opid_index: -1 OBSOLETE_local: false peers { permanent_uuid: "a9bbd40af32140e58e0ad25d902247ca" member_type: VOTER last_known_addr { host: "127.3.55.65" port: 34823 } } peers { permanent_uuid: "341db604d2bd4a66986f0bff0c974b87" member_type: VOTER last_known_addr { host: "127.3.55.66" port: 36403 } } peers { permanent_uuid: "da2d25ee91074358a9ae0ccd3fdde686" member_type: VOTER last_known_addr { host: "127.3.55.67" port: 35385 } }
I20260709 13:18:00.815578  3621 raft_consensus.cc:385] T 13c453a5be3748e28c651c48f8b524c9 P a9bbd40af32140e58e0ad25d902247ca [term 0 FOLLOWER]: Consensus starting up: Expiring failure detector timer to make a prompt election more likely
I20260709 13:18:00.815876  3621 raft_consensus.cc:740] T 13c453a5be3748e28c651c48f8b524c9 P a9bbd40af32140e58e0ad25d902247ca [term 0 FOLLOWER]: Becoming Follower/Learner. State: Replica: a9bbd40af32140e58e0ad25d902247ca, State: Initialized, Role: FOLLOWER
I20260709 13:18:00.815721  3428 tablet_service.cc:1917] Received RequestConsensusVote() RPC: tablet_id: "1496220925374f5e958d636de42c03be" candidate_uuid: "da2d25ee91074358a9ae0ccd3fdde686" candidate_term: 1 candidate_status { last_received { term: 0 index: 0 } } ignore_live_leader: false dest_uuid: "a9bbd40af32140e58e0ad25d902247ca" is_pre_election: true
I20260709 13:18:00.816655  3621 consensus_queue.cc:260] T 13c453a5be3748e28c651c48f8b524c9 P a9bbd40af32140e58e0ad25d902247ca [NON_LEADER]: Queue going to NON_LEADER mode. State: All replicated index: 0, Majority replicated index: 0, Committed index: 0, Last appended: 0.0, Last appended by leader: 0, Current term: 0, Majority size: -1, State: 0, Mode: NON_LEADER, active raft config: opid_index: -1 OBSOLETE_local: false peers { permanent_uuid: "a9bbd40af32140e58e0ad25d902247ca" member_type: VOTER last_known_addr { host: "127.3.55.65" port: 34823 } } peers { permanent_uuid: "341db604d2bd4a66986f0bff0c974b87" member_type: VOTER last_known_addr { host: "127.3.55.66" port: 36403 } } peers { permanent_uuid: "da2d25ee91074358a9ae0ccd3fdde686" member_type: VOTER last_known_addr { host: "127.3.55.67" port: 35385 } }
I20260709 13:18:00.818831  3621 ts_tablet_manager.cc:1434] T 13c453a5be3748e28c651c48f8b524c9 P a9bbd40af32140e58e0ad25d902247ca: Time spent starting tablet: real 0.017s	user 0.003s	sys 0.004s
I20260709 13:18:00.819741  3621 tablet_bootstrap.cc:492] T 4bdc4243669242999fb618b005a91236 P a9bbd40af32140e58e0ad25d902247ca: Bootstrap starting.
I20260709 13:18:00.825681  3649 consensus_queue.cc:1048] T 3623ccad8dcf4b21b1e9c9eb2fbe4b05 P a9bbd40af32140e58e0ad25d902247ca [LEADER]: Connected to new peer: Peer: permanent_uuid: "da2d25ee91074358a9ae0ccd3fdde686" member_type: VOTER last_known_addr { host: "127.3.55.67" port: 35385 }, Status: LMP_MISMATCH, Last received: 0.0, Next index: 1, Last known committed idx: 0, Time since last communication: 0.001s
I20260709 13:18:00.826450  3621 tablet_bootstrap.cc:654] T 4bdc4243669242999fb618b005a91236 P a9bbd40af32140e58e0ad25d902247ca: Neither blocks nor log segments found. Creating new log.
I20260709 13:18:00.844239  3621 tablet_bootstrap.cc:492] T 4bdc4243669242999fb618b005a91236 P a9bbd40af32140e58e0ad25d902247ca: No bootstrap required, opened a new log
I20260709 13:18:00.844753  3621 ts_tablet_manager.cc:1403] T 4bdc4243669242999fb618b005a91236 P a9bbd40af32140e58e0ad25d902247ca: Time spent bootstrapping tablet: real 0.025s	user 0.010s	sys 0.011s
I20260709 13:18:00.847584  3621 raft_consensus.cc:359] T 4bdc4243669242999fb618b005a91236 P a9bbd40af32140e58e0ad25d902247ca [term 0 FOLLOWER]: Replica starting. Triggering 0 pending ops. Active config: opid_index: -1 OBSOLETE_local: false peers { permanent_uuid: "a9bbd40af32140e58e0ad25d902247ca" member_type: VOTER last_known_addr { host: "127.3.55.65" port: 34823 } } peers { permanent_uuid: "341db604d2bd4a66986f0bff0c974b87" member_type: VOTER last_known_addr { host: "127.3.55.66" port: 36403 } } peers { permanent_uuid: "da2d25ee91074358a9ae0ccd3fdde686" member_type: VOTER last_known_addr { host: "127.3.55.67" port: 35385 } }
I20260709 13:18:00.848279  3621 raft_consensus.cc:385] T 4bdc4243669242999fb618b005a91236 P a9bbd40af32140e58e0ad25d902247ca [term 0 FOLLOWER]: Consensus starting up: Expiring failure detector timer to make a prompt election more likely
I20260709 13:18:00.848558  3621 raft_consensus.cc:740] T 4bdc4243669242999fb618b005a91236 P a9bbd40af32140e58e0ad25d902247ca [term 0 FOLLOWER]: Becoming Follower/Learner. State: Replica: a9bbd40af32140e58e0ad25d902247ca, State: Initialized, Role: FOLLOWER
I20260709 13:18:00.849341  3621 consensus_queue.cc:260] T 4bdc4243669242999fb618b005a91236 P a9bbd40af32140e58e0ad25d902247ca [NON_LEADER]: Queue going to NON_LEADER mode. State: All replicated index: 0, Majority replicated index: 0, Committed index: 0, Last appended: 0.0, Last appended by leader: 0, Current term: 0, Majority size: -1, State: 0, Mode: NON_LEADER, active raft config: opid_index: -1 OBSOLETE_local: false peers { permanent_uuid: "a9bbd40af32140e58e0ad25d902247ca" member_type: VOTER last_known_addr { host: "127.3.55.65" port: 34823 } } peers { permanent_uuid: "341db604d2bd4a66986f0bff0c974b87" member_type: VOTER last_known_addr { host: "127.3.55.66" port: 36403 } } peers { permanent_uuid: "da2d25ee91074358a9ae0ccd3fdde686" member_type: VOTER last_known_addr { host: "127.3.55.67" port: 35385 } }
I20260709 13:18:00.850615  3503 tablet_service.cc:1917] Received RequestConsensusVote() RPC: tablet_id: "1496220925374f5e958d636de42c03be" candidate_uuid: "da2d25ee91074358a9ae0ccd3fdde686" candidate_term: 1 candidate_status { last_received { term: 0 index: 0 } } ignore_live_leader: false dest_uuid: "341db604d2bd4a66986f0bff0c974b87" is_pre_election: true
I20260709 13:18:00.851465  3621 ts_tablet_manager.cc:1434] T 4bdc4243669242999fb618b005a91236 P a9bbd40af32140e58e0ad25d902247ca: Time spent starting tablet: real 0.006s	user 0.003s	sys 0.004s
I20260709 13:18:00.855506  3503 raft_consensus.cc:2393] T 1496220925374f5e958d636de42c03be P 341db604d2bd4a66986f0bff0c974b87 [term 1 FOLLOWER]: Leader pre-election vote request: Denying vote to candidate da2d25ee91074358a9ae0ccd3fdde686 in current term 1: Already voted for candidate a9bbd40af32140e58e0ad25d902247ca in this term.
I20260709 13:18:00.857148  3541 leader_election.cc:304] T 1496220925374f5e958d636de42c03be P da2d25ee91074358a9ae0ccd3fdde686 [CANDIDATE]: Term 1 pre-election: Election decided. Result: candidate lost. Election summary: received 3 responses out of 3 voters: 1 yes votes; 2 no votes. yes voters: da2d25ee91074358a9ae0ccd3fdde686; no voters: 341db604d2bd4a66986f0bff0c974b87, a9bbd40af32140e58e0ad25d902247ca
I20260709 13:18:00.858249  3651 raft_consensus.cc:3060] T 1496220925374f5e958d636de42c03be P da2d25ee91074358a9ae0ccd3fdde686 [term 0 FOLLOWER]: Advancing to term 1
I20260709 13:18:00.853307  3325 catalog_manager.cc:5697] T 26d39f9f04f74a1f9c4663703c38e6fc P a9bbd40af32140e58e0ad25d902247ca reported cstate change: term changed from 0 to 1, leader changed from <none> to a9bbd40af32140e58e0ad25d902247ca (127.3.55.65). New cstate: current_term: 1 leader_uuid: "a9bbd40af32140e58e0ad25d902247ca" committed_config { opid_index: -1 OBSOLETE_local: false peers { permanent_uuid: "a9bbd40af32140e58e0ad25d902247ca" member_type: VOTER last_known_addr { host: "127.3.55.65" port: 34823 } health_report { overall_health: HEALTHY } } peers { permanent_uuid: "341db604d2bd4a66986f0bff0c974b87" member_type: VOTER last_known_addr { host: "127.3.55.66" port: 36403 } health_report { overall_health: UNKNOWN } } peers { permanent_uuid: "da2d25ee91074358a9ae0ccd3fdde686" member_type: VOTER last_known_addr { host: "127.3.55.67" port: 35385 } health_report { overall_health: UNKNOWN } } }
I20260709 13:18:00.867805  3651 raft_consensus.cc:2749] T 1496220925374f5e958d636de42c03be P da2d25ee91074358a9ae0ccd3fdde686 [term 1 FOLLOWER]: Leader pre-election lost for term 1. Reason: could not achieve majority
I20260709 13:18:00.870994  3623 tablet_bootstrap.cc:492] T 13c453a5be3748e28c651c48f8b524c9 P 341db604d2bd4a66986f0bff0c974b87: No bootstrap required, opened a new log
I20260709 13:18:00.872073  3623 ts_tablet_manager.cc:1403] T 13c453a5be3748e28c651c48f8b524c9 P 341db604d2bd4a66986f0bff0c974b87: Time spent bootstrapping tablet: real 0.088s	user 0.019s	sys 0.020s
I20260709 13:18:00.875061  3623 raft_consensus.cc:359] T 13c453a5be3748e28c651c48f8b524c9 P 341db604d2bd4a66986f0bff0c974b87 [term 0 FOLLOWER]: Replica starting. Triggering 0 pending ops. Active config: opid_index: -1 OBSOLETE_local: false peers { permanent_uuid: "a9bbd40af32140e58e0ad25d902247ca" member_type: VOTER last_known_addr { host: "127.3.55.65" port: 34823 } } peers { permanent_uuid: "341db604d2bd4a66986f0bff0c974b87" member_type: VOTER last_known_addr { host: "127.3.55.66" port: 36403 } } peers { permanent_uuid: "da2d25ee91074358a9ae0ccd3fdde686" member_type: VOTER last_known_addr { host: "127.3.55.67" port: 35385 } }
I20260709 13:18:00.875836  3623 raft_consensus.cc:385] T 13c453a5be3748e28c651c48f8b524c9 P 341db604d2bd4a66986f0bff0c974b87 [term 0 FOLLOWER]: Consensus starting up: Expiring failure detector timer to make a prompt election more likely
I20260709 13:18:00.876196  3623 raft_consensus.cc:740] T 13c453a5be3748e28c651c48f8b524c9 P 341db604d2bd4a66986f0bff0c974b87 [term 0 FOLLOWER]: Becoming Follower/Learner. State: Replica: 341db604d2bd4a66986f0bff0c974b87, State: Initialized, Role: FOLLOWER
I20260709 13:18:00.877739  3623 consensus_queue.cc:260] T 13c453a5be3748e28c651c48f8b524c9 P 341db604d2bd4a66986f0bff0c974b87 [NON_LEADER]: Queue going to NON_LEADER mode. State: All replicated index: 0, Majority replicated index: 0, Committed index: 0, Last appended: 0.0, Last appended by leader: 0, Current term: 0, Majority size: -1, State: 0, Mode: NON_LEADER, active raft config: opid_index: -1 OBSOLETE_local: false peers { permanent_uuid: "a9bbd40af32140e58e0ad25d902247ca" member_type: VOTER last_known_addr { host: "127.3.55.65" port: 34823 } } peers { permanent_uuid: "341db604d2bd4a66986f0bff0c974b87" member_type: VOTER last_known_addr { host: "127.3.55.66" port: 36403 } } peers { permanent_uuid: "da2d25ee91074358a9ae0ccd3fdde686" member_type: VOTER last_known_addr { host: "127.3.55.67" port: 35385 } }
I20260709 13:18:00.889170  3623 ts_tablet_manager.cc:1434] T 13c453a5be3748e28c651c48f8b524c9 P 341db604d2bd4a66986f0bff0c974b87: Time spent starting tablet: real 0.017s	user 0.008s	sys 0.001s
I20260709 13:18:00.899935  3672 consensus_queue.cc:1048] T 3623ccad8dcf4b21b1e9c9eb2fbe4b05 P a9bbd40af32140e58e0ad25d902247ca [LEADER]: Connected to new peer: Peer: permanent_uuid: "341db604d2bd4a66986f0bff0c974b87" member_type: VOTER last_known_addr { host: "127.3.55.66" port: 36403 }, Status: LMP_MISMATCH, Last received: 0.0, Next index: 1, Last known committed idx: 0, Time since last communication: 0.002s
I20260709 13:18:00.919148  3651 raft_consensus.cc:493] T 4bdc4243669242999fb618b005a91236 P da2d25ee91074358a9ae0ccd3fdde686 [term 0 FOLLOWER]: Starting pre-election (no leader contacted us within the election timeout)
I20260709 13:18:00.919746  3651 raft_consensus.cc:515] T 4bdc4243669242999fb618b005a91236 P da2d25ee91074358a9ae0ccd3fdde686 [term 0 FOLLOWER]: Starting pre-election with config: opid_index: -1 OBSOLETE_local: false peers { permanent_uuid: "a9bbd40af32140e58e0ad25d902247ca" member_type: VOTER last_known_addr { host: "127.3.55.65" port: 34823 } } peers { permanent_uuid: "341db604d2bd4a66986f0bff0c974b87" member_type: VOTER last_known_addr { host: "127.3.55.66" port: 36403 } } peers { permanent_uuid: "da2d25ee91074358a9ae0ccd3fdde686" member_type: VOTER last_known_addr { host: "127.3.55.67" port: 35385 } }
I20260709 13:18:00.921993  3651 leader_election.cc:290] T 4bdc4243669242999fb618b005a91236 P da2d25ee91074358a9ae0ccd3fdde686 [CANDIDATE]: Term 1 pre-election: Requested pre-vote from peers a9bbd40af32140e58e0ad25d902247ca (127.3.55.65:34823), 341db604d2bd4a66986f0bff0c974b87 (127.3.55.66:36403)
I20260709 13:18:00.922935  3428 tablet_service.cc:1917] Received RequestConsensusVote() RPC: tablet_id: "4bdc4243669242999fb618b005a91236" candidate_uuid: "da2d25ee91074358a9ae0ccd3fdde686" candidate_term: 1 candidate_status { last_received { term: 0 index: 0 } } ignore_live_leader: false dest_uuid: "a9bbd40af32140e58e0ad25d902247ca" is_pre_election: true
I20260709 13:18:00.923550  3503 tablet_service.cc:1917] Received RequestConsensusVote() RPC: tablet_id: "4bdc4243669242999fb618b005a91236" candidate_uuid: "da2d25ee91074358a9ae0ccd3fdde686" candidate_term: 1 candidate_status { last_received { term: 0 index: 0 } } ignore_live_leader: false dest_uuid: "341db604d2bd4a66986f0bff0c974b87" is_pre_election: true
I20260709 13:18:00.923710  3428 raft_consensus.cc:2468] T 4bdc4243669242999fb618b005a91236 P a9bbd40af32140e58e0ad25d902247ca [term 0 FOLLOWER]: Leader pre-election vote request: Granting yes vote for candidate da2d25ee91074358a9ae0ccd3fdde686 in term 0.
I20260709 13:18:00.924175  3503 raft_consensus.cc:2468] T 4bdc4243669242999fb618b005a91236 P 341db604d2bd4a66986f0bff0c974b87 [term 0 FOLLOWER]: Leader pre-election vote request: Granting yes vote for candidate da2d25ee91074358a9ae0ccd3fdde686 in term 0.
