I20260709 13:18:00.025859  3623 raft_consensus.cc:740] T 4bdc4243669242999fb618b005a91236 P 341db604d2bd4a66986f0bff0c974b87 [term 0 FOLLOWER]: Becoming Follower/Learner. State: Replica: 341db604d2bd4a66986f0bff0c974b87, State: Initialized, Role: FOLLOWER
I20260709 13:18:00.026834  3623 consensus_queue.cc:260] T 4bdc4243669242999fb618b005a91236 P 341db604d2bd4a66986f0bff0c974b87 [NON_LEADER]: Queue going to NON_LEADER mode. State: All replicated index: 0, Majority replicated index: 0, Committed index: 0, Last appended: 0.0, Last appended by leader: 0, Current term: 0, Majority size: -1, State: 0, Mode: NON_LEADER, active raft config: opid_index: -1 OBSOLETE_local: false peers { permanent_uuid: "a9bbd40af32140e58e0ad25d902247ca" member_type: VOTER last_known_addr { host: "127.3.55.65" port: 34823 } } peers { permanent_uuid: "341db604d2bd4a66986f0bff0c974b87" member_type: VOTER last_known_addr { host: "127.3.55.66" port: 36403 } } peers { permanent_uuid: "da2d25ee91074358a9ae0ccd3fdde686" member_type: VOTER last_known_addr { host: "127.3.55.67" port: 35385 } }
I20260709 13:18:00.032968  3620 tablet_bootstrap.cc:654] T 13c453a5be3748e28c651c48f8b524c9 P da2d25ee91074358a9ae0ccd3fdde686: Neither blocks nor log segments found. Creating new log.
I20260709 13:18:00.046298  3621 ts_tablet_manager.cc:1434] T 1496220925374f5e958d636de42c03be P a9bbd40af32140e58e0ad25d902247ca: Time spent starting tablet: real 0.043s	user 0.020s	sys 0.000s
I20260709 13:18:00.048043  3621 tablet_bootstrap.cc:492] T 3623ccad8dcf4b21b1e9c9eb2fbe4b05 P a9bbd40af32140e58e0ad25d902247ca: Bootstrap starting.
I20260709 13:18:00.052870  3620 tablet_bootstrap.cc:492] T 13c453a5be3748e28c651c48f8b524c9 P da2d25ee91074358a9ae0ccd3fdde686: No bootstrap required, opened a new log
I20260709 13:18:00.057379  3620 ts_tablet_manager.cc:1403] T 13c453a5be3748e28c651c48f8b524c9 P da2d25ee91074358a9ae0ccd3fdde686: Time spent bootstrapping tablet: real 0.054s	user 0.021s	sys 0.007s
I20260709 13:18:00.060896  3620 raft_consensus.cc:359] T 13c453a5be3748e28c651c48f8b524c9 P da2d25ee91074358a9ae0ccd3fdde686 [term 0 FOLLOWER]: Replica starting. Triggering 0 pending ops. Active config: opid_index: -1 OBSOLETE_local: false peers { permanent_uuid: "a9bbd40af32140e58e0ad25d902247ca" member_type: VOTER last_known_addr { host: "127.3.55.65" port: 34823 } } peers { permanent_uuid: "341db604d2bd4a66986f0bff0c974b87" member_type: VOTER last_known_addr { host: "127.3.55.66" port: 36403 } } peers { permanent_uuid: "da2d25ee91074358a9ae0ccd3fdde686" member_type: VOTER last_known_addr { host: "127.3.55.67" port: 35385 } }
I20260709 13:18:00.061769  3620 raft_consensus.cc:385] T 13c453a5be3748e28c651c48f8b524c9 P da2d25ee91074358a9ae0ccd3fdde686 [term 0 FOLLOWER]: Consensus starting up: Expiring failure detector timer to make a prompt election more likely
I20260709 13:18:00.062108  3620 raft_consensus.cc:740] T 13c453a5be3748e28c651c48f8b524c9 P da2d25ee91074358a9ae0ccd3fdde686 [term 0 FOLLOWER]: Becoming Follower/Learner. State: Replica: da2d25ee91074358a9ae0ccd3fdde686, State: Initialized, Role: FOLLOWER
I20260709 13:18:00.062883  3620 consensus_queue.cc:260] T 13c453a5be3748e28c651c48f8b524c9 P da2d25ee91074358a9ae0ccd3fdde686 [NON_LEADER]: Queue going to NON_LEADER mode. State: All replicated index: 0, Majority replicated index: 0, Committed index: 0, Last appended: 0.0, Last appended by leader: 0, Current term: 0, Majority size: -1, State: 0, Mode: NON_LEADER, active raft config: opid_index: -1 OBSOLETE_local: false peers { permanent_uuid: "a9bbd40af32140e58e0ad25d902247ca" member_type: VOTER last_known_addr { host: "127.3.55.65" port: 34823 } } peers { permanent_uuid: "341db604d2bd4a66986f0bff0c974b87" member_type: VOTER last_known_addr { host: "127.3.55.66" port: 36403 } } peers { permanent_uuid: "da2d25ee91074358a9ae0ccd3fdde686" member_type: VOTER last_known_addr { host: "127.3.55.67" port: 35385 } }
I20260709 13:18:00.068140  3620 ts_tablet_manager.cc:1434] T 13c453a5be3748e28c651c48f8b524c9 P da2d25ee91074358a9ae0ccd3fdde686: Time spent starting tablet: real 0.010s	user 0.003s	sys 0.003s
I20260709 13:18:00.069114  3620 tablet_bootstrap.cc:492] T 26d39f9f04f74a1f9c4663703c38e6fc P da2d25ee91074358a9ae0ccd3fdde686: Bootstrap starting.
I20260709 13:18:00.075875  3620 tablet_bootstrap.cc:654] T 26d39f9f04f74a1f9c4663703c38e6fc P da2d25ee91074358a9ae0ccd3fdde686: Neither blocks nor log segments found. Creating new log.
I20260709 13:18:00.093335  3528 heartbeater.cc:499] Master 127.3.55.126:35013 was elected leader, sending a full tablet report...
I20260709 13:18:00.093925  3623 ts_tablet_manager.cc:1434] T 4bdc4243669242999fb618b005a91236 P 341db604d2bd4a66986f0bff0c974b87: Time spent starting tablet: real 0.076s	user 0.037s	sys 0.035s
I20260709 13:18:00.094992  3623 tablet_bootstrap.cc:492] T 3623ccad8dcf4b21b1e9c9eb2fbe4b05 P 341db604d2bd4a66986f0bff0c974b87: Bootstrap starting.
I20260709 13:18:00.096346  3620 tablet_bootstrap.cc:492] T 26d39f9f04f74a1f9c4663703c38e6fc P da2d25ee91074358a9ae0ccd3fdde686: No bootstrap required, opened a new log
I20260709 13:18:00.096812  3620 ts_tablet_manager.cc:1403] T 26d39f9f04f74a1f9c4663703c38e6fc P da2d25ee91074358a9ae0ccd3fdde686: Time spent bootstrapping tablet: real 0.028s	user 0.011s	sys 0.011s
I20260709 13:18:00.099929  3620 raft_consensus.cc:359] T 26d39f9f04f74a1f9c4663703c38e6fc P da2d25ee91074358a9ae0ccd3fdde686 [term 0 FOLLOWER]: Replica starting. Triggering 0 pending ops. Active config: opid_index: -1 OBSOLETE_local: false peers { permanent_uuid: "a9bbd40af32140e58e0ad25d902247ca" member_type: VOTER last_known_addr { host: "127.3.55.65" port: 34823 } } peers { permanent_uuid: "341db604d2bd4a66986f0bff0c974b87" member_type: VOTER last_known_addr { host: "127.3.55.66" port: 36403 } } peers { permanent_uuid: "da2d25ee91074358a9ae0ccd3fdde686" member_type: VOTER last_known_addr { host: "127.3.55.67" port: 35385 } }
I20260709 13:18:00.100700  3620 raft_consensus.cc:385] T 26d39f9f04f74a1f9c4663703c38e6fc P da2d25ee91074358a9ae0ccd3fdde686 [term 0 FOLLOWER]: Consensus starting up: Expiring failure detector timer to make a prompt election more likely
I20260709 13:18:00.101030  3620 raft_consensus.cc:740] T 26d39f9f04f74a1f9c4663703c38e6fc P da2d25ee91074358a9ae0ccd3fdde686 [term 0 FOLLOWER]: Becoming Follower/Learner. State: Replica: da2d25ee91074358a9ae0ccd3fdde686, State: Initialized, Role: FOLLOWER
I20260709 13:18:00.101989  3620 consensus_queue.cc:260] T 26d39f9f04f74a1f9c4663703c38e6fc P da2d25ee91074358a9ae0ccd3fdde686 [NON_LEADER]: Queue going to NON_LEADER mode. State: All replicated index: 0, Majority replicated index: 0, Committed index: 0, Last appended: 0.0, Last appended by leader: 0, Current term: 0, Majority size: -1, State: 0, Mode: NON_LEADER, active raft config: opid_index: -1 OBSOLETE_local: false peers { permanent_uuid: "a9bbd40af32140e58e0ad25d902247ca" member_type: VOTER last_known_addr { host: "127.3.55.65" port: 34823 } } peers { permanent_uuid: "341db604d2bd4a66986f0bff0c974b87" member_type: VOTER last_known_addr { host: "127.3.55.66" port: 36403 } } peers { permanent_uuid: "da2d25ee91074358a9ae0ccd3fdde686" member_type: VOTER last_known_addr { host: "127.3.55.67" port: 35385 } }
I20260709 13:18:00.106767  3623 tablet_bootstrap.cc:654] T 3623ccad8dcf4b21b1e9c9eb2fbe4b05 P 341db604d2bd4a66986f0bff0c974b87: Neither blocks nor log segments found. Creating new log.
I20260709 13:18:00.107275  3620 ts_tablet_manager.cc:1434] T 26d39f9f04f74a1f9c4663703c38e6fc P da2d25ee91074358a9ae0ccd3fdde686: Time spent starting tablet: real 0.010s	user 0.000s	sys 0.008s
I20260709 13:18:00.107365  3621 tablet_bootstrap.cc:654] T 3623ccad8dcf4b21b1e9c9eb2fbe4b05 P a9bbd40af32140e58e0ad25d902247ca: Neither blocks nor log segments found. Creating new log.
I20260709 13:18:00.108469  3620 tablet_bootstrap.cc:492] T f8d3ce718cea45a48b5aef048ad4deee P da2d25ee91074358a9ae0ccd3fdde686: Bootstrap starting.
I20260709 13:18:00.116313  3620 tablet_bootstrap.cc:654] T f8d3ce718cea45a48b5aef048ad4deee P da2d25ee91074358a9ae0ccd3fdde686: Neither blocks nor log segments found. Creating new log.
I20260709 13:18:00.120175  3623 tablet_bootstrap.cc:492] T 3623ccad8dcf4b21b1e9c9eb2fbe4b05 P 341db604d2bd4a66986f0bff0c974b87: No bootstrap required, opened a new log
I20260709 13:18:00.120683  3623 ts_tablet_manager.cc:1403] T 3623ccad8dcf4b21b1e9c9eb2fbe4b05 P 341db604d2bd4a66986f0bff0c974b87: Time spent bootstrapping tablet: real 0.026s	user 0.018s	sys 0.000s
I20260709 13:18:00.123723  3623 raft_consensus.cc:359] T 3623ccad8dcf4b21b1e9c9eb2fbe4b05 P 341db604d2bd4a66986f0bff0c974b87 [term 0 FOLLOWER]: Replica starting. Triggering 0 pending ops. Active config: opid_index: -1 OBSOLETE_local: false peers { permanent_uuid: "a9bbd40af32140e58e0ad25d902247ca" member_type: VOTER last_known_addr { host: "127.3.55.65" port: 34823 } } peers { permanent_uuid: "341db604d2bd4a66986f0bff0c974b87" member_type: VOTER last_known_addr { host: "127.3.55.66" port: 36403 } } peers { permanent_uuid: "da2d25ee91074358a9ae0ccd3fdde686" member_type: VOTER last_known_addr { host: "127.3.55.67" port: 35385 } }
I20260709 13:18:00.124696  3623 raft_consensus.cc:385] T 3623ccad8dcf4b21b1e9c9eb2fbe4b05 P 341db604d2bd4a66986f0bff0c974b87 [term 0 FOLLOWER]: Consensus starting up: Expiring failure detector timer to make a prompt election more likely
I20260709 13:18:00.125010  3623 raft_consensus.cc:740] T 3623ccad8dcf4b21b1e9c9eb2fbe4b05 P 341db604d2bd4a66986f0bff0c974b87 [term 0 FOLLOWER]: Becoming Follower/Learner. State: Replica: 341db604d2bd4a66986f0bff0c974b87, State: Initialized, Role: FOLLOWER
I20260709 13:18:00.126631  3623 consensus_queue.cc:260] T 3623ccad8dcf4b21b1e9c9eb2fbe4b05 P 341db604d2bd4a66986f0bff0c974b87 [NON_LEADER]: Queue going to NON_LEADER mode. State: All replicated index: 0, Majority replicated index: 0, Committed index: 0, Last appended: 0.0, Last appended by leader: 0, Current term: 0, Majority size: -1, State: 0, Mode: NON_LEADER, active raft config: opid_index: -1 OBSOLETE_local: false peers { permanent_uuid: "a9bbd40af32140e58e0ad25d902247ca" member_type: VOTER last_known_addr { host: "127.3.55.65" port: 34823 } } peers { permanent_uuid: "341db604d2bd4a66986f0bff0c974b87" member_type: VOTER last_known_addr { host: "127.3.55.66" port: 36403 } } peers { permanent_uuid: "da2d25ee91074358a9ae0ccd3fdde686" member_type: VOTER last_known_addr { host: "127.3.55.67" port: 35385 } }
I20260709 13:18:00.129130  3623 ts_tablet_manager.cc:1434] T 3623ccad8dcf4b21b1e9c9eb2fbe4b05 P 341db604d2bd4a66986f0bff0c974b87: Time spent starting tablet: real 0.008s	user 0.007s	sys 0.000s
I20260709 13:18:00.130700  3623 tablet_bootstrap.cc:492] T 67fef8adaae9484e9427092e265ee456 P 341db604d2bd4a66986f0bff0c974b87: Bootstrap starting.
I20260709 13:18:00.131758  3621 tablet_bootstrap.cc:492] T 3623ccad8dcf4b21b1e9c9eb2fbe4b05 P a9bbd40af32140e58e0ad25d902247ca: No bootstrap required, opened a new log
I20260709 13:18:00.132306  3621 ts_tablet_manager.cc:1403] T 3623ccad8dcf4b21b1e9c9eb2fbe4b05 P a9bbd40af32140e58e0ad25d902247ca: Time spent bootstrapping tablet: real 0.085s	user 0.011s	sys 0.006s
I20260709 13:18:00.133366  3625 raft_consensus.cc:493] T 26d39f9f04f74a1f9c4663703c38e6fc P da2d25ee91074358a9ae0ccd3fdde686 [term 0 FOLLOWER]: Starting pre-election (no leader contacted us within the election timeout)
I20260709 13:18:00.133929  3625 raft_consensus.cc:515] T 26d39f9f04f74a1f9c4663703c38e6fc P da2d25ee91074358a9ae0ccd3fdde686 [term 0 FOLLOWER]: Starting pre-election with config: opid_index: -1 OBSOLETE_local: false peers { permanent_uuid: "a9bbd40af32140e58e0ad25d902247ca" member_type: VOTER last_known_addr { host: "127.3.55.65" port: 34823 } } peers { permanent_uuid: "341db604d2bd4a66986f0bff0c974b87" member_type: VOTER last_known_addr { host: "127.3.55.66" port: 36403 } } peers { permanent_uuid: "da2d25ee91074358a9ae0ccd3fdde686" member_type: VOTER last_known_addr { host: "127.3.55.67" port: 35385 } }
I20260709 13:18:00.136117  3621 raft_consensus.cc:359] T 3623ccad8dcf4b21b1e9c9eb2fbe4b05 P a9bbd40af32140e58e0ad25d902247ca [term 0 FOLLOWER]: Replica starting. Triggering 0 pending ops. Active config: opid_index: -1 OBSOLETE_local: false peers { permanent_uuid: "a9bbd40af32140e58e0ad25d902247ca" member_type: VOTER last_known_addr { host: "127.3.55.65" port: 34823 } } peers { permanent_uuid: "341db604d2bd4a66986f0bff0c974b87" member_type: VOTER last_known_addr { host: "127.3.55.66" port: 36403 } } peers { permanent_uuid: "da2d25ee91074358a9ae0ccd3fdde686" member_type: VOTER last_known_addr { host: "127.3.55.67" port: 35385 } }
I20260709 13:18:00.137318  3625 leader_election.cc:290] T 26d39f9f04f74a1f9c4663703c38e6fc P da2d25ee91074358a9ae0ccd3fdde686 [CANDIDATE]: Term 1 pre-election: Requested pre-vote from peers a9bbd40af32140e58e0ad25d902247ca (127.3.55.65:34823), 341db604d2bd4a66986f0bff0c974b87 (127.3.55.66:36403)
I20260709 13:18:00.144656  3621 raft_consensus.cc:385] T 3623ccad8dcf4b21b1e9c9eb2fbe4b05 P a9bbd40af32140e58e0ad25d902247ca [term 0 FOLLOWER]: Consensus starting up: Expiring failure detector timer to make a prompt election more likely
I20260709 13:18:00.144842  3620 tablet_bootstrap.cc:492] T f8d3ce718cea45a48b5aef048ad4deee P da2d25ee91074358a9ae0ccd3fdde686: No bootstrap required, opened a new log
I20260709 13:18:00.145108  3621 raft_consensus.cc:740] T 3623ccad8dcf4b21b1e9c9eb2fbe4b05 P a9bbd40af32140e58e0ad25d902247ca [term 0 FOLLOWER]: Becoming Follower/Learner. State: Replica: a9bbd40af32140e58e0ad25d902247ca, State: Initialized, Role: FOLLOWER
I20260709 13:18:00.145413  3620 ts_tablet_manager.cc:1403] T f8d3ce718cea45a48b5aef048ad4deee P da2d25ee91074358a9ae0ccd3fdde686: Time spent bootstrapping tablet: real 0.037s	user 0.014s	sys 0.019s
I20260709 13:18:00.146242  3621 consensus_queue.cc:260] T 3623ccad8dcf4b21b1e9c9eb2fbe4b05 P a9bbd40af32140e58e0ad25d902247ca [NON_LEADER]: Queue going to NON_LEADER mode. State: All replicated index: 0, Majority replicated index: 0, Committed index: 0, Last appended: 0.0, Last appended by leader: 0, Current term: 0, Majority size: -1, State: 0, Mode: NON_LEADER, active raft config: opid_index: -1 OBSOLETE_local: false peers { permanent_uuid: "a9bbd40af32140e58e0ad25d902247ca" member_type: VOTER last_known_addr { host: "127.3.55.65" port: 34823 } } peers { permanent_uuid: "341db604d2bd4a66986f0bff0c974b87" member_type: VOTER last_known_addr { host: "127.3.55.66" port: 36403 } } peers { permanent_uuid: "da2d25ee91074358a9ae0ccd3fdde686" member_type: VOTER last_known_addr { host: "127.3.55.67" port: 35385 } }
I20260709 13:18:00.148849  3620 raft_consensus.cc:359] T f8d3ce718cea45a48b5aef048ad4deee P da2d25ee91074358a9ae0ccd3fdde686 [term 0 FOLLOWER]: Replica starting. Triggering 0 pending ops. Active config: opid_index: -1 OBSOLETE_local: false peers { permanent_uuid: "a9bbd40af32140e58e0ad25d902247ca" member_type: VOTER last_known_addr { host: "127.3.55.65" port: 34823 } } peers { permanent_uuid: "341db604d2bd4a66986f0bff0c974b87" member_type: VOTER last_known_addr { host: "127.3.55.66" port: 36403 } } peers { permanent_uuid: "da2d25ee91074358a9ae0ccd3fdde686" member_type: VOTER last_known_addr { host: "127.3.55.67" port: 35385 } }
I20260709 13:18:00.149880  3620 raft_consensus.cc:385] T f8d3ce718cea45a48b5aef048ad4deee P da2d25ee91074358a9ae0ccd3fdde686 [term 0 FOLLOWER]: Consensus starting up: Expiring failure detector timer to make a prompt election more likely
I20260709 13:18:00.150285  3620 raft_consensus.cc:740] T f8d3ce718cea45a48b5aef048ad4deee P da2d25ee91074358a9ae0ccd3fdde686 [term 0 FOLLOWER]: Becoming Follower/Learner. State: Replica: da2d25ee91074358a9ae0ccd3fdde686, State: Initialized, Role: FOLLOWER
I20260709 13:18:00.143894  3623 tablet_bootstrap.cc:654] T 67fef8adaae9484e9427092e265ee456 P 341db604d2bd4a66986f0bff0c974b87: Neither blocks nor log segments found. Creating new log.
I20260709 13:18:00.151613  3621 ts_tablet_manager.cc:1434] T 3623ccad8dcf4b21b1e9c9eb2fbe4b05 P a9bbd40af32140e58e0ad25d902247ca: Time spent starting tablet: real 0.019s	user 0.000s	sys 0.007s
I20260709 13:18:00.151363  3620 consensus_queue.cc:260] T f8d3ce718cea45a48b5aef048ad4deee P da2d25ee91074358a9ae0ccd3fdde686 [NON_LEADER]: Queue going to NON_LEADER mode. State: All replicated index: 0, Majority replicated index: 0, Committed index: 0, Last appended: 0.0, Last appended by leader: 0, Current term: 0, Majority size: -1, State: 0, Mode: NON_LEADER, active raft config: opid_index: -1 OBSOLETE_local: false peers { permanent_uuid: "a9bbd40af32140e58e0ad25d902247ca" member_type: VOTER last_known_addr { host: "127.3.55.65" port: 34823 } } peers { permanent_uuid: "341db604d2bd4a66986f0bff0c974b87" member_type: VOTER last_known_addr { host: "127.3.55.66" port: 36403 } } peers { permanent_uuid: "da2d25ee91074358a9ae0ccd3fdde686" member_type: VOTER last_known_addr { host: "127.3.55.67" port: 35385 } }
I20260709 13:18:00.156787  3620 ts_tablet_manager.cc:1434] T f8d3ce718cea45a48b5aef048ad4deee P da2d25ee91074358a9ae0ccd3fdde686: Time spent starting tablet: real 0.011s	user 0.007s	sys 0.000s
I20260709 13:18:00.157886  3620 tablet_bootstrap.cc:492] T b3c967581aeb4b379d16af61a9735f42 P da2d25ee91074358a9ae0ccd3fdde686: Bootstrap starting.
I20260709 13:18:00.158253  3621 tablet_bootstrap.cc:492] T f8d3ce718cea45a48b5aef048ad4deee P a9bbd40af32140e58e0ad25d902247ca: Bootstrap starting.
W20260709 13:18:00.161405  3603 tablet.cc:2406] T 13c453a5be3748e28c651c48f8b524c9 P da2d25ee91074358a9ae0ccd3fdde686: Can't schedule compaction. Clean time has not been advanced past its initial value.
I20260709 13:18:00.165040  3620 tablet_bootstrap.cc:654] T b3c967581aeb4b379d16af61a9735f42 P da2d25ee91074358a9ae0ccd3fdde686: Neither blocks nor log segments found. Creating new log.
I20260709 13:18:00.169052  3621 tablet_bootstrap.cc:654] T f8d3ce718cea45a48b5aef048ad4deee P a9bbd40af32140e58e0ad25d902247ca: Neither blocks nor log segments found. Creating new log.
I20260709 13:18:00.185402  3627 raft_consensus.cc:493] T 3623ccad8dcf4b21b1e9c9eb2fbe4b05 P a9bbd40af32140e58e0ad25d902247ca [term 0 FOLLOWER]: Starting pre-election (no leader contacted us within the election timeout)
I20260709 13:18:00.186192  3627 raft_consensus.cc:515] T 3623ccad8dcf4b21b1e9c9eb2fbe4b05 P a9bbd40af32140e58e0ad25d902247ca [term 0 FOLLOWER]: Starting pre-election with config: opid_index: -1 OBSOLETE_local: false peers { permanent_uuid: "a9bbd40af32140e58e0ad25d902247ca" member_type: VOTER last_known_addr { host: "127.3.55.65" port: 34823 } } peers { permanent_uuid: "341db604d2bd4a66986f0bff0c974b87" member_type: VOTER last_known_addr { host: "127.3.55.66" port: 36403 } } peers { permanent_uuid: "da2d25ee91074358a9ae0ccd3fdde686" member_type: VOTER last_known_addr { host: "127.3.55.67" port: 35385 } }
I20260709 13:18:00.187522  3428 tablet_service.cc:1917] Received RequestConsensusVote() RPC: tablet_id: "26d39f9f04f74a1f9c4663703c38e6fc" candidate_uuid: "da2d25ee91074358a9ae0ccd3fdde686" candidate_term: 1 candidate_status { last_received { term: 0 index: 0 } } ignore_live_leader: false dest_uuid: "a9bbd40af32140e58e0ad25d902247ca" is_pre_election: true
I20260709 13:18:00.189870  3627 leader_election.cc:290] T 3623ccad8dcf4b21b1e9c9eb2fbe4b05 P a9bbd40af32140e58e0ad25d902247ca [CANDIDATE]: Term 1 pre-election: Requested pre-vote from peers 341db604d2bd4a66986f0bff0c974b87 (127.3.55.66:36403), da2d25ee91074358a9ae0ccd3fdde686 (127.3.55.67:35385)
W20260709 13:18:00.193104  3541 leader_election.cc:343] T 26d39f9f04f74a1f9c4663703c38e6fc P da2d25ee91074358a9ae0ccd3fdde686 [CANDIDATE]: Term 1 pre-election: Tablet error from VoteRequest() call to peer a9bbd40af32140e58e0ad25d902247ca (127.3.55.65:34823): Illegal state: must be running to vote when last-logged opid is not known
I20260709 13:18:00.199654  3623 tablet_bootstrap.cc:492] T 67fef8adaae9484e9427092e265ee456 P 341db604d2bd4a66986f0bff0c974b87: No bootstrap required, opened a new log
I20260709 13:18:00.203187  3623 ts_tablet_manager.cc:1403] T 67fef8adaae9484e9427092e265ee456 P 341db604d2bd4a66986f0bff0c974b87: Time spent bootstrapping tablet: real 0.073s	user 0.011s	sys 0.018s
I20260709 13:18:00.200471  3621 tablet_bootstrap.cc:492] T f8d3ce718cea45a48b5aef048ad4deee P a9bbd40af32140e58e0ad25d902247ca: No bootstrap required, opened a new log
I20260709 13:18:00.206252  3621 ts_tablet_manager.cc:1403] T f8d3ce718cea45a48b5aef048ad4deee P a9bbd40af32140e58e0ad25d902247ca: Time spent bootstrapping tablet: real 0.048s	user 0.005s	sys 0.017s
I20260709 13:18:00.216835  3620 tablet_bootstrap.cc:492] T b3c967581aeb4b379d16af61a9735f42 P da2d25ee91074358a9ae0ccd3fdde686: No bootstrap required, opened a new log
I20260709 13:18:00.217520  3620 ts_tablet_manager.cc:1403] T b3c967581aeb4b379d16af61a9735f42 P da2d25ee91074358a9ae0ccd3fdde686: Time spent bootstrapping tablet: real 0.060s	user 0.011s	sys 0.003s
I20260709 13:18:00.217552  3623 raft_consensus.cc:359] T 67fef8adaae9484e9427092e265ee456 P 341db604d2bd4a66986f0bff0c974b87 [term 0 FOLLOWER]: Replica starting. Triggering 0 pending ops. Active config: opid_index: -1 OBSOLETE_local: false peers { permanent_uuid: "a9bbd40af32140e58e0ad25d902247ca" member_type: VOTER last_known_addr { host: "127.3.55.65" port: 34823 } } peers { permanent_uuid: "341db604d2bd4a66986f0bff0c974b87" member_type: VOTER last_known_addr { host: "127.3.55.66" port: 36403 } } peers { permanent_uuid: "da2d25ee91074358a9ae0ccd3fdde686" member_type: VOTER last_known_addr { host: "127.3.55.67" port: 35385 } }
I20260709 13:18:00.221153  3623 raft_consensus.cc:385] T 67fef8adaae9484e9427092e265ee456 P 341db604d2bd4a66986f0bff0c974b87 [term 0 FOLLOWER]: Consensus starting up: Expiring failure detector timer to make a prompt election more likely
I20260709 13:18:00.221973  3623 raft_consensus.cc:740] T 67fef8adaae9484e9427092e265ee456 P 341db604d2bd4a66986f0bff0c974b87 [term 0 FOLLOWER]: Becoming Follower/Learner. State: Replica: 341db604d2bd4a66986f0bff0c974b87, State: Initialized, Role: FOLLOWER
I20260709 13:18:00.227126  3503 tablet_service.cc:1917] Received RequestConsensusVote() RPC: tablet_id: "26d39f9f04f74a1f9c4663703c38e6fc" candidate_uuid: "da2d25ee91074358a9ae0ccd3fdde686" candidate_term: 1 candidate_status { last_received { term: 0 index: 0 } } ignore_live_leader: false dest_uuid: "341db604d2bd4a66986f0bff0c974b87" is_pre_election: true
I20260709 13:18:00.224412  3621 raft_consensus.cc:359] T f8d3ce718cea45a48b5aef048ad4deee P a9bbd40af32140e58e0ad25d902247ca [term 0 FOLLOWER]: Replica starting. Triggering 0 pending ops. Active config: opid_index: -1 OBSOLETE_local: false peers { permanent_uuid: "a9bbd40af32140e58e0ad25d902247ca" member_type: VOTER last_known_addr { host: "127.3.55.65" port: 34823 } } peers { permanent_uuid: "341db604d2bd4a66986f0bff0c974b87" member_type: VOTER last_known_addr { host: "127.3.55.66" port: 36403 } } peers { permanent_uuid: "da2d25ee91074358a9ae0ccd3fdde686" member_type: VOTER last_known_addr { host: "127.3.55.67" port: 35385 } }
I20260709 13:18:00.228032  3620 raft_consensus.cc:359] T b3c967581aeb4b379d16af61a9735f42 P da2d25ee91074358a9ae0ccd3fdde686 [term 0 FOLLOWER]: Replica starting. Triggering 0 pending ops. Active config: opid_index: -1 OBSOLETE_local: false peers { permanent_uuid: "a9bbd40af32140e58e0ad25d902247ca" member_type: VOTER last_known_addr { host: "127.3.55.65" port: 34823 } } peers { permanent_uuid: "341db604d2bd4a66986f0bff0c974b87" member_type: VOTER last_known_addr { host: "127.3.55.66" port: 36403 } } peers { permanent_uuid: "da2d25ee91074358a9ae0ccd3fdde686" member_type: VOTER last_known_addr { host: "127.3.55.67" port: 35385 } }
I20260709 13:18:00.228838  3620 raft_consensus.cc:385] T b3c967581aeb4b379d16af61a9735f42 P da2d25ee91074358a9ae0ccd3fdde686 [term 0 FOLLOWER]: Consensus starting up: Expiring failure detector timer to make a prompt election more likely
I20260709 13:18:00.229141  3620 raft_consensus.cc:740] T b3c967581aeb4b379d16af61a9735f42 P da2d25ee91074358a9ae0ccd3fdde686 [term 0 FOLLOWER]: Becoming Follower/Learner. State: Replica: da2d25ee91074358a9ae0ccd3fdde686, State: Initialized, Role: FOLLOWER
I20260709 13:18:00.226428  3623 consensus_queue.cc:260] T 67fef8adaae9484e9427092e265ee456 P 341db604d2bd4a66986f0bff0c974b87 [NON_LEADER]: Queue going to NON_LEADER mode. State: All replicated index: 0, Majority replicated index: 0, Committed index: 0, Last appended: 0.0, Last appended by leader: 0, Current term: 0, Majority size: -1, State: 0, Mode: NON_LEADER, active raft config: opid_index: -1 OBSOLETE_local: false peers { permanent_uuid: "a9bbd40af32140e58e0ad25d902247ca" member_type: VOTER last_known_addr { host: "127.3.55.65" port: 34823 } } peers { permanent_uuid: "341db604d2bd4a66986f0bff0c974b87" member_type: VOTER last_known_addr { host: "127.3.55.66" port: 36403 } } peers { permanent_uuid: "da2d25ee91074358a9ae0ccd3fdde686" member_type: VOTER last_known_addr { host: "127.3.55.67" port: 35385 } }
W20260709 13:18:00.229450  3541 leader_election.cc:343] T 26d39f9f04f74a1f9c4663703c38e6fc P da2d25ee91074358a9ae0ccd3fdde686 [CANDIDATE]: Term 1 pre-election: Tablet error from VoteRequest() call to peer 341db604d2bd4a66986f0bff0c974b87 (127.3.55.66:36403): Illegal state: must be running to vote when last-logged opid is not known
I20260709 13:18:00.230115  3541 leader_election.cc:304] T 26d39f9f04f74a1f9c4663703c38e6fc P da2d25ee91074358a9ae0ccd3fdde686 [CANDIDATE]: Term 1 pre-election: Election decided. Result: candidate lost. Election summary: received 3 responses out of 3 voters: 1 yes votes; 2 no votes. yes voters: da2d25ee91074358a9ae0ccd3fdde686; no voters: 341db604d2bd4a66986f0bff0c974b87, a9bbd40af32140e58e0ad25d902247ca
I20260709 13:18:00.231030  3625 raft_consensus.cc:2749] T 26d39f9f04f74a1f9c4663703c38e6fc P da2d25ee91074358a9ae0ccd3fdde686 [term 0 FOLLOWER]: Leader pre-election lost for term 1. Reason: could not achieve majority
I20260709 13:18:00.232164  3623 ts_tablet_manager.cc:1434] T 67fef8adaae9484e9427092e265ee456 P 341db604d2bd4a66986f0bff0c974b87: Time spent starting tablet: real 0.027s	user 0.006s	sys 0.002s
I20260709 13:18:00.233239  3623 tablet_bootstrap.cc:492] T f8d3ce718cea45a48b5aef048ad4deee P 341db604d2bd4a66986f0bff0c974b87: Bootstrap starting.
I20260709 13:18:00.231201  3620 consensus_queue.cc:260] T b3c967581aeb4b379d16af61a9735f42 P da2d25ee91074358a9ae0ccd3fdde686 [NON_LEADER]: Queue going to NON_LEADER mode. State: All replicated index: 0, Majority replicated index: 0, Committed index: 0, Last appended: 0.0, Last appended by leader: 0, Current term: 0, Majority size: -1, State: 0, Mode: NON_LEADER, active raft config: opid_index: -1 OBSOLETE_local: false peers { permanent_uuid: "a9bbd40af32140e58e0ad25d902247ca" member_type: VOTER last_known_addr { host: "127.3.55.65" port: 34823 } } peers { permanent_uuid: "341db604d2bd4a66986f0bff0c974b87" member_type: VOTER last_known_addr { host: "127.3.55.66" port: 36403 } } peers { permanent_uuid: "da2d25ee91074358a9ae0ccd3fdde686" member_type: VOTER last_known_addr { host: "127.3.55.67" port: 35385 } }
I20260709 13:18:00.240235  3623 tablet_bootstrap.cc:654] T f8d3ce718cea45a48b5aef048ad4deee P 341db604d2bd4a66986f0bff0c974b87: Neither blocks nor log segments found. Creating new log.
I20260709 13:18:00.241972  3620 ts_tablet_manager.cc:1434] T b3c967581aeb4b379d16af61a9735f42 P da2d25ee91074358a9ae0ccd3fdde686: Time spent starting tablet: real 0.023s	user 0.007s	sys 0.000s
I20260709 13:18:00.243135  3620 tablet_bootstrap.cc:492] T 67fef8adaae9484e9427092e265ee456 P da2d25ee91074358a9ae0ccd3fdde686: Bootstrap starting.
I20260709 13:18:00.249624  3621 raft_consensus.cc:385] T f8d3ce718cea45a48b5aef048ad4deee P a9bbd40af32140e58e0ad25d902247ca [term 0 FOLLOWER]: Consensus starting up: Expiring failure detector timer to make a prompt election more likely
I20260709 13:18:00.250306  3621 raft_consensus.cc:740] T f8d3ce718cea45a48b5aef048ad4deee P a9bbd40af32140e58e0ad25d902247ca [term 0 FOLLOWER]: Becoming Follower/Learner. State: Replica: a9bbd40af32140e58e0ad25d902247ca, State: Initialized, Role: FOLLOWER
I20260709 13:18:00.251246  3621 consensus_queue.cc:260] T f8d3ce718cea45a48b5aef048ad4deee P a9bbd40af32140e58e0ad25d902247ca [NON_LEADER]: Queue going to NON_LEADER mode. State: All replicated index: 0, Majority replicated index: 0, Committed index: 0, Last appended: 0.0, Last appended by leader: 0, Current term: 0, Majority size: -1, State: 0, Mode: NON_LEADER, active raft config: opid_index: -1 OBSOLETE_local: false peers { permanent_uuid: "a9bbd40af32140e58e0ad25d902247ca" member_type: VOTER last_known_addr { host: "127.3.55.65" port: 34823 } } peers { permanent_uuid: "341db604d2bd4a66986f0bff0c974b87" member_type: VOTER last_known_addr { host: "127.3.55.66" port: 36403 } } peers { permanent_uuid: "da2d25ee91074358a9ae0ccd3fdde686" member_type: VOTER last_known_addr { host: "127.3.55.67" port: 35385 } }
I20260709 13:18:00.253209  3625 raft_consensus.cc:493] T 1da52254d50c4ccaa33aa142a42115a9 P da2d25ee91074358a9ae0ccd3fdde686 [term 0 FOLLOWER]: Starting pre-election (no leader contacted us within the election timeout)
I20260709 13:18:00.253257  3623 tablet_bootstrap.cc:492] T f8d3ce718cea45a48b5aef048ad4deee P 341db604d2bd4a66986f0bff0c974b87: No bootstrap required, opened a new log
I20260709 13:18:00.254156  3623 ts_tablet_manager.cc:1403] T f8d3ce718cea45a48b5aef048ad4deee P 341db604d2bd4a66986f0bff0c974b87: Time spent bootstrapping tablet: real 0.021s	user 0.010s	sys 0.008s
I20260709 13:18:00.253917  3625 raft_consensus.cc:515] T 1da52254d50c4ccaa33aa142a42115a9 P da2d25ee91074358a9ae0ccd3fdde686 [term 0 FOLLOWER]: Starting pre-election with config: opid_index: -1 OBSOLETE_local: false peers { permanent_uuid: "a9bbd40af32140e58e0ad25d902247ca" member_type: VOTER last_known_addr { host: "127.3.55.65" port: 34823 } } peers { permanent_uuid: "341db604d2bd4a66986f0bff0c974b87" member_type: VOTER last_known_addr { host: "127.3.55.66" port: 36403 } } peers { permanent_uuid: "da2d25ee91074358a9ae0ccd3fdde686" member_type: VOTER last_known_addr { host: "127.3.55.67" port: 35385 } }
I20260709 13:18:00.256250  3625 leader_election.cc:290] T 1da52254d50c4ccaa33aa142a42115a9 P da2d25ee91074358a9ae0ccd3fdde686 [CANDIDATE]: Term 1 pre-election: Requested pre-vote from peers a9bbd40af32140e58e0ad25d902247ca (127.3.55.65:34823), 341db604d2bd4a66986f0bff0c974b87 (127.3.55.66:36403)
I20260709 13:18:00.257035  3620 tablet_bootstrap.cc:654] T 67fef8adaae9484e9427092e265ee456 P da2d25ee91074358a9ae0ccd3fdde686: Neither blocks nor log segments found. Creating new log.
I20260709 13:18:00.257493  3503 tablet_service.cc:1917] Received RequestConsensusVote() RPC: tablet_id: "1da52254d50c4ccaa33aa142a42115a9" candidate_uuid: "da2d25ee91074358a9ae0ccd3fdde686" candidate_term: 1 candidate_status { last_received { term: 0 index: 0 } } ignore_live_leader: false dest_uuid: "341db604d2bd4a66986f0bff0c974b87" is_pre_election: true
I20260709 13:18:00.257450  3623 raft_consensus.cc:359] T f8d3ce718cea45a48b5aef048ad4deee P 341db604d2bd4a66986f0bff0c974b87 [term 0 FOLLOWER]: Replica starting. Triggering 0 pending ops. Active config: opid_index: -1 OBSOLETE_local: false peers { permanent_uuid: "a9bbd40af32140e58e0ad25d902247ca" member_type: VOTER last_known_addr { host: "127.3.55.65" port: 34823 } } peers { permanent_uuid: "341db604d2bd4a66986f0bff0c974b87" member_type: VOTER last_known_addr { host: "127.3.55.66" port: 36403 } } peers { permanent_uuid: "da2d25ee91074358a9ae0ccd3fdde686" member_type: VOTER last_known_addr { host: "127.3.55.67" port: 35385 } }
I20260709 13:18:00.258421  3623 raft_consensus.cc:385] T f8d3ce718cea45a48b5aef048ad4deee P 341db604d2bd4a66986f0bff0c974b87 [term 0 FOLLOWER]: Consensus starting up: Expiring failure detector timer to make a prompt election more likely
I20260709 13:18:00.258744  3623 raft_consensus.cc:740] T f8d3ce718cea45a48b5aef048ad4deee P 341db604d2bd4a66986f0bff0c974b87 [term 0 FOLLOWER]: Becoming Follower/Learner. State: Replica: 341db604d2bd4a66986f0bff0c974b87, State: Initialized, Role: FOLLOWER
W20260709 13:18:00.259166  3541 leader_election.cc:343] T 1da52254d50c4ccaa33aa142a42115a9 P da2d25ee91074358a9ae0ccd3fdde686 [CANDIDATE]: Term 1 pre-election: Tablet error from VoteRequest() call to peer 341db604d2bd4a66986f0bff0c974b87 (127.3.55.66:36403): Illegal state: must be running to vote when last-logged opid is not known
I20260709 13:18:00.259505  3623 consensus_queue.cc:260] T f8d3ce718cea45a48b5aef048ad4deee P 341db604d2bd4a66986f0bff0c974b87 [NON_LEADER]: Queue going to NON_LEADER mode. State: All replicated index: 0, Majority replicated index: 0, Committed index: 0, Last appended: 0.0, Last appended by leader: 0, Current term: 0, Majority size: -1, State: 0, Mode: NON_LEADER, active raft config: opid_index: -1 OBSOLETE_local: false peers { permanent_uuid: "a9bbd40af32140e58e0ad25d902247ca" member_type: VOTER last_known_addr { host: "127.3.55.65" port: 34823 } } peers { permanent_uuid: "341db604d2bd4a66986f0bff0c974b87" member_type: VOTER last_known_addr { host: "127.3.55.66" port: 36403 } } peers { permanent_uuid: "da2d25ee91074358a9ae0ccd3fdde686" member_type: VOTER last_known_addr { host: "127.3.55.67" port: 35385 } }
I20260709 13:18:00.260466  3428 tablet_service.cc:1917] Received RequestConsensusVote() RPC: tablet_id: "1da52254d50c4ccaa33aa142a42115a9" candidate_uuid: "da2d25ee91074358a9ae0ccd3fdde686" candidate_term: 1 candidate_status { last_received { term: 0 index: 0 } } ignore_live_leader: false dest_uuid: "a9bbd40af32140e58e0ad25d902247ca" is_pre_election: true
I20260709 13:18:00.262076  3623 ts_tablet_manager.cc:1434] T f8d3ce718cea45a48b5aef048ad4deee P 341db604d2bd4a66986f0bff0c974b87: Time spent starting tablet: real 0.008s	user 0.007s	sys 0.000s
W20260709 13:18:00.262058  3541 leader_election.cc:343] T 1da52254d50c4ccaa33aa142a42115a9 P da2d25ee91074358a9ae0ccd3fdde686 [CANDIDATE]: Term 1 pre-election: Tablet error from VoteRequest() call to peer a9bbd40af32140e58e0ad25d902247ca (127.3.55.65:34823): Illegal state: must be running to vote when last-logged opid is not known
I20260709 13:18:00.262666  3541 leader_election.cc:304] T 1da52254d50c4ccaa33aa142a42115a9 P da2d25ee91074358a9ae0ccd3fdde686 [CANDIDATE]: Term 1 pre-election: Election decided. Result: candidate lost. Election summary: received 3 responses out of 3 voters: 1 yes votes; 2 no votes. yes voters: da2d25ee91074358a9ae0ccd3fdde686; no voters: 341db604d2bd4a66986f0bff0c974b87, a9bbd40af32140e58e0ad25d902247ca
I20260709 13:18:00.263229  3623 tablet_bootstrap.cc:492] T 1496220925374f5e958d636de42c03be P 341db604d2bd4a66986f0bff0c974b87: Bootstrap starting.
I20260709 13:18:00.264138  3621 ts_tablet_manager.cc:1434] T f8d3ce718cea45a48b5aef048ad4deee P a9bbd40af32140e58e0ad25d902247ca: Time spent starting tablet: real 0.057s	user 0.005s	sys 0.005s
I20260709 13:18:00.265163  3621 tablet_bootstrap.cc:492] T 1da52254d50c4ccaa33aa142a42115a9 P a9bbd40af32140e58e0ad25d902247ca: Bootstrap starting.
I20260709 13:18:00.265126  3625 raft_consensus.cc:2749] T 1da52254d50c4ccaa33aa142a42115a9 P da2d25ee91074358a9ae0ccd3fdde686 [term 0 FOLLOWER]: Leader pre-election lost for term 1. Reason: could not achieve majority
I20260709 13:18:00.276576  3577 tablet_service.cc:1917] Received RequestConsensusVote() RPC: tablet_id: "3623ccad8dcf4b21b1e9c9eb2fbe4b05" candidate_uuid: "a9bbd40af32140e58e0ad25d902247ca" candidate_term: 1 candidate_status { last_received { term: 0 index: 0 } } ignore_live_leader: false dest_uuid: "da2d25ee91074358a9ae0ccd3fdde686" is_pre_election: true
I20260709 13:18:00.280247  3623 tablet_bootstrap.cc:654] T 1496220925374f5e958d636de42c03be P 341db604d2bd4a66986f0bff0c974b87: Neither blocks nor log segments found. Creating new log.
W20260709 13:18:00.283901  3394 leader_election.cc:343] T 3623ccad8dcf4b21b1e9c9eb2fbe4b05 P a9bbd40af32140e58e0ad25d902247ca [CANDIDATE]: Term 1 pre-election: Tablet error from VoteRequest() call to peer da2d25ee91074358a9ae0ccd3fdde686 (127.3.55.67:35385): Illegal state: must be running to vote when last-logged opid is not known
I20260709 13:18:00.289546  3620 tablet_bootstrap.cc:492] T 67fef8adaae9484e9427092e265ee456 P da2d25ee91074358a9ae0ccd3fdde686: No bootstrap required, opened a new log
I20260709 13:18:00.290241  3620 ts_tablet_manager.cc:1403] T 67fef8adaae9484e9427092e265ee456 P da2d25ee91074358a9ae0ccd3fdde686: Time spent bootstrapping tablet: real 0.047s	user 0.017s	sys 0.012s
I20260709 13:18:00.294198  3503 tablet_service.cc:1917] Received RequestConsensusVote() RPC: tablet_id: "3623ccad8dcf4b21b1e9c9eb2fbe4b05" candidate_uuid: "a9bbd40af32140e58e0ad25d902247ca" candidate_term: 1 candidate_status { last_received { term: 0 index: 0 } } ignore_live_leader: false dest_uuid: "341db604d2bd4a66986f0bff0c974b87" is_pre_election: true
I20260709 13:18:00.294962  3503 raft_consensus.cc:2468] T 3623ccad8dcf4b21b1e9c9eb2fbe4b05 P 341db604d2bd4a66986f0bff0c974b87 [term 0 FOLLOWER]: Leader pre-election vote request: Granting yes vote for candidate a9bbd40af32140e58e0ad25d902247ca in term 0.
I20260709 13:18:00.296029  3620 raft_consensus.cc:359] T 67fef8adaae9484e9427092e265ee456 P da2d25ee91074358a9ae0ccd3fdde686 [term 0 FOLLOWER]: Replica starting. Triggering 0 pending ops. Active config: opid_index: -1 OBSOLETE_local: false peers { permanent_uuid: "a9bbd40af32140e58e0ad25d902247ca" member_type: VOTER last_known_addr { host: "127.3.55.65" port: 34823 } } peers { permanent_uuid: "341db604d2bd4a66986f0bff0c974b87" member_type: VOTER last_known_addr { host: "127.3.55.66" port: 36403 } } peers { permanent_uuid: "da2d25ee91074358a9ae0ccd3fdde686" member_type: VOTER last_known_addr { host: "127.3.55.67" port: 35385 } }
I20260709 13:18:00.297031  3620 raft_consensus.cc:385] T 67fef8adaae9484e9427092e265ee456 P da2d25ee91074358a9ae0ccd3fdde686 [term 0 FOLLOWER]: Consensus starting up: Expiring failure detector timer to make a prompt election more likely
I20260709 13:18:00.297402  3620 raft_consensus.cc:740] T 67fef8adaae9484e9427092e265ee456 P da2d25ee91074358a9ae0ccd3fdde686 [term 0 FOLLOWER]: Becoming Follower/Learner. State: Replica: da2d25ee91074358a9ae0ccd3fdde686, State: Initialized, Role: FOLLOWER
I20260709 13:18:00.298494  3620 consensus_queue.cc:260] T 67fef8adaae9484e9427092e265ee456 P da2d25ee91074358a9ae0ccd3fdde686 [NON_LEADER]: Queue going to NON_LEADER mode. State: All replicated index: 0, Majority replicated index: 0, Committed index: 0, Last appended: 0.0, Last appended by leader: 0, Current term: 0, Majority size: -1, State: 0, Mode: NON_LEADER, active raft config: opid_index: -1 OBSOLETE_local: false peers { permanent_uuid: "a9bbd40af32140e58e0ad25d902247ca" member_type: VOTER last_known_addr { host: "127.3.55.65" port: 34823 } } peers { permanent_uuid: "341db604d2bd4a66986f0bff0c974b87" member_type: VOTER last_known_addr { host: "127.3.55.66" port: 36403 } } peers { permanent_uuid: "da2d25ee91074358a9ae0ccd3fdde686" member_type: VOTER last_known_addr { host: "127.3.55.67" port: 35385 } }
I20260709 13:18:00.302158  3620 ts_tablet_manager.cc:1434] T 67fef8adaae9484e9427092e265ee456 P da2d25ee91074358a9ae0ccd3fdde686: Time spent starting tablet: real 0.012s	user 0.010s	sys 0.000s
I20260709 13:18:00.303517  3620 tablet_bootstrap.cc:492] T 3623ccad8dcf4b21b1e9c9eb2fbe4b05 P da2d25ee91074358a9ae0ccd3fdde686: Bootstrap starting.
I20260709 13:18:00.315517  3621 tablet_bootstrap.cc:654] T 1da52254d50c4ccaa33aa142a42115a9 P a9bbd40af32140e58e0ad25d902247ca: Neither blocks nor log segments found. Creating new log.
I20260709 13:18:00.316627  3392 leader_election.cc:304] T 3623ccad8dcf4b21b1e9c9eb2fbe4b05 P a9bbd40af32140e58e0ad25d902247ca [CANDIDATE]: Term 1 pre-election: Election decided. Result: candidate won. Election summary: received 3 responses out of 3 voters: 2 yes votes; 1 no votes. yes voters: 341db604d2bd4a66986f0bff0c974b87, a9bbd40af32140e58e0ad25d902247ca; no voters: da2d25ee91074358a9ae0ccd3fdde686
I20260709 13:18:00.317574  3620 tablet_bootstrap.cc:654] T 3623ccad8dcf4b21b1e9c9eb2fbe4b05 P da2d25ee91074358a9ae0ccd3fdde686: Neither blocks nor log segments found. Creating new log.
I20260709 13:18:00.318676  3627 raft_consensus.cc:2804] T 3623ccad8dcf4b21b1e9c9eb2fbe4b05 P a9bbd40af32140e58e0ad25d902247ca [term 0 FOLLOWER]: Leader pre-election won for term 1
I20260709 13:18:00.319111  3627 raft_consensus.cc:493] T 3623ccad8dcf4b21b1e9c9eb2fbe4b05 P a9bbd40af32140e58e0ad25d902247ca [term 0 FOLLOWER]: Starting leader election (no leader contacted us within the election timeout)
I20260709 13:18:00.319546  3627 raft_consensus.cc:3060] T 3623ccad8dcf4b21b1e9c9eb2fbe4b05 P a9bbd40af32140e58e0ad25d902247ca [term 0 FOLLOWER]: Advancing to term 1
I20260709 13:18:00.328876  3627 raft_consensus.cc:515] T 3623ccad8dcf4b21b1e9c9eb2fbe4b05 P a9bbd40af32140e58e0ad25d902247ca [term 1 FOLLOWER]: Starting leader election with config: opid_index: -1 OBSOLETE_local: false peers { permanent_uuid: "a9bbd40af32140e58e0ad25d902247ca" member_type: VOTER last_known_addr { host: "127.3.55.65" port: 34823 } } peers { permanent_uuid: "341db604d2bd4a66986f0bff0c974b87" member_type: VOTER last_known_addr { host: "127.3.55.66" port: 36403 } } peers { permanent_uuid: "da2d25ee91074358a9ae0ccd3fdde686" member_type: VOTER last_known_addr { host: "127.3.55.67" port: 35385 } }
I20260709 13:18:00.330232  3623 tablet_bootstrap.cc:492] T 1496220925374f5e958d636de42c03be P 341db604d2bd4a66986f0bff0c974b87: No bootstrap required, opened a new log
I20260709 13:18:00.330942  3623 ts_tablet_manager.cc:1403] T 1496220925374f5e958d636de42c03be P 341db604d2bd4a66986f0bff0c974b87: Time spent bootstrapping tablet: real 0.068s	user 0.018s	sys 0.033s
I20260709 13:18:00.332864  3503 tablet_service.cc:1917] Received RequestConsensusVote() RPC: tablet_id: "3623ccad8dcf4b21b1e9c9eb2fbe4b05" candidate_uuid: "a9bbd40af32140e58e0ad25d902247ca" candidate_term: 1 candidate_status { last_received { term: 0 index: 0 } } ignore_live_leader: false dest_uuid: "341db604d2bd4a66986f0bff0c974b87"
I20260709 13:18:00.333559  3503 raft_consensus.cc:3060] T 3623ccad8dcf4b21b1e9c9eb2fbe4b05 P 341db604d2bd4a66986f0bff0c974b87 [term 0 FOLLOWER]: Advancing to term 1
I20260709 13:18:00.334904  3623 raft_consensus.cc:359] T 1496220925374f5e958d636de42c03be P 341db604d2bd4a66986f0bff0c974b87 [term 0 FOLLOWER]: Replica starting. Triggering 0 pending ops. Active config: opid_index: -1 OBSOLETE_local: false peers { permanent_uuid: "a9bbd40af32140e58e0ad25d902247ca" member_type: VOTER last_known_addr { host: "127.3.55.65" port: 34823 } } peers { permanent_uuid: "341db604d2bd4a66986f0bff0c974b87" member_type: VOTER last_known_addr { host: "127.3.55.66" port: 36403 } } peers { permanent_uuid: "da2d25ee91074358a9ae0ccd3fdde686" member_type: VOTER last_known_addr { host: "127.3.55.67" port: 35385 } }
I20260709 13:18:00.335718  3623 raft_consensus.cc:385] T 1496220925374f5e958d636de42c03be P 341db604d2bd4a66986f0bff0c974b87 [term 0 FOLLOWER]: Consensus starting up: Expiring failure detector timer to make a prompt election more likely
I20260709 13:18:00.336020  3623 raft_consensus.cc:740] T 1496220925374f5e958d636de42c03be P 341db604d2bd4a66986f0bff0c974b87 [term 0 FOLLOWER]: Becoming Follower/Learner. State: Replica: 341db604d2bd4a66986f0bff0c974b87, State: Initialized, Role: FOLLOWER
I20260709 13:18:00.336766  3623 consensus_queue.cc:260] T 1496220925374f5e958d636de42c03be P 341db604d2bd4a66986f0bff0c974b87 [NON_LEADER]: Queue going to NON_LEADER mode. State: All replicated index: 0, Majority replicated index: 0, Committed index: 0, Last appended: 0.0, Last appended by leader: 0, Current term: 0, Majority size: -1, State: 0, Mode: NON_LEADER, active raft config: opid_index: -1 OBSOLETE_local: false peers { permanent_uuid: "a9bbd40af32140e58e0ad25d902247ca" member_type: VOTER last_known_addr { host: "127.3.55.65" port: 34823 } } peers { permanent_uuid: "341db604d2bd4a66986f0bff0c974b87" member_type: VOTER last_known_addr { host: "127.3.55.66" port: 36403 } } peers { permanent_uuid: "da2d25ee91074358a9ae0ccd3fdde686" member_type: VOTER last_known_addr { host: "127.3.55.67" port: 35385 } }
I20260709 13:18:00.337278  3620 tablet_bootstrap.cc:492] T 3623ccad8dcf4b21b1e9c9eb2fbe4b05 P da2d25ee91074358a9ae0ccd3fdde686: No bootstrap required, opened a new log
I20260709 13:18:00.337844  3625 raft_consensus.cc:493] T 67fef8adaae9484e9427092e265ee456 P da2d25ee91074358a9ae0ccd3fdde686 [term 0 FOLLOWER]: Starting pre-election (no leader contacted us within the election timeout)
I20260709 13:18:00.338435  3625 raft_consensus.cc:515] T 67fef8adaae9484e9427092e265ee456 P da2d25ee91074358a9ae0ccd3fdde686 [term 0 FOLLOWER]: Starting pre-election with config: opid_index: -1 OBSOLETE_local: false peers { permanent_uuid: "a9bbd40af32140e58e0ad25d902247ca" member_type: VOTER last_known_addr { host: "127.3.55.65" port: 34823 } } peers { permanent_uuid: "341db604d2bd4a66986f0bff0c974b87" member_type: VOTER last_known_addr { host: "127.3.55.66" port: 36403 } } peers { permanent_uuid: "da2d25ee91074358a9ae0ccd3fdde686" member_type: VOTER last_known_addr { host: "127.3.55.67" port: 35385 } }
I20260709 13:18:00.339597  3623 ts_tablet_manager.cc:1434] T 1496220925374f5e958d636de42c03be P 341db604d2bd4a66986f0bff0c974b87: Time spent starting tablet: real 0.008s	user 0.008s	sys 0.000s
I20260709 13:18:00.340682  3625 leader_election.cc:290] T 67fef8adaae9484e9427092e265ee456 P da2d25ee91074358a9ae0ccd3fdde686 [CANDIDATE]: Term 1 pre-election: Requested pre-vote from peers a9bbd40af32140e58e0ad25d902247ca (127.3.55.65:34823), 341db604d2bd4a66986f0bff0c974b87 (127.3.55.66:36403)
I20260709 13:18:00.341426  3620 ts_tablet_manager.cc:1403] T 3623ccad8dcf4b21b1e9c9eb2fbe4b05 P da2d25ee91074358a9ae0ccd3fdde686: Time spent bootstrapping tablet: real 0.038s	user 0.019s	sys 0.004s
I20260709 13:18:00.342212  3502 tablet_service.cc:1917] Received RequestConsensusVote() RPC: tablet_id: "67fef8adaae9484e9427092e265ee456" candidate_uuid: "da2d25ee91074358a9ae0ccd3fdde686" candidate_term: 1 candidate_status { last_received { term: 0 index: 0 } } ignore_live_leader: false dest_uuid: "341db604d2bd4a66986f0bff0c974b87" is_pre_election: true
I20260709 13:18:00.342986  3502 raft_consensus.cc:2468] T 67fef8adaae9484e9427092e265ee456 P 341db604d2bd4a66986f0bff0c974b87 [term 0 FOLLOWER]: Leader pre-election vote request: Granting yes vote for candidate da2d25ee91074358a9ae0ccd3fdde686 in term 0.
I20260709 13:18:00.344316  3541 leader_election.cc:304] T 67fef8adaae9484e9427092e265ee456 P da2d25ee91074358a9ae0ccd3fdde686 [CANDIDATE]: Term 1 pre-election: Election decided. Result: candidate won. Election summary: received 2 responses out of 3 voters: 2 yes votes; 0 no votes. yes voters: 341db604d2bd4a66986f0bff0c974b87, da2d25ee91074358a9ae0ccd3fdde686; no voters: 
I20260709 13:18:00.345149  3625 raft_consensus.cc:2804] T 67fef8adaae9484e9427092e265ee456 P da2d25ee91074358a9ae0ccd3fdde686 [term 0 FOLLOWER]: Leader pre-election won for term 1
I20260709 13:18:00.345539  3625 raft_consensus.cc:493] T 67fef8adaae9484e9427092e265ee456 P da2d25ee91074358a9ae0ccd3fdde686 [term 0 FOLLOWER]: Starting leader election (no leader contacted us within the election timeout)
I20260709 13:18:00.345700  3623 tablet_bootstrap.cc:492] T b3c967581aeb4b379d16af61a9735f42 P 341db604d2bd4a66986f0bff0c974b87: Bootstrap starting.
I20260709 13:18:00.345911  3625 raft_consensus.cc:3060] T 67fef8adaae9484e9427092e265ee456 P da2d25ee91074358a9ae0ccd3fdde686 [term 0 FOLLOWER]: Advancing to term 1
I20260709 13:18:00.346498  3428 tablet_service.cc:1917] Received RequestConsensusVote() RPC: tablet_id: "67fef8adaae9484e9427092e265ee456" candidate_uuid: "da2d25ee91074358a9ae0ccd3fdde686" candidate_term: 1 candidate_status { last_received { term: 0 index: 0 } } ignore_live_leader: false dest_uuid: "a9bbd40af32140e58e0ad25d902247ca" is_pre_election: true
W20260709 13:18:00.348265  3541 leader_election.cc:343] T 67fef8adaae9484e9427092e265ee456 P da2d25ee91074358a9ae0ccd3fdde686 [CANDIDATE]: Term 1 pre-election: Tablet error from VoteRequest() call to peer a9bbd40af32140e58e0ad25d902247ca (127.3.55.65:34823): Illegal state: must be running to vote when last-logged opid is not known
I20260709 13:18:00.344826  3620 raft_consensus.cc:359] T 3623ccad8dcf4b21b1e9c9eb2fbe4b05 P da2d25ee91074358a9ae0ccd3fdde686 [term 0 FOLLOWER]: Replica starting. Triggering 0 pending ops. Active config: opid_index: -1 OBSOLETE_local: false peers { permanent_uuid: "a9bbd40af32140e58e0ad25d902247ca" member_type: VOTER last_known_addr { host: "127.3.55.65" port: 34823 } } peers { permanent_uuid: "341db604d2bd4a66986f0bff0c974b87" member_type: VOTER last_known_addr { host: "127.3.55.66" port: 36403 } } peers { permanent_uuid: "da2d25ee91074358a9ae0ccd3fdde686" member_type: VOTER last_known_addr { host: "127.3.55.67" port: 35385 } }
I20260709 13:18:00.353253  3620 raft_consensus.cc:385] T 3623ccad8dcf4b21b1e9c9eb2fbe4b05 P da2d25ee91074358a9ae0ccd3fdde686 [term 0 FOLLOWER]: Consensus starting up: Expiring failure detector timer to make a prompt election more likely
I20260709 13:18:00.353601  3620 raft_consensus.cc:740] T 3623ccad8dcf4b21b1e9c9eb2fbe4b05 P da2d25ee91074358a9ae0ccd3fdde686 [term 0 FOLLOWER]: Becoming Follower/Learner. State: Replica: da2d25ee91074358a9ae0ccd3fdde686, State: Initialized, Role: FOLLOWER
I20260709 13:18:00.356353  3577 tablet_service.cc:1917] Received RequestConsensusVote() RPC: tablet_id: "3623ccad8dcf4b21b1e9c9eb2fbe4b05" candidate_uuid: "a9bbd40af32140e58e0ad25d902247ca" candidate_term: 1 candidate_status { last_received { term: 0 index: 0 } } ignore_live_leader: false dest_uuid: "da2d25ee91074358a9ae0ccd3fdde686"
I20260709 13:18:00.358891  3623 tablet_bootstrap.cc:654] T b3c967581aeb4b379d16af61a9735f42 P 341db604d2bd4a66986f0bff0c974b87: Neither blocks nor log segments found. Creating new log.
