I20260709 13:18:21.989383 22035 raft_consensus.cc:740] T c23ec092dbff4efdbe976ebc1b97bd87 P 6c1e56d37145441780a67d0b9ef845d0 [term 0 FOLLOWER]: Becoming Follower/Learner. State: Replica: 6c1e56d37145441780a67d0b9ef845d0, State: Initialized, Role: FOLLOWER
I20260709 13:18:21.990058 22035 consensus_queue.cc:260] T c23ec092dbff4efdbe976ebc1b97bd87 P 6c1e56d37145441780a67d0b9ef845d0 [NON_LEADER]: Queue going to NON_LEADER mode. State: All replicated index: 0, Majority replicated index: 0, Committed index: 0, Last appended: 0.0, Last appended by leader: 0, Current term: 0, Majority size: -1, State: 0, Mode: NON_LEADER, active raft config: opid_index: -1 OBSOLETE_local: false peers { permanent_uuid: "d08e675d7f414516b1a4a00dc97e2ce3" member_type: VOTER last_known_addr { host: "127.20.62.193" port: 38265 } } peers { permanent_uuid: "288a32ef6ab84724bc3360522f4fb259" member_type: VOTER last_known_addr { host: "127.20.62.194" port: 46351 } } peers { permanent_uuid: "6c1e56d37145441780a67d0b9ef845d0" member_type: VOTER last_known_addr { host: "127.20.62.195" port: 34963 } }
I20260709 13:18:21.992028 22035 ts_tablet_manager.cc:1434] T c23ec092dbff4efdbe976ebc1b97bd87 P 6c1e56d37145441780a67d0b9ef845d0: Time spent starting tablet: real 0.008s	user 0.004s	sys 0.000s
I20260709 13:18:21.994287 22035 tablet_bootstrap.cc:492] T adcd16bcc5d74ec08d492d85664adb85 P 6c1e56d37145441780a67d0b9ef845d0: Bootstrap starting.
I20260709 13:18:21.997570 22036 tablet_bootstrap.cc:492] T c23ec092dbff4efdbe976ebc1b97bd87 P d08e675d7f414516b1a4a00dc97e2ce3: No bootstrap required, opened a new log
I20260709 13:18:21.997994 22036 ts_tablet_manager.cc:1403] T c23ec092dbff4efdbe976ebc1b97bd87 P d08e675d7f414516b1a4a00dc97e2ce3: Time spent bootstrapping tablet: real 0.018s	user 0.006s	sys 0.004s
I20260709 13:18:21.999892 22035 tablet_bootstrap.cc:654] T adcd16bcc5d74ec08d492d85664adb85 P 6c1e56d37145441780a67d0b9ef845d0: Neither blocks nor log segments found. Creating new log.
I20260709 13:18:22.000397 22036 raft_consensus.cc:359] T c23ec092dbff4efdbe976ebc1b97bd87 P d08e675d7f414516b1a4a00dc97e2ce3 [term 0 FOLLOWER]: Replica starting. Triggering 0 pending ops. Active config: opid_index: -1 OBSOLETE_local: false peers { permanent_uuid: "d08e675d7f414516b1a4a00dc97e2ce3" member_type: VOTER last_known_addr { host: "127.20.62.193" port: 38265 } } peers { permanent_uuid: "288a32ef6ab84724bc3360522f4fb259" member_type: VOTER last_known_addr { host: "127.20.62.194" port: 46351 } } peers { permanent_uuid: "6c1e56d37145441780a67d0b9ef845d0" member_type: VOTER last_known_addr { host: "127.20.62.195" port: 34963 } }
I20260709 13:18:22.001045 22036 raft_consensus.cc:385] T c23ec092dbff4efdbe976ebc1b97bd87 P d08e675d7f414516b1a4a00dc97e2ce3 [term 0 FOLLOWER]: Consensus starting up: Expiring failure detector timer to make a prompt election more likely
I20260709 13:18:22.001303 22036 raft_consensus.cc:740] T c23ec092dbff4efdbe976ebc1b97bd87 P d08e675d7f414516b1a4a00dc97e2ce3 [term 0 FOLLOWER]: Becoming Follower/Learner. State: Replica: d08e675d7f414516b1a4a00dc97e2ce3, State: Initialized, Role: FOLLOWER
I20260709 13:18:22.002028 22036 consensus_queue.cc:260] T c23ec092dbff4efdbe976ebc1b97bd87 P d08e675d7f414516b1a4a00dc97e2ce3 [NON_LEADER]: Queue going to NON_LEADER mode. State: All replicated index: 0, Majority replicated index: 0, Committed index: 0, Last appended: 0.0, Last appended by leader: 0, Current term: 0, Majority size: -1, State: 0, Mode: NON_LEADER, active raft config: opid_index: -1 OBSOLETE_local: false peers { permanent_uuid: "d08e675d7f414516b1a4a00dc97e2ce3" member_type: VOTER last_known_addr { host: "127.20.62.193" port: 38265 } } peers { permanent_uuid: "288a32ef6ab84724bc3360522f4fb259" member_type: VOTER last_known_addr { host: "127.20.62.194" port: 46351 } } peers { permanent_uuid: "6c1e56d37145441780a67d0b9ef845d0" member_type: VOTER last_known_addr { host: "127.20.62.195" port: 34963 } }
I20260709 13:18:22.004325 22036 ts_tablet_manager.cc:1434] T c23ec092dbff4efdbe976ebc1b97bd87 P d08e675d7f414516b1a4a00dc97e2ce3: Time spent starting tablet: real 0.006s	user 0.005s	sys 0.000s
I20260709 13:18:22.005195 22036 tablet_bootstrap.cc:492] T 9562237a8c3949028f033a0f1618158f P d08e675d7f414516b1a4a00dc97e2ce3: Bootstrap starting.
I20260709 13:18:22.006521 21845 raft_consensus.cc:3060] T 0ba3d6f312eb469b8fe62b58ecda9d38 P d08e675d7f414516b1a4a00dc97e2ce3 [term 0 FOLLOWER]: Advancing to term 1
I20260709 13:18:22.009809 22079 raft_consensus.cc:493] T 32557c7db3e74d6a997153b4a47bcf6d P d08e675d7f414516b1a4a00dc97e2ce3 [term 0 FOLLOWER]: Starting pre-election (no leader contacted us within the election timeout)
I20260709 13:18:22.010272 22079 raft_consensus.cc:515] T 32557c7db3e74d6a997153b4a47bcf6d P d08e675d7f414516b1a4a00dc97e2ce3 [term 0 FOLLOWER]: Starting pre-election with config: opid_index: -1 OBSOLETE_local: false peers { permanent_uuid: "d08e675d7f414516b1a4a00dc97e2ce3" member_type: VOTER last_known_addr { host: "127.20.62.193" port: 38265 } } peers { permanent_uuid: "288a32ef6ab84724bc3360522f4fb259" member_type: VOTER last_known_addr { host: "127.20.62.194" port: 46351 } } peers { permanent_uuid: "6c1e56d37145441780a67d0b9ef845d0" member_type: VOTER last_known_addr { host: "127.20.62.195" port: 34963 } }
I20260709 13:18:22.010948 22036 tablet_bootstrap.cc:654] T 9562237a8c3949028f033a0f1618158f P d08e675d7f414516b1a4a00dc97e2ce3: Neither blocks nor log segments found. Creating new log.
I20260709 13:18:22.012322 22079 leader_election.cc:290] T 32557c7db3e74d6a997153b4a47bcf6d P d08e675d7f414516b1a4a00dc97e2ce3 [CANDIDATE]: Term 1 pre-election: Requested pre-vote from peers 288a32ef6ab84724bc3360522f4fb259 (127.20.62.194:46351), 6c1e56d37145441780a67d0b9ef845d0 (127.20.62.195:34963)
I20260709 13:18:22.014290 21994 tablet_service.cc:1917] Received RequestConsensusVote() RPC: tablet_id: "32557c7db3e74d6a997153b4a47bcf6d" candidate_uuid: "d08e675d7f414516b1a4a00dc97e2ce3" candidate_term: 1 candidate_status { last_received { term: 0 index: 0 } } ignore_live_leader: false dest_uuid: "6c1e56d37145441780a67d0b9ef845d0" is_pre_election: true
I20260709 13:18:22.015002 21994 raft_consensus.cc:2393] T 32557c7db3e74d6a997153b4a47bcf6d P 6c1e56d37145441780a67d0b9ef845d0 [term 1 FOLLOWER]: Leader pre-election vote request: Denying vote to candidate d08e675d7f414516b1a4a00dc97e2ce3 in current term 1: Already voted for candidate 288a32ef6ab84724bc3360522f4fb259 in this term.
I20260709 13:18:22.016921 21919 tablet_service.cc:1917] Received RequestConsensusVote() RPC: tablet_id: "32557c7db3e74d6a997153b4a47bcf6d" candidate_uuid: "d08e675d7f414516b1a4a00dc97e2ce3" candidate_term: 1 candidate_status { last_received { term: 0 index: 0 } } ignore_live_leader: false dest_uuid: "288a32ef6ab84724bc3360522f4fb259" is_pre_election: true
I20260709 13:18:22.018283 21808 leader_election.cc:304] T 32557c7db3e74d6a997153b4a47bcf6d P d08e675d7f414516b1a4a00dc97e2ce3 [CANDIDATE]: Term 1 pre-election: Election decided. Result: candidate lost. Election summary: received 3 responses out of 3 voters: 1 yes votes; 2 no votes. yes voters: d08e675d7f414516b1a4a00dc97e2ce3; no voters: 288a32ef6ab84724bc3360522f4fb259, 6c1e56d37145441780a67d0b9ef845d0
I20260709 13:18:22.019344 22079 raft_consensus.cc:3060] T 32557c7db3e74d6a997153b4a47bcf6d P d08e675d7f414516b1a4a00dc97e2ce3 [term 0 FOLLOWER]: Advancing to term 1
I20260709 13:18:22.020298 22093 consensus_queue.cc:1048] T 0ba3d6f312eb469b8fe62b58ecda9d38 P 6c1e56d37145441780a67d0b9ef845d0 [LEADER]: Connected to new peer: Peer: permanent_uuid: "d08e675d7f414516b1a4a00dc97e2ce3" member_type: VOTER last_known_addr { host: "127.20.62.193" port: 38265 }, Status: LMP_MISMATCH, Last received: 0.0, Next index: 1, Last known committed idx: 0, Time since last communication: 0.000s
I20260709 13:18:22.047120 22036 tablet_bootstrap.cc:492] T 9562237a8c3949028f033a0f1618158f P d08e675d7f414516b1a4a00dc97e2ce3: No bootstrap required, opened a new log
I20260709 13:18:22.047648 22036 ts_tablet_manager.cc:1403] T 9562237a8c3949028f033a0f1618158f P d08e675d7f414516b1a4a00dc97e2ce3: Time spent bootstrapping tablet: real 0.043s	user 0.012s	sys 0.004s
I20260709 13:18:22.049775 22035 tablet_bootstrap.cc:492] T adcd16bcc5d74ec08d492d85664adb85 P 6c1e56d37145441780a67d0b9ef845d0: No bootstrap required, opened a new log
I20260709 13:18:22.056687 22035 ts_tablet_manager.cc:1403] T adcd16bcc5d74ec08d492d85664adb85 P 6c1e56d37145441780a67d0b9ef845d0: Time spent bootstrapping tablet: real 0.063s	user 0.026s	sys 0.035s
I20260709 13:18:22.047653 22079 raft_consensus.cc:2749] T 32557c7db3e74d6a997153b4a47bcf6d P d08e675d7f414516b1a4a00dc97e2ce3 [term 1 FOLLOWER]: Leader pre-election lost for term 1. Reason: could not achieve majority
I20260709 13:18:22.062414 22093 consensus_queue.cc:1048] T 948b31f9ad4f4c039949b702db04cb38 P 6c1e56d37145441780a67d0b9ef845d0 [LEADER]: Connected to new peer: Peer: permanent_uuid: "d08e675d7f414516b1a4a00dc97e2ce3" member_type: VOTER last_known_addr { host: "127.20.62.193" port: 38265 }, Status: LMP_MISMATCH, Last received: 0.0, Next index: 1, Last known committed idx: 0, Time since last communication: 0.000s
I20260709 13:18:22.063467 22036 raft_consensus.cc:359] T 9562237a8c3949028f033a0f1618158f P d08e675d7f414516b1a4a00dc97e2ce3 [term 0 FOLLOWER]: Replica starting. Triggering 0 pending ops. Active config: opid_index: -1 OBSOLETE_local: false peers { permanent_uuid: "d08e675d7f414516b1a4a00dc97e2ce3" member_type: VOTER last_known_addr { host: "127.20.62.193" port: 38265 } } peers { permanent_uuid: "288a32ef6ab84724bc3360522f4fb259" member_type: VOTER last_known_addr { host: "127.20.62.194" port: 46351 } } peers { permanent_uuid: "6c1e56d37145441780a67d0b9ef845d0" member_type: VOTER last_known_addr { host: "127.20.62.195" port: 34963 } }
I20260709 13:18:22.064141 22036 raft_consensus.cc:385] T 9562237a8c3949028f033a0f1618158f P d08e675d7f414516b1a4a00dc97e2ce3 [term 0 FOLLOWER]: Consensus starting up: Expiring failure detector timer to make a prompt election more likely
I20260709 13:18:22.064406 22036 raft_consensus.cc:740] T 9562237a8c3949028f033a0f1618158f P d08e675d7f414516b1a4a00dc97e2ce3 [term 0 FOLLOWER]: Becoming Follower/Learner. State: Replica: d08e675d7f414516b1a4a00dc97e2ce3, State: Initialized, Role: FOLLOWER
I20260709 13:18:22.065169 22036 consensus_queue.cc:260] T 9562237a8c3949028f033a0f1618158f P d08e675d7f414516b1a4a00dc97e2ce3 [NON_LEADER]: Queue going to NON_LEADER mode. State: All replicated index: 0, Majority replicated index: 0, Committed index: 0, Last appended: 0.0, Last appended by leader: 0, Current term: 0, Majority size: -1, State: 0, Mode: NON_LEADER, active raft config: opid_index: -1 OBSOLETE_local: false peers { permanent_uuid: "d08e675d7f414516b1a4a00dc97e2ce3" member_type: VOTER last_known_addr { host: "127.20.62.193" port: 38265 } } peers { permanent_uuid: "288a32ef6ab84724bc3360522f4fb259" member_type: VOTER last_known_addr { host: "127.20.62.194" port: 46351 } } peers { permanent_uuid: "6c1e56d37145441780a67d0b9ef845d0" member_type: VOTER last_known_addr { host: "127.20.62.195" port: 34963 } }
I20260709 13:18:22.069185 22036 ts_tablet_manager.cc:1434] T 9562237a8c3949028f033a0f1618158f P d08e675d7f414516b1a4a00dc97e2ce3: Time spent starting tablet: real 0.021s	user 0.005s	sys 0.001s
I20260709 13:18:22.070122 22036 tablet_bootstrap.cc:492] T adcd16bcc5d74ec08d492d85664adb85 P d08e675d7f414516b1a4a00dc97e2ce3: Bootstrap starting.
I20260709 13:18:22.072232 22035 raft_consensus.cc:359] T adcd16bcc5d74ec08d492d85664adb85 P 6c1e56d37145441780a67d0b9ef845d0 [term 0 FOLLOWER]: Replica starting. Triggering 0 pending ops. Active config: opid_index: -1 OBSOLETE_local: false peers { permanent_uuid: "d08e675d7f414516b1a4a00dc97e2ce3" member_type: VOTER last_known_addr { host: "127.20.62.193" port: 38265 } } peers { permanent_uuid: "288a32ef6ab84724bc3360522f4fb259" member_type: VOTER last_known_addr { host: "127.20.62.194" port: 46351 } } peers { permanent_uuid: "6c1e56d37145441780a67d0b9ef845d0" member_type: VOTER last_known_addr { host: "127.20.62.195" port: 34963 } }
I20260709 13:18:22.059301 22079 consensus_queue.cc:1048] T 9ba373dcd1ea478187a9accd612ad5e0 P d08e675d7f414516b1a4a00dc97e2ce3 [LEADER]: Connected to new peer: Peer: permanent_uuid: "6c1e56d37145441780a67d0b9ef845d0" member_type: VOTER last_known_addr { host: "127.20.62.195" port: 34963 }, Status: LMP_MISMATCH, Last received: 0.0, Next index: 1, Last known committed idx: 0, Time since last communication: 0.014s
I20260709 13:18:22.073215 22035 raft_consensus.cc:385] T adcd16bcc5d74ec08d492d85664adb85 P 6c1e56d37145441780a67d0b9ef845d0 [term 0 FOLLOWER]: Consensus starting up: Expiring failure detector timer to make a prompt election more likely
I20260709 13:18:22.073678 22035 raft_consensus.cc:740] T adcd16bcc5d74ec08d492d85664adb85 P 6c1e56d37145441780a67d0b9ef845d0 [term 0 FOLLOWER]: Becoming Follower/Learner. State: Replica: 6c1e56d37145441780a67d0b9ef845d0, State: Initialized, Role: FOLLOWER
I20260709 13:18:22.074330 22035 consensus_queue.cc:260] T adcd16bcc5d74ec08d492d85664adb85 P 6c1e56d37145441780a67d0b9ef845d0 [NON_LEADER]: Queue going to NON_LEADER mode. State: All replicated index: 0, Majority replicated index: 0, Committed index: 0, Last appended: 0.0, Last appended by leader: 0, Current term: 0, Majority size: -1, State: 0, Mode: NON_LEADER, active raft config: opid_index: -1 OBSOLETE_local: false peers { permanent_uuid: "d08e675d7f414516b1a4a00dc97e2ce3" member_type: VOTER last_known_addr { host: "127.20.62.193" port: 38265 } } peers { permanent_uuid: "288a32ef6ab84724bc3360522f4fb259" member_type: VOTER last_known_addr { host: "127.20.62.194" port: 46351 } } peers { permanent_uuid: "6c1e56d37145441780a67d0b9ef845d0" member_type: VOTER last_known_addr { host: "127.20.62.195" port: 34963 } }
I20260709 13:18:22.081172 22034 tablet_bootstrap.cc:492] T 9562237a8c3949028f033a0f1618158f P 288a32ef6ab84724bc3360522f4fb259: No bootstrap required, opened a new log
I20260709 13:18:22.081704 22034 ts_tablet_manager.cc:1403] T 9562237a8c3949028f033a0f1618158f P 288a32ef6ab84724bc3360522f4fb259: Time spent bootstrapping tablet: real 0.107s	user 0.029s	sys 0.024s
I20260709 13:18:22.091049 22034 raft_consensus.cc:359] T 9562237a8c3949028f033a0f1618158f P 288a32ef6ab84724bc3360522f4fb259 [term 0 FOLLOWER]: Replica starting. Triggering 0 pending ops. Active config: opid_index: -1 OBSOLETE_local: false peers { permanent_uuid: "d08e675d7f414516b1a4a00dc97e2ce3" member_type: VOTER last_known_addr { host: "127.20.62.193" port: 38265 } } peers { permanent_uuid: "288a32ef6ab84724bc3360522f4fb259" member_type: VOTER last_known_addr { host: "127.20.62.194" port: 46351 } } peers { permanent_uuid: "6c1e56d37145441780a67d0b9ef845d0" member_type: VOTER last_known_addr { host: "127.20.62.195" port: 34963 } }
I20260709 13:18:22.092326 22035 ts_tablet_manager.cc:1434] T adcd16bcc5d74ec08d492d85664adb85 P 6c1e56d37145441780a67d0b9ef845d0: Time spent starting tablet: real 0.035s	user 0.005s	sys 0.001s
I20260709 13:18:22.093289 22035 tablet_bootstrap.cc:492] T cfbbbb8fd60549458c9525a356902c0f P 6c1e56d37145441780a67d0b9ef845d0: Bootstrap starting.
I20260709 13:18:22.095507 22036 tablet_bootstrap.cc:654] T adcd16bcc5d74ec08d492d85664adb85 P d08e675d7f414516b1a4a00dc97e2ce3: Neither blocks nor log segments found. Creating new log.
I20260709 13:18:22.091759 22034 raft_consensus.cc:385] T 9562237a8c3949028f033a0f1618158f P 288a32ef6ab84724bc3360522f4fb259 [term 0 FOLLOWER]: Consensus starting up: Expiring failure detector timer to make a prompt election more likely
I20260709 13:18:22.097532 22034 raft_consensus.cc:740] T 9562237a8c3949028f033a0f1618158f P 288a32ef6ab84724bc3360522f4fb259 [term 0 FOLLOWER]: Becoming Follower/Learner. State: Replica: 288a32ef6ab84724bc3360522f4fb259, State: Initialized, Role: FOLLOWER
I20260709 13:18:22.098233 22034 consensus_queue.cc:260] T 9562237a8c3949028f033a0f1618158f P 288a32ef6ab84724bc3360522f4fb259 [NON_LEADER]: Queue going to NON_LEADER mode. State: All replicated index: 0, Majority replicated index: 0, Committed index: 0, Last appended: 0.0, Last appended by leader: 0, Current term: 0, Majority size: -1, State: 0, Mode: NON_LEADER, active raft config: opid_index: -1 OBSOLETE_local: false peers { permanent_uuid: "d08e675d7f414516b1a4a00dc97e2ce3" member_type: VOTER last_known_addr { host: "127.20.62.193" port: 38265 } } peers { permanent_uuid: "288a32ef6ab84724bc3360522f4fb259" member_type: VOTER last_known_addr { host: "127.20.62.194" port: 46351 } } peers { permanent_uuid: "6c1e56d37145441780a67d0b9ef845d0" member_type: VOTER last_known_addr { host: "127.20.62.195" port: 34963 } }
I20260709 13:18:22.099695 22034 ts_tablet_manager.cc:1434] T 9562237a8c3949028f033a0f1618158f P 288a32ef6ab84724bc3360522f4fb259: Time spent starting tablet: real 0.018s	user 0.005s	sys 0.000s
I20260709 13:18:22.100517 22034 tablet_bootstrap.cc:492] T adcd16bcc5d74ec08d492d85664adb85 P 288a32ef6ab84724bc3360522f4fb259: Bootstrap starting.
I20260709 13:18:22.105813 22034 tablet_bootstrap.cc:654] T adcd16bcc5d74ec08d492d85664adb85 P 288a32ef6ab84724bc3360522f4fb259: Neither blocks nor log segments found. Creating new log.
I20260709 13:18:22.123116 22035 tablet_bootstrap.cc:654] T cfbbbb8fd60549458c9525a356902c0f P 6c1e56d37145441780a67d0b9ef845d0: Neither blocks nor log segments found. Creating new log.
I20260709 13:18:22.132661 22036 tablet_bootstrap.cc:492] T adcd16bcc5d74ec08d492d85664adb85 P d08e675d7f414516b1a4a00dc97e2ce3: No bootstrap required, opened a new log
I20260709 13:18:22.133206 22036 ts_tablet_manager.cc:1403] T adcd16bcc5d74ec08d492d85664adb85 P d08e675d7f414516b1a4a00dc97e2ce3: Time spent bootstrapping tablet: real 0.063s	user 0.015s	sys 0.001s
I20260709 13:18:22.134060 22035 tablet_bootstrap.cc:492] T cfbbbb8fd60549458c9525a356902c0f P 6c1e56d37145441780a67d0b9ef845d0: No bootstrap required, opened a new log
I20260709 13:18:22.134495 22035 ts_tablet_manager.cc:1403] T cfbbbb8fd60549458c9525a356902c0f P 6c1e56d37145441780a67d0b9ef845d0: Time spent bootstrapping tablet: real 0.041s	user 0.015s	sys 0.000s
I20260709 13:18:22.135758 22036 raft_consensus.cc:359] T adcd16bcc5d74ec08d492d85664adb85 P d08e675d7f414516b1a4a00dc97e2ce3 [term 0 FOLLOWER]: Replica starting. Triggering 0 pending ops. Active config: opid_index: -1 OBSOLETE_local: false peers { permanent_uuid: "d08e675d7f414516b1a4a00dc97e2ce3" member_type: VOTER last_known_addr { host: "127.20.62.193" port: 38265 } } peers { permanent_uuid: "288a32ef6ab84724bc3360522f4fb259" member_type: VOTER last_known_addr { host: "127.20.62.194" port: 46351 } } peers { permanent_uuid: "6c1e56d37145441780a67d0b9ef845d0" member_type: VOTER last_known_addr { host: "127.20.62.195" port: 34963 } }
I20260709 13:18:22.136391 22036 raft_consensus.cc:385] T adcd16bcc5d74ec08d492d85664adb85 P d08e675d7f414516b1a4a00dc97e2ce3 [term 0 FOLLOWER]: Consensus starting up: Expiring failure detector timer to make a prompt election more likely
I20260709 13:18:22.136628 22036 raft_consensus.cc:740] T adcd16bcc5d74ec08d492d85664adb85 P d08e675d7f414516b1a4a00dc97e2ce3 [term 0 FOLLOWER]: Becoming Follower/Learner. State: Replica: d08e675d7f414516b1a4a00dc97e2ce3, State: Initialized, Role: FOLLOWER
I20260709 13:18:22.136828 22035 raft_consensus.cc:359] T cfbbbb8fd60549458c9525a356902c0f P 6c1e56d37145441780a67d0b9ef845d0 [term 0 FOLLOWER]: Replica starting. Triggering 0 pending ops. Active config: opid_index: -1 OBSOLETE_local: false peers { permanent_uuid: "d08e675d7f414516b1a4a00dc97e2ce3" member_type: VOTER last_known_addr { host: "127.20.62.193" port: 38265 } } peers { permanent_uuid: "288a32ef6ab84724bc3360522f4fb259" member_type: VOTER last_known_addr { host: "127.20.62.194" port: 46351 } } peers { permanent_uuid: "6c1e56d37145441780a67d0b9ef845d0" member_type: VOTER last_known_addr { host: "127.20.62.195" port: 34963 } }
I20260709 13:18:22.137516 22035 raft_consensus.cc:385] T cfbbbb8fd60549458c9525a356902c0f P 6c1e56d37145441780a67d0b9ef845d0 [term 0 FOLLOWER]: Consensus starting up: Expiring failure detector timer to make a prompt election more likely
I20260709 13:18:22.137296 22036 consensus_queue.cc:260] T adcd16bcc5d74ec08d492d85664adb85 P d08e675d7f414516b1a4a00dc97e2ce3 [NON_LEADER]: Queue going to NON_LEADER mode. State: All replicated index: 0, Majority replicated index: 0, Committed index: 0, Last appended: 0.0, Last appended by leader: 0, Current term: 0, Majority size: -1, State: 0, Mode: NON_LEADER, active raft config: opid_index: -1 OBSOLETE_local: false peers { permanent_uuid: "d08e675d7f414516b1a4a00dc97e2ce3" member_type: VOTER last_known_addr { host: "127.20.62.193" port: 38265 } } peers { permanent_uuid: "288a32ef6ab84724bc3360522f4fb259" member_type: VOTER last_known_addr { host: "127.20.62.194" port: 46351 } } peers { permanent_uuid: "6c1e56d37145441780a67d0b9ef845d0" member_type: VOTER last_known_addr { host: "127.20.62.195" port: 34963 } }
I20260709 13:18:22.137785 22035 raft_consensus.cc:740] T cfbbbb8fd60549458c9525a356902c0f P 6c1e56d37145441780a67d0b9ef845d0 [term 0 FOLLOWER]: Becoming Follower/Learner. State: Replica: 6c1e56d37145441780a67d0b9ef845d0, State: Initialized, Role: FOLLOWER
I20260709 13:18:22.138604 22035 consensus_queue.cc:260] T cfbbbb8fd60549458c9525a356902c0f P 6c1e56d37145441780a67d0b9ef845d0 [NON_LEADER]: Queue going to NON_LEADER mode. State: All replicated index: 0, Majority replicated index: 0, Committed index: 0, Last appended: 0.0, Last appended by leader: 0, Current term: 0, Majority size: -1, State: 0, Mode: NON_LEADER, active raft config: opid_index: -1 OBSOLETE_local: false peers { permanent_uuid: "d08e675d7f414516b1a4a00dc97e2ce3" member_type: VOTER last_known_addr { host: "127.20.62.193" port: 38265 } } peers { permanent_uuid: "288a32ef6ab84724bc3360522f4fb259" member_type: VOTER last_known_addr { host: "127.20.62.194" port: 46351 } } peers { permanent_uuid: "6c1e56d37145441780a67d0b9ef845d0" member_type: VOTER last_known_addr { host: "127.20.62.195" port: 34963 } }
I20260709 13:18:22.141692 22035 ts_tablet_manager.cc:1434] T cfbbbb8fd60549458c9525a356902c0f P 6c1e56d37145441780a67d0b9ef845d0: Time spent starting tablet: real 0.007s	user 0.007s	sys 0.000s
I20260709 13:18:22.142135 22120 consensus_queue.cc:1048] T c4bf8b2eb7ce4f2a9deb246492d3290e P 288a32ef6ab84724bc3360522f4fb259 [LEADER]: Connected to new peer: Peer: permanent_uuid: "6c1e56d37145441780a67d0b9ef845d0" member_type: VOTER last_known_addr { host: "127.20.62.195" port: 34963 }, Status: LMP_MISMATCH, Last received: 0.0, Next index: 1, Last known committed idx: 0, Time since last communication: 0.000s
I20260709 13:18:22.142510 22035 tablet_bootstrap.cc:492] T e56847babada4df58e97b615eb351784 P 6c1e56d37145441780a67d0b9ef845d0: Bootstrap starting.
I20260709 13:18:22.143954 22034 tablet_bootstrap.cc:492] T adcd16bcc5d74ec08d492d85664adb85 P 288a32ef6ab84724bc3360522f4fb259: No bootstrap required, opened a new log
I20260709 13:18:22.144361 22034 ts_tablet_manager.cc:1403] T adcd16bcc5d74ec08d492d85664adb85 P 288a32ef6ab84724bc3360522f4fb259: Time spent bootstrapping tablet: real 0.044s	user 0.020s	sys 0.004s
I20260709 13:18:22.147624 22036 ts_tablet_manager.cc:1434] T adcd16bcc5d74ec08d492d85664adb85 P d08e675d7f414516b1a4a00dc97e2ce3: Time spent starting tablet: real 0.014s	user 0.005s	sys 0.000s
I20260709 13:18:22.148455 22036 tablet_bootstrap.cc:492] T e56847babada4df58e97b615eb351784 P d08e675d7f414516b1a4a00dc97e2ce3: Bootstrap starting.
I20260709 13:18:22.149111 22035 tablet_bootstrap.cc:654] T e56847babada4df58e97b615eb351784 P 6c1e56d37145441780a67d0b9ef845d0: Neither blocks nor log segments found. Creating new log.
I20260709 13:18:22.153479 22036 tablet_bootstrap.cc:654] T e56847babada4df58e97b615eb351784 P d08e675d7f414516b1a4a00dc97e2ce3: Neither blocks nor log segments found. Creating new log.
I20260709 13:18:22.153800 22035 tablet_bootstrap.cc:492] T e56847babada4df58e97b615eb351784 P 6c1e56d37145441780a67d0b9ef845d0: No bootstrap required, opened a new log
I20260709 13:18:22.154354 22035 ts_tablet_manager.cc:1403] T e56847babada4df58e97b615eb351784 P 6c1e56d37145441780a67d0b9ef845d0: Time spent bootstrapping tablet: real 0.012s	user 0.008s	sys 0.003s
I20260709 13:18:22.153821 22034 raft_consensus.cc:359] T adcd16bcc5d74ec08d492d85664adb85 P 288a32ef6ab84724bc3360522f4fb259 [term 0 FOLLOWER]: Replica starting. Triggering 0 pending ops. Active config: opid_index: -1 OBSOLETE_local: false peers { permanent_uuid: "d08e675d7f414516b1a4a00dc97e2ce3" member_type: VOTER last_known_addr { host: "127.20.62.193" port: 38265 } } peers { permanent_uuid: "288a32ef6ab84724bc3360522f4fb259" member_type: VOTER last_known_addr { host: "127.20.62.194" port: 46351 } } peers { permanent_uuid: "6c1e56d37145441780a67d0b9ef845d0" member_type: VOTER last_known_addr { host: "127.20.62.195" port: 34963 } }
I20260709 13:18:22.154807 22034 raft_consensus.cc:385] T adcd16bcc5d74ec08d492d85664adb85 P 288a32ef6ab84724bc3360522f4fb259 [term 0 FOLLOWER]: Consensus starting up: Expiring failure detector timer to make a prompt election more likely
I20260709 13:18:22.155120 22034 raft_consensus.cc:740] T adcd16bcc5d74ec08d492d85664adb85 P 288a32ef6ab84724bc3360522f4fb259 [term 0 FOLLOWER]: Becoming Follower/Learner. State: Replica: 288a32ef6ab84724bc3360522f4fb259, State: Initialized, Role: FOLLOWER
I20260709 13:18:22.155787 22034 consensus_queue.cc:260] T adcd16bcc5d74ec08d492d85664adb85 P 288a32ef6ab84724bc3360522f4fb259 [NON_LEADER]: Queue going to NON_LEADER mode. State: All replicated index: 0, Majority replicated index: 0, Committed index: 0, Last appended: 0.0, Last appended by leader: 0, Current term: 0, Majority size: -1, State: 0, Mode: NON_LEADER, active raft config: opid_index: -1 OBSOLETE_local: false peers { permanent_uuid: "d08e675d7f414516b1a4a00dc97e2ce3" member_type: VOTER last_known_addr { host: "127.20.62.193" port: 38265 } } peers { permanent_uuid: "288a32ef6ab84724bc3360522f4fb259" member_type: VOTER last_known_addr { host: "127.20.62.194" port: 46351 } } peers { permanent_uuid: "6c1e56d37145441780a67d0b9ef845d0" member_type: VOTER last_known_addr { host: "127.20.62.195" port: 34963 } }
I20260709 13:18:22.157357 22035 raft_consensus.cc:359] T e56847babada4df58e97b615eb351784 P 6c1e56d37145441780a67d0b9ef845d0 [term 0 FOLLOWER]: Replica starting. Triggering 0 pending ops. Active config: opid_index: -1 OBSOLETE_local: false peers { permanent_uuid: "d08e675d7f414516b1a4a00dc97e2ce3" member_type: VOTER last_known_addr { host: "127.20.62.193" port: 38265 } } peers { permanent_uuid: "288a32ef6ab84724bc3360522f4fb259" member_type: VOTER last_known_addr { host: "127.20.62.194" port: 46351 } } peers { permanent_uuid: "6c1e56d37145441780a67d0b9ef845d0" member_type: VOTER last_known_addr { host: "127.20.62.195" port: 34963 } }
I20260709 13:18:22.158000 22035 raft_consensus.cc:385] T e56847babada4df58e97b615eb351784 P 6c1e56d37145441780a67d0b9ef845d0 [term 0 FOLLOWER]: Consensus starting up: Expiring failure detector timer to make a prompt election more likely
I20260709 13:18:22.158107 22034 ts_tablet_manager.cc:1434] T adcd16bcc5d74ec08d492d85664adb85 P 288a32ef6ab84724bc3360522f4fb259: Time spent starting tablet: real 0.014s	user 0.007s	sys 0.001s
I20260709 13:18:22.158268 22035 raft_consensus.cc:740] T e56847babada4df58e97b615eb351784 P 6c1e56d37145441780a67d0b9ef845d0 [term 0 FOLLOWER]: Becoming Follower/Learner. State: Replica: 6c1e56d37145441780a67d0b9ef845d0, State: Initialized, Role: FOLLOWER
I20260709 13:18:22.159379 22034 tablet_bootstrap.cc:492] T cfbbbb8fd60549458c9525a356902c0f P 288a32ef6ab84724bc3360522f4fb259: Bootstrap starting.
I20260709 13:18:22.159081 22035 consensus_queue.cc:260] T e56847babada4df58e97b615eb351784 P 6c1e56d37145441780a67d0b9ef845d0 [NON_LEADER]: Queue going to NON_LEADER mode. State: All replicated index: 0, Majority replicated index: 0, Committed index: 0, Last appended: 0.0, Last appended by leader: 0, Current term: 0, Majority size: -1, State: 0, Mode: NON_LEADER, active raft config: opid_index: -1 OBSOLETE_local: false peers { permanent_uuid: "d08e675d7f414516b1a4a00dc97e2ce3" member_type: VOTER last_known_addr { host: "127.20.62.193" port: 38265 } } peers { permanent_uuid: "288a32ef6ab84724bc3360522f4fb259" member_type: VOTER last_known_addr { host: "127.20.62.194" port: 46351 } } peers { permanent_uuid: "6c1e56d37145441780a67d0b9ef845d0" member_type: VOTER last_known_addr { host: "127.20.62.195" port: 34963 } }
I20260709 13:18:22.161247 22035 ts_tablet_manager.cc:1434] T e56847babada4df58e97b615eb351784 P 6c1e56d37145441780a67d0b9ef845d0: Time spent starting tablet: real 0.007s	user 0.006s	sys 0.000s
I20260709 13:18:22.162068 22035 tablet_bootstrap.cc:492] T 875e9ce418f146a3b781328320e3e8c6 P 6c1e56d37145441780a67d0b9ef845d0: Bootstrap starting.
I20260709 13:18:22.165609 22034 tablet_bootstrap.cc:654] T cfbbbb8fd60549458c9525a356902c0f P 288a32ef6ab84724bc3360522f4fb259: Neither blocks nor log segments found. Creating new log.
I20260709 13:18:22.175341 22035 tablet_bootstrap.cc:654] T 875e9ce418f146a3b781328320e3e8c6 P 6c1e56d37145441780a67d0b9ef845d0: Neither blocks nor log segments found. Creating new log.
I20260709 13:18:22.174489 22120 consensus_queue.cc:1048] T c4bf8b2eb7ce4f2a9deb246492d3290e P 288a32ef6ab84724bc3360522f4fb259 [LEADER]: Connected to new peer: Peer: permanent_uuid: "d08e675d7f414516b1a4a00dc97e2ce3" member_type: VOTER last_known_addr { host: "127.20.62.193" port: 38265 }, Status: LMP_MISMATCH, Last received: 0.0, Next index: 1, Last known committed idx: 0, Time since last communication: 0.007s
I20260709 13:18:22.185037 22036 tablet_bootstrap.cc:492] T e56847babada4df58e97b615eb351784 P d08e675d7f414516b1a4a00dc97e2ce3: No bootstrap required, opened a new log
I20260709 13:18:22.185484 22036 ts_tablet_manager.cc:1403] T e56847babada4df58e97b615eb351784 P d08e675d7f414516b1a4a00dc97e2ce3: Time spent bootstrapping tablet: real 0.037s	user 0.016s	sys 0.008s
I20260709 13:18:22.189103 22036 raft_consensus.cc:359] T e56847babada4df58e97b615eb351784 P d08e675d7f414516b1a4a00dc97e2ce3 [term 0 FOLLOWER]: Replica starting. Triggering 0 pending ops. Active config: opid_index: -1 OBSOLETE_local: false peers { permanent_uuid: "d08e675d7f414516b1a4a00dc97e2ce3" member_type: VOTER last_known_addr { host: "127.20.62.193" port: 38265 } } peers { permanent_uuid: "288a32ef6ab84724bc3360522f4fb259" member_type: VOTER last_known_addr { host: "127.20.62.194" port: 46351 } } peers { permanent_uuid: "6c1e56d37145441780a67d0b9ef845d0" member_type: VOTER last_known_addr { host: "127.20.62.195" port: 34963 } }
I20260709 13:18:22.191423 22036 raft_consensus.cc:385] T e56847babada4df58e97b615eb351784 P d08e675d7f414516b1a4a00dc97e2ce3 [term 0 FOLLOWER]: Consensus starting up: Expiring failure detector timer to make a prompt election more likely
I20260709 13:18:22.191684 22036 raft_consensus.cc:740] T e56847babada4df58e97b615eb351784 P d08e675d7f414516b1a4a00dc97e2ce3 [term 0 FOLLOWER]: Becoming Follower/Learner. State: Replica: d08e675d7f414516b1a4a00dc97e2ce3, State: Initialized, Role: FOLLOWER
I20260709 13:18:22.192234 22036 consensus_queue.cc:260] T e56847babada4df58e97b615eb351784 P d08e675d7f414516b1a4a00dc97e2ce3 [NON_LEADER]: Queue going to NON_LEADER mode. State: All replicated index: 0, Majority replicated index: 0, Committed index: 0, Last appended: 0.0, Last appended by leader: 0, Current term: 0, Majority size: -1, State: 0, Mode: NON_LEADER, active raft config: opid_index: -1 OBSOLETE_local: false peers { permanent_uuid: "d08e675d7f414516b1a4a00dc97e2ce3" member_type: VOTER last_known_addr { host: "127.20.62.193" port: 38265 } } peers { permanent_uuid: "288a32ef6ab84724bc3360522f4fb259" member_type: VOTER last_known_addr { host: "127.20.62.194" port: 46351 } } peers { permanent_uuid: "6c1e56d37145441780a67d0b9ef845d0" member_type: VOTER last_known_addr { host: "127.20.62.195" port: 34963 } }
I20260709 13:18:22.194023 22036 ts_tablet_manager.cc:1434] T e56847babada4df58e97b615eb351784 P d08e675d7f414516b1a4a00dc97e2ce3: Time spent starting tablet: real 0.008s	user 0.005s	sys 0.000s
I20260709 13:18:22.194922 22036 tablet_bootstrap.cc:492] T cfbbbb8fd60549458c9525a356902c0f P d08e675d7f414516b1a4a00dc97e2ce3: Bootstrap starting.
I20260709 13:18:22.199678 22034 tablet_bootstrap.cc:492] T cfbbbb8fd60549458c9525a356902c0f P 288a32ef6ab84724bc3360522f4fb259: No bootstrap required, opened a new log
I20260709 13:18:22.199788 22035 tablet_bootstrap.cc:492] T 875e9ce418f146a3b781328320e3e8c6 P 6c1e56d37145441780a67d0b9ef845d0: No bootstrap required, opened a new log
I20260709 13:18:22.200227 22035 ts_tablet_manager.cc:1403] T 875e9ce418f146a3b781328320e3e8c6 P 6c1e56d37145441780a67d0b9ef845d0: Time spent bootstrapping tablet: real 0.038s	user 0.016s	sys 0.010s
I20260709 13:18:22.200675 22041 consensus_queue.cc:1048] T 32557c7db3e74d6a997153b4a47bcf6d P 288a32ef6ab84724bc3360522f4fb259 [LEADER]: Connected to new peer: Peer: permanent_uuid: "6c1e56d37145441780a67d0b9ef845d0" member_type: VOTER last_known_addr { host: "127.20.62.195" port: 34963 }, Status: LMP_MISMATCH, Last received: 0.0, Next index: 1, Last known committed idx: 0, Time since last communication: 0.000s
I20260709 13:18:22.202086 22034 ts_tablet_manager.cc:1403] T cfbbbb8fd60549458c9525a356902c0f P 288a32ef6ab84724bc3360522f4fb259: Time spent bootstrapping tablet: real 0.043s	user 0.018s	sys 0.008s
I20260709 13:18:22.202646 22035 raft_consensus.cc:359] T 875e9ce418f146a3b781328320e3e8c6 P 6c1e56d37145441780a67d0b9ef845d0 [term 0 FOLLOWER]: Replica starting. Triggering 0 pending ops. Active config: opid_index: -1 OBSOLETE_local: false peers { permanent_uuid: "d08e675d7f414516b1a4a00dc97e2ce3" member_type: VOTER last_known_addr { host: "127.20.62.193" port: 38265 } } peers { permanent_uuid: "288a32ef6ab84724bc3360522f4fb259" member_type: VOTER last_known_addr { host: "127.20.62.194" port: 46351 } } peers { permanent_uuid: "6c1e56d37145441780a67d0b9ef845d0" member_type: VOTER last_known_addr { host: "127.20.62.195" port: 34963 } }
I20260709 13:18:22.203241 22035 raft_consensus.cc:385] T 875e9ce418f146a3b781328320e3e8c6 P 6c1e56d37145441780a67d0b9ef845d0 [term 0 FOLLOWER]: Consensus starting up: Expiring failure detector timer to make a prompt election more likely
I20260709 13:18:22.203450 22035 raft_consensus.cc:740] T 875e9ce418f146a3b781328320e3e8c6 P 6c1e56d37145441780a67d0b9ef845d0 [term 0 FOLLOWER]: Becoming Follower/Learner. State: Replica: 6c1e56d37145441780a67d0b9ef845d0, State: Initialized, Role: FOLLOWER
I20260709 13:18:22.203984 22035 consensus_queue.cc:260] T 875e9ce418f146a3b781328320e3e8c6 P 6c1e56d37145441780a67d0b9ef845d0 [NON_LEADER]: Queue going to NON_LEADER mode. State: All replicated index: 0, Majority replicated index: 0, Committed index: 0, Last appended: 0.0, Last appended by leader: 0, Current term: 0, Majority size: -1, State: 0, Mode: NON_LEADER, active raft config: opid_index: -1 OBSOLETE_local: false peers { permanent_uuid: "d08e675d7f414516b1a4a00dc97e2ce3" member_type: VOTER last_known_addr { host: "127.20.62.193" port: 38265 } } peers { permanent_uuid: "288a32ef6ab84724bc3360522f4fb259" member_type: VOTER last_known_addr { host: "127.20.62.194" port: 46351 } } peers { permanent_uuid: "6c1e56d37145441780a67d0b9ef845d0" member_type: VOTER last_known_addr { host: "127.20.62.195" port: 34963 } }
I20260709 13:18:22.204602 22034 raft_consensus.cc:359] T cfbbbb8fd60549458c9525a356902c0f P 288a32ef6ab84724bc3360522f4fb259 [term 0 FOLLOWER]: Replica starting. Triggering 0 pending ops. Active config: opid_index: -1 OBSOLETE_local: false peers { permanent_uuid: "d08e675d7f414516b1a4a00dc97e2ce3" member_type: VOTER last_known_addr { host: "127.20.62.193" port: 38265 } } peers { permanent_uuid: "288a32ef6ab84724bc3360522f4fb259" member_type: VOTER last_known_addr { host: "127.20.62.194" port: 46351 } } peers { permanent_uuid: "6c1e56d37145441780a67d0b9ef845d0" member_type: VOTER last_known_addr { host: "127.20.62.195" port: 34963 } }
I20260709 13:18:22.205291 22034 raft_consensus.cc:385] T cfbbbb8fd60549458c9525a356902c0f P 288a32ef6ab84724bc3360522f4fb259 [term 0 FOLLOWER]: Consensus starting up: Expiring failure detector timer to make a prompt election more likely
I20260709 13:18:22.205600 22034 raft_consensus.cc:740] T cfbbbb8fd60549458c9525a356902c0f P 288a32ef6ab84724bc3360522f4fb259 [term 0 FOLLOWER]: Becoming Follower/Learner. State: Replica: 288a32ef6ab84724bc3360522f4fb259, State: Initialized, Role: FOLLOWER
I20260709 13:18:22.206022 22035 ts_tablet_manager.cc:1434] T 875e9ce418f146a3b781328320e3e8c6 P 6c1e56d37145441780a67d0b9ef845d0: Time spent starting tablet: real 0.006s	user 0.006s	sys 0.001s
I20260709 13:18:22.206215 22034 consensus_queue.cc:260] T cfbbbb8fd60549458c9525a356902c0f P 288a32ef6ab84724bc3360522f4fb259 [NON_LEADER]: Queue going to NON_LEADER mode. State: All replicated index: 0, Majority replicated index: 0, Committed index: 0, Last appended: 0.0, Last appended by leader: 0, Current term: 0, Majority size: -1, State: 0, Mode: NON_LEADER, active raft config: opid_index: -1 OBSOLETE_local: false peers { permanent_uuid: "d08e675d7f414516b1a4a00dc97e2ce3" member_type: VOTER last_known_addr { host: "127.20.62.193" port: 38265 } } peers { permanent_uuid: "288a32ef6ab84724bc3360522f4fb259" member_type: VOTER last_known_addr { host: "127.20.62.194" port: 46351 } } peers { permanent_uuid: "6c1e56d37145441780a67d0b9ef845d0" member_type: VOTER last_known_addr { host: "127.20.62.195" port: 34963 } }
I20260709 13:18:22.206828 22035 tablet_bootstrap.cc:492] T 99c3e0fd786b4ed4ada292eb21568f57 P 6c1e56d37145441780a67d0b9ef845d0: Bootstrap starting.
I20260709 13:18:22.208125 22034 ts_tablet_manager.cc:1434] T cfbbbb8fd60549458c9525a356902c0f P 288a32ef6ab84724bc3360522f4fb259: Time spent starting tablet: real 0.006s	user 0.003s	sys 0.000s
I20260709 13:18:22.208948 22034 tablet_bootstrap.cc:492] T c23ec092dbff4efdbe976ebc1b97bd87 P 288a32ef6ab84724bc3360522f4fb259: Bootstrap starting.
I20260709 13:18:22.212409 22035 tablet_bootstrap.cc:654] T 99c3e0fd786b4ed4ada292eb21568f57 P 6c1e56d37145441780a67d0b9ef845d0: Neither blocks nor log segments found. Creating new log.
I20260709 13:18:22.213248 22036 tablet_bootstrap.cc:654] T cfbbbb8fd60549458c9525a356902c0f P d08e675d7f414516b1a4a00dc97e2ce3: Neither blocks nor log segments found. Creating new log.
I20260709 13:18:22.213608 22072 consensus_queue.cc:1048] T 32557c7db3e74d6a997153b4a47bcf6d P 288a32ef6ab84724bc3360522f4fb259 [LEADER]: Connected to new peer: Peer: permanent_uuid: "d08e675d7f414516b1a4a00dc97e2ce3" member_type: VOTER last_known_addr { host: "127.20.62.193" port: 38265 }, Status: LMP_MISMATCH, Last received: 0.0, Next index: 1, Last known committed idx: 0, Time since last communication: 0.000s
I20260709 13:18:22.220337 22034 tablet_bootstrap.cc:654] T c23ec092dbff4efdbe976ebc1b97bd87 P 288a32ef6ab84724bc3360522f4fb259: Neither blocks nor log segments found. Creating new log.
I20260709 13:18:22.221706 22135 raft_consensus.cc:493] T c23ec092dbff4efdbe976ebc1b97bd87 P 6c1e56d37145441780a67d0b9ef845d0 [term 0 FOLLOWER]: Starting pre-election (no leader contacted us within the election timeout)
I20260709 13:18:22.222151 22135 raft_consensus.cc:515] T c23ec092dbff4efdbe976ebc1b97bd87 P 6c1e56d37145441780a67d0b9ef845d0 [term 0 FOLLOWER]: Starting pre-election with config: opid_index: -1 OBSOLETE_local: false peers { permanent_uuid: "d08e675d7f414516b1a4a00dc97e2ce3" member_type: VOTER last_known_addr { host: "127.20.62.193" port: 38265 } } peers { permanent_uuid: "288a32ef6ab84724bc3360522f4fb259" member_type: VOTER last_known_addr { host: "127.20.62.194" port: 46351 } } peers { permanent_uuid: "6c1e56d37145441780a67d0b9ef845d0" member_type: VOTER last_known_addr { host: "127.20.62.195" port: 34963 } }
I20260709 13:18:22.224231 22135 leader_election.cc:290] T c23ec092dbff4efdbe976ebc1b97bd87 P 6c1e56d37145441780a67d0b9ef845d0 [CANDIDATE]: Term 1 pre-election: Requested pre-vote from peers d08e675d7f414516b1a4a00dc97e2ce3 (127.20.62.193:38265), 288a32ef6ab84724bc3360522f4fb259 (127.20.62.194:46351)
I20260709 13:18:22.225762 21845 tablet_service.cc:1917] Received RequestConsensusVote() RPC: tablet_id: "c23ec092dbff4efdbe976ebc1b97bd87" candidate_uuid: "6c1e56d37145441780a67d0b9ef845d0" candidate_term: 1 candidate_status { last_received { term: 0 index: 0 } } ignore_live_leader: false dest_uuid: "d08e675d7f414516b1a4a00dc97e2ce3" is_pre_election: true
I20260709 13:18:22.226389 21845 raft_consensus.cc:2468] T c23ec092dbff4efdbe976ebc1b97bd87 P d08e675d7f414516b1a4a00dc97e2ce3 [term 0 FOLLOWER]: Leader pre-election vote request: Granting yes vote for candidate 6c1e56d37145441780a67d0b9ef845d0 in term 0.
I20260709 13:18:22.226445 21917 tablet_service.cc:1917] Received RequestConsensusVote() RPC: tablet_id: "c23ec092dbff4efdbe976ebc1b97bd87" candidate_uuid: "6c1e56d37145441780a67d0b9ef845d0" candidate_term: 1 candidate_status { last_received { term: 0 index: 0 } } ignore_live_leader: false dest_uuid: "288a32ef6ab84724bc3360522f4fb259" is_pre_election: true
I20260709 13:18:22.252089 21957 leader_election.cc:304] T c23ec092dbff4efdbe976ebc1b97bd87 P 6c1e56d37145441780a67d0b9ef845d0 [CANDIDATE]: Term 1 pre-election: Election decided. Result: candidate won. Election summary: received 2 responses out of 3 voters: 2 yes votes; 0 no votes. yes voters: 6c1e56d37145441780a67d0b9ef845d0, d08e675d7f414516b1a4a00dc97e2ce3; no voters: 
I20260709 13:18:22.253022 22135 raft_consensus.cc:2804] T c23ec092dbff4efdbe976ebc1b97bd87 P 6c1e56d37145441780a67d0b9ef845d0 [term 0 FOLLOWER]: Leader pre-election won for term 1
I20260709 13:18:22.253386 22135 raft_consensus.cc:493] T c23ec092dbff4efdbe976ebc1b97bd87 P 6c1e56d37145441780a67d0b9ef845d0 [term 0 FOLLOWER]: Starting leader election (no leader contacted us within the election timeout)
I20260709 13:18:22.253726 22135 raft_consensus.cc:3060] T c23ec092dbff4efdbe976ebc1b97bd87 P 6c1e56d37145441780a67d0b9ef845d0 [term 0 FOLLOWER]: Advancing to term 1
W20260709 13:18:22.260264 21957 leader_election.cc:343] T c23ec092dbff4efdbe976ebc1b97bd87 P 6c1e56d37145441780a67d0b9ef845d0 [CANDIDATE]: Term 1 pre-election: Tablet error from VoteRequest() call to peer 288a32ef6ab84724bc3360522f4fb259 (127.20.62.194:46351): Illegal state: must be running to vote when last-logged opid is not known
I20260709 13:18:22.261924 22088 consensus_queue.cc:1048] T d6b23c950ea04443af0881c065b355de P 6c1e56d37145441780a67d0b9ef845d0 [LEADER]: Connected to new peer: Peer: permanent_uuid: "288a32ef6ab84724bc3360522f4fb259" member_type: VOTER last_known_addr { host: "127.20.62.194" port: 46351 }, Status: LMP_MISMATCH, Last received: 0.0, Next index: 1, Last known committed idx: 0, Time since last communication: 0.001s
I20260709 13:18:22.270285 22135 raft_consensus.cc:515] T c23ec092dbff4efdbe976ebc1b97bd87 P 6c1e56d37145441780a67d0b9ef845d0 [term 1 FOLLOWER]: Starting leader election with config: opid_index: -1 OBSOLETE_local: false peers { permanent_uuid: "d08e675d7f414516b1a4a00dc97e2ce3" member_type: VOTER last_known_addr { host: "127.20.62.193" port: 38265 } } peers { permanent_uuid: "288a32ef6ab84724bc3360522f4fb259" member_type: VOTER last_known_addr { host: "127.20.62.194" port: 46351 } } peers { permanent_uuid: "6c1e56d37145441780a67d0b9ef845d0" member_type: VOTER last_known_addr { host: "127.20.62.195" port: 34963 } }
I20260709 13:18:22.271842 22135 leader_election.cc:290] T c23ec092dbff4efdbe976ebc1b97bd87 P 6c1e56d37145441780a67d0b9ef845d0 [CANDIDATE]: Term 1 election: Requested vote from peers d08e675d7f414516b1a4a00dc97e2ce3 (127.20.62.193:38265), 288a32ef6ab84724bc3360522f4fb259 (127.20.62.194:46351)
I20260709 13:18:22.273141 21919 tablet_service.cc:1917] Received RequestConsensusVote() RPC: tablet_id: "c23ec092dbff4efdbe976ebc1b97bd87" candidate_uuid: "6c1e56d37145441780a67d0b9ef845d0" candidate_term: 1 candidate_status { last_received { term: 0 index: 0 } } ignore_live_leader: false dest_uuid: "288a32ef6ab84724bc3360522f4fb259"
I20260709 13:18:22.273820 21843 tablet_service.cc:1917] Received RequestConsensusVote() RPC: tablet_id: "c23ec092dbff4efdbe976ebc1b97bd87" candidate_uuid: "6c1e56d37145441780a67d0b9ef845d0" candidate_term: 1 candidate_status { last_received { term: 0 index: 0 } } ignore_live_leader: false dest_uuid: "d08e675d7f414516b1a4a00dc97e2ce3"
I20260709 13:18:22.274261 21843 raft_consensus.cc:3060] T c23ec092dbff4efdbe976ebc1b97bd87 P d08e675d7f414516b1a4a00dc97e2ce3 [term 0 FOLLOWER]: Advancing to term 1
W20260709 13:18:22.274545 21957 leader_election.cc:343] T c23ec092dbff4efdbe976ebc1b97bd87 P 6c1e56d37145441780a67d0b9ef845d0 [CANDIDATE]: Term 1 election: Tablet error from VoteRequest() call to peer 288a32ef6ab84724bc3360522f4fb259 (127.20.62.194:46351): Illegal state: must be running to vote when last-logged opid is not known
I20260709 13:18:22.278582 21843 raft_consensus.cc:2468] T c23ec092dbff4efdbe976ebc1b97bd87 P d08e675d7f414516b1a4a00dc97e2ce3 [term 1 FOLLOWER]: Leader election vote request: Granting yes vote for candidate 6c1e56d37145441780a67d0b9ef845d0 in term 1.
I20260709 13:18:22.279451 21957 leader_election.cc:304] T c23ec092dbff4efdbe976ebc1b97bd87 P 6c1e56d37145441780a67d0b9ef845d0 [CANDIDATE]: Term 1 election: Election decided. Result: candidate won. Election summary: received 3 responses out of 3 voters: 2 yes votes; 1 no votes. yes voters: 6c1e56d37145441780a67d0b9ef845d0, d08e675d7f414516b1a4a00dc97e2ce3; no voters: 288a32ef6ab84724bc3360522f4fb259
I20260709 13:18:22.280041 22135 raft_consensus.cc:2804] T c23ec092dbff4efdbe976ebc1b97bd87 P 6c1e56d37145441780a67d0b9ef845d0 [term 1 FOLLOWER]: Leader election won for term 1
I20260709 13:18:22.280400 22135 raft_consensus.cc:697] T c23ec092dbff4efdbe976ebc1b97bd87 P 6c1e56d37145441780a67d0b9ef845d0 [term 1 LEADER]: Becoming Leader. State: Replica: 6c1e56d37145441780a67d0b9ef845d0, State: Running, Role: LEADER
I20260709 13:18:22.280570 22072 raft_consensus.cc:493] T e56847babada4df58e97b615eb351784 P 288a32ef6ab84724bc3360522f4fb259 [term 0 FOLLOWER]: Starting pre-election (no leader contacted us within the election timeout)
I20260709 13:18:22.281010 22072 raft_consensus.cc:515] T e56847babada4df58e97b615eb351784 P 288a32ef6ab84724bc3360522f4fb259 [term 0 FOLLOWER]: Starting pre-election with config: opid_index: -1 OBSOLETE_local: false peers { permanent_uuid: "d08e675d7f414516b1a4a00dc97e2ce3" member_type: VOTER last_known_addr { host: "127.20.62.193" port: 38265 } } peers { permanent_uuid: "288a32ef6ab84724bc3360522f4fb259" member_type: VOTER last_known_addr { host: "127.20.62.194" port: 46351 } } peers { permanent_uuid: "6c1e56d37145441780a67d0b9ef845d0" member_type: VOTER last_known_addr { host: "127.20.62.195" port: 34963 } }
I20260709 13:18:22.281126 22135 consensus_queue.cc:237] T c23ec092dbff4efdbe976ebc1b97bd87 P 6c1e56d37145441780a67d0b9ef845d0 [LEADER]: Queue going to LEADER mode. State: All replicated index: 0, Majority replicated index: 0, Committed index: 0, Last appended: 0.0, Last appended by leader: 0, Current term: 1, Majority size: 2, State: 0, Mode: LEADER, active raft config: opid_index: -1 OBSOLETE_local: false peers { permanent_uuid: "d08e675d7f414516b1a4a00dc97e2ce3" member_type: VOTER last_known_addr { host: "127.20.62.193" port: 38265 } } peers { permanent_uuid: "288a32ef6ab84724bc3360522f4fb259" member_type: VOTER last_known_addr { host: "127.20.62.194" port: 46351 } } peers { permanent_uuid: "6c1e56d37145441780a67d0b9ef845d0" member_type: VOTER last_known_addr { host: "127.20.62.195" port: 34963 } }
I20260709 13:18:22.282254 22088 raft_consensus.cc:493] T 9562237a8c3949028f033a0f1618158f P 6c1e56d37145441780a67d0b9ef845d0 [term 0 FOLLOWER]: Starting pre-election (no leader contacted us within the election timeout)
I20260709 13:18:22.282765 22072 leader_election.cc:290] T e56847babada4df58e97b615eb351784 P 288a32ef6ab84724bc3360522f4fb259 [CANDIDATE]: Term 1 pre-election: Requested pre-vote from peers d08e675d7f414516b1a4a00dc97e2ce3 (127.20.62.193:38265), 6c1e56d37145441780a67d0b9ef845d0 (127.20.62.195:34963)
I20260709 13:18:22.283725 21843 tablet_service.cc:1917] Received RequestConsensusVote() RPC: tablet_id: "e56847babada4df58e97b615eb351784" candidate_uuid: "288a32ef6ab84724bc3360522f4fb259" candidate_term: 1 candidate_status { last_received { term: 0 index: 0 } } ignore_live_leader: false dest_uuid: "d08e675d7f414516b1a4a00dc97e2ce3" is_pre_election: true
I20260709 13:18:22.282717 22088 raft_consensus.cc:515] T 9562237a8c3949028f033a0f1618158f P 6c1e56d37145441780a67d0b9ef845d0 [term 0 FOLLOWER]: Starting pre-election with config: opid_index: -1 OBSOLETE_local: false peers { permanent_uuid: "d08e675d7f414516b1a4a00dc97e2ce3" member_type: VOTER last_known_addr { host: "127.20.62.193" port: 38265 } } peers { permanent_uuid: "288a32ef6ab84724bc3360522f4fb259" member_type: VOTER last_known_addr { host: "127.20.62.194" port: 46351 } } peers { permanent_uuid: "6c1e56d37145441780a67d0b9ef845d0" member_type: VOTER last_known_addr { host: "127.20.62.195" port: 34963 } }
I20260709 13:18:22.284315 21843 raft_consensus.cc:2468] T e56847babada4df58e97b615eb351784 P d08e675d7f414516b1a4a00dc97e2ce3 [term 0 FOLLOWER]: Leader pre-election vote request: Granting yes vote for candidate 288a32ef6ab84724bc3360522f4fb259 in term 0.
I20260709 13:18:22.284374 21992 tablet_service.cc:1917] Received RequestConsensusVote() RPC: tablet_id: "e56847babada4df58e97b615eb351784" candidate_uuid: "288a32ef6ab84724bc3360522f4fb259" candidate_term: 1 candidate_status { last_received { term: 0 index: 0 } } ignore_live_leader: false dest_uuid: "6c1e56d37145441780a67d0b9ef845d0" is_pre_election: true
I20260709 13:18:22.285143 21992 raft_consensus.cc:2468] T e56847babada4df58e97b615eb351784 P 6c1e56d37145441780a67d0b9ef845d0 [term 0 FOLLOWER]: Leader pre-election vote request: Granting yes vote for candidate 288a32ef6ab84724bc3360522f4fb259 in term 0.
