I20260709 13:17:59.135517 18717 consensus_queue.cc:1048] T c1e8a1c4c646486eb54a332667b3fd6b P 6a98f5c1cdbf411a84a022315be25dbd [LEADER]: Connected to new peer: Peer: permanent_uuid: "b9db9a95e5df4bc9b6b72ea66bbb10f0" member_type: VOTER last_known_addr { host: "127.17.218.195" port: 37411 }, Status: LMP_MISMATCH, Last received: 0.0, Next index: 2, Last known committed idx: 1, Time since last communication: 0.000s
I20260709 13:17:59.144874 18418 raft_consensus.cc:1275] T c1e8a1c4c646486eb54a332667b3fd6b P b157621d8a4a4db3999ce92b4747ea1d [term 3 FOLLOWER]: Refusing update from remote peer 6a98f5c1cdbf411a84a022315be25dbd: Log matching property violated. Preceding OpId in replica: term: 2 index: 1. Preceding OpId from leader: term: 3 index: 2. (index mismatch)
I20260709 13:17:59.146261 18701 consensus_queue.cc:1048] T c1e8a1c4c646486eb54a332667b3fd6b P 6a98f5c1cdbf411a84a022315be25dbd [LEADER]: Connected to new peer: Peer: permanent_uuid: "b157621d8a4a4db3999ce92b4747ea1d" member_type: VOTER last_known_addr { host: "127.17.218.193" port: 35339 }, Status: LMP_MISMATCH, Last received: 0.0, Next index: 2, Last known committed idx: 1, Time since last communication: 0.000s
I20260709 13:17:59.220028 18567 raft_consensus.cc:1275] T ef2bf79763744784ae0e8986fd2ee028 P b9db9a95e5df4bc9b6b72ea66bbb10f0 [term 2 FOLLOWER]: Refusing update from remote peer b157621d8a4a4db3999ce92b4747ea1d: Log matching property violated. Preceding OpId in replica: term: 1 index: 1. Preceding OpId from leader: term: 2 index: 2. (index mismatch)
I20260709 13:17:59.221285 18650 consensus_queue.cc:1048] T ef2bf79763744784ae0e8986fd2ee028 P b157621d8a4a4db3999ce92b4747ea1d [LEADER]: Connected to new peer: Peer: permanent_uuid: "b9db9a95e5df4bc9b6b72ea66bbb10f0" member_type: VOTER last_known_addr { host: "127.17.218.195" port: 37411 }, Status: LMP_MISMATCH, Last received: 0.0, Next index: 2, Last known committed idx: 1, Time since last communication: 0.000s
I20260709 13:17:59.230646 18493 raft_consensus.cc:1275] T ef2bf79763744784ae0e8986fd2ee028 P 6a98f5c1cdbf411a84a022315be25dbd [term 2 FOLLOWER]: Refusing update from remote peer b157621d8a4a4db3999ce92b4747ea1d: Log matching property violated. Preceding OpId in replica: term: 1 index: 1. Preceding OpId from leader: term: 2 index: 2. (index mismatch)
I20260709 13:17:59.232208 18690 consensus_queue.cc:1048] T ef2bf79763744784ae0e8986fd2ee028 P b157621d8a4a4db3999ce92b4747ea1d [LEADER]: Connected to new peer: Peer: permanent_uuid: "6a98f5c1cdbf411a84a022315be25dbd" member_type: VOTER last_known_addr { host: "127.17.218.194" port: 45205 }, Status: LMP_MISMATCH, Last received: 0.0, Next index: 2, Last known committed idx: 1, Time since last communication: 0.000s
I20260709 13:17:59.348733 18567 raft_consensus.cc:1275] T c59c27479fad4249a73850af738ff267 P b9db9a95e5df4bc9b6b72ea66bbb10f0 [term 2 FOLLOWER]: Refusing update from remote peer 6a98f5c1cdbf411a84a022315be25dbd: Log matching property violated. Preceding OpId in replica: term: 1 index: 1. Preceding OpId from leader: term: 2 index: 2. (index mismatch)
I20260709 13:17:59.350020 18702 consensus_queue.cc:1048] T c59c27479fad4249a73850af738ff267 P 6a98f5c1cdbf411a84a022315be25dbd [LEADER]: Connected to new peer: Peer: permanent_uuid: "b9db9a95e5df4bc9b6b72ea66bbb10f0" member_type: VOTER last_known_addr { host: "127.17.218.195" port: 37411 }, Status: LMP_MISMATCH, Last received: 0.0, Next index: 2, Last known committed idx: 1, Time since last communication: 0.000s
I20260709 13:17:59.357971 18418 raft_consensus.cc:1275] T c59c27479fad4249a73850af738ff267 P b157621d8a4a4db3999ce92b4747ea1d [term 2 FOLLOWER]: Refusing update from remote peer 6a98f5c1cdbf411a84a022315be25dbd: Log matching property violated. Preceding OpId in replica: term: 1 index: 1. Preceding OpId from leader: term: 2 index: 2. (index mismatch)
I20260709 13:17:59.359560 18701 consensus_queue.cc:1048] T c59c27479fad4249a73850af738ff267 P 6a98f5c1cdbf411a84a022315be25dbd [LEADER]: Connected to new peer: Peer: permanent_uuid: "b157621d8a4a4db3999ce92b4747ea1d" member_type: VOTER last_known_addr { host: "127.17.218.193" port: 35339 }, Status: LMP_MISMATCH, Last received: 0.0, Next index: 2, Last known committed idx: 1, Time since last communication: 0.000s
I20260709 13:18:01.290795 18283 auto_leader_rebalancer-test.cc:316] The leader distribution is 
I20260709 13:18:01.291663 18283 auto_leader_rebalancer.cc:141] leader rebalance for table test-workload
I20260709 13:18:01.312140 18493 tablet_service.cc:2072] Received LeaderStepDown RPC: tablet_id: "c1e8a1c4c646486eb54a332667b3fd6b"
dest_uuid: "6a98f5c1cdbf411a84a022315be25dbd"
mode: GRACEFUL
new_leader_uuid: "b9db9a95e5df4bc9b6b72ea66bbb10f0"
 from {username='slave'} at 127.0.0.1:51624
I20260709 13:18:01.312624 18493 raft_consensus.cc:606] T c1e8a1c4c646486eb54a332667b3fd6b P 6a98f5c1cdbf411a84a022315be25dbd [term 3 LEADER]: Received request to transfer leadership to TS b9db9a95e5df4bc9b6b72ea66bbb10f0
I20260709 13:18:01.323271 18417 tablet_service.cc:2072] Received LeaderStepDown RPC: tablet_id: "ef2bf79763744784ae0e8986fd2ee028"
dest_uuid: "b157621d8a4a4db3999ce92b4747ea1d"
mode: GRACEFUL
new_leader_uuid: "b9db9a95e5df4bc9b6b72ea66bbb10f0"
 from {username='slave'} at 127.0.0.1:49918
I20260709 13:18:01.323899 18417 raft_consensus.cc:606] T ef2bf79763744784ae0e8986fd2ee028 P b157621d8a4a4db3999ce92b4747ea1d [term 2 LEADER]: Received request to transfer leadership to TS b9db9a95e5df4bc9b6b72ea66bbb10f0
I20260709 13:18:01.325040 18283 auto_leader_rebalancer.cc:452] table: test-workload, leader rebalance finish, leader transfer count: 2
I20260709 13:18:01.325570 18283 auto_leader_rebalancer.cc:527] All tables' leader rebalancing finished this round
I20260709 13:18:01.580521 18724 raft_consensus.cc:993] T c1e8a1c4c646486eb54a332667b3fd6b P 6a98f5c1cdbf411a84a022315be25dbd: : Instructing follower b9db9a95e5df4bc9b6b72ea66bbb10f0 to start an election
I20260709 13:18:01.580981 18732 raft_consensus.cc:1081] T c1e8a1c4c646486eb54a332667b3fd6b P 6a98f5c1cdbf411a84a022315be25dbd [term 3 LEADER]: Signalling peer b9db9a95e5df4bc9b6b72ea66bbb10f0 to start an election
I20260709 13:18:01.582362 18567 tablet_service.cc:2044] Received Run Leader Election RPC: tablet_id: "c1e8a1c4c646486eb54a332667b3fd6b"
dest_uuid: "b9db9a95e5df4bc9b6b72ea66bbb10f0"
 from {username='slave'} at 127.0.0.1:41412
I20260709 13:18:01.582893 18567 raft_consensus.cc:493] T c1e8a1c4c646486eb54a332667b3fd6b P b9db9a95e5df4bc9b6b72ea66bbb10f0 [term 3 FOLLOWER]: Starting forced leader election (received explicit request)
I20260709 13:18:01.583168 18567 raft_consensus.cc:3060] T c1e8a1c4c646486eb54a332667b3fd6b P b9db9a95e5df4bc9b6b72ea66bbb10f0 [term 3 FOLLOWER]: Advancing to term 4
I20260709 13:18:01.587848 18567 raft_consensus.cc:515] T c1e8a1c4c646486eb54a332667b3fd6b P b9db9a95e5df4bc9b6b72ea66bbb10f0 [term 4 FOLLOWER]: Starting forced leader election with config: opid_index: -1 OBSOLETE_local: false peers { permanent_uuid: "b157621d8a4a4db3999ce92b4747ea1d" member_type: VOTER last_known_addr { host: "127.17.218.193" port: 35339 } } peers { permanent_uuid: "6a98f5c1cdbf411a84a022315be25dbd" member_type: VOTER last_known_addr { host: "127.17.218.194" port: 45205 } } peers { permanent_uuid: "b9db9a95e5df4bc9b6b72ea66bbb10f0" member_type: VOTER last_known_addr { host: "127.17.218.195" port: 37411 } }
I20260709 13:18:01.590003 18567 leader_election.cc:290] T c1e8a1c4c646486eb54a332667b3fd6b P b9db9a95e5df4bc9b6b72ea66bbb10f0 [CANDIDATE]: Term 4 election: Requested vote from peers b157621d8a4a4db3999ce92b4747ea1d (127.17.218.193:35339), 6a98f5c1cdbf411a84a022315be25dbd (127.17.218.194:45205)
I20260709 13:18:01.590845 18417 tablet_service.cc:1917] Received RequestConsensusVote() RPC: tablet_id: "c1e8a1c4c646486eb54a332667b3fd6b" candidate_uuid: "b9db9a95e5df4bc9b6b72ea66bbb10f0" candidate_term: 4 candidate_status { last_received { term: 3 index: 2 } } ignore_live_leader: true dest_uuid: "b157621d8a4a4db3999ce92b4747ea1d"
I20260709 13:18:01.591109 18493 tablet_service.cc:1917] Received RequestConsensusVote() RPC: tablet_id: "c1e8a1c4c646486eb54a332667b3fd6b" candidate_uuid: "b9db9a95e5df4bc9b6b72ea66bbb10f0" candidate_term: 4 candidate_status { last_received { term: 3 index: 2 } } ignore_live_leader: true dest_uuid: "6a98f5c1cdbf411a84a022315be25dbd"
I20260709 13:18:01.591439 18417 raft_consensus.cc:3060] T c1e8a1c4c646486eb54a332667b3fd6b P b157621d8a4a4db3999ce92b4747ea1d [term 3 FOLLOWER]: Advancing to term 4
I20260709 13:18:01.591661 18493 raft_consensus.cc:3055] T c1e8a1c4c646486eb54a332667b3fd6b P 6a98f5c1cdbf411a84a022315be25dbd [term 3 LEADER]: Stepping down as leader of term 3
I20260709 13:18:01.592007 18493 raft_consensus.cc:740] T c1e8a1c4c646486eb54a332667b3fd6b P 6a98f5c1cdbf411a84a022315be25dbd [term 3 LEADER]: Becoming Follower/Learner. State: Replica: 6a98f5c1cdbf411a84a022315be25dbd, State: Running, Role: LEADER
I20260709 13:18:01.592672 18493 consensus_queue.cc:260] T c1e8a1c4c646486eb54a332667b3fd6b P 6a98f5c1cdbf411a84a022315be25dbd [NON_LEADER]: Queue going to NON_LEADER mode. State: All replicated index: 0, Majority replicated index: 2, Committed index: 2, Last appended: 3.2, Last appended by leader: 2, Current term: 3, Majority size: -1, State: 0, Mode: NON_LEADER, active raft config: opid_index: -1 OBSOLETE_local: false peers { permanent_uuid: "b157621d8a4a4db3999ce92b4747ea1d" member_type: VOTER last_known_addr { host: "127.17.218.193" port: 35339 } } peers { permanent_uuid: "6a98f5c1cdbf411a84a022315be25dbd" member_type: VOTER last_known_addr { host: "127.17.218.194" port: 45205 } } peers { permanent_uuid: "b9db9a95e5df4bc9b6b72ea66bbb10f0" member_type: VOTER last_known_addr { host: "127.17.218.195" port: 37411 } }
I20260709 13:18:01.593729 18493 raft_consensus.cc:3060] T c1e8a1c4c646486eb54a332667b3fd6b P 6a98f5c1cdbf411a84a022315be25dbd [term 3 FOLLOWER]: Advancing to term 4
I20260709 13:18:01.596736 18417 raft_consensus.cc:2468] T c1e8a1c4c646486eb54a332667b3fd6b P b157621d8a4a4db3999ce92b4747ea1d [term 4 FOLLOWER]: Leader election vote request: Granting yes vote for candidate b9db9a95e5df4bc9b6b72ea66bbb10f0 in term 4.
I20260709 13:18:01.597784 18493 raft_consensus.cc:2468] T c1e8a1c4c646486eb54a332667b3fd6b P 6a98f5c1cdbf411a84a022315be25dbd [term 4 FOLLOWER]: Leader election vote request: Granting yes vote for candidate b9db9a95e5df4bc9b6b72ea66bbb10f0 in term 4.
I20260709 13:18:01.597936 18532 leader_election.cc:304] T c1e8a1c4c646486eb54a332667b3fd6b P b9db9a95e5df4bc9b6b72ea66bbb10f0 [CANDIDATE]: Term 4 election: Election decided. Result: candidate won. Election summary: received 2 responses out of 3 voters: 2 yes votes; 0 no votes. yes voters: b157621d8a4a4db3999ce92b4747ea1d, b9db9a95e5df4bc9b6b72ea66bbb10f0; no voters: 
I20260709 13:18:01.598699 18707 raft_consensus.cc:2804] T c1e8a1c4c646486eb54a332667b3fd6b P b9db9a95e5df4bc9b6b72ea66bbb10f0 [term 4 FOLLOWER]: Leader election won for term 4
I20260709 13:18:01.599725 18707 raft_consensus.cc:697] T c1e8a1c4c646486eb54a332667b3fd6b P b9db9a95e5df4bc9b6b72ea66bbb10f0 [term 4 LEADER]: Becoming Leader. State: Replica: b9db9a95e5df4bc9b6b72ea66bbb10f0, State: Running, Role: LEADER
I20260709 13:18:01.600373 18707 consensus_queue.cc:237] T c1e8a1c4c646486eb54a332667b3fd6b P b9db9a95e5df4bc9b6b72ea66bbb10f0 [LEADER]: Queue going to LEADER mode. State: All replicated index: 0, Majority replicated index: 2, Committed index: 2, Last appended: 3.2, Last appended by leader: 2, Current term: 4, Majority size: 2, State: 0, Mode: LEADER, active raft config: opid_index: -1 OBSOLETE_local: false peers { permanent_uuid: "b157621d8a4a4db3999ce92b4747ea1d" member_type: VOTER last_known_addr { host: "127.17.218.193" port: 35339 } } peers { permanent_uuid: "6a98f5c1cdbf411a84a022315be25dbd" member_type: VOTER last_known_addr { host: "127.17.218.194" port: 45205 } } peers { permanent_uuid: "b9db9a95e5df4bc9b6b72ea66bbb10f0" member_type: VOTER last_known_addr { host: "127.17.218.195" port: 37411 } }
I20260709 13:18:01.607267 18314 catalog_manager.cc:5697] T c1e8a1c4c646486eb54a332667b3fd6b P b9db9a95e5df4bc9b6b72ea66bbb10f0 reported cstate change: term changed from 3 to 4, leader changed from 6a98f5c1cdbf411a84a022315be25dbd (127.17.218.194) to b9db9a95e5df4bc9b6b72ea66bbb10f0 (127.17.218.195). New cstate: current_term: 4 leader_uuid: "b9db9a95e5df4bc9b6b72ea66bbb10f0" committed_config { opid_index: -1 OBSOLETE_local: false peers { permanent_uuid: "b157621d8a4a4db3999ce92b4747ea1d" member_type: VOTER last_known_addr { host: "127.17.218.193" port: 35339 } health_report { overall_health: UNKNOWN } } peers { permanent_uuid: "6a98f5c1cdbf411a84a022315be25dbd" member_type: VOTER last_known_addr { host: "127.17.218.194" port: 45205 } health_report { overall_health: UNKNOWN } } peers { permanent_uuid: "b9db9a95e5df4bc9b6b72ea66bbb10f0" member_type: VOTER last_known_addr { host: "127.17.218.195" port: 37411 } health_report { overall_health: HEALTHY } } }
I20260709 13:18:01.734629 18690 raft_consensus.cc:993] T ef2bf79763744784ae0e8986fd2ee028 P b157621d8a4a4db3999ce92b4747ea1d: : Instructing follower b9db9a95e5df4bc9b6b72ea66bbb10f0 to start an election
I20260709 13:18:01.735081 18690 raft_consensus.cc:1081] T ef2bf79763744784ae0e8986fd2ee028 P b157621d8a4a4db3999ce92b4747ea1d [term 2 LEADER]: Signalling peer b9db9a95e5df4bc9b6b72ea66bbb10f0 to start an election
I20260709 13:18:01.736510 18566 tablet_service.cc:2044] Received Run Leader Election RPC: tablet_id: "ef2bf79763744784ae0e8986fd2ee028"
dest_uuid: "b9db9a95e5df4bc9b6b72ea66bbb10f0"
 from {username='slave'} at 127.0.0.1:41416
I20260709 13:18:01.736967 18566 raft_consensus.cc:493] T ef2bf79763744784ae0e8986fd2ee028 P b9db9a95e5df4bc9b6b72ea66bbb10f0 [term 2 FOLLOWER]: Starting forced leader election (received explicit request)
I20260709 13:18:01.737221 18566 raft_consensus.cc:3060] T ef2bf79763744784ae0e8986fd2ee028 P b9db9a95e5df4bc9b6b72ea66bbb10f0 [term 2 FOLLOWER]: Advancing to term 3
I20260709 13:18:01.741629 18566 raft_consensus.cc:515] T ef2bf79763744784ae0e8986fd2ee028 P b9db9a95e5df4bc9b6b72ea66bbb10f0 [term 3 FOLLOWER]: Starting forced leader election with config: opid_index: -1 OBSOLETE_local: false peers { permanent_uuid: "b157621d8a4a4db3999ce92b4747ea1d" member_type: VOTER last_known_addr { host: "127.17.218.193" port: 35339 } } peers { permanent_uuid: "6a98f5c1cdbf411a84a022315be25dbd" member_type: VOTER last_known_addr { host: "127.17.218.194" port: 45205 } } peers { permanent_uuid: "b9db9a95e5df4bc9b6b72ea66bbb10f0" member_type: VOTER last_known_addr { host: "127.17.218.195" port: 37411 } }
I20260709 13:18:01.743077 18566 leader_election.cc:290] T ef2bf79763744784ae0e8986fd2ee028 P b9db9a95e5df4bc9b6b72ea66bbb10f0 [CANDIDATE]: Term 3 election: Requested vote from peers b157621d8a4a4db3999ce92b4747ea1d (127.17.218.193:35339), 6a98f5c1cdbf411a84a022315be25dbd (127.17.218.194:45205)
I20260709 13:18:01.744019 18417 tablet_service.cc:1917] Received RequestConsensusVote() RPC: tablet_id: "ef2bf79763744784ae0e8986fd2ee028" candidate_uuid: "b9db9a95e5df4bc9b6b72ea66bbb10f0" candidate_term: 3 candidate_status { last_received { term: 2 index: 2 } } ignore_live_leader: true dest_uuid: "b157621d8a4a4db3999ce92b4747ea1d"
I20260709 13:18:01.744143 18493 tablet_service.cc:1917] Received RequestConsensusVote() RPC: tablet_id: "ef2bf79763744784ae0e8986fd2ee028" candidate_uuid: "b9db9a95e5df4bc9b6b72ea66bbb10f0" candidate_term: 3 candidate_status { last_received { term: 2 index: 2 } } ignore_live_leader: true dest_uuid: "6a98f5c1cdbf411a84a022315be25dbd"
I20260709 13:18:01.744527 18417 raft_consensus.cc:3055] T ef2bf79763744784ae0e8986fd2ee028 P b157621d8a4a4db3999ce92b4747ea1d [term 2 LEADER]: Stepping down as leader of term 2
I20260709 13:18:01.744637 18493 raft_consensus.cc:3060] T ef2bf79763744784ae0e8986fd2ee028 P 6a98f5c1cdbf411a84a022315be25dbd [term 2 FOLLOWER]: Advancing to term 3
I20260709 13:18:01.744815 18417 raft_consensus.cc:740] T ef2bf79763744784ae0e8986fd2ee028 P b157621d8a4a4db3999ce92b4747ea1d [term 2 LEADER]: Becoming Follower/Learner. State: Replica: b157621d8a4a4db3999ce92b4747ea1d, State: Running, Role: LEADER
I20260709 13:18:01.745618 18417 consensus_queue.cc:260] T ef2bf79763744784ae0e8986fd2ee028 P b157621d8a4a4db3999ce92b4747ea1d [NON_LEADER]: Queue going to NON_LEADER mode. State: All replicated index: 0, Majority replicated index: 2, Committed index: 2, Last appended: 2.2, Last appended by leader: 2, Current term: 2, Majority size: -1, State: 0, Mode: NON_LEADER, active raft config: opid_index: -1 OBSOLETE_local: false peers { permanent_uuid: "b157621d8a4a4db3999ce92b4747ea1d" member_type: VOTER last_known_addr { host: "127.17.218.193" port: 35339 } } peers { permanent_uuid: "6a98f5c1cdbf411a84a022315be25dbd" member_type: VOTER last_known_addr { host: "127.17.218.194" port: 45205 } } peers { permanent_uuid: "b9db9a95e5df4bc9b6b72ea66bbb10f0" member_type: VOTER last_known_addr { host: "127.17.218.195" port: 37411 } }
I20260709 13:18:01.746531 18417 raft_consensus.cc:3060] T ef2bf79763744784ae0e8986fd2ee028 P b157621d8a4a4db3999ce92b4747ea1d [term 2 FOLLOWER]: Advancing to term 3
I20260709 13:18:01.748829 18493 raft_consensus.cc:2468] T ef2bf79763744784ae0e8986fd2ee028 P 6a98f5c1cdbf411a84a022315be25dbd [term 3 FOLLOWER]: Leader election vote request: Granting yes vote for candidate b9db9a95e5df4bc9b6b72ea66bbb10f0 in term 3.
I20260709 13:18:01.749783 18530 leader_election.cc:304] T ef2bf79763744784ae0e8986fd2ee028 P b9db9a95e5df4bc9b6b72ea66bbb10f0 [CANDIDATE]: Term 3 election: Election decided. Result: candidate won. Election summary: received 2 responses out of 3 voters: 2 yes votes; 0 no votes. yes voters: 6a98f5c1cdbf411a84a022315be25dbd, b9db9a95e5df4bc9b6b72ea66bbb10f0; no voters: 
I20260709 13:18:01.750464 18707 raft_consensus.cc:2804] T ef2bf79763744784ae0e8986fd2ee028 P b9db9a95e5df4bc9b6b72ea66bbb10f0 [term 3 FOLLOWER]: Leader election won for term 3
I20260709 13:18:01.750926 18707 raft_consensus.cc:697] T ef2bf79763744784ae0e8986fd2ee028 P b9db9a95e5df4bc9b6b72ea66bbb10f0 [term 3 LEADER]: Becoming Leader. State: Replica: b9db9a95e5df4bc9b6b72ea66bbb10f0, State: Running, Role: LEADER
I20260709 13:18:01.751442 18417 raft_consensus.cc:2468] T ef2bf79763744784ae0e8986fd2ee028 P b157621d8a4a4db3999ce92b4747ea1d [term 3 FOLLOWER]: Leader election vote request: Granting yes vote for candidate b9db9a95e5df4bc9b6b72ea66bbb10f0 in term 3.
I20260709 13:18:01.751760 18707 consensus_queue.cc:237] T ef2bf79763744784ae0e8986fd2ee028 P b9db9a95e5df4bc9b6b72ea66bbb10f0 [LEADER]: Queue going to LEADER mode. State: All replicated index: 0, Majority replicated index: 2, Committed index: 2, Last appended: 2.2, Last appended by leader: 2, Current term: 3, Majority size: 2, State: 0, Mode: LEADER, active raft config: opid_index: -1 OBSOLETE_local: false peers { permanent_uuid: "b157621d8a4a4db3999ce92b4747ea1d" member_type: VOTER last_known_addr { host: "127.17.218.193" port: 35339 } } peers { permanent_uuid: "6a98f5c1cdbf411a84a022315be25dbd" member_type: VOTER last_known_addr { host: "127.17.218.194" port: 45205 } } peers { permanent_uuid: "b9db9a95e5df4bc9b6b72ea66bbb10f0" member_type: VOTER last_known_addr { host: "127.17.218.195" port: 37411 } }
I20260709 13:18:01.759173 18314 catalog_manager.cc:5697] T ef2bf79763744784ae0e8986fd2ee028 P b9db9a95e5df4bc9b6b72ea66bbb10f0 reported cstate change: term changed from 2 to 3, leader changed from b157621d8a4a4db3999ce92b4747ea1d (127.17.218.193) to b9db9a95e5df4bc9b6b72ea66bbb10f0 (127.17.218.195). New cstate: current_term: 3 leader_uuid: "b9db9a95e5df4bc9b6b72ea66bbb10f0" committed_config { opid_index: -1 OBSOLETE_local: false peers { permanent_uuid: "b157621d8a4a4db3999ce92b4747ea1d" member_type: VOTER last_known_addr { host: "127.17.218.193" port: 35339 } health_report { overall_health: UNKNOWN } } peers { permanent_uuid: "6a98f5c1cdbf411a84a022315be25dbd" member_type: VOTER last_known_addr { host: "127.17.218.194" port: 45205 } health_report { overall_health: UNKNOWN } } peers { permanent_uuid: "b9db9a95e5df4bc9b6b72ea66bbb10f0" member_type: VOTER last_known_addr { host: "127.17.218.195" port: 37411 } health_report { overall_health: HEALTHY } } }
I20260709 13:18:02.072367 18417 raft_consensus.cc:1275] T c1e8a1c4c646486eb54a332667b3fd6b P b157621d8a4a4db3999ce92b4747ea1d [term 4 FOLLOWER]: Refusing update from remote peer b9db9a95e5df4bc9b6b72ea66bbb10f0: Log matching property violated. Preceding OpId in replica: term: 3 index: 2. Preceding OpId from leader: term: 4 index: 3. (index mismatch)
I20260709 13:18:02.073892 18707 consensus_queue.cc:1048] T c1e8a1c4c646486eb54a332667b3fd6b P b9db9a95e5df4bc9b6b72ea66bbb10f0 [LEADER]: Connected to new peer: Peer: permanent_uuid: "b157621d8a4a4db3999ce92b4747ea1d" member_type: VOTER last_known_addr { host: "127.17.218.193" port: 35339 }, Status: LMP_MISMATCH, Last received: 0.0, Next index: 3, Last known committed idx: 2, Time since last communication: 0.000s
I20260709 13:18:02.083884 18493 raft_consensus.cc:1275] T c1e8a1c4c646486eb54a332667b3fd6b P 6a98f5c1cdbf411a84a022315be25dbd [term 4 FOLLOWER]: Refusing update from remote peer b9db9a95e5df4bc9b6b72ea66bbb10f0: Log matching property violated. Preceding OpId in replica: term: 3 index: 2. Preceding OpId from leader: term: 4 index: 3. (index mismatch)
I20260709 13:18:02.086930 18707 consensus_queue.cc:1048] T c1e8a1c4c646486eb54a332667b3fd6b P b9db9a95e5df4bc9b6b72ea66bbb10f0 [LEADER]: Connected to new peer: Peer: permanent_uuid: "6a98f5c1cdbf411a84a022315be25dbd" member_type: VOTER last_known_addr { host: "127.17.218.194" port: 45205 }, Status: LMP_MISMATCH, Last received: 0.0, Next index: 3, Last known committed idx: 2, Time since last communication: 0.000s
I20260709 13:18:02.224270 18417 raft_consensus.cc:1275] T ef2bf79763744784ae0e8986fd2ee028 P b157621d8a4a4db3999ce92b4747ea1d [term 3 FOLLOWER]: Refusing update from remote peer b9db9a95e5df4bc9b6b72ea66bbb10f0: Log matching property violated. Preceding OpId in replica: term: 2 index: 2. Preceding OpId from leader: term: 3 index: 3. (index mismatch)
I20260709 13:18:02.225528 18707 consensus_queue.cc:1048] T ef2bf79763744784ae0e8986fd2ee028 P b9db9a95e5df4bc9b6b72ea66bbb10f0 [LEADER]: Connected to new peer: Peer: permanent_uuid: "b157621d8a4a4db3999ce92b4747ea1d" member_type: VOTER last_known_addr { host: "127.17.218.193" port: 35339 }, Status: LMP_MISMATCH, Last received: 0.0, Next index: 3, Last known committed idx: 2, Time since last communication: 0.000s
I20260709 13:18:02.234521 18493 raft_consensus.cc:1275] T ef2bf79763744784ae0e8986fd2ee028 P 6a98f5c1cdbf411a84a022315be25dbd [term 3 FOLLOWER]: Refusing update from remote peer b9db9a95e5df4bc9b6b72ea66bbb10f0: Log matching property violated. Preceding OpId in replica: term: 2 index: 2. Preceding OpId from leader: term: 3 index: 3. (index mismatch)
I20260709 13:18:02.236152 18747 consensus_queue.cc:1048] T ef2bf79763744784ae0e8986fd2ee028 P b9db9a95e5df4bc9b6b72ea66bbb10f0 [LEADER]: Connected to new peer: Peer: permanent_uuid: "6a98f5c1cdbf411a84a022315be25dbd" member_type: VOTER last_known_addr { host: "127.17.218.194" port: 45205 }, Status: LMP_MISMATCH, Last received: 0.0, Next index: 3, Last known committed idx: 2, Time since last communication: 0.000s
I20260709 13:18:02.326385 18283 auto_leader_rebalancer.cc:141] leader rebalance for table test-workload
I20260709 13:18:02.338955 18417 tablet_service.cc:2072] Received LeaderStepDown RPC: tablet_id: "4453a97117f54e018099dc7e35364a32"
dest_uuid: "b157621d8a4a4db3999ce92b4747ea1d"
mode: GRACEFUL
new_leader_uuid: "6a98f5c1cdbf411a84a022315be25dbd"
 from {username='slave'} at 127.0.0.1:49910
I20260709 13:18:02.339418 18417 raft_consensus.cc:606] T 4453a97117f54e018099dc7e35364a32 P b157621d8a4a4db3999ce92b4747ea1d [term 2 LEADER]: Received request to transfer leadership to TS 6a98f5c1cdbf411a84a022315be25dbd
I20260709 13:18:02.344141 18566 tablet_service.cc:2072] Received LeaderStepDown RPC: tablet_id: "ef2bf79763744784ae0e8986fd2ee028"
dest_uuid: "b9db9a95e5df4bc9b6b72ea66bbb10f0"
mode: GRACEFUL
new_leader_uuid: "6a98f5c1cdbf411a84a022315be25dbd"
 from {username='slave'} at 127.0.0.1:37038
I20260709 13:18:02.344623 18566 raft_consensus.cc:606] T ef2bf79763744784ae0e8986fd2ee028 P b9db9a95e5df4bc9b6b72ea66bbb10f0 [term 3 LEADER]: Received request to transfer leadership to TS 6a98f5c1cdbf411a84a022315be25dbd
I20260709 13:18:02.349280 18417 tablet_service.cc:2072] Received LeaderStepDown RPC: tablet_id: "d583ffa6bac34cb6ada6ab9e7636d6a6"
dest_uuid: "b157621d8a4a4db3999ce92b4747ea1d"
mode: GRACEFUL
new_leader_uuid: "6a98f5c1cdbf411a84a022315be25dbd"
 from {username='slave'} at 127.0.0.1:49910
I20260709 13:18:02.349794 18417 raft_consensus.cc:606] T d583ffa6bac34cb6ada6ab9e7636d6a6 P b157621d8a4a4db3999ce92b4747ea1d [term 2 LEADER]: Received request to transfer leadership to TS 6a98f5c1cdbf411a84a022315be25dbd
I20260709 13:18:02.354199 18417 tablet_service.cc:2072] Received LeaderStepDown RPC: tablet_id: "bf6e8a3c44b7447eaae1e61be5ea221f"
dest_uuid: "b157621d8a4a4db3999ce92b4747ea1d"
mode: GRACEFUL
new_leader_uuid: "6a98f5c1cdbf411a84a022315be25dbd"
 from {username='slave'} at 127.0.0.1:49910
I20260709 13:18:02.354713 18417 raft_consensus.cc:606] T bf6e8a3c44b7447eaae1e61be5ea221f P b157621d8a4a4db3999ce92b4747ea1d [term 1 LEADER]: Received request to transfer leadership to TS 6a98f5c1cdbf411a84a022315be25dbd
I20260709 13:18:02.366470 18566 tablet_service.cc:2072] Received LeaderStepDown RPC: tablet_id: "c1e8a1c4c646486eb54a332667b3fd6b"
dest_uuid: "b9db9a95e5df4bc9b6b72ea66bbb10f0"
mode: GRACEFUL
new_leader_uuid: "6a98f5c1cdbf411a84a022315be25dbd"
 from {username='slave'} at 127.0.0.1:37038
I20260709 13:18:02.366997 18566 raft_consensus.cc:606] T c1e8a1c4c646486eb54a332667b3fd6b P b9db9a95e5df4bc9b6b72ea66bbb10f0 [term 4 LEADER]: Received request to transfer leadership to TS 6a98f5c1cdbf411a84a022315be25dbd
I20260709 13:18:02.417948 18690 raft_consensus.cc:993] T 4453a97117f54e018099dc7e35364a32 P b157621d8a4a4db3999ce92b4747ea1d: : Instructing follower 6a98f5c1cdbf411a84a022315be25dbd to start an election
I20260709 13:18:02.418404 18739 raft_consensus.cc:1081] T 4453a97117f54e018099dc7e35364a32 P b157621d8a4a4db3999ce92b4747ea1d [term 2 LEADER]: Signalling peer 6a98f5c1cdbf411a84a022315be25dbd to start an election
I20260709 13:18:02.419834 18493 tablet_service.cc:2044] Received Run Leader Election RPC: tablet_id: "4453a97117f54e018099dc7e35364a32"
dest_uuid: "6a98f5c1cdbf411a84a022315be25dbd"
 from {username='slave'} at 127.0.0.1:42572
I20260709 13:18:02.420289 18493 raft_consensus.cc:493] T 4453a97117f54e018099dc7e35364a32 P 6a98f5c1cdbf411a84a022315be25dbd [term 2 FOLLOWER]: Starting forced leader election (received explicit request)
I20260709 13:18:02.420559 18493 raft_consensus.cc:3060] T 4453a97117f54e018099dc7e35364a32 P 6a98f5c1cdbf411a84a022315be25dbd [term 2 FOLLOWER]: Advancing to term 3
I20260709 13:18:02.424460 18493 raft_consensus.cc:515] T 4453a97117f54e018099dc7e35364a32 P 6a98f5c1cdbf411a84a022315be25dbd [term 3 FOLLOWER]: Starting forced leader election with config: opid_index: -1 OBSOLETE_local: false peers { permanent_uuid: "b157621d8a4a4db3999ce92b4747ea1d" member_type: VOTER last_known_addr { host: "127.17.218.193" port: 35339 } } peers { permanent_uuid: "6a98f5c1cdbf411a84a022315be25dbd" member_type: VOTER last_known_addr { host: "127.17.218.194" port: 45205 } } peers { permanent_uuid: "b9db9a95e5df4bc9b6b72ea66bbb10f0" member_type: VOTER last_known_addr { host: "127.17.218.195" port: 37411 } }
I20260709 13:18:02.425829 18493 leader_election.cc:290] T 4453a97117f54e018099dc7e35364a32 P 6a98f5c1cdbf411a84a022315be25dbd [CANDIDATE]: Term 3 election: Requested vote from peers b157621d8a4a4db3999ce92b4747ea1d (127.17.218.193:35339), b9db9a95e5df4bc9b6b72ea66bbb10f0 (127.17.218.195:37411)
I20260709 13:18:02.426735 18417 tablet_service.cc:1917] Received RequestConsensusVote() RPC: tablet_id: "4453a97117f54e018099dc7e35364a32" candidate_uuid: "6a98f5c1cdbf411a84a022315be25dbd" candidate_term: 3 candidate_status { last_received { term: 2 index: 2 } } ignore_live_leader: true dest_uuid: "b157621d8a4a4db3999ce92b4747ea1d"
I20260709 13:18:02.426862 18566 tablet_service.cc:1917] Received RequestConsensusVote() RPC: tablet_id: "4453a97117f54e018099dc7e35364a32" candidate_uuid: "6a98f5c1cdbf411a84a022315be25dbd" candidate_term: 3 candidate_status { last_received { term: 2 index: 2 } } ignore_live_leader: true dest_uuid: "b9db9a95e5df4bc9b6b72ea66bbb10f0"
I20260709 13:18:02.427256 18417 raft_consensus.cc:3055] T 4453a97117f54e018099dc7e35364a32 P b157621d8a4a4db3999ce92b4747ea1d [term 2 LEADER]: Stepping down as leader of term 2
I20260709 13:18:02.427345 18566 raft_consensus.cc:3060] T 4453a97117f54e018099dc7e35364a32 P b9db9a95e5df4bc9b6b72ea66bbb10f0 [term 2 FOLLOWER]: Advancing to term 3
I20260709 13:18:02.427533 18417 raft_consensus.cc:740] T 4453a97117f54e018099dc7e35364a32 P b157621d8a4a4db3999ce92b4747ea1d [term 2 LEADER]: Becoming Follower/Learner. State: Replica: b157621d8a4a4db3999ce92b4747ea1d, State: Running, Role: LEADER
I20260709 13:18:02.428282 18417 consensus_queue.cc:260] T 4453a97117f54e018099dc7e35364a32 P b157621d8a4a4db3999ce92b4747ea1d [NON_LEADER]: Queue going to NON_LEADER mode. State: All replicated index: 0, Majority replicated index: 2, Committed index: 2, Last appended: 2.2, Last appended by leader: 2, Current term: 2, Majority size: -1, State: 0, Mode: NON_LEADER, active raft config: opid_index: -1 OBSOLETE_local: false peers { permanent_uuid: "b157621d8a4a4db3999ce92b4747ea1d" member_type: VOTER last_known_addr { host: "127.17.218.193" port: 35339 } } peers { permanent_uuid: "6a98f5c1cdbf411a84a022315be25dbd" member_type: VOTER last_known_addr { host: "127.17.218.194" port: 45205 } } peers { permanent_uuid: "b9db9a95e5df4bc9b6b72ea66bbb10f0" member_type: VOTER last_known_addr { host: "127.17.218.195" port: 37411 } }
I20260709 13:18:02.429145 18417 raft_consensus.cc:3060] T 4453a97117f54e018099dc7e35364a32 P b157621d8a4a4db3999ce92b4747ea1d [term 2 FOLLOWER]: Advancing to term 3
I20260709 13:18:02.431376 18566 raft_consensus.cc:2468] T 4453a97117f54e018099dc7e35364a32 P b9db9a95e5df4bc9b6b72ea66bbb10f0 [term 3 FOLLOWER]: Leader election vote request: Granting yes vote for candidate 6a98f5c1cdbf411a84a022315be25dbd in term 3.
I20260709 13:18:02.432504 18457 leader_election.cc:304] T 4453a97117f54e018099dc7e35364a32 P 6a98f5c1cdbf411a84a022315be25dbd [CANDIDATE]: Term 3 election: Election decided. Result: candidate won. Election summary: received 2 responses out of 3 voters: 2 yes votes; 0 no votes. yes voters: 6a98f5c1cdbf411a84a022315be25dbd, b9db9a95e5df4bc9b6b72ea66bbb10f0; no voters: 
I20260709 13:18:02.433286 18724 raft_consensus.cc:2804] T 4453a97117f54e018099dc7e35364a32 P 6a98f5c1cdbf411a84a022315be25dbd [term 3 FOLLOWER]: Leader election won for term 3
I20260709 13:18:02.433758 18724 raft_consensus.cc:697] T 4453a97117f54e018099dc7e35364a32 P 6a98f5c1cdbf411a84a022315be25dbd [term 3 LEADER]: Becoming Leader. State: Replica: 6a98f5c1cdbf411a84a022315be25dbd, State: Running, Role: LEADER
I20260709 13:18:02.434316 18417 raft_consensus.cc:2468] T 4453a97117f54e018099dc7e35364a32 P b157621d8a4a4db3999ce92b4747ea1d [term 3 FOLLOWER]: Leader election vote request: Granting yes vote for candidate 6a98f5c1cdbf411a84a022315be25dbd in term 3.
I20260709 13:18:02.434664 18724 consensus_queue.cc:237] T 4453a97117f54e018099dc7e35364a32 P 6a98f5c1cdbf411a84a022315be25dbd [LEADER]: Queue going to LEADER mode. State: All replicated index: 0, Majority replicated index: 2, Committed index: 2, Last appended: 2.2, Last appended by leader: 2, Current term: 3, Majority size: 2, State: 0, Mode: LEADER, active raft config: opid_index: -1 OBSOLETE_local: false peers { permanent_uuid: "b157621d8a4a4db3999ce92b4747ea1d" member_type: VOTER last_known_addr { host: "127.17.218.193" port: 35339 } } peers { permanent_uuid: "6a98f5c1cdbf411a84a022315be25dbd" member_type: VOTER last_known_addr { host: "127.17.218.194" port: 45205 } } peers { permanent_uuid: "b9db9a95e5df4bc9b6b72ea66bbb10f0" member_type: VOTER last_known_addr { host: "127.17.218.195" port: 37411 } }
I20260709 13:18:02.441011 18312 catalog_manager.cc:5697] T 4453a97117f54e018099dc7e35364a32 P 6a98f5c1cdbf411a84a022315be25dbd reported cstate change: term changed from 2 to 3, leader changed from b157621d8a4a4db3999ce92b4747ea1d (127.17.218.193) to 6a98f5c1cdbf411a84a022315be25dbd (127.17.218.194). New cstate: current_term: 3 leader_uuid: "6a98f5c1cdbf411a84a022315be25dbd" committed_config { opid_index: -1 OBSOLETE_local: false peers { permanent_uuid: "b157621d8a4a4db3999ce92b4747ea1d" member_type: VOTER last_known_addr { host: "127.17.218.193" port: 35339 } health_report { overall_health: UNKNOWN } } peers { permanent_uuid: "6a98f5c1cdbf411a84a022315be25dbd" member_type: VOTER last_known_addr { host: "127.17.218.194" port: 45205 } health_report { overall_health: HEALTHY } } peers { permanent_uuid: "b9db9a95e5df4bc9b6b72ea66bbb10f0" member_type: VOTER last_known_addr { host: "127.17.218.195" port: 37411 } health_report { overall_health: UNKNOWN } } }
I20260709 13:18:02.702554 18747 raft_consensus.cc:993] T c1e8a1c4c646486eb54a332667b3fd6b P b9db9a95e5df4bc9b6b72ea66bbb10f0: : Instructing follower 6a98f5c1cdbf411a84a022315be25dbd to start an election
I20260709 13:18:02.703001 18707 raft_consensus.cc:1081] T c1e8a1c4c646486eb54a332667b3fd6b P b9db9a95e5df4bc9b6b72ea66bbb10f0 [term 4 LEADER]: Signalling peer 6a98f5c1cdbf411a84a022315be25dbd to start an election
I20260709 13:18:02.704468 18493 tablet_service.cc:2044] Received Run Leader Election RPC: tablet_id: "c1e8a1c4c646486eb54a332667b3fd6b"
dest_uuid: "6a98f5c1cdbf411a84a022315be25dbd"
 from {username='slave'} at 127.0.0.1:42568
I20260709 13:18:02.704888 18493 raft_consensus.cc:493] T c1e8a1c4c646486eb54a332667b3fd6b P 6a98f5c1cdbf411a84a022315be25dbd [term 4 FOLLOWER]: Starting forced leader election (received explicit request)
I20260709 13:18:02.705185 18493 raft_consensus.cc:3060] T c1e8a1c4c646486eb54a332667b3fd6b P 6a98f5c1cdbf411a84a022315be25dbd [term 4 FOLLOWER]: Advancing to term 5
I20260709 13:18:02.708985 18493 raft_consensus.cc:515] T c1e8a1c4c646486eb54a332667b3fd6b P 6a98f5c1cdbf411a84a022315be25dbd [term 5 FOLLOWER]: Starting forced leader election with config: opid_index: -1 OBSOLETE_local: false peers { permanent_uuid: "b157621d8a4a4db3999ce92b4747ea1d" member_type: VOTER last_known_addr { host: "127.17.218.193" port: 35339 } } peers { permanent_uuid: "6a98f5c1cdbf411a84a022315be25dbd" member_type: VOTER last_known_addr { host: "127.17.218.194" port: 45205 } } peers { permanent_uuid: "b9db9a95e5df4bc9b6b72ea66bbb10f0" member_type: VOTER last_known_addr { host: "127.17.218.195" port: 37411 } }
I20260709 13:18:02.710350 18493 leader_election.cc:290] T c1e8a1c4c646486eb54a332667b3fd6b P 6a98f5c1cdbf411a84a022315be25dbd [CANDIDATE]: Term 5 election: Requested vote from peers b157621d8a4a4db3999ce92b4747ea1d (127.17.218.193:35339), b9db9a95e5df4bc9b6b72ea66bbb10f0 (127.17.218.195:37411)
I20260709 13:18:02.711144 18417 tablet_service.cc:1917] Received RequestConsensusVote() RPC: tablet_id: "c1e8a1c4c646486eb54a332667b3fd6b" candidate_uuid: "6a98f5c1cdbf411a84a022315be25dbd" candidate_term: 5 candidate_status { last_received { term: 4 index: 3 } } ignore_live_leader: true dest_uuid: "b157621d8a4a4db3999ce92b4747ea1d"
I20260709 13:18:02.711395 18566 tablet_service.cc:1917] Received RequestConsensusVote() RPC: tablet_id: "c1e8a1c4c646486eb54a332667b3fd6b" candidate_uuid: "6a98f5c1cdbf411a84a022315be25dbd" candidate_term: 5 candidate_status { last_received { term: 4 index: 3 } } ignore_live_leader: true dest_uuid: "b9db9a95e5df4bc9b6b72ea66bbb10f0"
I20260709 13:18:02.711670 18417 raft_consensus.cc:3060] T c1e8a1c4c646486eb54a332667b3fd6b P b157621d8a4a4db3999ce92b4747ea1d [term 4 FOLLOWER]: Advancing to term 5
I20260709 13:18:02.711876 18566 raft_consensus.cc:3055] T c1e8a1c4c646486eb54a332667b3fd6b P b9db9a95e5df4bc9b6b72ea66bbb10f0 [term 4 LEADER]: Stepping down as leader of term 4
I20260709 13:18:02.712180 18566 raft_consensus.cc:740] T c1e8a1c4c646486eb54a332667b3fd6b P b9db9a95e5df4bc9b6b72ea66bbb10f0 [term 4 LEADER]: Becoming Follower/Learner. State: Replica: b9db9a95e5df4bc9b6b72ea66bbb10f0, State: Running, Role: LEADER
I20260709 13:18:02.712795 18566 consensus_queue.cc:260] T c1e8a1c4c646486eb54a332667b3fd6b P b9db9a95e5df4bc9b6b72ea66bbb10f0 [NON_LEADER]: Queue going to NON_LEADER mode. State: All replicated index: 0, Majority replicated index: 3, Committed index: 3, Last appended: 4.3, Last appended by leader: 3, Current term: 4, Majority size: -1, State: 0, Mode: NON_LEADER, active raft config: opid_index: -1 OBSOLETE_local: false peers { permanent_uuid: "b157621d8a4a4db3999ce92b4747ea1d" member_type: VOTER last_known_addr { host: "127.17.218.193" port: 35339 } } peers { permanent_uuid: "6a98f5c1cdbf411a84a022315be25dbd" member_type: VOTER last_known_addr { host: "127.17.218.194" port: 45205 } } peers { permanent_uuid: "b9db9a95e5df4bc9b6b72ea66bbb10f0" member_type: VOTER last_known_addr { host: "127.17.218.195" port: 37411 } }
I20260709 13:18:02.713644 18566 raft_consensus.cc:3060] T c1e8a1c4c646486eb54a332667b3fd6b P b9db9a95e5df4bc9b6b72ea66bbb10f0 [term 4 FOLLOWER]: Advancing to term 5
I20260709 13:18:02.716269 18417 raft_consensus.cc:2468] T c1e8a1c4c646486eb54a332667b3fd6b P b157621d8a4a4db3999ce92b4747ea1d [term 5 FOLLOWER]: Leader election vote request: Granting yes vote for candidate 6a98f5c1cdbf411a84a022315be25dbd in term 5.
I20260709 13:18:02.717350 18458 leader_election.cc:304] T c1e8a1c4c646486eb54a332667b3fd6b P 6a98f5c1cdbf411a84a022315be25dbd [CANDIDATE]: Term 5 election: Election decided. Result: candidate won. Election summary: received 2 responses out of 3 voters: 2 yes votes; 0 no votes. yes voters: 6a98f5c1cdbf411a84a022315be25dbd, b157621d8a4a4db3999ce92b4747ea1d; no voters: 
I20260709 13:18:02.717693 18566 raft_consensus.cc:2468] T c1e8a1c4c646486eb54a332667b3fd6b P b9db9a95e5df4bc9b6b72ea66bbb10f0 [term 5 FOLLOWER]: Leader election vote request: Granting yes vote for candidate 6a98f5c1cdbf411a84a022315be25dbd in term 5.
I20260709 13:18:02.718078 18724 raft_consensus.cc:2804] T c1e8a1c4c646486eb54a332667b3fd6b P 6a98f5c1cdbf411a84a022315be25dbd [term 5 FOLLOWER]: Leader election won for term 5
I20260709 13:18:02.718556 18724 raft_consensus.cc:697] T c1e8a1c4c646486eb54a332667b3fd6b P 6a98f5c1cdbf411a84a022315be25dbd [term 5 LEADER]: Becoming Leader. State: Replica: 6a98f5c1cdbf411a84a022315be25dbd, State: Running, Role: LEADER
I20260709 13:18:02.719254 18724 consensus_queue.cc:237] T c1e8a1c4c646486eb54a332667b3fd6b P 6a98f5c1cdbf411a84a022315be25dbd [LEADER]: Queue going to LEADER mode. State: All replicated index: 0, Majority replicated index: 3, Committed index: 3, Last appended: 4.3, Last appended by leader: 3, Current term: 5, Majority size: 2, State: 0, Mode: LEADER, active raft config: opid_index: -1 OBSOLETE_local: false peers { permanent_uuid: "b157621d8a4a4db3999ce92b4747ea1d" member_type: VOTER last_known_addr { host: "127.17.218.193" port: 35339 } } peers { permanent_uuid: "6a98f5c1cdbf411a84a022315be25dbd" member_type: VOTER last_known_addr { host: "127.17.218.194" port: 45205 } } peers { permanent_uuid: "b9db9a95e5df4bc9b6b72ea66bbb10f0" member_type: VOTER last_known_addr { host: "127.17.218.195" port: 37411 } }
I20260709 13:18:02.724658 18312 catalog_manager.cc:5697] T c1e8a1c4c646486eb54a332667b3fd6b P 6a98f5c1cdbf411a84a022315be25dbd reported cstate change: term changed from 4 to 5, leader changed from b9db9a95e5df4bc9b6b72ea66bbb10f0 (127.17.218.195) to 6a98f5c1cdbf411a84a022315be25dbd (127.17.218.194). New cstate: current_term: 5 leader_uuid: "6a98f5c1cdbf411a84a022315be25dbd" committed_config { opid_index: -1 OBSOLETE_local: false peers { permanent_uuid: "b157621d8a4a4db3999ce92b4747ea1d" member_type: VOTER last_known_addr { host: "127.17.218.193" port: 35339 } health_report { overall_health: UNKNOWN } } peers { permanent_uuid: "6a98f5c1cdbf411a84a022315be25dbd" member_type: VOTER last_known_addr { host: "127.17.218.194" port: 45205 } health_report { overall_health: HEALTHY } } peers { permanent_uuid: "b9db9a95e5df4bc9b6b72ea66bbb10f0" member_type: VOTER last_known_addr { host: "127.17.218.195" port: 37411 } health_report { overall_health: UNKNOWN } } }
I20260709 13:18:02.748124 18690 raft_consensus.cc:993] T d583ffa6bac34cb6ada6ab9e7636d6a6 P b157621d8a4a4db3999ce92b4747ea1d: : Instructing follower 6a98f5c1cdbf411a84a022315be25dbd to start an election
I20260709 13:18:02.748624 18739 raft_consensus.cc:1081] T d583ffa6bac34cb6ada6ab9e7636d6a6 P b157621d8a4a4db3999ce92b4747ea1d [term 2 LEADER]: Signalling peer 6a98f5c1cdbf411a84a022315be25dbd to start an election
I20260709 13:18:02.750144 18493 tablet_service.cc:2044] Received Run Leader Election RPC: tablet_id: "d583ffa6bac34cb6ada6ab9e7636d6a6"
dest_uuid: "6a98f5c1cdbf411a84a022315be25dbd"
 from {username='slave'} at 127.0.0.1:42572
I20260709 13:18:02.750540 18493 raft_consensus.cc:493] T d583ffa6bac34cb6ada6ab9e7636d6a6 P 6a98f5c1cdbf411a84a022315be25dbd [term 2 FOLLOWER]: Starting forced leader election (received explicit request)
I20260709 13:18:02.750769 18493 raft_consensus.cc:3060] T d583ffa6bac34cb6ada6ab9e7636d6a6 P 6a98f5c1cdbf411a84a022315be25dbd [term 2 FOLLOWER]: Advancing to term 3
I20260709 13:18:02.754817 18493 raft_consensus.cc:515] T d583ffa6bac34cb6ada6ab9e7636d6a6 P 6a98f5c1cdbf411a84a022315be25dbd [term 3 FOLLOWER]: Starting forced leader election with config: opid_index: -1 OBSOLETE_local: false peers { permanent_uuid: "b157621d8a4a4db3999ce92b4747ea1d" member_type: VOTER last_known_addr { host: "127.17.218.193" port: 35339 } } peers { permanent_uuid: "6a98f5c1cdbf411a84a022315be25dbd" member_type: VOTER last_known_addr { host: "127.17.218.194" port: 45205 } } peers { permanent_uuid: "b9db9a95e5df4bc9b6b72ea66bbb10f0" member_type: VOTER last_known_addr { host: "127.17.218.195" port: 37411 } }
I20260709 13:18:02.756213 18493 leader_election.cc:290] T d583ffa6bac34cb6ada6ab9e7636d6a6 P 6a98f5c1cdbf411a84a022315be25dbd [CANDIDATE]: Term 3 election: Requested vote from peers b157621d8a4a4db3999ce92b4747ea1d (127.17.218.193:35339), b9db9a95e5df4bc9b6b72ea66bbb10f0 (127.17.218.195:37411)
I20260709 13:18:02.756995 18417 tablet_service.cc:1917] Received RequestConsensusVote() RPC: tablet_id: "d583ffa6bac34cb6ada6ab9e7636d6a6" candidate_uuid: "6a98f5c1cdbf411a84a022315be25dbd" candidate_term: 3 candidate_status { last_received { term: 2 index: 2 } } ignore_live_leader: true dest_uuid: "b157621d8a4a4db3999ce92b4747ea1d"
I20260709 13:18:02.757251 18566 tablet_service.cc:1917] Received RequestConsensusVote() RPC: tablet_id: "d583ffa6bac34cb6ada6ab9e7636d6a6" candidate_uuid: "6a98f5c1cdbf411a84a022315be25dbd" candidate_term: 3 candidate_status { last_received { term: 2 index: 2 } } ignore_live_leader: true dest_uuid: "b9db9a95e5df4bc9b6b72ea66bbb10f0"
I20260709 13:18:02.757560 18417 raft_consensus.cc:3055] T d583ffa6bac34cb6ada6ab9e7636d6a6 P b157621d8a4a4db3999ce92b4747ea1d [term 2 LEADER]: Stepping down as leader of term 2
I20260709 13:18:02.757833 18566 raft_consensus.cc:3060] T d583ffa6bac34cb6ada6ab9e7636d6a6 P b9db9a95e5df4bc9b6b72ea66bbb10f0 [term 2 FOLLOWER]: Advancing to term 3
I20260709 13:18:02.757879 18417 raft_consensus.cc:740] T d583ffa6bac34cb6ada6ab9e7636d6a6 P b157621d8a4a4db3999ce92b4747ea1d [term 2 LEADER]: Becoming Follower/Learner. State: Replica: b157621d8a4a4db3999ce92b4747ea1d, State: Running, Role: LEADER
I20260709 13:18:02.758630 18417 consensus_queue.cc:260] T d583ffa6bac34cb6ada6ab9e7636d6a6 P b157621d8a4a4db3999ce92b4747ea1d [NON_LEADER]: Queue going to NON_LEADER mode. State: All replicated index: 0, Majority replicated index: 2, Committed index: 2, Last appended: 2.2, Last appended by leader: 2, Current term: 2, Majority size: -1, State: 0, Mode: NON_LEADER, active raft config: opid_index: -1 OBSOLETE_local: false peers { permanent_uuid: "b157621d8a4a4db3999ce92b4747ea1d" member_type: VOTER last_known_addr { host: "127.17.218.193" port: 35339 } } peers { permanent_uuid: "6a98f5c1cdbf411a84a022315be25dbd" member_type: VOTER last_known_addr { host: "127.17.218.194" port: 45205 } } peers { permanent_uuid: "b9db9a95e5df4bc9b6b72ea66bbb10f0" member_type: VOTER last_known_addr { host: "127.17.218.195" port: 37411 } }
I20260709 13:18:02.759487 18417 raft_consensus.cc:3060] T d583ffa6bac34cb6ada6ab9e7636d6a6 P b157621d8a4a4db3999ce92b4747ea1d [term 2 FOLLOWER]: Advancing to term 3
I20260709 13:18:02.762008 18566 raft_consensus.cc:2468] T d583ffa6bac34cb6ada6ab9e7636d6a6 P b9db9a95e5df4bc9b6b72ea66bbb10f0 [term 3 FOLLOWER]: Leader election vote request: Granting yes vote for candidate 6a98f5c1cdbf411a84a022315be25dbd in term 3.
I20260709 13:18:02.763029 18457 leader_election.cc:304] T d583ffa6bac34cb6ada6ab9e7636d6a6 P 6a98f5c1cdbf411a84a022315be25dbd [CANDIDATE]: Term 3 election: Election decided. Result: candidate won. Election summary: received 2 responses out of 3 voters: 2 yes votes; 0 no votes. yes voters: 6a98f5c1cdbf411a84a022315be25dbd, b9db9a95e5df4bc9b6b72ea66bbb10f0; no voters: 
I20260709 13:18:02.763907 18724 raft_consensus.cc:2804] T d583ffa6bac34cb6ada6ab9e7636d6a6 P 6a98f5c1cdbf411a84a022315be25dbd [term 3 FOLLOWER]: Leader election won for term 3
I20260709 13:18:02.765003 18724 raft_consensus.cc:697] T d583ffa6bac34cb6ada6ab9e7636d6a6 P 6a98f5c1cdbf411a84a022315be25dbd [term 3 LEADER]: Becoming Leader. State: Replica: 6a98f5c1cdbf411a84a022315be25dbd, State: Running, Role: LEADER
I20260709 13:18:02.765342 18417 raft_consensus.cc:2468] T d583ffa6bac34cb6ada6ab9e7636d6a6 P b157621d8a4a4db3999ce92b4747ea1d [term 3 FOLLOWER]: Leader election vote request: Granting yes vote for candidate 6a98f5c1cdbf411a84a022315be25dbd in term 3.
I20260709 13:18:02.766470 18707 raft_consensus.cc:993] T ef2bf79763744784ae0e8986fd2ee028 P b9db9a95e5df4bc9b6b72ea66bbb10f0: : Instructing follower 6a98f5c1cdbf411a84a022315be25dbd to start an election
I20260709 13:18:02.766050 18724 consensus_queue.cc:237] T d583ffa6bac34cb6ada6ab9e7636d6a6 P 6a98f5c1cdbf411a84a022315be25dbd [LEADER]: Queue going to LEADER mode. State: All replicated index: 0, Majority replicated index: 2, Committed index: 2, Last appended: 2.2, Last appended by leader: 2, Current term: 3, Majority size: 2, State: 0, Mode: LEADER, active raft config: opid_index: -1 OBSOLETE_local: false peers { permanent_uuid: "b157621d8a4a4db3999ce92b4747ea1d" member_type: VOTER last_known_addr { host: "127.17.218.193" port: 35339 } } peers { permanent_uuid: "6a98f5c1cdbf411a84a022315be25dbd" member_type: VOTER last_known_addr { host: "127.17.218.194" port: 45205 } } peers { permanent_uuid: "b9db9a95e5df4bc9b6b72ea66bbb10f0" member_type: VOTER last_known_addr { host: "127.17.218.195" port: 37411 } }
I20260709 13:18:02.766855 18707 raft_consensus.cc:1081] T ef2bf79763744784ae0e8986fd2ee028 P b9db9a95e5df4bc9b6b72ea66bbb10f0 [term 3 LEADER]: Signalling peer 6a98f5c1cdbf411a84a022315be25dbd to start an election
I20260709 13:18:02.768441 18493 tablet_service.cc:2044] Received Run Leader Election RPC: tablet_id: "ef2bf79763744784ae0e8986fd2ee028"
dest_uuid: "6a98f5c1cdbf411a84a022315be25dbd"
 from {username='slave'} at 127.0.0.1:42568
I20260709 13:18:02.768898 18493 raft_consensus.cc:493] T ef2bf79763744784ae0e8986fd2ee028 P 6a98f5c1cdbf411a84a022315be25dbd [term 3 FOLLOWER]: Starting forced leader election (received explicit request)
I20260709 13:18:02.769215 18493 raft_consensus.cc:3060] T ef2bf79763744784ae0e8986fd2ee028 P 6a98f5c1cdbf411a84a022315be25dbd [term 3 FOLLOWER]: Advancing to term 4
I20260709 13:18:02.774961 18493 raft_consensus.cc:515] T ef2bf79763744784ae0e8986fd2ee028 P 6a98f5c1cdbf411a84a022315be25dbd [term 4 FOLLOWER]: Starting forced leader election with config: opid_index: -1 OBSOLETE_local: false peers { permanent_uuid: "b157621d8a4a4db3999ce92b4747ea1d" member_type: VOTER last_known_addr { host: "127.17.218.193" port: 35339 } } peers { permanent_uuid: "6a98f5c1cdbf411a84a022315be25dbd" member_type: VOTER last_known_addr { host: "127.17.218.194" port: 45205 } } peers { permanent_uuid: "b9db9a95e5df4bc9b6b72ea66bbb10f0" member_type: VOTER last_known_addr { host: "127.17.218.195" port: 37411 } }
I20260709 13:18:02.775066 18312 catalog_manager.cc:5697] T d583ffa6bac34cb6ada6ab9e7636d6a6 P 6a98f5c1cdbf411a84a022315be25dbd reported cstate change: term changed from 2 to 3, leader changed from b157621d8a4a4db3999ce92b4747ea1d (127.17.218.193) to 6a98f5c1cdbf411a84a022315be25dbd (127.17.218.194). New cstate: current_term: 3 leader_uuid: "6a98f5c1cdbf411a84a022315be25dbd" committed_config { opid_index: -1 OBSOLETE_local: false peers { permanent_uuid: "b157621d8a4a4db3999ce92b4747ea1d" member_type: VOTER last_known_addr { host: "127.17.218.193" port: 35339 } health_report { overall_health: UNKNOWN } } peers { permanent_uuid: "6a98f5c1cdbf411a84a022315be25dbd" member_type: VOTER last_known_addr { host: "127.17.218.194" port: 45205 } health_report { overall_health: HEALTHY } } peers { permanent_uuid: "b9db9a95e5df4bc9b6b72ea66bbb10f0" member_type: VOTER last_known_addr { host: "127.17.218.195" port: 37411 } health_report { overall_health: UNKNOWN } } }
I20260709 13:18:02.776746 18493 leader_election.cc:290] T ef2bf79763744784ae0e8986fd2ee028 P 6a98f5c1cdbf411a84a022315be25dbd [CANDIDATE]: Term 4 election: Requested vote from peers b157621d8a4a4db3999ce92b4747ea1d (127.17.218.193:35339), b9db9a95e5df4bc9b6b72ea66bbb10f0 (127.17.218.195:37411)
