I20260709 13:18:18.334942 14881 raft_consensus.cc:515] T f05d236083be493e9a013bd7d729385e P 4a51d0c78bd045ff9d6d618f32d28af1 [term 1 FOLLOWER]: Starting leader election with config: opid_index: -1 OBSOLETE_local: false peers { permanent_uuid: "a427f7ace14248aeb55c329c70134a91" member_type: VOTER last_known_addr { host: "127.13.47.65" port: 38457 } } peers { permanent_uuid: "c75fe6ed80fe4a76b627395489267480" member_type: VOTER last_known_addr { host: "127.13.47.66" port: 43333 } } peers { permanent_uuid: "4a51d0c78bd045ff9d6d618f32d28af1" member_type: VOTER last_known_addr { host: "127.13.47.67" port: 34283 } }
I20260709 13:18:18.359730 14847 raft_consensus.cc:493] T bd2c762cf5a248a480764143b54426d9 P c75fe6ed80fe4a76b627395489267480 [term 0 FOLLOWER]: Starting pre-election (no leader contacted us within the election timeout)
I20260709 13:18:18.360215 14847 raft_consensus.cc:515] T bd2c762cf5a248a480764143b54426d9 P c75fe6ed80fe4a76b627395489267480 [term 0 FOLLOWER]: Starting pre-election with config: opid_index: -1 OBSOLETE_local: false peers { permanent_uuid: "a427f7ace14248aeb55c329c70134a91" member_type: VOTER last_known_addr { host: "127.13.47.65" port: 38457 } } peers { permanent_uuid: "c75fe6ed80fe4a76b627395489267480" member_type: VOTER last_known_addr { host: "127.13.47.66" port: 43333 } } peers { permanent_uuid: "4a51d0c78bd045ff9d6d618f32d28af1" member_type: VOTER last_known_addr { host: "127.13.47.67" port: 34283 } }
I20260709 13:18:18.362568 14847 leader_election.cc:290] T bd2c762cf5a248a480764143b54426d9 P c75fe6ed80fe4a76b627395489267480 [CANDIDATE]: Term 1 pre-election: Requested pre-vote from peers a427f7ace14248aeb55c329c70134a91 (127.13.47.65:38457), 4a51d0c78bd045ff9d6d618f32d28af1 (127.13.47.67:34283)
I20260709 13:18:18.364336 14793 tablet_service.cc:1917] Received RequestConsensusVote() RPC: tablet_id: "bd2c762cf5a248a480764143b54426d9" candidate_uuid: "c75fe6ed80fe4a76b627395489267480" candidate_term: 1 candidate_status { last_received { term: 0 index: 0 } } ignore_live_leader: false dest_uuid: "4a51d0c78bd045ff9d6d618f32d28af1" is_pre_election: true
I20260709 13:18:18.364526 14896 raft_consensus.cc:493] T b10277366d654daf91fee7e35f478f08 P 4a51d0c78bd045ff9d6d618f32d28af1 [term 0 FOLLOWER]: Starting pre-election (no leader contacted us within the election timeout)
I20260709 13:18:18.364944 14793 raft_consensus.cc:2468] T bd2c762cf5a248a480764143b54426d9 P 4a51d0c78bd045ff9d6d618f32d28af1 [term 0 FOLLOWER]: Leader pre-election vote request: Granting yes vote for candidate c75fe6ed80fe4a76b627395489267480 in term 0.
I20260709 13:18:18.364995 14896 raft_consensus.cc:515] T b10277366d654daf91fee7e35f478f08 P 4a51d0c78bd045ff9d6d618f32d28af1 [term 0 FOLLOWER]: Starting pre-election with config: opid_index: -1 OBSOLETE_local: false peers { permanent_uuid: "a427f7ace14248aeb55c329c70134a91" member_type: VOTER last_known_addr { host: "127.13.47.65" port: 38457 } } peers { permanent_uuid: "c75fe6ed80fe4a76b627395489267480" member_type: VOTER last_known_addr { host: "127.13.47.66" port: 43333 } } peers { permanent_uuid: "4a51d0c78bd045ff9d6d618f32d28af1" member_type: VOTER last_known_addr { host: "127.13.47.67" port: 34283 } }
I20260709 13:18:18.366057 14644 tablet_service.cc:1917] Received RequestConsensusVote() RPC: tablet_id: "bd2c762cf5a248a480764143b54426d9" candidate_uuid: "c75fe6ed80fe4a76b627395489267480" candidate_term: 1 candidate_status { last_received { term: 0 index: 0 } } ignore_live_leader: false dest_uuid: "a427f7ace14248aeb55c329c70134a91" is_pre_election: true
I20260709 13:18:18.365145 14836 raft_consensus.cc:359] T bd2c762cf5a248a480764143b54426d9 P a427f7ace14248aeb55c329c70134a91 [term 0 FOLLOWER]: Replica starting. Triggering 0 pending ops. Active config: opid_index: -1 OBSOLETE_local: false peers { permanent_uuid: "a427f7ace14248aeb55c329c70134a91" member_type: VOTER last_known_addr { host: "127.13.47.65" port: 38457 } } peers { permanent_uuid: "c75fe6ed80fe4a76b627395489267480" member_type: VOTER last_known_addr { host: "127.13.47.66" port: 43333 } } peers { permanent_uuid: "4a51d0c78bd045ff9d6d618f32d28af1" member_type: VOTER last_known_addr { host: "127.13.47.67" port: 34283 } }
I20260709 13:18:18.360697 14835 ts_tablet_manager.cc:1434] T 97d015f7cc394dcf8127684ff8163760 P c75fe6ed80fe4a76b627395489267480: Time spent starting tablet: real 0.021s	user 0.006s	sys 0.000s
I20260709 13:18:18.367484 14836 raft_consensus.cc:385] T bd2c762cf5a248a480764143b54426d9 P a427f7ace14248aeb55c329c70134a91 [term 0 FOLLOWER]: Consensus starting up: Expiring failure detector timer to make a prompt election more likely
I20260709 13:18:18.368057 14835 tablet_bootstrap.cc:492] T 62d70d83caf649ad9601ecfc47721cca P c75fe6ed80fe4a76b627395489267480: Bootstrap starting.
I20260709 13:18:18.367935 14836 raft_consensus.cc:740] T bd2c762cf5a248a480764143b54426d9 P a427f7ace14248aeb55c329c70134a91 [term 0 FOLLOWER]: Becoming Follower/Learner. State: Replica: a427f7ace14248aeb55c329c70134a91, State: Initialized, Role: FOLLOWER
I20260709 13:18:18.369897 14685 leader_election.cc:304] T bd2c762cf5a248a480764143b54426d9 P c75fe6ed80fe4a76b627395489267480 [CANDIDATE]: Term 1 pre-election: Election decided. Result: candidate won. Election summary: received 2 responses out of 3 voters: 2 yes votes; 0 no votes. yes voters: 4a51d0c78bd045ff9d6d618f32d28af1, c75fe6ed80fe4a76b627395489267480; no voters: 
I20260709 13:18:18.370929 14645 tablet_service.cc:1917] Received RequestConsensusVote() RPC: tablet_id: "b10277366d654daf91fee7e35f478f08" candidate_uuid: "4a51d0c78bd045ff9d6d618f32d28af1" candidate_term: 1 candidate_status { last_received { term: 0 index: 0 } } ignore_live_leader: false dest_uuid: "a427f7ace14248aeb55c329c70134a91" is_pre_election: true
I20260709 13:18:18.367060 14896 leader_election.cc:290] T b10277366d654daf91fee7e35f478f08 P 4a51d0c78bd045ff9d6d618f32d28af1 [CANDIDATE]: Term 1 pre-election: Requested pre-vote from peers a427f7ace14248aeb55c329c70134a91 (127.13.47.65:38457), c75fe6ed80fe4a76b627395489267480 (127.13.47.66:43333)
W20260709 13:18:18.373513 14757 leader_election.cc:343] T b10277366d654daf91fee7e35f478f08 P 4a51d0c78bd045ff9d6d618f32d28af1 [CANDIDATE]: Term 1 pre-election: Tablet error from VoteRequest() call to peer a427f7ace14248aeb55c329c70134a91 (127.13.47.65:38457): Illegal state: must be running to vote when last-logged opid is not known
I20260709 13:18:18.374588 14542 catalog_manager.cc:5697] T d460ec03fb8b4e20af4a01c00825d5b6 P c75fe6ed80fe4a76b627395489267480 reported cstate change: term changed from 0 to 1, leader changed from <none> to c75fe6ed80fe4a76b627395489267480 (127.13.47.66). New cstate: current_term: 1 leader_uuid: "c75fe6ed80fe4a76b627395489267480" committed_config { opid_index: -1 OBSOLETE_local: false peers { permanent_uuid: "a427f7ace14248aeb55c329c70134a91" member_type: VOTER last_known_addr { host: "127.13.47.65" port: 38457 } health_report { overall_health: UNKNOWN } } peers { permanent_uuid: "c75fe6ed80fe4a76b627395489267480" member_type: VOTER last_known_addr { host: "127.13.47.66" port: 43333 } health_report { overall_health: HEALTHY } } peers { permanent_uuid: "4a51d0c78bd045ff9d6d618f32d28af1" member_type: VOTER last_known_addr { host: "127.13.47.67" port: 34283 } health_report { overall_health: UNKNOWN } } }
I20260709 13:18:18.377843 14836 consensus_queue.cc:260] T bd2c762cf5a248a480764143b54426d9 P a427f7ace14248aeb55c329c70134a91 [NON_LEADER]: Queue going to NON_LEADER mode. State: All replicated index: 0, Majority replicated index: 0, Committed index: 0, Last appended: 0.0, Last appended by leader: 0, Current term: 0, Majority size: -1, State: 0, Mode: NON_LEADER, active raft config: opid_index: -1 OBSOLETE_local: false peers { permanent_uuid: "a427f7ace14248aeb55c329c70134a91" member_type: VOTER last_known_addr { host: "127.13.47.65" port: 38457 } } peers { permanent_uuid: "c75fe6ed80fe4a76b627395489267480" member_type: VOTER last_known_addr { host: "127.13.47.66" port: 43333 } } peers { permanent_uuid: "4a51d0c78bd045ff9d6d618f32d28af1" member_type: VOTER last_known_addr { host: "127.13.47.67" port: 34283 } }
I20260709 13:18:18.382457 14881 leader_election.cc:290] T f05d236083be493e9a013bd7d729385e P 4a51d0c78bd045ff9d6d618f32d28af1 [CANDIDATE]: Term 1 election: Requested vote from peers a427f7ace14248aeb55c329c70134a91 (127.13.47.65:38457), c75fe6ed80fe4a76b627395489267480 (127.13.47.66:43333)
I20260709 13:18:18.383153 14841 raft_consensus.cc:2804] T bd2c762cf5a248a480764143b54426d9 P c75fe6ed80fe4a76b627395489267480 [term 0 FOLLOWER]: Leader pre-election won for term 1
I20260709 13:18:18.384143 14841 raft_consensus.cc:493] T bd2c762cf5a248a480764143b54426d9 P c75fe6ed80fe4a76b627395489267480 [term 0 FOLLOWER]: Starting leader election (no leader contacted us within the election timeout)
I20260709 13:18:18.384479 14841 raft_consensus.cc:3060] T bd2c762cf5a248a480764143b54426d9 P c75fe6ed80fe4a76b627395489267480 [term 0 FOLLOWER]: Advancing to term 1
I20260709 13:18:18.386927 14836 ts_tablet_manager.cc:1434] T bd2c762cf5a248a480764143b54426d9 P a427f7ace14248aeb55c329c70134a91: Time spent starting tablet: real 0.030s	user 0.007s	sys 0.000s
I20260709 13:18:18.387594 14836 tablet_bootstrap.cc:492] T b10277366d654daf91fee7e35f478f08 P a427f7ace14248aeb55c329c70134a91: Bootstrap starting.
I20260709 13:18:18.383323 14644 raft_consensus.cc:2468] T bd2c762cf5a248a480764143b54426d9 P a427f7ace14248aeb55c329c70134a91 [term 0 FOLLOWER]: Leader pre-election vote request: Granting yes vote for candidate c75fe6ed80fe4a76b627395489267480 in term 0.
I20260709 13:18:18.391903 14720 tablet_service.cc:1917] Received RequestConsensusVote() RPC: tablet_id: "d6dda9b6e3d54520881f757b3815c1f2" candidate_uuid: "4a51d0c78bd045ff9d6d618f32d28af1" candidate_term: 1 candidate_status { last_received { term: 0 index: 0 } } ignore_live_leader: false dest_uuid: "c75fe6ed80fe4a76b627395489267480" is_pre_election: true
I20260709 13:18:18.394501 14835 tablet_bootstrap.cc:654] T 62d70d83caf649ad9601ecfc47721cca P c75fe6ed80fe4a76b627395489267480: Neither blocks nor log segments found. Creating new log.
I20260709 13:18:18.396272 14643 tablet_service.cc:1917] Received RequestConsensusVote() RPC: tablet_id: "f05d236083be493e9a013bd7d729385e" candidate_uuid: "4a51d0c78bd045ff9d6d618f32d28af1" candidate_term: 1 candidate_status { last_received { term: 0 index: 0 } } ignore_live_leader: false dest_uuid: "a427f7ace14248aeb55c329c70134a91"
I20260709 13:18:18.379482 14896 consensus_queue.cc:1048] T f96aec737e5c4beb987780b8e5d360fc P 4a51d0c78bd045ff9d6d618f32d28af1 [LEADER]: Connected to new peer: Peer: permanent_uuid: "a427f7ace14248aeb55c329c70134a91" member_type: VOTER last_known_addr { host: "127.13.47.65" port: 38457 }, Status: LMP_MISMATCH, Last received: 0.0, Next index: 1, Last known committed idx: 0, Time since last communication: 0.015s
I20260709 13:18:18.398409 14645 raft_consensus.cc:3060] T 004e30f144514560a8d2b327514593f8 P a427f7ace14248aeb55c329c70134a91 [term 0 FOLLOWER]: Advancing to term 1
I20260709 13:18:18.400660 14717 tablet_service.cc:1917] Received RequestConsensusVote() RPC: tablet_id: "b10277366d654daf91fee7e35f478f08" candidate_uuid: "4a51d0c78bd045ff9d6d618f32d28af1" candidate_term: 1 candidate_status { last_received { term: 0 index: 0 } } ignore_live_leader: false dest_uuid: "c75fe6ed80fe4a76b627395489267480" is_pre_election: true
W20260709 13:18:18.404611 14757 leader_election.cc:343] T f05d236083be493e9a013bd7d729385e P 4a51d0c78bd045ff9d6d618f32d28af1 [CANDIDATE]: Term 1 election: Tablet error from VoteRequest() call to peer a427f7ace14248aeb55c329c70134a91 (127.13.47.65:38457): Illegal state: must be running to vote when last-logged opid is not known
I20260709 13:18:18.408615 14718 tablet_service.cc:1917] Received RequestConsensusVote() RPC: tablet_id: "f05d236083be493e9a013bd7d729385e" candidate_uuid: "4a51d0c78bd045ff9d6d618f32d28af1" candidate_term: 1 candidate_status { last_received { term: 0 index: 0 } } ignore_live_leader: false dest_uuid: "c75fe6ed80fe4a76b627395489267480"
I20260709 13:18:18.409183 14718 raft_consensus.cc:3060] T f05d236083be493e9a013bd7d729385e P c75fe6ed80fe4a76b627395489267480 [term 0 FOLLOWER]: Advancing to term 1
W20260709 13:18:18.410569 14591 auto_rebalancer.cc:288] Could not retrieve cluster info: Service unavailable: Tablet not running
I20260709 13:18:18.416414 14718 raft_consensus.cc:2468] T f05d236083be493e9a013bd7d729385e P c75fe6ed80fe4a76b627395489267480 [term 1 FOLLOWER]: Leader election vote request: Granting yes vote for candidate 4a51d0c78bd045ff9d6d618f32d28af1 in term 1.
W20260709 13:18:18.418367 14759 leader_election.cc:343] T d6dda9b6e3d54520881f757b3815c1f2 P 4a51d0c78bd045ff9d6d618f32d28af1 [CANDIDATE]: Term 1 pre-election: Tablet error from VoteRequest() call to peer c75fe6ed80fe4a76b627395489267480 (127.13.47.66:43333): Illegal state: must be running to vote when last-logged opid is not known
I20260709 13:18:18.418809 14759 leader_election.cc:304] T d6dda9b6e3d54520881f757b3815c1f2 P 4a51d0c78bd045ff9d6d618f32d28af1 [CANDIDATE]: Term 1 pre-election: Election decided. Result: candidate lost. Election summary: received 3 responses out of 3 voters: 1 yes votes; 2 no votes. yes voters: 4a51d0c78bd045ff9d6d618f32d28af1; no voters: a427f7ace14248aeb55c329c70134a91, c75fe6ed80fe4a76b627395489267480
I20260709 13:18:18.419584 14881 raft_consensus.cc:2749] T d6dda9b6e3d54520881f757b3815c1f2 P 4a51d0c78bd045ff9d6d618f32d28af1 [term 0 FOLLOWER]: Leader pre-election lost for term 1. Reason: could not achieve majority
W20260709 13:18:18.419984 14759 leader_election.cc:343] T b10277366d654daf91fee7e35f478f08 P 4a51d0c78bd045ff9d6d618f32d28af1 [CANDIDATE]: Term 1 pre-election: Tablet error from VoteRequest() call to peer c75fe6ed80fe4a76b627395489267480 (127.13.47.66:43333): Illegal state: must be running to vote when last-logged opid is not known
I20260709 13:18:18.420413 14759 leader_election.cc:304] T b10277366d654daf91fee7e35f478f08 P 4a51d0c78bd045ff9d6d618f32d28af1 [CANDIDATE]: Term 1 pre-election: Election decided. Result: candidate lost. Election summary: received 3 responses out of 3 voters: 1 yes votes; 2 no votes. yes voters: 4a51d0c78bd045ff9d6d618f32d28af1; no voters: a427f7ace14248aeb55c329c70134a91, c75fe6ed80fe4a76b627395489267480
I20260709 13:18:18.422228 14896 raft_consensus.cc:2749] T b10277366d654daf91fee7e35f478f08 P 4a51d0c78bd045ff9d6d618f32d28af1 [term 0 FOLLOWER]: Leader pre-election lost for term 1. Reason: could not achieve majority
I20260709 13:18:18.422497 14759 leader_election.cc:304] T f05d236083be493e9a013bd7d729385e P 4a51d0c78bd045ff9d6d618f32d28af1 [CANDIDATE]: Term 1 election: Election decided. Result: candidate won. Election summary: received 3 responses out of 3 voters: 2 yes votes; 1 no votes. yes voters: 4a51d0c78bd045ff9d6d618f32d28af1, c75fe6ed80fe4a76b627395489267480; no voters: a427f7ace14248aeb55c329c70134a91
I20260709 13:18:18.423283 14896 raft_consensus.cc:2804] T f05d236083be493e9a013bd7d729385e P 4a51d0c78bd045ff9d6d618f32d28af1 [term 1 FOLLOWER]: Leader election won for term 1
I20260709 13:18:18.423801 14896 raft_consensus.cc:697] T f05d236083be493e9a013bd7d729385e P 4a51d0c78bd045ff9d6d618f32d28af1 [term 1 LEADER]: Becoming Leader. State: Replica: 4a51d0c78bd045ff9d6d618f32d28af1, State: Running, Role: LEADER
I20260709 13:18:18.424640 14896 consensus_queue.cc:237] T f05d236083be493e9a013bd7d729385e P 4a51d0c78bd045ff9d6d618f32d28af1 [LEADER]: Queue going to LEADER mode. State: All replicated index: 0, Majority replicated index: 0, Committed index: 0, Last appended: 0.0, Last appended by leader: 0, Current term: 1, Majority size: 2, State: 0, Mode: LEADER, active raft config: opid_index: -1 OBSOLETE_local: false peers { permanent_uuid: "a427f7ace14248aeb55c329c70134a91" member_type: VOTER last_known_addr { host: "127.13.47.65" port: 38457 } } peers { permanent_uuid: "c75fe6ed80fe4a76b627395489267480" member_type: VOTER last_known_addr { host: "127.13.47.66" port: 43333 } } peers { permanent_uuid: "4a51d0c78bd045ff9d6d618f32d28af1" member_type: VOTER last_known_addr { host: "127.13.47.67" port: 34283 } }
I20260709 13:18:18.425743 14834 tablet_bootstrap.cc:654] T 4ecb1182c2d641e1880a15f89d24fa21 P 4a51d0c78bd045ff9d6d618f32d28af1: Neither blocks nor log segments found. Creating new log.
I20260709 13:18:18.433015 14841 raft_consensus.cc:515] T bd2c762cf5a248a480764143b54426d9 P c75fe6ed80fe4a76b627395489267480 [term 1 FOLLOWER]: Starting leader election with config: opid_index: -1 OBSOLETE_local: false peers { permanent_uuid: "a427f7ace14248aeb55c329c70134a91" member_type: VOTER last_known_addr { host: "127.13.47.65" port: 38457 } } peers { permanent_uuid: "c75fe6ed80fe4a76b627395489267480" member_type: VOTER last_known_addr { host: "127.13.47.66" port: 43333 } } peers { permanent_uuid: "4a51d0c78bd045ff9d6d618f32d28af1" member_type: VOTER last_known_addr { host: "127.13.47.67" port: 34283 } }
I20260709 13:18:18.436957 14644 tablet_service.cc:1917] Received RequestConsensusVote() RPC: tablet_id: "bd2c762cf5a248a480764143b54426d9" candidate_uuid: "c75fe6ed80fe4a76b627395489267480" candidate_term: 1 candidate_status { last_received { term: 0 index: 0 } } ignore_live_leader: false dest_uuid: "a427f7ace14248aeb55c329c70134a91"
I20260709 13:18:18.437471 14644 raft_consensus.cc:3060] T bd2c762cf5a248a480764143b54426d9 P a427f7ace14248aeb55c329c70134a91 [term 0 FOLLOWER]: Advancing to term 1
I20260709 13:18:18.438153 14841 leader_election.cc:290] T bd2c762cf5a248a480764143b54426d9 P c75fe6ed80fe4a76b627395489267480 [CANDIDATE]: Term 1 election: Requested vote from peers a427f7ace14248aeb55c329c70134a91 (127.13.47.65:38457), 4a51d0c78bd045ff9d6d618f32d28af1 (127.13.47.67:34283)
I20260709 13:18:18.443842 14794 tablet_service.cc:1917] Received RequestConsensusVote() RPC: tablet_id: "bd2c762cf5a248a480764143b54426d9" candidate_uuid: "c75fe6ed80fe4a76b627395489267480" candidate_term: 1 candidate_status { last_received { term: 0 index: 0 } } ignore_live_leader: false dest_uuid: "4a51d0c78bd045ff9d6d618f32d28af1"
I20260709 13:18:18.444434 14794 raft_consensus.cc:3060] T bd2c762cf5a248a480764143b54426d9 P 4a51d0c78bd045ff9d6d618f32d28af1 [term 0 FOLLOWER]: Advancing to term 1
I20260709 13:18:18.444871 14940 consensus_queue.cc:1048] T 004e30f144514560a8d2b327514593f8 P 4a51d0c78bd045ff9d6d618f32d28af1 [LEADER]: Connected to new peer: Peer: permanent_uuid: "a427f7ace14248aeb55c329c70134a91" member_type: VOTER last_known_addr { host: "127.13.47.65" port: 38457 }, Status: LMP_MISMATCH, Last received: 0.0, Next index: 1, Last known committed idx: 0, Time since last communication: 0.005s
I20260709 13:18:18.454735 14644 raft_consensus.cc:2468] T bd2c762cf5a248a480764143b54426d9 P a427f7ace14248aeb55c329c70134a91 [term 1 FOLLOWER]: Leader election vote request: Granting yes vote for candidate c75fe6ed80fe4a76b627395489267480 in term 1.
I20260709 13:18:18.454315 14794 raft_consensus.cc:2468] T bd2c762cf5a248a480764143b54426d9 P 4a51d0c78bd045ff9d6d618f32d28af1 [term 1 FOLLOWER]: Leader election vote request: Granting yes vote for candidate c75fe6ed80fe4a76b627395489267480 in term 1.
I20260709 13:18:18.457394 14683 leader_election.cc:304] T bd2c762cf5a248a480764143b54426d9 P c75fe6ed80fe4a76b627395489267480 [CANDIDATE]: Term 1 election: Election decided. Result: candidate won. Election summary: received 2 responses out of 3 voters: 2 yes votes; 0 no votes. yes voters: a427f7ace14248aeb55c329c70134a91, c75fe6ed80fe4a76b627395489267480; no voters: 
I20260709 13:18:18.458382 14841 raft_consensus.cc:2804] T bd2c762cf5a248a480764143b54426d9 P c75fe6ed80fe4a76b627395489267480 [term 1 FOLLOWER]: Leader election won for term 1
I20260709 13:18:18.458837 14841 raft_consensus.cc:697] T bd2c762cf5a248a480764143b54426d9 P c75fe6ed80fe4a76b627395489267480 [term 1 LEADER]: Becoming Leader. State: Replica: c75fe6ed80fe4a76b627395489267480, State: Running, Role: LEADER
I20260709 13:18:18.465632 14940 consensus_queue.cc:1048] T 7e435e2e91504e0fa97700abf5095be2 P 4a51d0c78bd045ff9d6d618f32d28af1 [LEADER]: Connected to new peer: Peer: permanent_uuid: "c75fe6ed80fe4a76b627395489267480" member_type: VOTER last_known_addr { host: "127.13.47.66" port: 43333 }, Status: LMP_MISMATCH, Last received: 0.0, Next index: 1, Last known committed idx: 0, Time since last communication: 0.000s
I20260709 13:18:18.459600 14841 consensus_queue.cc:237] T bd2c762cf5a248a480764143b54426d9 P c75fe6ed80fe4a76b627395489267480 [LEADER]: Queue going to LEADER mode. State: All replicated index: 0, Majority replicated index: 0, Committed index: 0, Last appended: 0.0, Last appended by leader: 0, Current term: 1, Majority size: 2, State: 0, Mode: LEADER, active raft config: opid_index: -1 OBSOLETE_local: false peers { permanent_uuid: "a427f7ace14248aeb55c329c70134a91" member_type: VOTER last_known_addr { host: "127.13.47.65" port: 38457 } } peers { permanent_uuid: "c75fe6ed80fe4a76b627395489267480" member_type: VOTER last_known_addr { host: "127.13.47.66" port: 43333 } } peers { permanent_uuid: "4a51d0c78bd045ff9d6d618f32d28af1" member_type: VOTER last_known_addr { host: "127.13.47.67" port: 34283 } }
I20260709 13:18:18.511894 14847 raft_consensus.cc:493] T 89603a9443744108aced2fd96648ab3d P c75fe6ed80fe4a76b627395489267480 [term 2 FOLLOWER]: Starting pre-election (no leader contacted us within the election timeout)
I20260709 13:18:18.521605 14835 tablet_bootstrap.cc:492] T 62d70d83caf649ad9601ecfc47721cca P c75fe6ed80fe4a76b627395489267480: No bootstrap required, opened a new log
I20260709 13:18:18.522253 14835 ts_tablet_manager.cc:1403] T 62d70d83caf649ad9601ecfc47721cca P c75fe6ed80fe4a76b627395489267480: Time spent bootstrapping tablet: real 0.154s	user 0.010s	sys 0.018s
I20260709 13:18:18.515463 14847 raft_consensus.cc:515] T 89603a9443744108aced2fd96648ab3d P c75fe6ed80fe4a76b627395489267480 [term 2 FOLLOWER]: Starting pre-election with config: opid_index: -1 OBSOLETE_local: false peers { permanent_uuid: "4a51d0c78bd045ff9d6d618f32d28af1" member_type: VOTER last_known_addr { host: "127.13.47.67" port: 34283 } } peers { permanent_uuid: "a427f7ace14248aeb55c329c70134a91" member_type: VOTER last_known_addr { host: "127.13.47.65" port: 38457 } } peers { permanent_uuid: "c75fe6ed80fe4a76b627395489267480" member_type: VOTER last_known_addr { host: "127.13.47.66" port: 43333 } }
I20260709 13:18:18.537168 14847 leader_election.cc:290] T 89603a9443744108aced2fd96648ab3d P c75fe6ed80fe4a76b627395489267480 [CANDIDATE]: Term 3 pre-election: Requested pre-vote from peers 4a51d0c78bd045ff9d6d618f32d28af1 (127.13.47.67:34283), a427f7ace14248aeb55c329c70134a91 (127.13.47.65:38457)
I20260709 13:18:18.541528 14645 tablet_service.cc:1917] Received RequestConsensusVote() RPC: tablet_id: "89603a9443744108aced2fd96648ab3d" candidate_uuid: "c75fe6ed80fe4a76b627395489267480" candidate_term: 3 candidate_status { last_received { term: 1 index: 1 } } ignore_live_leader: false dest_uuid: "a427f7ace14248aeb55c329c70134a91" is_pre_election: true
I20260709 13:18:18.542840 14896 consensus_queue.cc:1048] T 7e435e2e91504e0fa97700abf5095be2 P 4a51d0c78bd045ff9d6d618f32d28af1 [LEADER]: Connected to new peer: Peer: permanent_uuid: "a427f7ace14248aeb55c329c70134a91" member_type: VOTER last_known_addr { host: "127.13.47.65" port: 38457 }, Status: LMP_MISMATCH, Last received: 0.0, Next index: 1, Last known committed idx: 0, Time since last communication: 0.001s
I20260709 13:18:18.549043 14920 consensus_queue.cc:1048] T ed8f101435954139b98c8752be7ed6d5 P a427f7ace14248aeb55c329c70134a91 [LEADER]: Connected to new peer: Peer: permanent_uuid: "c75fe6ed80fe4a76b627395489267480" member_type: VOTER last_known_addr { host: "127.13.47.66" port: 43333 }, Status: LMP_MISMATCH, Last received: 0.0, Next index: 1, Last known committed idx: 0, Time since last communication: 0.000s
I20260709 13:18:18.549721 14835 raft_consensus.cc:359] T 62d70d83caf649ad9601ecfc47721cca P c75fe6ed80fe4a76b627395489267480 [term 0 FOLLOWER]: Replica starting. Triggering 0 pending ops. Active config: opid_index: -1 OBSOLETE_local: false peers { permanent_uuid: "a427f7ace14248aeb55c329c70134a91" member_type: VOTER last_known_addr { host: "127.13.47.65" port: 38457 } } peers { permanent_uuid: "c75fe6ed80fe4a76b627395489267480" member_type: VOTER last_known_addr { host: "127.13.47.66" port: 43333 } } peers { permanent_uuid: "4a51d0c78bd045ff9d6d618f32d28af1" member_type: VOTER last_known_addr { host: "127.13.47.67" port: 34283 } }
I20260709 13:18:18.550601 14835 raft_consensus.cc:385] T 62d70d83caf649ad9601ecfc47721cca P c75fe6ed80fe4a76b627395489267480 [term 0 FOLLOWER]: Consensus starting up: Expiring failure detector timer to make a prompt election more likely
I20260709 13:18:18.550931 14835 raft_consensus.cc:740] T 62d70d83caf649ad9601ecfc47721cca P c75fe6ed80fe4a76b627395489267480 [term 0 FOLLOWER]: Becoming Follower/Learner. State: Replica: c75fe6ed80fe4a76b627395489267480, State: Initialized, Role: FOLLOWER
I20260709 13:18:18.553771 14835 consensus_queue.cc:260] T 62d70d83caf649ad9601ecfc47721cca P c75fe6ed80fe4a76b627395489267480 [NON_LEADER]: Queue going to NON_LEADER mode. State: All replicated index: 0, Majority replicated index: 0, Committed index: 0, Last appended: 0.0, Last appended by leader: 0, Current term: 0, Majority size: -1, State: 0, Mode: NON_LEADER, active raft config: opid_index: -1 OBSOLETE_local: false peers { permanent_uuid: "a427f7ace14248aeb55c329c70134a91" member_type: VOTER last_known_addr { host: "127.13.47.65" port: 38457 } } peers { permanent_uuid: "c75fe6ed80fe4a76b627395489267480" member_type: VOTER last_known_addr { host: "127.13.47.66" port: 43333 } } peers { permanent_uuid: "4a51d0c78bd045ff9d6d618f32d28af1" member_type: VOTER last_known_addr { host: "127.13.47.67" port: 34283 } }
I20260709 13:18:18.589958 14835 ts_tablet_manager.cc:1434] T 62d70d83caf649ad9601ecfc47721cca P c75fe6ed80fe4a76b627395489267480: Time spent starting tablet: real 0.067s	user 0.008s	sys 0.000s
I20260709 13:18:18.640035 14896 consensus_queue.cc:1048] T 3f97f94921f545e2993b1ab5f05b3d46 P 4a51d0c78bd045ff9d6d618f32d28af1 [LEADER]: Connected to new peer: Peer: permanent_uuid: "a427f7ace14248aeb55c329c70134a91" member_type: VOTER last_known_addr { host: "127.13.47.65" port: 38457 }, Status: LMP_MISMATCH, Last received: 0.0, Next index: 1, Last known committed idx: 0, Time since last communication: 0.001s
I20260709 13:18:18.663748 14835 tablet_bootstrap.cc:492] T d6dda9b6e3d54520881f757b3815c1f2 P c75fe6ed80fe4a76b627395489267480: Bootstrap starting.
I20260709 13:18:18.674376 14541 catalog_manager.cc:5697] T f05d236083be493e9a013bd7d729385e P 4a51d0c78bd045ff9d6d618f32d28af1 reported cstate change: term changed from 0 to 1, leader changed from <none> to 4a51d0c78bd045ff9d6d618f32d28af1 (127.13.47.67). New cstate: current_term: 1 leader_uuid: "4a51d0c78bd045ff9d6d618f32d28af1" committed_config { opid_index: -1 OBSOLETE_local: false peers { permanent_uuid: "a427f7ace14248aeb55c329c70134a91" member_type: VOTER last_known_addr { host: "127.13.47.65" port: 38457 } health_report { overall_health: UNKNOWN } } peers { permanent_uuid: "c75fe6ed80fe4a76b627395489267480" member_type: VOTER last_known_addr { host: "127.13.47.66" port: 43333 } health_report { overall_health: UNKNOWN } } peers { permanent_uuid: "4a51d0c78bd045ff9d6d618f32d28af1" member_type: VOTER last_known_addr { host: "127.13.47.67" port: 34283 } health_report { overall_health: HEALTHY } } }
W20260709 13:18:18.677253 14942 log.cc:927] Time spent T f96aec737e5c4beb987780b8e5d360fc P c75fe6ed80fe4a76b627395489267480: Append to log took a long time: real 0.181s	user 0.001s	sys 0.000s
I20260709 13:18:18.694993 14834 tablet_bootstrap.cc:492] T 4ecb1182c2d641e1880a15f89d24fa21 P 4a51d0c78bd045ff9d6d618f32d28af1: No bootstrap required, opened a new log
I20260709 13:18:18.695624 14834 ts_tablet_manager.cc:1403] T 4ecb1182c2d641e1880a15f89d24fa21 P 4a51d0c78bd045ff9d6d618f32d28af1: Time spent bootstrapping tablet: real 0.350s	user 0.014s	sys 0.003s
I20260709 13:18:18.697566 14836 tablet_bootstrap.cc:654] T b10277366d654daf91fee7e35f478f08 P a427f7ace14248aeb55c329c70134a91: Neither blocks nor log segments found. Creating new log.
I20260709 13:18:18.744451 14940 raft_consensus.cc:493] T 89603a9443744108aced2fd96648ab3d P 4a51d0c78bd045ff9d6d618f32d28af1 [term 1 FOLLOWER]: Starting pre-election (detected failure of leader c75fe6ed80fe4a76b627395489267480)
I20260709 13:18:18.772069 14940 raft_consensus.cc:515] T 89603a9443744108aced2fd96648ab3d P 4a51d0c78bd045ff9d6d618f32d28af1 [term 1 FOLLOWER]: Starting pre-election with config: opid_index: -1 OBSOLETE_local: false peers { permanent_uuid: "4a51d0c78bd045ff9d6d618f32d28af1" member_type: VOTER last_known_addr { host: "127.13.47.67" port: 34283 } } peers { permanent_uuid: "a427f7ace14248aeb55c329c70134a91" member_type: VOTER last_known_addr { host: "127.13.47.65" port: 38457 } } peers { permanent_uuid: "c75fe6ed80fe4a76b627395489267480" member_type: VOTER last_known_addr { host: "127.13.47.66" port: 43333 } }
I20260709 13:18:18.772590 14855 consensus_queue.cc:1048] T ed8f101435954139b98c8752be7ed6d5 P a427f7ace14248aeb55c329c70134a91 [LEADER]: Connected to new peer: Peer: permanent_uuid: "4a51d0c78bd045ff9d6d618f32d28af1" member_type: VOTER last_known_addr { host: "127.13.47.67" port: 34283 }, Status: LMP_MISMATCH, Last received: 0.0, Next index: 1, Last known committed idx: 0, Time since last communication: 0.000s
I20260709 13:18:18.774237 14940 leader_election.cc:290] T 89603a9443744108aced2fd96648ab3d P 4a51d0c78bd045ff9d6d618f32d28af1 [CANDIDATE]: Term 2 pre-election: Requested pre-vote from peers a427f7ace14248aeb55c329c70134a91 (127.13.47.65:38457), c75fe6ed80fe4a76b627395489267480 (127.13.47.66:43333)
I20260709 13:18:18.774742 14645 tablet_service.cc:1917] Received RequestConsensusVote() RPC: tablet_id: "89603a9443744108aced2fd96648ab3d" candidate_uuid: "4a51d0c78bd045ff9d6d618f32d28af1" candidate_term: 2 candidate_status { last_received { term: 1 index: 1 } } ignore_live_leader: false dest_uuid: "a427f7ace14248aeb55c329c70134a91" is_pre_election: true
I20260709 13:18:18.775427 14645 raft_consensus.cc:2393] T 89603a9443744108aced2fd96648ab3d P a427f7ace14248aeb55c329c70134a91 [term 2 FOLLOWER]: Leader pre-election vote request: Denying vote to candidate 4a51d0c78bd045ff9d6d618f32d28af1 in current term 2: Already voted for candidate a427f7ace14248aeb55c329c70134a91 in this term.
W20260709 13:18:18.740068 14683 consensus_peers.cc:597] T d460ec03fb8b4e20af4a01c00825d5b6 P c75fe6ed80fe4a76b627395489267480 -> Peer a427f7ace14248aeb55c329c70134a91 (127.13.47.65:38457): Couldn't send request to peer a427f7ace14248aeb55c329c70134a91. Error code: TABLET_NOT_RUNNING (12). Status: Illegal state: Tablet not RUNNING: INITIALIZED. This is attempt 1: this message will repeat every 5th retry.
I20260709 13:18:18.780786 14949 raft_consensus.cc:493] T 62d70d83caf649ad9601ecfc47721cca P c75fe6ed80fe4a76b627395489267480 [term 0 FOLLOWER]: Starting pre-election (no leader contacted us within the election timeout)
I20260709 13:18:18.781695 14834 raft_consensus.cc:359] T 4ecb1182c2d641e1880a15f89d24fa21 P 4a51d0c78bd045ff9d6d618f32d28af1 [term 0 FOLLOWER]: Replica starting. Triggering 0 pending ops. Active config: opid_index: -1 OBSOLETE_local: false peers { permanent_uuid: "a427f7ace14248aeb55c329c70134a91" member_type: VOTER last_known_addr { host: "127.13.47.65" port: 38457 } } peers { permanent_uuid: "c75fe6ed80fe4a76b627395489267480" member_type: VOTER last_known_addr { host: "127.13.47.66" port: 43333 } } peers { permanent_uuid: "4a51d0c78bd045ff9d6d618f32d28af1" member_type: VOTER last_known_addr { host: "127.13.47.67" port: 34283 } }
I20260709 13:18:18.784094 14834 raft_consensus.cc:385] T 4ecb1182c2d641e1880a15f89d24fa21 P 4a51d0c78bd045ff9d6d618f32d28af1 [term 0 FOLLOWER]: Consensus starting up: Expiring failure detector timer to make a prompt election more likely
I20260709 13:18:18.784335 14834 raft_consensus.cc:740] T 4ecb1182c2d641e1880a15f89d24fa21 P 4a51d0c78bd045ff9d6d618f32d28af1 [term 0 FOLLOWER]: Becoming Follower/Learner. State: Replica: 4a51d0c78bd045ff9d6d618f32d28af1, State: Initialized, Role: FOLLOWER
I20260709 13:18:18.784931 14834 consensus_queue.cc:260] T 4ecb1182c2d641e1880a15f89d24fa21 P 4a51d0c78bd045ff9d6d618f32d28af1 [NON_LEADER]: Queue going to NON_LEADER mode. State: All replicated index: 0, Majority replicated index: 0, Committed index: 0, Last appended: 0.0, Last appended by leader: 0, Current term: 0, Majority size: -1, State: 0, Mode: NON_LEADER, active raft config: opid_index: -1 OBSOLETE_local: false peers { permanent_uuid: "a427f7ace14248aeb55c329c70134a91" member_type: VOTER last_known_addr { host: "127.13.47.65" port: 38457 } } peers { permanent_uuid: "c75fe6ed80fe4a76b627395489267480" member_type: VOTER last_known_addr { host: "127.13.47.66" port: 43333 } } peers { permanent_uuid: "4a51d0c78bd045ff9d6d618f32d28af1" member_type: VOTER last_known_addr { host: "127.13.47.67" port: 34283 } }
W20260709 13:18:18.782814 14683 outbound_call.cc:321] RPC callback for RPC call kudu.consensus.ConsensusService.UpdateConsensus -> {remote=127.13.47.65:38457, user_credentials={real_user=slave}} blocked reactor thread for 85651.5us
I20260709 13:18:18.783579 14949 raft_consensus.cc:515] T 62d70d83caf649ad9601ecfc47721cca P c75fe6ed80fe4a76b627395489267480 [term 0 FOLLOWER]: Starting pre-election with config: opid_index: -1 OBSOLETE_local: false peers { permanent_uuid: "a427f7ace14248aeb55c329c70134a91" member_type: VOTER last_known_addr { host: "127.13.47.65" port: 38457 } } peers { permanent_uuid: "c75fe6ed80fe4a76b627395489267480" member_type: VOTER last_known_addr { host: "127.13.47.66" port: 43333 } } peers { permanent_uuid: "4a51d0c78bd045ff9d6d618f32d28af1" member_type: VOTER last_known_addr { host: "127.13.47.67" port: 34283 } }
I20260709 13:18:18.790966 14949 leader_election.cc:290] T 62d70d83caf649ad9601ecfc47721cca P c75fe6ed80fe4a76b627395489267480 [CANDIDATE]: Term 1 pre-election: Requested pre-vote from peers a427f7ace14248aeb55c329c70134a91 (127.13.47.65:38457), 4a51d0c78bd045ff9d6d618f32d28af1 (127.13.47.67:34283)
I20260709 13:18:18.793429 14645 tablet_service.cc:1917] Received RequestConsensusVote() RPC: tablet_id: "62d70d83caf649ad9601ecfc47721cca" candidate_uuid: "c75fe6ed80fe4a76b627395489267480" candidate_term: 1 candidate_status { last_received { term: 0 index: 0 } } ignore_live_leader: false dest_uuid: "a427f7ace14248aeb55c329c70134a91" is_pre_election: true
I20260709 13:18:18.794188 14645 raft_consensus.cc:2468] T 62d70d83caf649ad9601ecfc47721cca P a427f7ace14248aeb55c329c70134a91 [term 0 FOLLOWER]: Leader pre-election vote request: Granting yes vote for candidate c75fe6ed80fe4a76b627395489267480 in term 0.
I20260709 13:18:18.797060 14834 ts_tablet_manager.cc:1434] T 4ecb1182c2d641e1880a15f89d24fa21 P 4a51d0c78bd045ff9d6d618f32d28af1: Time spent starting tablet: real 0.101s	user 0.004s	sys 0.001s
I20260709 13:18:18.798178 14834 tablet_bootstrap.cc:492] T 62d70d83caf649ad9601ecfc47721cca P 4a51d0c78bd045ff9d6d618f32d28af1: Bootstrap starting.
W20260709 13:18:18.813263 14685 outbound_call.cc:321] RPC callback for RPC call kudu.consensus.ConsensusService.UpdateConsensus -> {remote=127.13.47.67:34283, user_credentials={real_user=slave}} blocked reactor thread for 295547us
I20260709 13:18:18.817381 14717 tablet_service.cc:1917] Received RequestConsensusVote() RPC: tablet_id: "89603a9443744108aced2fd96648ab3d" candidate_uuid: "4a51d0c78bd045ff9d6d618f32d28af1" candidate_term: 2 candidate_status { last_received { term: 1 index: 1 } } ignore_live_leader: false dest_uuid: "c75fe6ed80fe4a76b627395489267480" is_pre_election: true
I20260709 13:18:18.817982 14717 raft_consensus.cc:2468] T 89603a9443744108aced2fd96648ab3d P c75fe6ed80fe4a76b627395489267480 [term 2 FOLLOWER]: Leader pre-election vote request: Granting yes vote for candidate 4a51d0c78bd045ff9d6d618f32d28af1 in term 2.
I20260709 13:18:18.819512 14683 leader_election.cc:304] T 62d70d83caf649ad9601ecfc47721cca P c75fe6ed80fe4a76b627395489267480 [CANDIDATE]: Term 1 pre-election: Election decided. Result: candidate won. Election summary: received 2 responses out of 3 voters: 2 yes votes; 0 no votes. yes voters: a427f7ace14248aeb55c329c70134a91, c75fe6ed80fe4a76b627395489267480; no voters: 
I20260709 13:18:18.823305 14759 leader_election.cc:304] T 89603a9443744108aced2fd96648ab3d P 4a51d0c78bd045ff9d6d618f32d28af1 [CANDIDATE]: Term 2 pre-election: Election decided. Result: candidate won. Election summary: received 3 responses out of 3 voters: 2 yes votes; 1 no votes. yes voters: 4a51d0c78bd045ff9d6d618f32d28af1, c75fe6ed80fe4a76b627395489267480; no voters: a427f7ace14248aeb55c329c70134a91
I20260709 13:18:18.824065 14793 tablet_service.cc:1917] Received RequestConsensusVote() RPC: tablet_id: "89603a9443744108aced2fd96648ab3d" candidate_uuid: "c75fe6ed80fe4a76b627395489267480" candidate_term: 3 candidate_status { last_received { term: 1 index: 1 } } ignore_live_leader: false dest_uuid: "4a51d0c78bd045ff9d6d618f32d28af1" is_pre_election: true
I20260709 13:18:18.829787 14835 tablet_bootstrap.cc:654] T d6dda9b6e3d54520881f757b3815c1f2 P c75fe6ed80fe4a76b627395489267480: Neither blocks nor log segments found. Creating new log.
I20260709 13:18:18.828737 14896 consensus_queue.cc:1048] T 806f972970f24f57be755022f5cdaa0b P 4a51d0c78bd045ff9d6d618f32d28af1 [LEADER]: Connected to new peer: Peer: permanent_uuid: "c75fe6ed80fe4a76b627395489267480" member_type: VOTER last_known_addr { host: "127.13.47.66" port: 43333 }, Status: LMP_MISMATCH, Last received: 0.0, Next index: 1, Last known committed idx: 0, Time since last communication: 0.005s
I20260709 13:18:18.826122 14793 raft_consensus.cc:2468] T 89603a9443744108aced2fd96648ab3d P 4a51d0c78bd045ff9d6d618f32d28af1 [term 1 FOLLOWER]: Leader pre-election vote request: Granting yes vote for candidate c75fe6ed80fe4a76b627395489267480 in term 1.
I20260709 13:18:18.836297 14939 raft_consensus.cc:2804] T 89603a9443744108aced2fd96648ab3d P 4a51d0c78bd045ff9d6d618f32d28af1 [term 1 FOLLOWER]: Leader pre-election won for term 2
I20260709 13:18:18.826735 14937 consensus_queue.cc:1048] T 3f97f94921f545e2993b1ab5f05b3d46 P 4a51d0c78bd045ff9d6d618f32d28af1 [LEADER]: Connected to new peer: Peer: permanent_uuid: "c75fe6ed80fe4a76b627395489267480" member_type: VOTER last_known_addr { host: "127.13.47.66" port: 43333 }, Status: LMP_MISMATCH, Last received: 0.0, Next index: 1, Last known committed idx: 0, Time since last communication: 0.011s
I20260709 13:18:18.838050 14939 raft_consensus.cc:493] T 89603a9443744108aced2fd96648ab3d P 4a51d0c78bd045ff9d6d618f32d28af1 [term 1 FOLLOWER]: Starting leader election (detected failure of leader c75fe6ed80fe4a76b627395489267480)
I20260709 13:18:18.838469 14939 raft_consensus.cc:3060] T 89603a9443744108aced2fd96648ab3d P 4a51d0c78bd045ff9d6d618f32d28af1 [term 1 FOLLOWER]: Advancing to term 2
I20260709 13:18:18.839459 14792 tablet_service.cc:1917] Received RequestConsensusVote() RPC: tablet_id: "62d70d83caf649ad9601ecfc47721cca" candidate_uuid: "c75fe6ed80fe4a76b627395489267480" candidate_term: 1 candidate_status { last_received { term: 0 index: 0 } } ignore_live_leader: false dest_uuid: "4a51d0c78bd045ff9d6d618f32d28af1" is_pre_election: true
I20260709 13:18:18.831137 14880 raft_consensus.cc:2804] T 62d70d83caf649ad9601ecfc47721cca P c75fe6ed80fe4a76b627395489267480 [term 0 FOLLOWER]: Leader pre-election won for term 1
I20260709 13:18:18.842526 14880 raft_consensus.cc:493] T 62d70d83caf649ad9601ecfc47721cca P c75fe6ed80fe4a76b627395489267480 [term 0 FOLLOWER]: Starting leader election (no leader contacted us within the election timeout)
I20260709 13:18:18.842976 14880 raft_consensus.cc:3060] T 62d70d83caf649ad9601ecfc47721cca P c75fe6ed80fe4a76b627395489267480 [term 0 FOLLOWER]: Advancing to term 1
I20260709 13:18:18.866504 14880 raft_consensus.cc:515] T 62d70d83caf649ad9601ecfc47721cca P c75fe6ed80fe4a76b627395489267480 [term 1 FOLLOWER]: Starting leader election with config: opid_index: -1 OBSOLETE_local: false peers { permanent_uuid: "a427f7ace14248aeb55c329c70134a91" member_type: VOTER last_known_addr { host: "127.13.47.65" port: 38457 } } peers { permanent_uuid: "c75fe6ed80fe4a76b627395489267480" member_type: VOTER last_known_addr { host: "127.13.47.66" port: 43333 } } peers { permanent_uuid: "4a51d0c78bd045ff9d6d618f32d28af1" member_type: VOTER last_known_addr { host: "127.13.47.67" port: 34283 } }
I20260709 13:18:18.855188 14949 raft_consensus.cc:493] T 97d015f7cc394dcf8127684ff8163760 P c75fe6ed80fe4a76b627395489267480 [term 0 FOLLOWER]: Starting pre-election (no leader contacted us within the election timeout)
I20260709 13:18:18.869833 14949 raft_consensus.cc:515] T 97d015f7cc394dcf8127684ff8163760 P c75fe6ed80fe4a76b627395489267480 [term 0 FOLLOWER]: Starting pre-election with config: opid_index: -1 OBSOLETE_local: false peers { permanent_uuid: "a427f7ace14248aeb55c329c70134a91" member_type: VOTER last_known_addr { host: "127.13.47.65" port: 38457 } } peers { permanent_uuid: "c75fe6ed80fe4a76b627395489267480" member_type: VOTER last_known_addr { host: "127.13.47.66" port: 43333 } } peers { permanent_uuid: "4a51d0c78bd045ff9d6d618f32d28af1" member_type: VOTER last_known_addr { host: "127.13.47.67" port: 34283 } }
I20260709 13:18:18.886829 14949 leader_election.cc:290] T 97d015f7cc394dcf8127684ff8163760 P c75fe6ed80fe4a76b627395489267480 [CANDIDATE]: Term 1 pre-election: Requested pre-vote from peers a427f7ace14248aeb55c329c70134a91 (127.13.47.65:38457), 4a51d0c78bd045ff9d6d618f32d28af1 (127.13.47.67:34283)
W20260709 13:18:18.869168 14757 consensus_peers.cc:597] T 806f972970f24f57be755022f5cdaa0b P 4a51d0c78bd045ff9d6d618f32d28af1 -> Peer a427f7ace14248aeb55c329c70134a91 (127.13.47.65:38457): Couldn't send request to peer a427f7ace14248aeb55c329c70134a91. Error code: TABLET_NOT_RUNNING (12). Status: Illegal state: Tablet not RUNNING: INITIALIZED. This is attempt 1: this message will repeat every 5th retry.
I20260709 13:18:18.875172 14541 catalog_manager.cc:5697] T bd2c762cf5a248a480764143b54426d9 P c75fe6ed80fe4a76b627395489267480 reported cstate change: term changed from 0 to 1, leader changed from <none> to c75fe6ed80fe4a76b627395489267480 (127.13.47.66). New cstate: current_term: 1 leader_uuid: "c75fe6ed80fe4a76b627395489267480" committed_config { opid_index: -1 OBSOLETE_local: false peers { permanent_uuid: "a427f7ace14248aeb55c329c70134a91" member_type: VOTER last_known_addr { host: "127.13.47.65" port: 38457 } health_report { overall_health: UNKNOWN } } peers { permanent_uuid: "c75fe6ed80fe4a76b627395489267480" member_type: VOTER last_known_addr { host: "127.13.47.66" port: 43333 } health_report { overall_health: HEALTHY } } peers { permanent_uuid: "4a51d0c78bd045ff9d6d618f32d28af1" member_type: VOTER last_known_addr { host: "127.13.47.67" port: 34283 } health_report { overall_health: UNKNOWN } } }
I20260709 13:18:18.894563 14642 tablet_service.cc:1917] Received RequestConsensusVote() RPC: tablet_id: "97d015f7cc394dcf8127684ff8163760" candidate_uuid: "c75fe6ed80fe4a76b627395489267480" candidate_term: 1 candidate_status { last_received { term: 0 index: 0 } } ignore_live_leader: false dest_uuid: "a427f7ace14248aeb55c329c70134a91" is_pre_election: true
I20260709 13:18:18.895331 14642 raft_consensus.cc:2468] T 97d015f7cc394dcf8127684ff8163760 P a427f7ace14248aeb55c329c70134a91 [term 0 FOLLOWER]: Leader pre-election vote request: Granting yes vote for candidate c75fe6ed80fe4a76b627395489267480 in term 0.
I20260709 13:18:18.896448 14683 leader_election.cc:304] T 97d015f7cc394dcf8127684ff8163760 P c75fe6ed80fe4a76b627395489267480 [CANDIDATE]: Term 1 pre-election: Election decided. Result: candidate won. Election summary: received 2 responses out of 3 voters: 2 yes votes; 0 no votes. yes voters: a427f7ace14248aeb55c329c70134a91, c75fe6ed80fe4a76b627395489267480; no voters: 
I20260709 13:18:18.897039 14880 leader_election.cc:290] T 62d70d83caf649ad9601ecfc47721cca P c75fe6ed80fe4a76b627395489267480 [CANDIDATE]: Term 1 election: Requested vote from peers a427f7ace14248aeb55c329c70134a91 (127.13.47.65:38457), 4a51d0c78bd045ff9d6d618f32d28af1 (127.13.47.67:34283)
I20260709 13:18:18.898227 14880 raft_consensus.cc:2804] T 97d015f7cc394dcf8127684ff8163760 P c75fe6ed80fe4a76b627395489267480 [term 0 FOLLOWER]: Leader pre-election won for term 1
I20260709 13:18:18.898552 14880 raft_consensus.cc:493] T 97d015f7cc394dcf8127684ff8163760 P c75fe6ed80fe4a76b627395489267480 [term 0 FOLLOWER]: Starting leader election (no leader contacted us within the election timeout)
I20260709 13:18:18.899087 14880 raft_consensus.cc:3060] T 97d015f7cc394dcf8127684ff8163760 P c75fe6ed80fe4a76b627395489267480 [term 0 FOLLOWER]: Advancing to term 1
I20260709 13:18:18.917001 14880 raft_consensus.cc:515] T 97d015f7cc394dcf8127684ff8163760 P c75fe6ed80fe4a76b627395489267480 [term 1 FOLLOWER]: Starting leader election with config: opid_index: -1 OBSOLETE_local: false peers { permanent_uuid: "a427f7ace14248aeb55c329c70134a91" member_type: VOTER last_known_addr { host: "127.13.47.65" port: 38457 } } peers { permanent_uuid: "c75fe6ed80fe4a76b627395489267480" member_type: VOTER last_known_addr { host: "127.13.47.66" port: 43333 } } peers { permanent_uuid: "4a51d0c78bd045ff9d6d618f32d28af1" member_type: VOTER last_known_addr { host: "127.13.47.67" port: 34283 } }
I20260709 13:18:18.918818 14642 tablet_service.cc:1917] Received RequestConsensusVote() RPC: tablet_id: "62d70d83caf649ad9601ecfc47721cca" candidate_uuid: "c75fe6ed80fe4a76b627395489267480" candidate_term: 1 candidate_status { last_received { term: 0 index: 0 } } ignore_live_leader: false dest_uuid: "a427f7ace14248aeb55c329c70134a91"
I20260709 13:18:18.919399 14642 raft_consensus.cc:3060] T 62d70d83caf649ad9601ecfc47721cca P a427f7ace14248aeb55c329c70134a91 [term 0 FOLLOWER]: Advancing to term 1
I20260709 13:18:18.920845 14948 consensus_queue.cc:1048] T bd2c762cf5a248a480764143b54426d9 P c75fe6ed80fe4a76b627395489267480 [LEADER]: Connected to new peer: Peer: permanent_uuid: "a427f7ace14248aeb55c329c70134a91" member_type: VOTER last_known_addr { host: "127.13.47.65" port: 38457 }, Status: LMP_MISMATCH, Last received: 0.0, Next index: 1, Last known committed idx: 0, Time since last communication: 0.002s
I20260709 13:18:18.925571 14836 tablet_bootstrap.cc:492] T b10277366d654daf91fee7e35f478f08 P a427f7ace14248aeb55c329c70134a91: No bootstrap required, opened a new log
I20260709 13:18:18.927554 14836 ts_tablet_manager.cc:1403] T b10277366d654daf91fee7e35f478f08 P a427f7ace14248aeb55c329c70134a91: Time spent bootstrapping tablet: real 0.540s	user 0.057s	sys 0.108s
I20260709 13:18:18.904297 14685 leader_election.cc:304] T 89603a9443744108aced2fd96648ab3d P c75fe6ed80fe4a76b627395489267480 [CANDIDATE]: Term 3 pre-election: Election decided. Result: candidate won. Election summary: received 3 responses out of 3 voters: 2 yes votes; 1 no votes. yes voters: 4a51d0c78bd045ff9d6d618f32d28af1, c75fe6ed80fe4a76b627395489267480; no voters: a427f7ace14248aeb55c329c70134a91
I20260709 13:18:18.934682 14880 leader_election.cc:290] T 97d015f7cc394dcf8127684ff8163760 P c75fe6ed80fe4a76b627395489267480 [CANDIDATE]: Term 1 election: Requested vote from peers a427f7ace14248aeb55c329c70134a91 (127.13.47.65:38457), 4a51d0c78bd045ff9d6d618f32d28af1 (127.13.47.67:34283)
I20260709 13:18:18.936192 14880 raft_consensus.cc:2804] T 89603a9443744108aced2fd96648ab3d P c75fe6ed80fe4a76b627395489267480 [term 2 FOLLOWER]: Leader pre-election won for term 3
I20260709 13:18:18.936542 14880 raft_consensus.cc:493] T 89603a9443744108aced2fd96648ab3d P c75fe6ed80fe4a76b627395489267480 [term 2 FOLLOWER]: Starting leader election (no leader contacted us within the election timeout)
I20260709 13:18:18.936846 14880 raft_consensus.cc:3060] T 89603a9443744108aced2fd96648ab3d P c75fe6ed80fe4a76b627395489267480 [term 2 FOLLOWER]: Advancing to term 3
I20260709 13:18:18.937897 14834 tablet_bootstrap.cc:654] T 62d70d83caf649ad9601ecfc47721cca P 4a51d0c78bd045ff9d6d618f32d28af1: Neither blocks nor log segments found. Creating new log.
W20260709 13:18:18.940589 14685 leader_election.cc:343] T 62d70d83caf649ad9601ecfc47721cca P c75fe6ed80fe4a76b627395489267480 [CANDIDATE]: Term 1 pre-election: Tablet error from VoteRequest() call to peer 4a51d0c78bd045ff9d6d618f32d28af1 (127.13.47.67:34283): Illegal state: must be running to vote when last-logged opid is not known
I20260709 13:18:18.942778 14645 tablet_service.cc:1917] Received RequestConsensusVote() RPC: tablet_id: "97d015f7cc394dcf8127684ff8163760" candidate_uuid: "c75fe6ed80fe4a76b627395489267480" candidate_term: 1 candidate_status { last_received { term: 0 index: 0 } } ignore_live_leader: false dest_uuid: "a427f7ace14248aeb55c329c70134a91"
I20260709 13:18:18.942829 14642 raft_consensus.cc:2468] T 62d70d83caf649ad9601ecfc47721cca P a427f7ace14248aeb55c329c70134a91 [term 1 FOLLOWER]: Leader election vote request: Granting yes vote for candidate c75fe6ed80fe4a76b627395489267480 in term 1.
I20260709 13:18:18.943755 14645 raft_consensus.cc:3060] T 97d015f7cc394dcf8127684ff8163760 P a427f7ace14248aeb55c329c70134a91 [term 0 FOLLOWER]: Advancing to term 1
I20260709 13:18:18.946389 14939 raft_consensus.cc:515] T 89603a9443744108aced2fd96648ab3d P 4a51d0c78bd045ff9d6d618f32d28af1 [term 2 FOLLOWER]: Starting leader election with config: opid_index: -1 OBSOLETE_local: false peers { permanent_uuid: "4a51d0c78bd045ff9d6d618f32d28af1" member_type: VOTER last_known_addr { host: "127.13.47.67" port: 34283 } } peers { permanent_uuid: "a427f7ace14248aeb55c329c70134a91" member_type: VOTER last_known_addr { host: "127.13.47.65" port: 38457 } } peers { permanent_uuid: "c75fe6ed80fe4a76b627395489267480" member_type: VOTER last_known_addr { host: "127.13.47.66" port: 43333 } }
