I20260709 13:18:13.906592 12965 leader_election.cc:290] T 9308b618274247418f897473731d4eb3 P 5bd8081b63ee4543b8251b0fc9beb75e [CANDIDATE]: Term 1 pre-election: Requested pre-vote from peers 4f14c307df6f46e0a87e72c91f917ad3 (127.11.14.129:40861), 34acd78dea6546d9a8f989adb61c8027 (127.11.14.130:43715)
W20260709 13:18:13.908313 12458 leader_election.cc:343] T 775c86b59d034740a3086f139f3f4666 P 34acd78dea6546d9a8f989adb61c8027 [CANDIDATE]: Term 1 pre-election: Tablet error from VoteRequest() call to peer 4f14c307df6f46e0a87e72c91f917ad3 (127.11.14.129:40861): Illegal state: must be running to vote when last-logged opid is not known
I20260709 13:18:13.908098 12491 tablet_service.cc:1917] Received RequestConsensusVote() RPC: tablet_id: "9308b618274247418f897473731d4eb3" candidate_uuid: "5bd8081b63ee4543b8251b0fc9beb75e" candidate_term: 1 candidate_status { last_received { term: 0 index: 0 } } ignore_live_leader: false dest_uuid: "34acd78dea6546d9a8f989adb61c8027" is_pre_election: true
I20260709 13:18:13.909507 12491 raft_consensus.cc:2468] T 9308b618274247418f897473731d4eb3 P 34acd78dea6546d9a8f989adb61c8027 [term 0 FOLLOWER]: Leader pre-election vote request: Granting yes vote for candidate 5bd8081b63ee4543b8251b0fc9beb75e in term 0.
I20260709 13:18:13.909569 12611 tablet_bootstrap.cc:492] T d670780b57404f0796dce62ed8352802 P 34acd78dea6546d9a8f989adb61c8027: No bootstrap required, opened a new log
I20260709 13:18:13.910526 12611 ts_tablet_manager.cc:1403] T d670780b57404f0796dce62ed8352802 P 34acd78dea6546d9a8f989adb61c8027: Time spent bootstrapping tablet: real 0.152s	user 0.025s	sys 0.061s
I20260709 13:18:13.910889 12534 leader_election.cc:304] T 9308b618274247418f897473731d4eb3 P 5bd8081b63ee4543b8251b0fc9beb75e [CANDIDATE]: Term 1 pre-election: Election decided. Result: candidate won. Election summary: received 2 responses out of 3 voters: 2 yes votes; 0 no votes. yes voters: 34acd78dea6546d9a8f989adb61c8027, 5bd8081b63ee4543b8251b0fc9beb75e; no voters: 
I20260709 13:18:13.911818 12965 raft_consensus.cc:2804] T 9308b618274247418f897473731d4eb3 P 5bd8081b63ee4543b8251b0fc9beb75e [term 0 FOLLOWER]: Leader pre-election won for term 1
I20260709 13:18:13.912156 12965 raft_consensus.cc:493] T 9308b618274247418f897473731d4eb3 P 5bd8081b63ee4543b8251b0fc9beb75e [term 0 FOLLOWER]: Starting leader election (no leader contacted us within the election timeout)
I20260709 13:18:13.912643 12965 raft_consensus.cc:3060] T 9308b618274247418f897473731d4eb3 P 5bd8081b63ee4543b8251b0fc9beb75e [term 0 FOLLOWER]: Advancing to term 1
I20260709 13:18:13.914640 12413 tablet_service.cc:1917] Received RequestConsensusVote() RPC: tablet_id: "9308b618274247418f897473731d4eb3" candidate_uuid: "5bd8081b63ee4543b8251b0fc9beb75e" candidate_term: 1 candidate_status { last_received { term: 0 index: 0 } } ignore_live_leader: false dest_uuid: "4f14c307df6f46e0a87e72c91f917ad3" is_pre_election: true
I20260709 13:18:13.915484 12890 leader_election.cc:290] T 775c86b59d034740a3086f139f3f4666 P 34acd78dea6546d9a8f989adb61c8027 [CANDIDATE]: Term 1 pre-election: Requested pre-vote from peers 4f14c307df6f46e0a87e72c91f917ad3 (127.11.14.129:40861), 5bd8081b63ee4543b8251b0fc9beb75e (127.11.14.131:33999)
I20260709 13:18:13.917752 12562 tablet_service.cc:1917] Received RequestConsensusVote() RPC: tablet_id: "775c86b59d034740a3086f139f3f4666" candidate_uuid: "34acd78dea6546d9a8f989adb61c8027" candidate_term: 1 candidate_status { last_received { term: 0 index: 0 } } ignore_live_leader: false dest_uuid: "5bd8081b63ee4543b8251b0fc9beb75e" is_pre_election: true
I20260709 13:18:13.918385 12562 raft_consensus.cc:2468] T 775c86b59d034740a3086f139f3f4666 P 5bd8081b63ee4543b8251b0fc9beb75e [term 0 FOLLOWER]: Leader pre-election vote request: Granting yes vote for candidate 34acd78dea6546d9a8f989adb61c8027 in term 0.
W20260709 13:18:13.920285 12532 leader_election.cc:343] T 9308b618274247418f897473731d4eb3 P 5bd8081b63ee4543b8251b0fc9beb75e [CANDIDATE]: Term 1 pre-election: Tablet error from VoteRequest() call to peer 4f14c307df6f46e0a87e72c91f917ad3 (127.11.14.129:40861): Illegal state: must be running to vote when last-logged opid is not known
I20260709 13:18:13.922694 12965 raft_consensus.cc:515] T 9308b618274247418f897473731d4eb3 P 5bd8081b63ee4543b8251b0fc9beb75e [term 1 FOLLOWER]: Starting leader election with config: opid_index: -1 OBSOLETE_local: false peers { permanent_uuid: "4f14c307df6f46e0a87e72c91f917ad3" member_type: VOTER last_known_addr { host: "127.11.14.129" port: 40861 } } peers { permanent_uuid: "34acd78dea6546d9a8f989adb61c8027" member_type: VOTER last_known_addr { host: "127.11.14.130" port: 43715 } } peers { permanent_uuid: "5bd8081b63ee4543b8251b0fc9beb75e" member_type: VOTER last_known_addr { host: "127.11.14.131" port: 33999 } }
I20260709 13:18:13.922995 12459 leader_election.cc:304] T 775c86b59d034740a3086f139f3f4666 P 34acd78dea6546d9a8f989adb61c8027 [CANDIDATE]: Term 1 pre-election: Election decided. Result: candidate won. Election summary: received 3 responses out of 3 voters: 2 yes votes; 1 no votes. yes voters: 34acd78dea6546d9a8f989adb61c8027, 5bd8081b63ee4543b8251b0fc9beb75e; no voters: 4f14c307df6f46e0a87e72c91f917ad3
I20260709 13:18:13.926673 12315 catalog_manager.cc:5697] T 3ee1047d79ce40eb8925a768a1c1c058 P 34acd78dea6546d9a8f989adb61c8027 reported cstate change: term changed from 0 to 1, leader changed from <none> to 34acd78dea6546d9a8f989adb61c8027 (127.11.14.130). New cstate: current_term: 1 leader_uuid: "34acd78dea6546d9a8f989adb61c8027" committed_config { opid_index: -1 OBSOLETE_local: false peers { permanent_uuid: "4f14c307df6f46e0a87e72c91f917ad3" member_type: VOTER last_known_addr { host: "127.11.14.129" port: 40861 } health_report { overall_health: UNKNOWN } } peers { permanent_uuid: "34acd78dea6546d9a8f989adb61c8027" member_type: VOTER last_known_addr { host: "127.11.14.130" port: 43715 } health_report { overall_health: HEALTHY } } peers { permanent_uuid: "5bd8081b63ee4543b8251b0fc9beb75e" member_type: VOTER last_known_addr { host: "127.11.14.131" port: 33999 } health_report { overall_health: UNKNOWN } } }
I20260709 13:18:13.934129 12315 catalog_manager.cc:5697] T da5a71b2314b4b99886bc591a98a3cc1 P 34acd78dea6546d9a8f989adb61c8027 reported cstate change: term changed from 0 to 1, leader changed from <none> to 34acd78dea6546d9a8f989adb61c8027 (127.11.14.130). New cstate: current_term: 1 leader_uuid: "34acd78dea6546d9a8f989adb61c8027" committed_config { opid_index: -1 OBSOLETE_local: false peers { permanent_uuid: "4f14c307df6f46e0a87e72c91f917ad3" member_type: VOTER last_known_addr { host: "127.11.14.129" port: 40861 } health_report { overall_health: UNKNOWN } } peers { permanent_uuid: "34acd78dea6546d9a8f989adb61c8027" member_type: VOTER last_known_addr { host: "127.11.14.130" port: 43715 } health_report { overall_health: HEALTHY } } peers { permanent_uuid: "5bd8081b63ee4543b8251b0fc9beb75e" member_type: VOTER last_known_addr { host: "127.11.14.131" port: 33999 } health_report { overall_health: UNKNOWN } } }
I20260709 13:18:13.935312 12891 raft_consensus.cc:2804] T 775c86b59d034740a3086f139f3f4666 P 34acd78dea6546d9a8f989adb61c8027 [term 0 FOLLOWER]: Leader pre-election won for term 1
I20260709 13:18:13.938443 12891 raft_consensus.cc:493] T 775c86b59d034740a3086f139f3f4666 P 34acd78dea6546d9a8f989adb61c8027 [term 0 FOLLOWER]: Starting leader election (no leader contacted us within the election timeout)
I20260709 13:18:13.938814 12891 raft_consensus.cc:3060] T 775c86b59d034740a3086f139f3f4666 P 34acd78dea6546d9a8f989adb61c8027 [term 0 FOLLOWER]: Advancing to term 1
I20260709 13:18:13.990298 12965 leader_election.cc:290] T 9308b618274247418f897473731d4eb3 P 5bd8081b63ee4543b8251b0fc9beb75e [CANDIDATE]: Term 1 election: Requested vote from peers 4f14c307df6f46e0a87e72c91f917ad3 (127.11.14.129:40861), 34acd78dea6546d9a8f989adb61c8027 (127.11.14.130:43715)
I20260709 13:18:13.991400 12491 tablet_service.cc:1917] Received RequestConsensusVote() RPC: tablet_id: "9308b618274247418f897473731d4eb3" candidate_uuid: "5bd8081b63ee4543b8251b0fc9beb75e" candidate_term: 1 candidate_status { last_received { term: 0 index: 0 } } ignore_live_leader: false dest_uuid: "34acd78dea6546d9a8f989adb61c8027"
I20260709 13:18:13.992152 12491 raft_consensus.cc:3060] T 9308b618274247418f897473731d4eb3 P 34acd78dea6546d9a8f989adb61c8027 [term 0 FOLLOWER]: Advancing to term 1
I20260709 13:18:13.998781 12412 tablet_service.cc:1917] Received RequestConsensusVote() RPC: tablet_id: "9308b618274247418f897473731d4eb3" candidate_uuid: "5bd8081b63ee4543b8251b0fc9beb75e" candidate_term: 1 candidate_status { last_received { term: 0 index: 0 } } ignore_live_leader: false dest_uuid: "4f14c307df6f46e0a87e72c91f917ad3"
I20260709 13:18:14.002053 12978 raft_consensus.cc:2749] T 102faa97e22c48aeb217e53a9ac30e90 P 4f14c307df6f46e0a87e72c91f917ad3 [term 1 FOLLOWER]: Leader pre-election lost for term 1. Reason: could not achieve majority
I20260709 13:18:14.003409 12891 raft_consensus.cc:515] T 775c86b59d034740a3086f139f3f4666 P 34acd78dea6546d9a8f989adb61c8027 [term 1 FOLLOWER]: Starting leader election with config: opid_index: -1 OBSOLETE_local: false peers { permanent_uuid: "4f14c307df6f46e0a87e72c91f917ad3" member_type: VOTER last_known_addr { host: "127.11.14.129" port: 40861 } } peers { permanent_uuid: "34acd78dea6546d9a8f989adb61c8027" member_type: VOTER last_known_addr { host: "127.11.14.130" port: 43715 } } peers { permanent_uuid: "5bd8081b63ee4543b8251b0fc9beb75e" member_type: VOTER last_known_addr { host: "127.11.14.131" port: 33999 } }
I20260709 13:18:14.005132 12414 raft_consensus.cc:3060] T fa844879c0974ac29217bd215244dfb1 P 4f14c307df6f46e0a87e72c91f917ad3 [term 0 FOLLOWER]: Advancing to term 1
I20260709 13:18:14.005460 12491 raft_consensus.cc:2468] T 9308b618274247418f897473731d4eb3 P 34acd78dea6546d9a8f989adb61c8027 [term 1 FOLLOWER]: Leader election vote request: Granting yes vote for candidate 5bd8081b63ee4543b8251b0fc9beb75e in term 1.
I20260709 13:18:14.006661 12534 leader_election.cc:304] T 9308b618274247418f897473731d4eb3 P 5bd8081b63ee4543b8251b0fc9beb75e [CANDIDATE]: Term 1 election: Election decided. Result: candidate won. Election summary: received 2 responses out of 3 voters: 2 yes votes; 0 no votes. yes voters: 34acd78dea6546d9a8f989adb61c8027, 5bd8081b63ee4543b8251b0fc9beb75e; no voters: 
I20260709 13:18:14.006981 12891 leader_election.cc:290] T 775c86b59d034740a3086f139f3f4666 P 34acd78dea6546d9a8f989adb61c8027 [CANDIDATE]: Term 1 election: Requested vote from peers 4f14c307df6f46e0a87e72c91f917ad3 (127.11.14.129:40861), 5bd8081b63ee4543b8251b0fc9beb75e (127.11.14.131:33999)
I20260709 13:18:14.008476 12958 raft_consensus.cc:2804] T 9308b618274247418f897473731d4eb3 P 5bd8081b63ee4543b8251b0fc9beb75e [term 1 FOLLOWER]: Leader election won for term 1
W20260709 13:18:14.008886 12532 leader_election.cc:343] T 9308b618274247418f897473731d4eb3 P 5bd8081b63ee4543b8251b0fc9beb75e [CANDIDATE]: Term 1 election: Tablet error from VoteRequest() call to peer 4f14c307df6f46e0a87e72c91f917ad3 (127.11.14.129:40861): Illegal state: must be running to vote when last-logged opid is not known
I20260709 13:18:14.009546 12418 tablet_service.cc:1917] Received RequestConsensusVote() RPC: tablet_id: "775c86b59d034740a3086f139f3f4666" candidate_uuid: "34acd78dea6546d9a8f989adb61c8027" candidate_term: 1 candidate_status { last_received { term: 0 index: 0 } } ignore_live_leader: false dest_uuid: "4f14c307df6f46e0a87e72c91f917ad3"
I20260709 13:18:14.011189 12561 tablet_service.cc:1917] Received RequestConsensusVote() RPC: tablet_id: "775c86b59d034740a3086f139f3f4666" candidate_uuid: "34acd78dea6546d9a8f989adb61c8027" candidate_term: 1 candidate_status { last_received { term: 0 index: 0 } } ignore_live_leader: false dest_uuid: "5bd8081b63ee4543b8251b0fc9beb75e"
I20260709 13:18:14.011605 12958 raft_consensus.cc:697] T 9308b618274247418f897473731d4eb3 P 5bd8081b63ee4543b8251b0fc9beb75e [term 1 LEADER]: Becoming Leader. State: Replica: 5bd8081b63ee4543b8251b0fc9beb75e, State: Running, Role: LEADER
I20260709 13:18:14.011796 12561 raft_consensus.cc:3060] T 775c86b59d034740a3086f139f3f4666 P 5bd8081b63ee4543b8251b0fc9beb75e [term 0 FOLLOWER]: Advancing to term 1
W20260709 13:18:14.012570 12458 leader_election.cc:343] T 775c86b59d034740a3086f139f3f4666 P 34acd78dea6546d9a8f989adb61c8027 [CANDIDATE]: Term 1 election: Tablet error from VoteRequest() call to peer 4f14c307df6f46e0a87e72c91f917ad3 (127.11.14.129:40861): Illegal state: must be running to vote when last-logged opid is not known
I20260709 13:18:14.016093 12609 tablet_bootstrap.cc:654] T da5a71b2314b4b99886bc591a98a3cc1 P 5bd8081b63ee4543b8251b0fc9beb75e: Neither blocks nor log segments found. Creating new log.
I20260709 13:18:14.024425 12612 tablet_bootstrap.cc:654] T 8e057213cca34db3b58736a4dc3f6322 P 4f14c307df6f46e0a87e72c91f917ad3: Neither blocks nor log segments found. Creating new log.
W20260709 13:18:14.028291 12988 log.cc:927] Time spent T 1552947f91f34c77b4bc7a2b66870557 P 4f14c307df6f46e0a87e72c91f917ad3: Append to log took a long time: real 0.112s	user 0.000s	sys 0.001s
I20260709 13:18:14.014221 12958 consensus_queue.cc:237] T 9308b618274247418f897473731d4eb3 P 5bd8081b63ee4543b8251b0fc9beb75e [LEADER]: Queue going to LEADER mode. State: All replicated index: 0, Majority replicated index: 0, Committed index: 0, Last appended: 0.0, Last appended by leader: 0, Current term: 1, Majority size: 2, State: 0, Mode: LEADER, active raft config: opid_index: -1 OBSOLETE_local: false peers { permanent_uuid: "4f14c307df6f46e0a87e72c91f917ad3" member_type: VOTER last_known_addr { host: "127.11.14.129" port: 40861 } } peers { permanent_uuid: "34acd78dea6546d9a8f989adb61c8027" member_type: VOTER last_known_addr { host: "127.11.14.130" port: 43715 } } peers { permanent_uuid: "5bd8081b63ee4543b8251b0fc9beb75e" member_type: VOTER last_known_addr { host: "127.11.14.131" port: 33999 } }
W20260709 13:18:14.035413 12459 consensus_peers.cc:597] T da5a71b2314b4b99886bc591a98a3cc1 P 34acd78dea6546d9a8f989adb61c8027 -> Peer 5bd8081b63ee4543b8251b0fc9beb75e (127.11.14.131:33999): Couldn't send request to peer 5bd8081b63ee4543b8251b0fc9beb75e. Error code: TABLET_NOT_RUNNING (12). Status: Illegal state: Tablet not RUNNING: BOOTSTRAPPING. This is attempt 1: this message will repeat every 5th retry.
I20260709 13:18:14.034379 12561 raft_consensus.cc:2468] T 775c86b59d034740a3086f139f3f4666 P 5bd8081b63ee4543b8251b0fc9beb75e [term 1 FOLLOWER]: Leader election vote request: Granting yes vote for candidate 34acd78dea6546d9a8f989adb61c8027 in term 1.
I20260709 13:18:14.038352 12459 leader_election.cc:304] T 775c86b59d034740a3086f139f3f4666 P 34acd78dea6546d9a8f989adb61c8027 [CANDIDATE]: Term 1 election: Election decided. Result: candidate won. Election summary: received 3 responses out of 3 voters: 2 yes votes; 1 no votes. yes voters: 34acd78dea6546d9a8f989adb61c8027, 5bd8081b63ee4543b8251b0fc9beb75e; no voters: 4f14c307df6f46e0a87e72c91f917ad3
I20260709 13:18:14.039012 12652 raft_consensus.cc:2804] T 775c86b59d034740a3086f139f3f4666 P 34acd78dea6546d9a8f989adb61c8027 [term 1 FOLLOWER]: Leader election won for term 1
I20260709 13:18:14.039470 12652 raft_consensus.cc:697] T 775c86b59d034740a3086f139f3f4666 P 34acd78dea6546d9a8f989adb61c8027 [term 1 LEADER]: Becoming Leader. State: Replica: 34acd78dea6546d9a8f989adb61c8027, State: Running, Role: LEADER
I20260709 13:18:14.040261 12652 consensus_queue.cc:237] T 775c86b59d034740a3086f139f3f4666 P 34acd78dea6546d9a8f989adb61c8027 [LEADER]: Queue going to LEADER mode. State: All replicated index: 0, Majority replicated index: 0, Committed index: 0, Last appended: 0.0, Last appended by leader: 0, Current term: 1, Majority size: 2, State: 0, Mode: LEADER, active raft config: opid_index: -1 OBSOLETE_local: false peers { permanent_uuid: "4f14c307df6f46e0a87e72c91f917ad3" member_type: VOTER last_known_addr { host: "127.11.14.129" port: 40861 } } peers { permanent_uuid: "34acd78dea6546d9a8f989adb61c8027" member_type: VOTER last_known_addr { host: "127.11.14.130" port: 43715 } } peers { permanent_uuid: "5bd8081b63ee4543b8251b0fc9beb75e" member_type: VOTER last_known_addr { host: "127.11.14.131" port: 33999 } }
I20260709 13:18:14.049525 12611 raft_consensus.cc:359] T d670780b57404f0796dce62ed8352802 P 34acd78dea6546d9a8f989adb61c8027 [term 0 FOLLOWER]: Replica starting. Triggering 0 pending ops. Active config: opid_index: -1 OBSOLETE_local: false peers { permanent_uuid: "4f14c307df6f46e0a87e72c91f917ad3" member_type: VOTER last_known_addr { host: "127.11.14.129" port: 40861 } } peers { permanent_uuid: "34acd78dea6546d9a8f989adb61c8027" member_type: VOTER last_known_addr { host: "127.11.14.130" port: 43715 } } peers { permanent_uuid: "5bd8081b63ee4543b8251b0fc9beb75e" member_type: VOTER last_known_addr { host: "127.11.14.131" port: 33999 } }
I20260709 13:18:14.050575 12611 raft_consensus.cc:385] T d670780b57404f0796dce62ed8352802 P 34acd78dea6546d9a8f989adb61c8027 [term 0 FOLLOWER]: Consensus starting up: Expiring failure detector timer to make a prompt election more likely
I20260709 13:18:14.051004 12611 raft_consensus.cc:740] T d670780b57404f0796dce62ed8352802 P 34acd78dea6546d9a8f989adb61c8027 [term 0 FOLLOWER]: Becoming Follower/Learner. State: Replica: 34acd78dea6546d9a8f989adb61c8027, State: Initialized, Role: FOLLOWER
I20260709 13:18:14.053294 12611 consensus_queue.cc:260] T d670780b57404f0796dce62ed8352802 P 34acd78dea6546d9a8f989adb61c8027 [NON_LEADER]: Queue going to NON_LEADER mode. State: All replicated index: 0, Majority replicated index: 0, Committed index: 0, Last appended: 0.0, Last appended by leader: 0, Current term: 0, Majority size: -1, State: 0, Mode: NON_LEADER, active raft config: opid_index: -1 OBSOLETE_local: false peers { permanent_uuid: "4f14c307df6f46e0a87e72c91f917ad3" member_type: VOTER last_known_addr { host: "127.11.14.129" port: 40861 } } peers { permanent_uuid: "34acd78dea6546d9a8f989adb61c8027" member_type: VOTER last_known_addr { host: "127.11.14.130" port: 43715 } } peers { permanent_uuid: "5bd8081b63ee4543b8251b0fc9beb75e" member_type: VOTER last_known_addr { host: "127.11.14.131" port: 33999 } }
I20260709 13:18:14.056083 12611 ts_tablet_manager.cc:1434] T d670780b57404f0796dce62ed8352802 P 34acd78dea6546d9a8f989adb61c8027: Time spent starting tablet: real 0.145s	user 0.009s	sys 0.008s
I20260709 13:18:14.057217 12611 tablet_bootstrap.cc:492] T b6a044ee6f41495abe48c2c9c4cd880e P 34acd78dea6546d9a8f989adb61c8027: Bootstrap starting.
I20260709 13:18:14.061198 12609 tablet_bootstrap.cc:492] T da5a71b2314b4b99886bc591a98a3cc1 P 5bd8081b63ee4543b8251b0fc9beb75e: No bootstrap required, opened a new log
I20260709 13:18:14.061678 12609 ts_tablet_manager.cc:1403] T da5a71b2314b4b99886bc591a98a3cc1 P 5bd8081b63ee4543b8251b0fc9beb75e: Time spent bootstrapping tablet: real 0.183s	user 0.008s	sys 0.022s
I20260709 13:18:14.073932 12611 tablet_bootstrap.cc:654] T b6a044ee6f41495abe48c2c9c4cd880e P 34acd78dea6546d9a8f989adb61c8027: Neither blocks nor log segments found. Creating new log.
I20260709 13:18:14.074157 12609 raft_consensus.cc:359] T da5a71b2314b4b99886bc591a98a3cc1 P 5bd8081b63ee4543b8251b0fc9beb75e [term 0 FOLLOWER]: Replica starting. Triggering 0 pending ops. Active config: opid_index: -1 OBSOLETE_local: false peers { permanent_uuid: "4f14c307df6f46e0a87e72c91f917ad3" member_type: VOTER last_known_addr { host: "127.11.14.129" port: 40861 } } peers { permanent_uuid: "34acd78dea6546d9a8f989adb61c8027" member_type: VOTER last_known_addr { host: "127.11.14.130" port: 43715 } } peers { permanent_uuid: "5bd8081b63ee4543b8251b0fc9beb75e" member_type: VOTER last_known_addr { host: "127.11.14.131" port: 33999 } }
I20260709 13:18:14.074883 12609 raft_consensus.cc:385] T da5a71b2314b4b99886bc591a98a3cc1 P 5bd8081b63ee4543b8251b0fc9beb75e [term 0 FOLLOWER]: Consensus starting up: Expiring failure detector timer to make a prompt election more likely
I20260709 13:18:14.075184 12609 raft_consensus.cc:740] T da5a71b2314b4b99886bc591a98a3cc1 P 5bd8081b63ee4543b8251b0fc9beb75e [term 0 FOLLOWER]: Becoming Follower/Learner. State: Replica: 5bd8081b63ee4543b8251b0fc9beb75e, State: Initialized, Role: FOLLOWER
I20260709 13:18:14.075870 12609 consensus_queue.cc:260] T da5a71b2314b4b99886bc591a98a3cc1 P 5bd8081b63ee4543b8251b0fc9beb75e [NON_LEADER]: Queue going to NON_LEADER mode. State: All replicated index: 0, Majority replicated index: 0, Committed index: 0, Last appended: 0.0, Last appended by leader: 0, Current term: 0, Majority size: -1, State: 0, Mode: NON_LEADER, active raft config: opid_index: -1 OBSOLETE_local: false peers { permanent_uuid: "4f14c307df6f46e0a87e72c91f917ad3" member_type: VOTER last_known_addr { host: "127.11.14.129" port: 40861 } } peers { permanent_uuid: "34acd78dea6546d9a8f989adb61c8027" member_type: VOTER last_known_addr { host: "127.11.14.130" port: 43715 } } peers { permanent_uuid: "5bd8081b63ee4543b8251b0fc9beb75e" member_type: VOTER last_known_addr { host: "127.11.14.131" port: 33999 } }
I20260709 13:18:14.080827 12609 ts_tablet_manager.cc:1434] T da5a71b2314b4b99886bc591a98a3cc1 P 5bd8081b63ee4543b8251b0fc9beb75e: Time spent starting tablet: real 0.019s	user 0.004s	sys 0.002s
I20260709 13:18:14.081913 12609 tablet_bootstrap.cc:492] T 23bf5936c5f347f4b47f7c051cba9f1d P 5bd8081b63ee4543b8251b0fc9beb75e: Bootstrap starting.
I20260709 13:18:14.082576 12891 consensus_queue.cc:1048] T da5a71b2314b4b99886bc591a98a3cc1 P 34acd78dea6546d9a8f989adb61c8027 [LEADER]: Connected to new peer: Peer: permanent_uuid: "4f14c307df6f46e0a87e72c91f917ad3" member_type: VOTER last_known_addr { host: "127.11.14.129" port: 40861 }, Status: LMP_MISMATCH, Last received: 0.0, Next index: 1, Last known committed idx: 0, Time since last communication: 0.000s
I20260709 13:18:14.095114 12609 tablet_bootstrap.cc:654] T 23bf5936c5f347f4b47f7c051cba9f1d P 5bd8081b63ee4543b8251b0fc9beb75e: Neither blocks nor log segments found. Creating new log.
I20260709 13:18:14.101856 12929 raft_consensus.cc:493] T b6a044ee6f41495abe48c2c9c4cd880e P 5bd8081b63ee4543b8251b0fc9beb75e [term 0 FOLLOWER]: Starting pre-election (no leader contacted us within the election timeout)
I20260709 13:18:14.102413 12929 raft_consensus.cc:515] T b6a044ee6f41495abe48c2c9c4cd880e P 5bd8081b63ee4543b8251b0fc9beb75e [term 0 FOLLOWER]: Starting pre-election with config: opid_index: -1 OBSOLETE_local: false peers { permanent_uuid: "4f14c307df6f46e0a87e72c91f917ad3" member_type: VOTER last_known_addr { host: "127.11.14.129" port: 40861 } } peers { permanent_uuid: "34acd78dea6546d9a8f989adb61c8027" member_type: VOTER last_known_addr { host: "127.11.14.130" port: 43715 } } peers { permanent_uuid: "5bd8081b63ee4543b8251b0fc9beb75e" member_type: VOTER last_known_addr { host: "127.11.14.131" port: 33999 } }
I20260709 13:18:14.103094 12612 tablet_bootstrap.cc:492] T 8e057213cca34db3b58736a4dc3f6322 P 4f14c307df6f46e0a87e72c91f917ad3: No bootstrap required, opened a new log
I20260709 13:18:14.103556 12612 ts_tablet_manager.cc:1403] T 8e057213cca34db3b58736a4dc3f6322 P 4f14c307df6f46e0a87e72c91f917ad3: Time spent bootstrapping tablet: real 0.231s	user 0.027s	sys 0.011s
I20260709 13:18:14.104678 12929 leader_election.cc:290] T b6a044ee6f41495abe48c2c9c4cd880e P 5bd8081b63ee4543b8251b0fc9beb75e [CANDIDATE]: Term 1 pre-election: Requested pre-vote from peers 4f14c307df6f46e0a87e72c91f917ad3 (127.11.14.129:40861), 34acd78dea6546d9a8f989adb61c8027 (127.11.14.130:43715)
I20260709 13:18:14.106765 12414 tablet_service.cc:1917] Received RequestConsensusVote() RPC: tablet_id: "b6a044ee6f41495abe48c2c9c4cd880e" candidate_uuid: "5bd8081b63ee4543b8251b0fc9beb75e" candidate_term: 1 candidate_status { last_received { term: 0 index: 0 } } ignore_live_leader: false dest_uuid: "4f14c307df6f46e0a87e72c91f917ad3" is_pre_election: true
I20260709 13:18:14.106513 12612 raft_consensus.cc:359] T 8e057213cca34db3b58736a4dc3f6322 P 4f14c307df6f46e0a87e72c91f917ad3 [term 0 FOLLOWER]: Replica starting. Triggering 0 pending ops. Active config: opid_index: -1 OBSOLETE_local: false peers { permanent_uuid: "4f14c307df6f46e0a87e72c91f917ad3" member_type: VOTER last_known_addr { host: "127.11.14.129" port: 40861 } } peers { permanent_uuid: "34acd78dea6546d9a8f989adb61c8027" member_type: VOTER last_known_addr { host: "127.11.14.130" port: 43715 } } peers { permanent_uuid: "5bd8081b63ee4543b8251b0fc9beb75e" member_type: VOTER last_known_addr { host: "127.11.14.131" port: 33999 } }
I20260709 13:18:14.107344 12612 raft_consensus.cc:385] T 8e057213cca34db3b58736a4dc3f6322 P 4f14c307df6f46e0a87e72c91f917ad3 [term 0 FOLLOWER]: Consensus starting up: Expiring failure detector timer to make a prompt election more likely
I20260709 13:18:14.107640 12612 raft_consensus.cc:740] T 8e057213cca34db3b58736a4dc3f6322 P 4f14c307df6f46e0a87e72c91f917ad3 [term 0 FOLLOWER]: Becoming Follower/Learner. State: Replica: 4f14c307df6f46e0a87e72c91f917ad3, State: Initialized, Role: FOLLOWER
I20260709 13:18:14.108831 12491 tablet_service.cc:1917] Received RequestConsensusVote() RPC: tablet_id: "b6a044ee6f41495abe48c2c9c4cd880e" candidate_uuid: "5bd8081b63ee4543b8251b0fc9beb75e" candidate_term: 1 candidate_status { last_received { term: 0 index: 0 } } ignore_live_leader: false dest_uuid: "34acd78dea6546d9a8f989adb61c8027" is_pre_election: true
W20260709 13:18:14.110616 12534 leader_election.cc:343] T b6a044ee6f41495abe48c2c9c4cd880e P 5bd8081b63ee4543b8251b0fc9beb75e [CANDIDATE]: Term 1 pre-election: Tablet error from VoteRequest() call to peer 34acd78dea6546d9a8f989adb61c8027 (127.11.14.130:43715): Illegal state: must be running to vote when last-logged opid is not known
I20260709 13:18:14.112126 12609 tablet_bootstrap.cc:492] T 23bf5936c5f347f4b47f7c051cba9f1d P 5bd8081b63ee4543b8251b0fc9beb75e: No bootstrap required, opened a new log
W20260709 13:18:14.112993 12532 leader_election.cc:343] T b6a044ee6f41495abe48c2c9c4cd880e P 5bd8081b63ee4543b8251b0fc9beb75e [CANDIDATE]: Term 1 pre-election: Tablet error from VoteRequest() call to peer 4f14c307df6f46e0a87e72c91f917ad3 (127.11.14.129:40861): Illegal state: must be running to vote when last-logged opid is not known
I20260709 13:18:14.113530 12532 leader_election.cc:304] T b6a044ee6f41495abe48c2c9c4cd880e P 5bd8081b63ee4543b8251b0fc9beb75e [CANDIDATE]: Term 1 pre-election: Election decided. Result: candidate lost. Election summary: received 3 responses out of 3 voters: 1 yes votes; 2 no votes. yes voters: 5bd8081b63ee4543b8251b0fc9beb75e; no voters: 34acd78dea6546d9a8f989adb61c8027, 4f14c307df6f46e0a87e72c91f917ad3
I20260709 13:18:14.102077 12318 catalog_manager.cc:5697] T 9308b618274247418f897473731d4eb3 P 5bd8081b63ee4543b8251b0fc9beb75e reported cstate change: term changed from 0 to 1, leader changed from <none> to 5bd8081b63ee4543b8251b0fc9beb75e (127.11.14.131). New cstate: current_term: 1 leader_uuid: "5bd8081b63ee4543b8251b0fc9beb75e" committed_config { opid_index: -1 OBSOLETE_local: false peers { permanent_uuid: "4f14c307df6f46e0a87e72c91f917ad3" member_type: VOTER last_known_addr { host: "127.11.14.129" port: 40861 } health_report { overall_health: UNKNOWN } } peers { permanent_uuid: "34acd78dea6546d9a8f989adb61c8027" member_type: VOTER last_known_addr { host: "127.11.14.130" port: 43715 } health_report { overall_health: UNKNOWN } } peers { permanent_uuid: "5bd8081b63ee4543b8251b0fc9beb75e" member_type: VOTER last_known_addr { host: "127.11.14.131" port: 33999 } health_report { overall_health: HEALTHY } } }
I20260709 13:18:14.115406 12612 consensus_queue.cc:260] T 8e057213cca34db3b58736a4dc3f6322 P 4f14c307df6f46e0a87e72c91f917ad3 [NON_LEADER]: Queue going to NON_LEADER mode. State: All replicated index: 0, Majority replicated index: 0, Committed index: 0, Last appended: 0.0, Last appended by leader: 0, Current term: 0, Majority size: -1, State: 0, Mode: NON_LEADER, active raft config: opid_index: -1 OBSOLETE_local: false peers { permanent_uuid: "4f14c307df6f46e0a87e72c91f917ad3" member_type: VOTER last_known_addr { host: "127.11.14.129" port: 40861 } } peers { permanent_uuid: "34acd78dea6546d9a8f989adb61c8027" member_type: VOTER last_known_addr { host: "127.11.14.130" port: 43715 } } peers { permanent_uuid: "5bd8081b63ee4543b8251b0fc9beb75e" member_type: VOTER last_known_addr { host: "127.11.14.131" port: 33999 } }
I20260709 13:18:14.116576 12929 raft_consensus.cc:2749] T b6a044ee6f41495abe48c2c9c4cd880e P 5bd8081b63ee4543b8251b0fc9beb75e [term 0 FOLLOWER]: Leader pre-election lost for term 1. Reason: could not achieve majority
I20260709 13:18:14.117234 12612 ts_tablet_manager.cc:1434] T 8e057213cca34db3b58736a4dc3f6322 P 4f14c307df6f46e0a87e72c91f917ad3: Time spent starting tablet: real 0.013s	user 0.010s	sys 0.001s
I20260709 13:18:14.117431 12978 raft_consensus.cc:493] T 8e057213cca34db3b58736a4dc3f6322 P 4f14c307df6f46e0a87e72c91f917ad3 [term 0 FOLLOWER]: Starting pre-election (no leader contacted us within the election timeout)
I20260709 13:18:14.117924 12978 raft_consensus.cc:515] T 8e057213cca34db3b58736a4dc3f6322 P 4f14c307df6f46e0a87e72c91f917ad3 [term 0 FOLLOWER]: Starting pre-election with config: opid_index: -1 OBSOLETE_local: false peers { permanent_uuid: "4f14c307df6f46e0a87e72c91f917ad3" member_type: VOTER last_known_addr { host: "127.11.14.129" port: 40861 } } peers { permanent_uuid: "34acd78dea6546d9a8f989adb61c8027" member_type: VOTER last_known_addr { host: "127.11.14.130" port: 43715 } } peers { permanent_uuid: "5bd8081b63ee4543b8251b0fc9beb75e" member_type: VOTER last_known_addr { host: "127.11.14.131" port: 33999 } }
I20260709 13:18:14.112764 12609 ts_tablet_manager.cc:1403] T 23bf5936c5f347f4b47f7c051cba9f1d P 5bd8081b63ee4543b8251b0fc9beb75e: Time spent bootstrapping tablet: real 0.031s	user 0.011s	sys 0.001s
I20260709 13:18:14.120144 12978 leader_election.cc:290] T 8e057213cca34db3b58736a4dc3f6322 P 4f14c307df6f46e0a87e72c91f917ad3 [CANDIDATE]: Term 1 pre-election: Requested pre-vote from peers 34acd78dea6546d9a8f989adb61c8027 (127.11.14.130:43715), 5bd8081b63ee4543b8251b0fc9beb75e (127.11.14.131:33999)
I20260709 13:18:14.121227 12491 tablet_service.cc:1917] Received RequestConsensusVote() RPC: tablet_id: "8e057213cca34db3b58736a4dc3f6322" candidate_uuid: "4f14c307df6f46e0a87e72c91f917ad3" candidate_term: 1 candidate_status { last_received { term: 0 index: 0 } } ignore_live_leader: false dest_uuid: "34acd78dea6546d9a8f989adb61c8027" is_pre_election: true
I20260709 13:18:14.121357 12609 raft_consensus.cc:359] T 23bf5936c5f347f4b47f7c051cba9f1d P 5bd8081b63ee4543b8251b0fc9beb75e [term 0 FOLLOWER]: Replica starting. Triggering 0 pending ops. Active config: opid_index: -1 OBSOLETE_local: false peers { permanent_uuid: "4f14c307df6f46e0a87e72c91f917ad3" member_type: VOTER last_known_addr { host: "127.11.14.129" port: 40861 } } peers { permanent_uuid: "34acd78dea6546d9a8f989adb61c8027" member_type: VOTER last_known_addr { host: "127.11.14.130" port: 43715 } } peers { permanent_uuid: "5bd8081b63ee4543b8251b0fc9beb75e" member_type: VOTER last_known_addr { host: "127.11.14.131" port: 33999 } }
I20260709 13:18:14.122010 12491 raft_consensus.cc:2468] T 8e057213cca34db3b58736a4dc3f6322 P 34acd78dea6546d9a8f989adb61c8027 [term 0 FOLLOWER]: Leader pre-election vote request: Granting yes vote for candidate 4f14c307df6f46e0a87e72c91f917ad3 in term 0.
I20260709 13:18:14.122179 12609 raft_consensus.cc:385] T 23bf5936c5f347f4b47f7c051cba9f1d P 5bd8081b63ee4543b8251b0fc9beb75e [term 0 FOLLOWER]: Consensus starting up: Expiring failure detector timer to make a prompt election more likely
I20260709 13:18:14.122640 12609 raft_consensus.cc:740] T 23bf5936c5f347f4b47f7c051cba9f1d P 5bd8081b63ee4543b8251b0fc9beb75e [term 0 FOLLOWER]: Becoming Follower/Learner. State: Replica: 5bd8081b63ee4543b8251b0fc9beb75e, State: Initialized, Role: FOLLOWER
I20260709 13:18:14.118373 12612 tablet_bootstrap.cc:492] T 3ee1047d79ce40eb8925a768a1c1c058 P 4f14c307df6f46e0a87e72c91f917ad3: Bootstrap starting.
I20260709 13:18:14.124822 12385 leader_election.cc:304] T 8e057213cca34db3b58736a4dc3f6322 P 4f14c307df6f46e0a87e72c91f917ad3 [CANDIDATE]: Term 1 pre-election: Election decided. Result: candidate won. Election summary: received 2 responses out of 3 voters: 2 yes votes; 0 no votes. yes voters: 34acd78dea6546d9a8f989adb61c8027, 4f14c307df6f46e0a87e72c91f917ad3; no voters: 
I20260709 13:18:14.125926 12561 tablet_service.cc:1917] Received RequestConsensusVote() RPC: tablet_id: "8e057213cca34db3b58736a4dc3f6322" candidate_uuid: "4f14c307df6f46e0a87e72c91f917ad3" candidate_term: 1 candidate_status { last_received { term: 0 index: 0 } } ignore_live_leader: false dest_uuid: "5bd8081b63ee4543b8251b0fc9beb75e" is_pre_election: true
I20260709 13:18:14.125715 12315 catalog_manager.cc:5697] T 775c86b59d034740a3086f139f3f4666 P 34acd78dea6546d9a8f989adb61c8027 reported cstate change: term changed from 0 to 1, leader changed from <none> to 34acd78dea6546d9a8f989adb61c8027 (127.11.14.130). New cstate: current_term: 1 leader_uuid: "34acd78dea6546d9a8f989adb61c8027" committed_config { opid_index: -1 OBSOLETE_local: false peers { permanent_uuid: "4f14c307df6f46e0a87e72c91f917ad3" member_type: VOTER last_known_addr { host: "127.11.14.129" port: 40861 } health_report { overall_health: UNKNOWN } } peers { permanent_uuid: "34acd78dea6546d9a8f989adb61c8027" member_type: VOTER last_known_addr { host: "127.11.14.130" port: 43715 } health_report { overall_health: HEALTHY } } peers { permanent_uuid: "5bd8081b63ee4543b8251b0fc9beb75e" member_type: VOTER last_known_addr { host: "127.11.14.131" port: 33999 } health_report { overall_health: UNKNOWN } } }
W20260709 13:18:14.127586 12384 leader_election.cc:343] T 8e057213cca34db3b58736a4dc3f6322 P 4f14c307df6f46e0a87e72c91f917ad3 [CANDIDATE]: Term 1 pre-election: Tablet error from VoteRequest() call to peer 5bd8081b63ee4543b8251b0fc9beb75e (127.11.14.131:33999): Illegal state: must be running to vote when last-logged opid is not known
I20260709 13:18:14.128437 12978 raft_consensus.cc:2804] T 8e057213cca34db3b58736a4dc3f6322 P 4f14c307df6f46e0a87e72c91f917ad3 [term 0 FOLLOWER]: Leader pre-election won for term 1
I20260709 13:18:14.128729 12609 consensus_queue.cc:260] T 23bf5936c5f347f4b47f7c051cba9f1d P 5bd8081b63ee4543b8251b0fc9beb75e [NON_LEADER]: Queue going to NON_LEADER mode. State: All replicated index: 0, Majority replicated index: 0, Committed index: 0, Last appended: 0.0, Last appended by leader: 0, Current term: 0, Majority size: -1, State: 0, Mode: NON_LEADER, active raft config: opid_index: -1 OBSOLETE_local: false peers { permanent_uuid: "4f14c307df6f46e0a87e72c91f917ad3" member_type: VOTER last_known_addr { host: "127.11.14.129" port: 40861 } } peers { permanent_uuid: "34acd78dea6546d9a8f989adb61c8027" member_type: VOTER last_known_addr { host: "127.11.14.130" port: 43715 } } peers { permanent_uuid: "5bd8081b63ee4543b8251b0fc9beb75e" member_type: VOTER last_known_addr { host: "127.11.14.131" port: 33999 } }
I20260709 13:18:14.129217 12978 raft_consensus.cc:493] T 8e057213cca34db3b58736a4dc3f6322 P 4f14c307df6f46e0a87e72c91f917ad3 [term 0 FOLLOWER]: Starting leader election (no leader contacted us within the election timeout)
I20260709 13:18:14.129722 12978 raft_consensus.cc:3060] T 8e057213cca34db3b58736a4dc3f6322 P 4f14c307df6f46e0a87e72c91f917ad3 [term 0 FOLLOWER]: Advancing to term 1
I20260709 13:18:14.131119 12950 raft_consensus.cc:493] T fb586ef7c2fa4938b73321d5314318bc P 5bd8081b63ee4543b8251b0fc9beb75e [term 0 FOLLOWER]: Starting pre-election (no leader contacted us within the election timeout)
I20260709 13:18:14.131575 12950 raft_consensus.cc:515] T fb586ef7c2fa4938b73321d5314318bc P 5bd8081b63ee4543b8251b0fc9beb75e [term 0 FOLLOWER]: Starting pre-election with config: opid_index: -1 OBSOLETE_local: false peers { permanent_uuid: "4f14c307df6f46e0a87e72c91f917ad3" member_type: VOTER last_known_addr { host: "127.11.14.129" port: 40861 } } peers { permanent_uuid: "34acd78dea6546d9a8f989adb61c8027" member_type: VOTER last_known_addr { host: "127.11.14.130" port: 43715 } } peers { permanent_uuid: "5bd8081b63ee4543b8251b0fc9beb75e" member_type: VOTER last_known_addr { host: "127.11.14.131" port: 33999 } }
W20260709 13:18:14.133306 12992 log.cc:927] Time spent T 9308b618274247418f897473731d4eb3 P 5bd8081b63ee4543b8251b0fc9beb75e: Append to log took a long time: real 0.066s	user 0.001s	sys 0.000s
I20260709 13:18:14.134641 12491 tablet_service.cc:1917] Received RequestConsensusVote() RPC: tablet_id: "fb586ef7c2fa4938b73321d5314318bc" candidate_uuid: "5bd8081b63ee4543b8251b0fc9beb75e" candidate_term: 1 candidate_status { last_received { term: 0 index: 0 } } ignore_live_leader: false dest_uuid: "34acd78dea6546d9a8f989adb61c8027" is_pre_election: true
I20260709 13:18:14.135306 12491 raft_consensus.cc:2468] T fb586ef7c2fa4938b73321d5314318bc P 34acd78dea6546d9a8f989adb61c8027 [term 0 FOLLOWER]: Leader pre-election vote request: Granting yes vote for candidate 5bd8081b63ee4543b8251b0fc9beb75e in term 0.
I20260709 13:18:14.135842 12950 leader_election.cc:290] T fb586ef7c2fa4938b73321d5314318bc P 5bd8081b63ee4543b8251b0fc9beb75e [CANDIDATE]: Term 1 pre-election: Requested pre-vote from peers 4f14c307df6f46e0a87e72c91f917ad3 (127.11.14.129:40861), 34acd78dea6546d9a8f989adb61c8027 (127.11.14.130:43715)
I20260709 13:18:14.137874 12534 leader_election.cc:304] T fb586ef7c2fa4938b73321d5314318bc P 5bd8081b63ee4543b8251b0fc9beb75e [CANDIDATE]: Term 1 pre-election: Election decided. Result: candidate won. Election summary: received 2 responses out of 3 voters: 2 yes votes; 0 no votes. yes voters: 34acd78dea6546d9a8f989adb61c8027, 5bd8081b63ee4543b8251b0fc9beb75e; no voters: 
I20260709 13:18:14.138988 12965 raft_consensus.cc:2804] T fb586ef7c2fa4938b73321d5314318bc P 5bd8081b63ee4543b8251b0fc9beb75e [term 0 FOLLOWER]: Leader pre-election won for term 1
I20260709 13:18:14.139325 12965 raft_consensus.cc:493] T fb586ef7c2fa4938b73321d5314318bc P 5bd8081b63ee4543b8251b0fc9beb75e [term 0 FOLLOWER]: Starting leader election (no leader contacted us within the election timeout)
I20260709 13:18:14.139634 12965 raft_consensus.cc:3060] T fb586ef7c2fa4938b73321d5314318bc P 5bd8081b63ee4543b8251b0fc9beb75e [term 0 FOLLOWER]: Advancing to term 1
I20260709 13:18:14.142221 12978 raft_consensus.cc:515] T 8e057213cca34db3b58736a4dc3f6322 P 4f14c307df6f46e0a87e72c91f917ad3 [term 1 FOLLOWER]: Starting leader election with config: opid_index: -1 OBSOLETE_local: false peers { permanent_uuid: "4f14c307df6f46e0a87e72c91f917ad3" member_type: VOTER last_known_addr { host: "127.11.14.129" port: 40861 } } peers { permanent_uuid: "34acd78dea6546d9a8f989adb61c8027" member_type: VOTER last_known_addr { host: "127.11.14.130" port: 43715 } } peers { permanent_uuid: "5bd8081b63ee4543b8251b0fc9beb75e" member_type: VOTER last_known_addr { host: "127.11.14.131" port: 33999 } }
I20260709 13:18:14.144392 12612 tablet_bootstrap.cc:654] T 3ee1047d79ce40eb8925a768a1c1c058 P 4f14c307df6f46e0a87e72c91f917ad3: Neither blocks nor log segments found. Creating new log.
I20260709 13:18:14.137042 12414 tablet_service.cc:1917] Received RequestConsensusVote() RPC: tablet_id: "fb586ef7c2fa4938b73321d5314318bc" candidate_uuid: "5bd8081b63ee4543b8251b0fc9beb75e" candidate_term: 1 candidate_status { last_received { term: 0 index: 0 } } ignore_live_leader: false dest_uuid: "4f14c307df6f46e0a87e72c91f917ad3" is_pre_election: true
W20260709 13:18:14.145726 12532 leader_election.cc:343] T fb586ef7c2fa4938b73321d5314318bc P 5bd8081b63ee4543b8251b0fc9beb75e [CANDIDATE]: Term 1 pre-election: Tablet error from VoteRequest() call to peer 4f14c307df6f46e0a87e72c91f917ad3 (127.11.14.129:40861): Illegal state: must be running to vote when last-logged opid is not known
I20260709 13:18:14.146018 12609 ts_tablet_manager.cc:1434] T 23bf5936c5f347f4b47f7c051cba9f1d P 5bd8081b63ee4543b8251b0fc9beb75e: Time spent starting tablet: real 0.027s	user 0.007s	sys 0.000s
I20260709 13:18:14.146991 12609 tablet_bootstrap.cc:492] T f61d984f5f124974a28a1c58ee5c5791 P 5bd8081b63ee4543b8251b0fc9beb75e: Bootstrap starting.
I20260709 13:18:14.147557 12487 tablet_service.cc:1917] Received RequestConsensusVote() RPC: tablet_id: "8e057213cca34db3b58736a4dc3f6322" candidate_uuid: "4f14c307df6f46e0a87e72c91f917ad3" candidate_term: 1 candidate_status { last_received { term: 0 index: 0 } } ignore_live_leader: false dest_uuid: "34acd78dea6546d9a8f989adb61c8027"
I20260709 13:18:14.148087 12487 raft_consensus.cc:3060] T 8e057213cca34db3b58736a4dc3f6322 P 34acd78dea6546d9a8f989adb61c8027 [term 0 FOLLOWER]: Advancing to term 1
I20260709 13:18:14.150616 12965 raft_consensus.cc:515] T fb586ef7c2fa4938b73321d5314318bc P 5bd8081b63ee4543b8251b0fc9beb75e [term 1 FOLLOWER]: Starting leader election with config: opid_index: -1 OBSOLETE_local: false peers { permanent_uuid: "4f14c307df6f46e0a87e72c91f917ad3" member_type: VOTER last_known_addr { host: "127.11.14.129" port: 40861 } } peers { permanent_uuid: "34acd78dea6546d9a8f989adb61c8027" member_type: VOTER last_known_addr { host: "127.11.14.130" port: 43715 } } peers { permanent_uuid: "5bd8081b63ee4543b8251b0fc9beb75e" member_type: VOTER last_known_addr { host: "127.11.14.131" port: 33999 } }
I20260709 13:18:14.153712 12489 tablet_service.cc:1917] Received RequestConsensusVote() RPC: tablet_id: "fb586ef7c2fa4938b73321d5314318bc" candidate_uuid: "5bd8081b63ee4543b8251b0fc9beb75e" candidate_term: 1 candidate_status { last_received { term: 0 index: 0 } } ignore_live_leader: false dest_uuid: "34acd78dea6546d9a8f989adb61c8027"
I20260709 13:18:14.154243 12489 raft_consensus.cc:3060] T fb586ef7c2fa4938b73321d5314318bc P 34acd78dea6546d9a8f989adb61c8027 [term 0 FOLLOWER]: Advancing to term 1
I20260709 13:18:14.156428 12487 raft_consensus.cc:2468] T 8e057213cca34db3b58736a4dc3f6322 P 34acd78dea6546d9a8f989adb61c8027 [term 1 FOLLOWER]: Leader election vote request: Granting yes vote for candidate 4f14c307df6f46e0a87e72c91f917ad3 in term 1.
I20260709 13:18:14.158718 12385 leader_election.cc:304] T 8e057213cca34db3b58736a4dc3f6322 P 4f14c307df6f46e0a87e72c91f917ad3 [CANDIDATE]: Term 1 election: Election decided. Result: candidate won. Election summary: received 2 responses out of 3 voters: 2 yes votes; 0 no votes. yes voters: 34acd78dea6546d9a8f989adb61c8027, 4f14c307df6f46e0a87e72c91f917ad3; no voters: 
I20260709 13:18:14.159487 12930 raft_consensus.cc:2804] T 8e057213cca34db3b58736a4dc3f6322 P 4f14c307df6f46e0a87e72c91f917ad3 [term 1 FOLLOWER]: Leader election won for term 1
I20260709 13:18:14.159977 12930 raft_consensus.cc:697] T 8e057213cca34db3b58736a4dc3f6322 P 4f14c307df6f46e0a87e72c91f917ad3 [term 1 LEADER]: Becoming Leader. State: Replica: 4f14c307df6f46e0a87e72c91f917ad3, State: Running, Role: LEADER
I20260709 13:18:14.160811 12930 consensus_queue.cc:237] T 8e057213cca34db3b58736a4dc3f6322 P 4f14c307df6f46e0a87e72c91f917ad3 [LEADER]: Queue going to LEADER mode. State: All replicated index: 0, Majority replicated index: 0, Committed index: 0, Last appended: 0.0, Last appended by leader: 0, Current term: 1, Majority size: 2, State: 0, Mode: LEADER, active raft config: opid_index: -1 OBSOLETE_local: false peers { permanent_uuid: "4f14c307df6f46e0a87e72c91f917ad3" member_type: VOTER last_known_addr { host: "127.11.14.129" port: 40861 } } peers { permanent_uuid: "34acd78dea6546d9a8f989adb61c8027" member_type: VOTER last_known_addr { host: "127.11.14.130" port: 43715 } } peers { permanent_uuid: "5bd8081b63ee4543b8251b0fc9beb75e" member_type: VOTER last_known_addr { host: "127.11.14.131" port: 33999 } }
I20260709 13:18:14.162456 12561 tablet_service.cc:1917] Received RequestConsensusVote() RPC: tablet_id: "8e057213cca34db3b58736a4dc3f6322" candidate_uuid: "4f14c307df6f46e0a87e72c91f917ad3" candidate_term: 1 candidate_status { last_received { term: 0 index: 0 } } ignore_live_leader: false dest_uuid: "5bd8081b63ee4543b8251b0fc9beb75e"
W20260709 13:18:14.163537 12384 leader_election.cc:343] T 8e057213cca34db3b58736a4dc3f6322 P 4f14c307df6f46e0a87e72c91f917ad3 [CANDIDATE]: Term 1 election: Tablet error from VoteRequest() call to peer 5bd8081b63ee4543b8251b0fc9beb75e (127.11.14.131:33999): Illegal state: must be running to vote when last-logged opid is not known
I20260709 13:18:14.164233 12489 raft_consensus.cc:2468] T fb586ef7c2fa4938b73321d5314318bc P 34acd78dea6546d9a8f989adb61c8027 [term 1 FOLLOWER]: Leader election vote request: Granting yes vote for candidate 5bd8081b63ee4543b8251b0fc9beb75e in term 1.
I20260709 13:18:14.164719 12978 leader_election.cc:290] T 8e057213cca34db3b58736a4dc3f6322 P 4f14c307df6f46e0a87e72c91f917ad3 [CANDIDATE]: Term 1 election: Requested vote from peers 34acd78dea6546d9a8f989adb61c8027 (127.11.14.130:43715), 5bd8081b63ee4543b8251b0fc9beb75e (127.11.14.131:33999)
I20260709 13:18:14.168977 12416 tablet_service.cc:1917] Received RequestConsensusVote() RPC: tablet_id: "fb586ef7c2fa4938b73321d5314318bc" candidate_uuid: "5bd8081b63ee4543b8251b0fc9beb75e" candidate_term: 1 candidate_status { last_received { term: 0 index: 0 } } ignore_live_leader: false dest_uuid: "4f14c307df6f46e0a87e72c91f917ad3"
I20260709 13:18:14.170279 12965 leader_election.cc:290] T fb586ef7c2fa4938b73321d5314318bc P 5bd8081b63ee4543b8251b0fc9beb75e [CANDIDATE]: Term 1 election: Requested vote from peers 4f14c307df6f46e0a87e72c91f917ad3 (127.11.14.129:40861), 34acd78dea6546d9a8f989adb61c8027 (127.11.14.130:43715)
I20260709 13:18:14.170670 12534 leader_election.cc:304] T fb586ef7c2fa4938b73321d5314318bc P 5bd8081b63ee4543b8251b0fc9beb75e [CANDIDATE]: Term 1 election: Election decided. Result: candidate won. Election summary: received 2 responses out of 3 voters: 2 yes votes; 0 no votes. yes voters: 34acd78dea6546d9a8f989adb61c8027, 5bd8081b63ee4543b8251b0fc9beb75e; no voters: 
I20260709 13:18:14.171454 12965 raft_consensus.cc:2804] T fb586ef7c2fa4938b73321d5314318bc P 5bd8081b63ee4543b8251b0fc9beb75e [term 1 FOLLOWER]: Leader election won for term 1
I20260709 13:18:14.171902 12965 raft_consensus.cc:697] T fb586ef7c2fa4938b73321d5314318bc P 5bd8081b63ee4543b8251b0fc9beb75e [term 1 LEADER]: Becoming Leader. State: Replica: 5bd8081b63ee4543b8251b0fc9beb75e, State: Running, Role: LEADER
I20260709 13:18:14.172706 12965 consensus_queue.cc:237] T fb586ef7c2fa4938b73321d5314318bc P 5bd8081b63ee4543b8251b0fc9beb75e [LEADER]: Queue going to LEADER mode. State: All replicated index: 0, Majority replicated index: 0, Committed index: 0, Last appended: 0.0, Last appended by leader: 0, Current term: 1, Majority size: 2, State: 0, Mode: LEADER, active raft config: opid_index: -1 OBSOLETE_local: false peers { permanent_uuid: "4f14c307df6f46e0a87e72c91f917ad3" member_type: VOTER last_known_addr { host: "127.11.14.129" port: 40861 } } peers { permanent_uuid: "34acd78dea6546d9a8f989adb61c8027" member_type: VOTER last_known_addr { host: "127.11.14.130" port: 43715 } } peers { permanent_uuid: "5bd8081b63ee4543b8251b0fc9beb75e" member_type: VOTER last_known_addr { host: "127.11.14.131" port: 33999 } }
W20260709 13:18:14.173434 12532 leader_election.cc:343] T fb586ef7c2fa4938b73321d5314318bc P 5bd8081b63ee4543b8251b0fc9beb75e [CANDIDATE]: Term 1 election: Tablet error from VoteRequest() call to peer 4f14c307df6f46e0a87e72c91f917ad3 (127.11.14.129:40861): Illegal state: must be running to vote when last-logged opid is not known
I20260709 13:18:14.176216 12609 tablet_bootstrap.cc:654] T f61d984f5f124974a28a1c58ee5c5791 P 5bd8081b63ee4543b8251b0fc9beb75e: Neither blocks nor log segments found. Creating new log.
I20260709 13:18:14.184762 12612 tablet_bootstrap.cc:492] T 3ee1047d79ce40eb8925a768a1c1c058 P 4f14c307df6f46e0a87e72c91f917ad3: No bootstrap required, opened a new log
I20260709 13:18:14.185243 12612 ts_tablet_manager.cc:1403] T 3ee1047d79ce40eb8925a768a1c1c058 P 4f14c307df6f46e0a87e72c91f917ad3: Time spent bootstrapping tablet: real 0.067s	user 0.012s	sys 0.000s
I20260709 13:18:14.188449 12612 raft_consensus.cc:359] T 3ee1047d79ce40eb8925a768a1c1c058 P 4f14c307df6f46e0a87e72c91f917ad3 [term 0 FOLLOWER]: Replica starting. Triggering 0 pending ops. Active config: opid_index: -1 OBSOLETE_local: false peers { permanent_uuid: "4f14c307df6f46e0a87e72c91f917ad3" member_type: VOTER last_known_addr { host: "127.11.14.129" port: 40861 } } peers { permanent_uuid: "34acd78dea6546d9a8f989adb61c8027" member_type: VOTER last_known_addr { host: "127.11.14.130" port: 43715 } } peers { permanent_uuid: "5bd8081b63ee4543b8251b0fc9beb75e" member_type: VOTER last_known_addr { host: "127.11.14.131" port: 33999 } }
I20260709 13:18:14.189361 12612 raft_consensus.cc:385] T 3ee1047d79ce40eb8925a768a1c1c058 P 4f14c307df6f46e0a87e72c91f917ad3 [term 0 FOLLOWER]: Consensus starting up: Expiring failure detector timer to make a prompt election more likely
I20260709 13:18:14.189703 12612 raft_consensus.cc:740] T 3ee1047d79ce40eb8925a768a1c1c058 P 4f14c307df6f46e0a87e72c91f917ad3 [term 0 FOLLOWER]: Becoming Follower/Learner. State: Replica: 4f14c307df6f46e0a87e72c91f917ad3, State: Initialized, Role: FOLLOWER
I20260709 13:18:14.190507 12612 consensus_queue.cc:260] T 3ee1047d79ce40eb8925a768a1c1c058 P 4f14c307df6f46e0a87e72c91f917ad3 [NON_LEADER]: Queue going to NON_LEADER mode. State: All replicated index: 0, Majority replicated index: 0, Committed index: 0, Last appended: 0.0, Last appended by leader: 0, Current term: 0, Majority size: -1, State: 0, Mode: NON_LEADER, active raft config: opid_index: -1 OBSOLETE_local: false peers { permanent_uuid: "4f14c307df6f46e0a87e72c91f917ad3" member_type: VOTER last_known_addr { host: "127.11.14.129" port: 40861 } } peers { permanent_uuid: "34acd78dea6546d9a8f989adb61c8027" member_type: VOTER last_known_addr { host: "127.11.14.130" port: 43715 } } peers { permanent_uuid: "5bd8081b63ee4543b8251b0fc9beb75e" member_type: VOTER last_known_addr { host: "127.11.14.131" port: 33999 } }
