I20260709 13:17:41.674088 18137 leader_election.cc:304] T 35984391032a42d6a033774af797d2d7 P 9c42f27ce7cf45ea9c004b89f094e73e [CANDIDATE]: Term 3 election: Election decided. Result: candidate won. Election summary: received 2 responses out of 3 voters: 2 yes votes; 0 no votes. yes voters: 7c8b0b69e4a64a1bac45f7d912616d43, 9c42f27ce7cf45ea9c004b89f094e73e; no voters: 
I20260709 13:17:41.674909 18380 raft_consensus.cc:2804] T 35984391032a42d6a033774af797d2d7 P 9c42f27ce7cf45ea9c004b89f094e73e [term 3 FOLLOWER]: Leader election won for term 3
I20260709 13:17:41.675611 18380 raft_consensus.cc:697] T 35984391032a42d6a033774af797d2d7 P 9c42f27ce7cf45ea9c004b89f094e73e [term 3 LEADER]: Becoming Leader. State: Replica: 9c42f27ce7cf45ea9c004b89f094e73e, State: Running, Role: LEADER
I20260709 13:17:41.676215 18098 raft_consensus.cc:2468] T 35984391032a42d6a033774af797d2d7 P 7dbbd9fef5644548bf684f059f151ee5 [term 3 FOLLOWER]: Leader election vote request: Granting yes vote for candidate 9c42f27ce7cf45ea9c004b89f094e73e in term 3.
I20260709 13:17:41.676425 18380 consensus_queue.cc:237] T 35984391032a42d6a033774af797d2d7 P 9c42f27ce7cf45ea9c004b89f094e73e [LEADER]: Queue going to LEADER mode. State: All replicated index: 0, Majority replicated index: 2, Committed index: 2, Last appended: 2.2, Last appended by leader: 2, Current term: 3, Majority size: 2, State: 0, Mode: LEADER, active raft config: opid_index: -1 OBSOLETE_local: false peers { permanent_uuid: "7dbbd9fef5644548bf684f059f151ee5" member_type: VOTER last_known_addr { host: "127.17.139.1" port: 42651 } } peers { permanent_uuid: "9c42f27ce7cf45ea9c004b89f094e73e" member_type: VOTER last_known_addr { host: "127.17.139.2" port: 44329 } } peers { permanent_uuid: "7c8b0b69e4a64a1bac45f7d912616d43" member_type: VOTER last_known_addr { host: "127.17.139.3" port: 38971 } }
I20260709 13:17:41.677559 18385 raft_consensus.cc:993] T d2ba71acd8f3492f9dea6092ec53dd0a P 7c8b0b69e4a64a1bac45f7d912616d43: : Instructing follower 9c42f27ce7cf45ea9c004b89f094e73e to start an election
I20260709 13:17:41.677978 18400 raft_consensus.cc:1081] T d2ba71acd8f3492f9dea6092ec53dd0a P 7c8b0b69e4a64a1bac45f7d912616d43 [term 2 LEADER]: Signalling peer 9c42f27ce7cf45ea9c004b89f094e73e to start an election
I20260709 13:17:41.679343 18174 tablet_service.cc:2044] Received Run Leader Election RPC: tablet_id: "d2ba71acd8f3492f9dea6092ec53dd0a"
dest_uuid: "9c42f27ce7cf45ea9c004b89f094e73e"
 from {username='slave'} at 127.0.0.1:52826
I20260709 13:17:41.679893 18174 raft_consensus.cc:493] T d2ba71acd8f3492f9dea6092ec53dd0a P 9c42f27ce7cf45ea9c004b89f094e73e [term 2 FOLLOWER]: Starting forced leader election (received explicit request)
I20260709 13:17:41.680332 18174 raft_consensus.cc:3060] T d2ba71acd8f3492f9dea6092ec53dd0a P 9c42f27ce7cf45ea9c004b89f094e73e [term 2 FOLLOWER]: Advancing to term 3
I20260709 13:17:41.683017 17996 catalog_manager.cc:5697] T 35984391032a42d6a033774af797d2d7 P 9c42f27ce7cf45ea9c004b89f094e73e reported cstate change: term changed from 2 to 3, leader changed from 7dbbd9fef5644548bf684f059f151ee5 (127.17.139.1) to 9c42f27ce7cf45ea9c004b89f094e73e (127.17.139.2). New cstate: current_term: 3 leader_uuid: "9c42f27ce7cf45ea9c004b89f094e73e" committed_config { opid_index: -1 OBSOLETE_local: false peers { permanent_uuid: "7dbbd9fef5644548bf684f059f151ee5" member_type: VOTER last_known_addr { host: "127.17.139.1" port: 42651 } health_report { overall_health: UNKNOWN } } peers { permanent_uuid: "9c42f27ce7cf45ea9c004b89f094e73e" member_type: VOTER last_known_addr { host: "127.17.139.2" port: 44329 } health_report { overall_health: HEALTHY } } peers { permanent_uuid: "7c8b0b69e4a64a1bac45f7d912616d43" member_type: VOTER last_known_addr { host: "127.17.139.3" port: 38971 } health_report { overall_health: UNKNOWN } } }
I20260709 13:17:41.686393 18174 raft_consensus.cc:515] T d2ba71acd8f3492f9dea6092ec53dd0a P 9c42f27ce7cf45ea9c004b89f094e73e [term 3 FOLLOWER]: Starting forced leader election with config: opid_index: -1 OBSOLETE_local: false peers { permanent_uuid: "7dbbd9fef5644548bf684f059f151ee5" member_type: VOTER last_known_addr { host: "127.17.139.1" port: 42651 } } peers { permanent_uuid: "9c42f27ce7cf45ea9c004b89f094e73e" member_type: VOTER last_known_addr { host: "127.17.139.2" port: 44329 } } peers { permanent_uuid: "7c8b0b69e4a64a1bac45f7d912616d43" member_type: VOTER last_known_addr { host: "127.17.139.3" port: 38971 } }
I20260709 13:17:41.687974 18174 leader_election.cc:290] T d2ba71acd8f3492f9dea6092ec53dd0a P 9c42f27ce7cf45ea9c004b89f094e73e [CANDIDATE]: Term 3 election: Requested vote from peers 7dbbd9fef5644548bf684f059f151ee5 (127.17.139.1:42651), 7c8b0b69e4a64a1bac45f7d912616d43 (127.17.139.3:38971)
I20260709 13:17:41.688606 18098 tablet_service.cc:1917] Received RequestConsensusVote() RPC: tablet_id: "d2ba71acd8f3492f9dea6092ec53dd0a" candidate_uuid: "9c42f27ce7cf45ea9c004b89f094e73e" candidate_term: 3 candidate_status { last_received { term: 2 index: 2 } } ignore_live_leader: true dest_uuid: "7dbbd9fef5644548bf684f059f151ee5"
I20260709 13:17:41.689180 18247 tablet_service.cc:1917] Received RequestConsensusVote() RPC: tablet_id: "d2ba71acd8f3492f9dea6092ec53dd0a" candidate_uuid: "9c42f27ce7cf45ea9c004b89f094e73e" candidate_term: 3 candidate_status { last_received { term: 2 index: 2 } } ignore_live_leader: true dest_uuid: "7c8b0b69e4a64a1bac45f7d912616d43"
I20260709 13:17:41.689178 18098 raft_consensus.cc:3060] T d2ba71acd8f3492f9dea6092ec53dd0a P 7dbbd9fef5644548bf684f059f151ee5 [term 2 FOLLOWER]: Advancing to term 3
I20260709 13:17:41.689822 18247 raft_consensus.cc:3055] T d2ba71acd8f3492f9dea6092ec53dd0a P 7c8b0b69e4a64a1bac45f7d912616d43 [term 2 LEADER]: Stepping down as leader of term 2
I20260709 13:17:41.690133 18247 raft_consensus.cc:740] T d2ba71acd8f3492f9dea6092ec53dd0a P 7c8b0b69e4a64a1bac45f7d912616d43 [term 2 LEADER]: Becoming Follower/Learner. State: Replica: 7c8b0b69e4a64a1bac45f7d912616d43, State: Running, Role: LEADER
I20260709 13:17:41.690740 18247 consensus_queue.cc:260] T d2ba71acd8f3492f9dea6092ec53dd0a P 7c8b0b69e4a64a1bac45f7d912616d43 [NON_LEADER]: Queue going to NON_LEADER mode. State: All replicated index: 0, Majority replicated index: 2, Committed index: 2, Last appended: 2.2, Last appended by leader: 2, Current term: 2, Majority size: -1, State: 0, Mode: NON_LEADER, active raft config: opid_index: -1 OBSOLETE_local: false peers { permanent_uuid: "7dbbd9fef5644548bf684f059f151ee5" member_type: VOTER last_known_addr { host: "127.17.139.1" port: 42651 } } peers { permanent_uuid: "9c42f27ce7cf45ea9c004b89f094e73e" member_type: VOTER last_known_addr { host: "127.17.139.2" port: 44329 } } peers { permanent_uuid: "7c8b0b69e4a64a1bac45f7d912616d43" member_type: VOTER last_known_addr { host: "127.17.139.3" port: 38971 } }
I20260709 13:17:41.691665 18247 raft_consensus.cc:3060] T d2ba71acd8f3492f9dea6092ec53dd0a P 7c8b0b69e4a64a1bac45f7d912616d43 [term 2 FOLLOWER]: Advancing to term 3
I20260709 13:17:41.694481 18098 raft_consensus.cc:2468] T d2ba71acd8f3492f9dea6092ec53dd0a P 7dbbd9fef5644548bf684f059f151ee5 [term 3 FOLLOWER]: Leader election vote request: Granting yes vote for candidate 9c42f27ce7cf45ea9c004b89f094e73e in term 3.
I20260709 13:17:41.695452 18247 raft_consensus.cc:2468] T d2ba71acd8f3492f9dea6092ec53dd0a P 7c8b0b69e4a64a1bac45f7d912616d43 [term 3 FOLLOWER]: Leader election vote request: Granting yes vote for candidate 9c42f27ce7cf45ea9c004b89f094e73e in term 3.
I20260709 13:17:41.695399 18137 leader_election.cc:304] T d2ba71acd8f3492f9dea6092ec53dd0a P 9c42f27ce7cf45ea9c004b89f094e73e [CANDIDATE]: Term 3 election: Election decided. Result: candidate won. Election summary: received 2 responses out of 3 voters: 2 yes votes; 0 no votes. yes voters: 7dbbd9fef5644548bf684f059f151ee5, 9c42f27ce7cf45ea9c004b89f094e73e; no voters: 
I20260709 13:17:41.696251 18380 raft_consensus.cc:2804] T d2ba71acd8f3492f9dea6092ec53dd0a P 9c42f27ce7cf45ea9c004b89f094e73e [term 3 FOLLOWER]: Leader election won for term 3
I20260709 13:17:41.696635 18380 raft_consensus.cc:697] T d2ba71acd8f3492f9dea6092ec53dd0a P 9c42f27ce7cf45ea9c004b89f094e73e [term 3 LEADER]: Becoming Leader. State: Replica: 9c42f27ce7cf45ea9c004b89f094e73e, State: Running, Role: LEADER
I20260709 13:17:41.697362 18380 consensus_queue.cc:237] T d2ba71acd8f3492f9dea6092ec53dd0a P 9c42f27ce7cf45ea9c004b89f094e73e [LEADER]: Queue going to LEADER mode. State: All replicated index: 0, Majority replicated index: 2, Committed index: 2, Last appended: 2.2, Last appended by leader: 2, Current term: 3, Majority size: 2, State: 0, Mode: LEADER, active raft config: opid_index: -1 OBSOLETE_local: false peers { permanent_uuid: "7dbbd9fef5644548bf684f059f151ee5" member_type: VOTER last_known_addr { host: "127.17.139.1" port: 42651 } } peers { permanent_uuid: "9c42f27ce7cf45ea9c004b89f094e73e" member_type: VOTER last_known_addr { host: "127.17.139.2" port: 44329 } } peers { permanent_uuid: "7c8b0b69e4a64a1bac45f7d912616d43" member_type: VOTER last_known_addr { host: "127.17.139.3" port: 38971 } }
I20260709 13:17:41.702754 17996 catalog_manager.cc:5697] T d2ba71acd8f3492f9dea6092ec53dd0a P 9c42f27ce7cf45ea9c004b89f094e73e reported cstate change: term changed from 2 to 3, leader changed from 7c8b0b69e4a64a1bac45f7d912616d43 (127.17.139.3) to 9c42f27ce7cf45ea9c004b89f094e73e (127.17.139.2). New cstate: current_term: 3 leader_uuid: "9c42f27ce7cf45ea9c004b89f094e73e" committed_config { opid_index: -1 OBSOLETE_local: false peers { permanent_uuid: "7dbbd9fef5644548bf684f059f151ee5" member_type: VOTER last_known_addr { host: "127.17.139.1" port: 42651 } health_report { overall_health: UNKNOWN } } peers { permanent_uuid: "9c42f27ce7cf45ea9c004b89f094e73e" member_type: VOTER last_known_addr { host: "127.17.139.2" port: 44329 } health_report { overall_health: HEALTHY } } peers { permanent_uuid: "7c8b0b69e4a64a1bac45f7d912616d43" member_type: VOTER last_known_addr { host: "127.17.139.3" port: 38971 } health_report { overall_health: UNKNOWN } } }
I20260709 13:17:41.769380 18247 raft_consensus.cc:1275] T efedead5151c48bc98da33aadf5ca280 P 7c8b0b69e4a64a1bac45f7d912616d43 [term 2 FOLLOWER]: Refusing update from remote peer 9c42f27ce7cf45ea9c004b89f094e73e: Log matching property violated. Preceding OpId in replica: term: 1 index: 1. Preceding OpId from leader: term: 2 index: 2. (index mismatch)
I20260709 13:17:41.770507 18380 consensus_queue.cc:1048] T efedead5151c48bc98da33aadf5ca280 P 9c42f27ce7cf45ea9c004b89f094e73e [LEADER]: Connected to new peer: Peer: permanent_uuid: "7c8b0b69e4a64a1bac45f7d912616d43" member_type: VOTER last_known_addr { host: "127.17.139.3" port: 38971 }, Status: LMP_MISMATCH, Last received: 0.0, Next index: 2, Last known committed idx: 1, Time since last communication: 0.000s
I20260709 13:17:41.779143 18098 raft_consensus.cc:1275] T efedead5151c48bc98da33aadf5ca280 P 7dbbd9fef5644548bf684f059f151ee5 [term 2 FOLLOWER]: Refusing update from remote peer 9c42f27ce7cf45ea9c004b89f094e73e: Log matching property violated. Preceding OpId in replica: term: 1 index: 1. Preceding OpId from leader: term: 2 index: 2. (index mismatch)
I20260709 13:17:41.780557 18402 consensus_queue.cc:1048] T efedead5151c48bc98da33aadf5ca280 P 9c42f27ce7cf45ea9c004b89f094e73e [LEADER]: Connected to new peer: Peer: permanent_uuid: "7dbbd9fef5644548bf684f059f151ee5" member_type: VOTER last_known_addr { host: "127.17.139.1" port: 42651 }, Status: LMP_MISMATCH, Last received: 0.0, Next index: 2, Last known committed idx: 1, Time since last communication: 0.000s
I20260709 13:17:41.928251 18098 raft_consensus.cc:1275] T d8e64e663e034ac9b3b4e8b51a27dac2 P 7dbbd9fef5644548bf684f059f151ee5 [term 3 FOLLOWER]: Refusing update from remote peer 9c42f27ce7cf45ea9c004b89f094e73e: Log matching property violated. Preceding OpId in replica: term: 2 index: 2. Preceding OpId from leader: term: 3 index: 3. (index mismatch)
I20260709 13:17:41.929410 18402 consensus_queue.cc:1048] T d8e64e663e034ac9b3b4e8b51a27dac2 P 9c42f27ce7cf45ea9c004b89f094e73e [LEADER]: Connected to new peer: Peer: permanent_uuid: "7dbbd9fef5644548bf684f059f151ee5" member_type: VOTER last_known_addr { host: "127.17.139.1" port: 42651 }, Status: LMP_MISMATCH, Last received: 0.0, Next index: 3, Last known committed idx: 2, Time since last communication: 0.000s
I20260709 13:17:41.938028 18247 raft_consensus.cc:1275] T d8e64e663e034ac9b3b4e8b51a27dac2 P 7c8b0b69e4a64a1bac45f7d912616d43 [term 3 FOLLOWER]: Refusing update from remote peer 9c42f27ce7cf45ea9c004b89f094e73e: Log matching property violated. Preceding OpId in replica: term: 2 index: 2. Preceding OpId from leader: term: 3 index: 3. (index mismatch)
I20260709 13:17:41.939987 18402 consensus_queue.cc:1048] T d8e64e663e034ac9b3b4e8b51a27dac2 P 9c42f27ce7cf45ea9c004b89f094e73e [LEADER]: Connected to new peer: Peer: permanent_uuid: "7c8b0b69e4a64a1bac45f7d912616d43" member_type: VOTER last_known_addr { host: "127.17.139.3" port: 38971 }, Status: LMP_MISMATCH, Last received: 0.0, Next index: 3, Last known committed idx: 2, Time since last communication: 0.000s
I20260709 13:17:41.943604 18248 raft_consensus.cc:1275] T 27faddc6920d4d709a0050bb3758bf5d P 7c8b0b69e4a64a1bac45f7d912616d43 [term 3 FOLLOWER]: Refusing update from remote peer 9c42f27ce7cf45ea9c004b89f094e73e: Log matching property violated. Preceding OpId in replica: term: 2 index: 2. Preceding OpId from leader: term: 3 index: 3. (index mismatch)
I20260709 13:17:41.945061 18402 consensus_queue.cc:1048] T 27faddc6920d4d709a0050bb3758bf5d P 9c42f27ce7cf45ea9c004b89f094e73e [LEADER]: Connected to new peer: Peer: permanent_uuid: "7c8b0b69e4a64a1bac45f7d912616d43" member_type: VOTER last_known_addr { host: "127.17.139.3" port: 38971 }, Status: LMP_MISMATCH, Last received: 0.0, Next index: 3, Last known committed idx: 2, Time since last communication: 0.000s
I20260709 13:17:41.958482 18098 raft_consensus.cc:1275] T 27faddc6920d4d709a0050bb3758bf5d P 7dbbd9fef5644548bf684f059f151ee5 [term 3 FOLLOWER]: Refusing update from remote peer 9c42f27ce7cf45ea9c004b89f094e73e: Log matching property violated. Preceding OpId in replica: term: 2 index: 2. Preceding OpId from leader: term: 3 index: 3. (index mismatch)
I20260709 13:17:41.959877 18402 consensus_queue.cc:1048] T 27faddc6920d4d709a0050bb3758bf5d P 9c42f27ce7cf45ea9c004b89f094e73e [LEADER]: Connected to new peer: Peer: permanent_uuid: "7dbbd9fef5644548bf684f059f151ee5" member_type: VOTER last_known_addr { host: "127.17.139.1" port: 42651 }, Status: LMP_MISMATCH, Last received: 0.0, Next index: 3, Last known committed idx: 2, Time since last communication: 0.000s
I20260709 13:17:42.066502 18098 raft_consensus.cc:1275] T 35984391032a42d6a033774af797d2d7 P 7dbbd9fef5644548bf684f059f151ee5 [term 3 FOLLOWER]: Refusing update from remote peer 9c42f27ce7cf45ea9c004b89f094e73e: Log matching property violated. Preceding OpId in replica: term: 2 index: 2. Preceding OpId from leader: term: 3 index: 3. (index mismatch)
I20260709 13:17:42.067721 18402 consensus_queue.cc:1048] T 35984391032a42d6a033774af797d2d7 P 9c42f27ce7cf45ea9c004b89f094e73e [LEADER]: Connected to new peer: Peer: permanent_uuid: "7dbbd9fef5644548bf684f059f151ee5" member_type: VOTER last_known_addr { host: "127.17.139.1" port: 42651 }, Status: LMP_MISMATCH, Last received: 0.0, Next index: 3, Last known committed idx: 2, Time since last communication: 0.000s
I20260709 13:17:42.076035 18248 raft_consensus.cc:1275] T 35984391032a42d6a033774af797d2d7 P 7c8b0b69e4a64a1bac45f7d912616d43 [term 3 FOLLOWER]: Refusing update from remote peer 9c42f27ce7cf45ea9c004b89f094e73e: Log matching property violated. Preceding OpId in replica: term: 2 index: 2. Preceding OpId from leader: term: 3 index: 3. (index mismatch)
I20260709 13:17:42.077678 18402 consensus_queue.cc:1048] T 35984391032a42d6a033774af797d2d7 P 9c42f27ce7cf45ea9c004b89f094e73e [LEADER]: Connected to new peer: Peer: permanent_uuid: "7c8b0b69e4a64a1bac45f7d912616d43" member_type: VOTER last_known_addr { host: "127.17.139.3" port: 38971 }, Status: LMP_MISMATCH, Last received: 0.0, Next index: 3, Last known committed idx: 2, Time since last communication: 0.000s
I20260709 13:17:42.138142 18098 raft_consensus.cc:1275] T d2ba71acd8f3492f9dea6092ec53dd0a P 7dbbd9fef5644548bf684f059f151ee5 [term 3 FOLLOWER]: Refusing update from remote peer 9c42f27ce7cf45ea9c004b89f094e73e: Log matching property violated. Preceding OpId in replica: term: 2 index: 2. Preceding OpId from leader: term: 3 index: 3. (index mismatch)
I20260709 13:17:42.139201 18402 consensus_queue.cc:1048] T d2ba71acd8f3492f9dea6092ec53dd0a P 9c42f27ce7cf45ea9c004b89f094e73e [LEADER]: Connected to new peer: Peer: permanent_uuid: "7dbbd9fef5644548bf684f059f151ee5" member_type: VOTER last_known_addr { host: "127.17.139.1" port: 42651 }, Status: LMP_MISMATCH, Last received: 0.0, Next index: 3, Last known committed idx: 2, Time since last communication: 0.000s
I20260709 13:17:42.145581 18248 raft_consensus.cc:1275] T d2ba71acd8f3492f9dea6092ec53dd0a P 7c8b0b69e4a64a1bac45f7d912616d43 [term 3 FOLLOWER]: Refusing update from remote peer 9c42f27ce7cf45ea9c004b89f094e73e: Log matching property violated. Preceding OpId in replica: term: 2 index: 2. Preceding OpId from leader: term: 3 index: 3. (index mismatch)
I20260709 13:17:42.147327 18402 consensus_queue.cc:1048] T d2ba71acd8f3492f9dea6092ec53dd0a P 9c42f27ce7cf45ea9c004b89f094e73e [LEADER]: Connected to new peer: Peer: permanent_uuid: "7c8b0b69e4a64a1bac45f7d912616d43" member_type: VOTER last_known_addr { host: "127.17.139.3" port: 38971 }, Status: LMP_MISMATCH, Last received: 0.0, Next index: 3, Last known committed idx: 2, Time since last communication: 0.000s
I20260709 13:17:44.341379 17964 auto_leader_rebalancer.cc:141] leader rebalance for table test-workload
I20260709 13:17:44.348361 18174 tablet_service.cc:2072] Received LeaderStepDown RPC: tablet_id: "18279075f9e64696b85a584e61448e2c"
dest_uuid: "9c42f27ce7cf45ea9c004b89f094e73e"
mode: GRACEFUL
new_leader_uuid: "7dbbd9fef5644548bf684f059f151ee5"
 from {username='slave'} at 127.0.0.1:38528
I20260709 13:17:44.349116 18174 raft_consensus.cc:606] T 18279075f9e64696b85a584e61448e2c P 9c42f27ce7cf45ea9c004b89f094e73e [term 1 LEADER]: Received request to transfer leadership to TS 7dbbd9fef5644548bf684f059f151ee5
I20260709 13:17:44.351657 18174 tablet_service.cc:2072] Received LeaderStepDown RPC: tablet_id: "3e2369e882654da1935ad16bb6979bfb"
dest_uuid: "9c42f27ce7cf45ea9c004b89f094e73e"
mode: GRACEFUL
new_leader_uuid: "7dbbd9fef5644548bf684f059f151ee5"
 from {username='slave'} at 127.0.0.1:38528
I20260709 13:17:44.352078 18174 raft_consensus.cc:606] T 3e2369e882654da1935ad16bb6979bfb P 9c42f27ce7cf45ea9c004b89f094e73e [term 1 LEADER]: Received request to transfer leadership to TS 7dbbd9fef5644548bf684f059f151ee5
I20260709 13:17:44.354146 18174 tablet_service.cc:2072] Received LeaderStepDown RPC: tablet_id: "d1dd010cc296464bbda60f5915e3569e"
dest_uuid: "9c42f27ce7cf45ea9c004b89f094e73e"
mode: GRACEFUL
new_leader_uuid: "7c8b0b69e4a64a1bac45f7d912616d43"
 from {username='slave'} at 127.0.0.1:38528
I20260709 13:17:44.354558 18174 raft_consensus.cc:606] T d1dd010cc296464bbda60f5915e3569e P 9c42f27ce7cf45ea9c004b89f094e73e [term 2 LEADER]: Received request to transfer leadership to TS 7c8b0b69e4a64a1bac45f7d912616d43
I20260709 13:17:44.356653 18174 tablet_service.cc:2072] Received LeaderStepDown RPC: tablet_id: "d2ba71acd8f3492f9dea6092ec53dd0a"
dest_uuid: "9c42f27ce7cf45ea9c004b89f094e73e"
mode: GRACEFUL
new_leader_uuid: "7dbbd9fef5644548bf684f059f151ee5"
 from {username='slave'} at 127.0.0.1:38528
I20260709 13:17:44.357053 18174 raft_consensus.cc:606] T d2ba71acd8f3492f9dea6092ec53dd0a P 9c42f27ce7cf45ea9c004b89f094e73e [term 3 LEADER]: Received request to transfer leadership to TS 7dbbd9fef5644548bf684f059f151ee5
I20260709 13:17:44.359031 18174 tablet_service.cc:2072] Received LeaderStepDown RPC: tablet_id: "d8e64e663e034ac9b3b4e8b51a27dac2"
dest_uuid: "9c42f27ce7cf45ea9c004b89f094e73e"
mode: GRACEFUL
new_leader_uuid: "7c8b0b69e4a64a1bac45f7d912616d43"
 from {username='slave'} at 127.0.0.1:38528
I20260709 13:17:44.359479 18174 raft_consensus.cc:606] T d8e64e663e034ac9b3b4e8b51a27dac2 P 9c42f27ce7cf45ea9c004b89f094e73e [term 3 LEADER]: Received request to transfer leadership to TS 7c8b0b69e4a64a1bac45f7d912616d43
I20260709 13:17:44.360457 17964 auto_leader_rebalancer.cc:452] table: test-workload, leader rebalance finish, leader transfer count: 5
I20260709 13:17:44.360926 17964 auto_leader_rebalancer.cc:527] All tables' leader rebalancing finished this round
I20260709 13:17:44.409225 18402 raft_consensus.cc:993] T 3e2369e882654da1935ad16bb6979bfb P 9c42f27ce7cf45ea9c004b89f094e73e: : Instructing follower 7dbbd9fef5644548bf684f059f151ee5 to start an election
I20260709 13:17:44.409754 18424 raft_consensus.cc:1081] T 3e2369e882654da1935ad16bb6979bfb P 9c42f27ce7cf45ea9c004b89f094e73e [term 1 LEADER]: Signalling peer 7dbbd9fef5644548bf684f059f151ee5 to start an election
I20260709 13:17:44.411182 18099 tablet_service.cc:2044] Received Run Leader Election RPC: tablet_id: "3e2369e882654da1935ad16bb6979bfb"
dest_uuid: "7dbbd9fef5644548bf684f059f151ee5"
 from {username='slave'} at 127.0.0.1:37028
I20260709 13:17:44.411625 18099 raft_consensus.cc:493] T 3e2369e882654da1935ad16bb6979bfb P 7dbbd9fef5644548bf684f059f151ee5 [term 1 FOLLOWER]: Starting forced leader election (received explicit request)
I20260709 13:17:44.411908 18099 raft_consensus.cc:3060] T 3e2369e882654da1935ad16bb6979bfb P 7dbbd9fef5644548bf684f059f151ee5 [term 1 FOLLOWER]: Advancing to term 2
I20260709 13:17:44.416824 18099 raft_consensus.cc:515] T 3e2369e882654da1935ad16bb6979bfb P 7dbbd9fef5644548bf684f059f151ee5 [term 2 FOLLOWER]: Starting forced leader election with config: opid_index: -1 OBSOLETE_local: false peers { permanent_uuid: "7dbbd9fef5644548bf684f059f151ee5" member_type: VOTER last_known_addr { host: "127.17.139.1" port: 42651 } } peers { permanent_uuid: "9c42f27ce7cf45ea9c004b89f094e73e" member_type: VOTER last_known_addr { host: "127.17.139.2" port: 44329 } } peers { permanent_uuid: "7c8b0b69e4a64a1bac45f7d912616d43" member_type: VOTER last_known_addr { host: "127.17.139.3" port: 38971 } }
I20260709 13:17:44.418675 18099 leader_election.cc:290] T 3e2369e882654da1935ad16bb6979bfb P 7dbbd9fef5644548bf684f059f151ee5 [CANDIDATE]: Term 2 election: Requested vote from peers 9c42f27ce7cf45ea9c004b89f094e73e (127.17.139.2:44329), 7c8b0b69e4a64a1bac45f7d912616d43 (127.17.139.3:38971)
I20260709 13:17:44.419711 18174 tablet_service.cc:1917] Received RequestConsensusVote() RPC: tablet_id: "3e2369e882654da1935ad16bb6979bfb" candidate_uuid: "7dbbd9fef5644548bf684f059f151ee5" candidate_term: 2 candidate_status { last_received { term: 1 index: 1 } } ignore_live_leader: true dest_uuid: "9c42f27ce7cf45ea9c004b89f094e73e"
I20260709 13:17:44.419814 18247 tablet_service.cc:1917] Received RequestConsensusVote() RPC: tablet_id: "3e2369e882654da1935ad16bb6979bfb" candidate_uuid: "7dbbd9fef5644548bf684f059f151ee5" candidate_term: 2 candidate_status { last_received { term: 1 index: 1 } } ignore_live_leader: true dest_uuid: "7c8b0b69e4a64a1bac45f7d912616d43"
I20260709 13:17:44.420323 18174 raft_consensus.cc:3055] T 3e2369e882654da1935ad16bb6979bfb P 9c42f27ce7cf45ea9c004b89f094e73e [term 1 LEADER]: Stepping down as leader of term 1
I20260709 13:17:44.420413 18247 raft_consensus.cc:3060] T 3e2369e882654da1935ad16bb6979bfb P 7c8b0b69e4a64a1bac45f7d912616d43 [term 1 FOLLOWER]: Advancing to term 2
I20260709 13:17:44.420616 18174 raft_consensus.cc:740] T 3e2369e882654da1935ad16bb6979bfb P 9c42f27ce7cf45ea9c004b89f094e73e [term 1 LEADER]: Becoming Follower/Learner. State: Replica: 9c42f27ce7cf45ea9c004b89f094e73e, State: Running, Role: LEADER
I20260709 13:17:44.421458 18174 consensus_queue.cc:260] T 3e2369e882654da1935ad16bb6979bfb P 9c42f27ce7cf45ea9c004b89f094e73e [NON_LEADER]: Queue going to NON_LEADER mode. State: All replicated index: 0, Majority replicated index: 1, Committed index: 1, Last appended: 1.1, Last appended by leader: 1, Current term: 1, Majority size: -1, State: 0, Mode: NON_LEADER, active raft config: opid_index: -1 OBSOLETE_local: false peers { permanent_uuid: "7dbbd9fef5644548bf684f059f151ee5" member_type: VOTER last_known_addr { host: "127.17.139.1" port: 42651 } } peers { permanent_uuid: "9c42f27ce7cf45ea9c004b89f094e73e" member_type: VOTER last_known_addr { host: "127.17.139.2" port: 44329 } } peers { permanent_uuid: "7c8b0b69e4a64a1bac45f7d912616d43" member_type: VOTER last_known_addr { host: "127.17.139.3" port: 38971 } }
I20260709 13:17:44.422343 18174 raft_consensus.cc:3060] T 3e2369e882654da1935ad16bb6979bfb P 9c42f27ce7cf45ea9c004b89f094e73e [term 1 FOLLOWER]: Advancing to term 2
I20260709 13:17:44.424736 18247 raft_consensus.cc:2468] T 3e2369e882654da1935ad16bb6979bfb P 7c8b0b69e4a64a1bac45f7d912616d43 [term 2 FOLLOWER]: Leader election vote request: Granting yes vote for candidate 7dbbd9fef5644548bf684f059f151ee5 in term 2.
I20260709 13:17:44.425900 18062 leader_election.cc:304] T 3e2369e882654da1935ad16bb6979bfb P 7dbbd9fef5644548bf684f059f151ee5 [CANDIDATE]: Term 2 election: Election decided. Result: candidate won. Election summary: received 2 responses out of 3 voters: 2 yes votes; 0 no votes. yes voters: 7c8b0b69e4a64a1bac45f7d912616d43, 7dbbd9fef5644548bf684f059f151ee5; no voters: 
I20260709 13:17:44.427245 18174 raft_consensus.cc:2468] T 3e2369e882654da1935ad16bb6979bfb P 9c42f27ce7cf45ea9c004b89f094e73e [term 2 FOLLOWER]: Leader election vote request: Granting yes vote for candidate 7dbbd9fef5644548bf684f059f151ee5 in term 2.
I20260709 13:17:44.427359 18425 raft_consensus.cc:2804] T 3e2369e882654da1935ad16bb6979bfb P 7dbbd9fef5644548bf684f059f151ee5 [term 2 FOLLOWER]: Leader election won for term 2
I20260709 13:17:44.428359 18425 raft_consensus.cc:697] T 3e2369e882654da1935ad16bb6979bfb P 7dbbd9fef5644548bf684f059f151ee5 [term 2 LEADER]: Becoming Leader. State: Replica: 7dbbd9fef5644548bf684f059f151ee5, State: Running, Role: LEADER
I20260709 13:17:44.429248 18425 consensus_queue.cc:237] T 3e2369e882654da1935ad16bb6979bfb P 7dbbd9fef5644548bf684f059f151ee5 [LEADER]: Queue going to LEADER mode. State: All replicated index: 0, Majority replicated index: 1, Committed index: 1, Last appended: 1.1, Last appended by leader: 1, Current term: 2, Majority size: 2, State: 0, Mode: LEADER, active raft config: opid_index: -1 OBSOLETE_local: false peers { permanent_uuid: "7dbbd9fef5644548bf684f059f151ee5" member_type: VOTER last_known_addr { host: "127.17.139.1" port: 42651 } } peers { permanent_uuid: "9c42f27ce7cf45ea9c004b89f094e73e" member_type: VOTER last_known_addr { host: "127.17.139.2" port: 44329 } } peers { permanent_uuid: "7c8b0b69e4a64a1bac45f7d912616d43" member_type: VOTER last_known_addr { host: "127.17.139.3" port: 38971 } }
I20260709 13:17:44.436282 17996 catalog_manager.cc:5697] T 3e2369e882654da1935ad16bb6979bfb P 7dbbd9fef5644548bf684f059f151ee5 reported cstate change: term changed from 1 to 2, leader changed from 9c42f27ce7cf45ea9c004b89f094e73e (127.17.139.2) to 7dbbd9fef5644548bf684f059f151ee5 (127.17.139.1). New cstate: current_term: 2 leader_uuid: "7dbbd9fef5644548bf684f059f151ee5" committed_config { opid_index: -1 OBSOLETE_local: false peers { permanent_uuid: "7dbbd9fef5644548bf684f059f151ee5" member_type: VOTER last_known_addr { host: "127.17.139.1" port: 42651 } health_report { overall_health: HEALTHY } } peers { permanent_uuid: "9c42f27ce7cf45ea9c004b89f094e73e" member_type: VOTER last_known_addr { host: "127.17.139.2" port: 44329 } health_report { overall_health: UNKNOWN } } peers { permanent_uuid: "7c8b0b69e4a64a1bac45f7d912616d43" member_type: VOTER last_known_addr { host: "127.17.139.3" port: 38971 } health_report { overall_health: UNKNOWN } } }
I20260709 13:17:44.513031 18402 raft_consensus.cc:993] T 18279075f9e64696b85a584e61448e2c P 9c42f27ce7cf45ea9c004b89f094e73e: : Instructing follower 7dbbd9fef5644548bf684f059f151ee5 to start an election
I20260709 13:17:44.513453 18402 raft_consensus.cc:1081] T 18279075f9e64696b85a584e61448e2c P 9c42f27ce7cf45ea9c004b89f094e73e [term 1 LEADER]: Signalling peer 7dbbd9fef5644548bf684f059f151ee5 to start an election
I20260709 13:17:44.514892 18099 tablet_service.cc:2044] Received Run Leader Election RPC: tablet_id: "18279075f9e64696b85a584e61448e2c"
dest_uuid: "7dbbd9fef5644548bf684f059f151ee5"
 from {username='slave'} at 127.0.0.1:37028
I20260709 13:17:44.515332 18099 raft_consensus.cc:493] T 18279075f9e64696b85a584e61448e2c P 7dbbd9fef5644548bf684f059f151ee5 [term 1 FOLLOWER]: Starting forced leader election (received explicit request)
I20260709 13:17:44.515584 18099 raft_consensus.cc:3060] T 18279075f9e64696b85a584e61448e2c P 7dbbd9fef5644548bf684f059f151ee5 [term 1 FOLLOWER]: Advancing to term 2
I20260709 13:17:44.520134 18099 raft_consensus.cc:515] T 18279075f9e64696b85a584e61448e2c P 7dbbd9fef5644548bf684f059f151ee5 [term 2 FOLLOWER]: Starting forced leader election with config: opid_index: -1 OBSOLETE_local: false peers { permanent_uuid: "7dbbd9fef5644548bf684f059f151ee5" member_type: VOTER last_known_addr { host: "127.17.139.1" port: 42651 } } peers { permanent_uuid: "9c42f27ce7cf45ea9c004b89f094e73e" member_type: VOTER last_known_addr { host: "127.17.139.2" port: 44329 } } peers { permanent_uuid: "7c8b0b69e4a64a1bac45f7d912616d43" member_type: VOTER last_known_addr { host: "127.17.139.3" port: 38971 } }
I20260709 13:17:44.521699 18099 leader_election.cc:290] T 18279075f9e64696b85a584e61448e2c P 7dbbd9fef5644548bf684f059f151ee5 [CANDIDATE]: Term 2 election: Requested vote from peers 9c42f27ce7cf45ea9c004b89f094e73e (127.17.139.2:44329), 7c8b0b69e4a64a1bac45f7d912616d43 (127.17.139.3:38971)
I20260709 13:17:44.522351 18174 tablet_service.cc:1917] Received RequestConsensusVote() RPC: tablet_id: "18279075f9e64696b85a584e61448e2c" candidate_uuid: "7dbbd9fef5644548bf684f059f151ee5" candidate_term: 2 candidate_status { last_received { term: 1 index: 1 } } ignore_live_leader: true dest_uuid: "9c42f27ce7cf45ea9c004b89f094e73e"
I20260709 13:17:44.522575 18247 tablet_service.cc:1917] Received RequestConsensusVote() RPC: tablet_id: "18279075f9e64696b85a584e61448e2c" candidate_uuid: "7dbbd9fef5644548bf684f059f151ee5" candidate_term: 2 candidate_status { last_received { term: 1 index: 1 } } ignore_live_leader: true dest_uuid: "7c8b0b69e4a64a1bac45f7d912616d43"
I20260709 13:17:44.522864 18174 raft_consensus.cc:3055] T 18279075f9e64696b85a584e61448e2c P 9c42f27ce7cf45ea9c004b89f094e73e [term 1 LEADER]: Stepping down as leader of term 1
I20260709 13:17:44.523033 18247 raft_consensus.cc:3060] T 18279075f9e64696b85a584e61448e2c P 7c8b0b69e4a64a1bac45f7d912616d43 [term 1 FOLLOWER]: Advancing to term 2
I20260709 13:17:44.523183 18174 raft_consensus.cc:740] T 18279075f9e64696b85a584e61448e2c P 9c42f27ce7cf45ea9c004b89f094e73e [term 1 LEADER]: Becoming Follower/Learner. State: Replica: 9c42f27ce7cf45ea9c004b89f094e73e, State: Running, Role: LEADER
I20260709 13:17:44.523933 18174 consensus_queue.cc:260] T 18279075f9e64696b85a584e61448e2c P 9c42f27ce7cf45ea9c004b89f094e73e [NON_LEADER]: Queue going to NON_LEADER mode. State: All replicated index: 0, Majority replicated index: 1, Committed index: 1, Last appended: 1.1, Last appended by leader: 1, Current term: 1, Majority size: -1, State: 0, Mode: NON_LEADER, active raft config: opid_index: -1 OBSOLETE_local: false peers { permanent_uuid: "7dbbd9fef5644548bf684f059f151ee5" member_type: VOTER last_known_addr { host: "127.17.139.1" port: 42651 } } peers { permanent_uuid: "9c42f27ce7cf45ea9c004b89f094e73e" member_type: VOTER last_known_addr { host: "127.17.139.2" port: 44329 } } peers { permanent_uuid: "7c8b0b69e4a64a1bac45f7d912616d43" member_type: VOTER last_known_addr { host: "127.17.139.3" port: 38971 } }
I20260709 13:17:44.524981 18174 raft_consensus.cc:3060] T 18279075f9e64696b85a584e61448e2c P 9c42f27ce7cf45ea9c004b89f094e73e [term 1 FOLLOWER]: Advancing to term 2
I20260709 13:17:44.528582 18247 raft_consensus.cc:2468] T 18279075f9e64696b85a584e61448e2c P 7c8b0b69e4a64a1bac45f7d912616d43 [term 2 FOLLOWER]: Leader election vote request: Granting yes vote for candidate 7dbbd9fef5644548bf684f059f151ee5 in term 2.
I20260709 13:17:44.529541 18062 leader_election.cc:304] T 18279075f9e64696b85a584e61448e2c P 7dbbd9fef5644548bf684f059f151ee5 [CANDIDATE]: Term 2 election: Election decided. Result: candidate won. Election summary: received 2 responses out of 3 voters: 2 yes votes; 0 no votes. yes voters: 7c8b0b69e4a64a1bac45f7d912616d43, 7dbbd9fef5644548bf684f059f151ee5; no voters: 
I20260709 13:17:44.530192 18425 raft_consensus.cc:2804] T 18279075f9e64696b85a584e61448e2c P 7dbbd9fef5644548bf684f059f151ee5 [term 2 FOLLOWER]: Leader election won for term 2
I20260709 13:17:44.530305 18174 raft_consensus.cc:2468] T 18279075f9e64696b85a584e61448e2c P 9c42f27ce7cf45ea9c004b89f094e73e [term 2 FOLLOWER]: Leader election vote request: Granting yes vote for candidate 7dbbd9fef5644548bf684f059f151ee5 in term 2.
I20260709 13:17:44.530664 18425 raft_consensus.cc:697] T 18279075f9e64696b85a584e61448e2c P 7dbbd9fef5644548bf684f059f151ee5 [term 2 LEADER]: Becoming Leader. State: Replica: 7dbbd9fef5644548bf684f059f151ee5, State: Running, Role: LEADER
I20260709 13:17:44.531646 18425 consensus_queue.cc:237] T 18279075f9e64696b85a584e61448e2c P 7dbbd9fef5644548bf684f059f151ee5 [LEADER]: Queue going to LEADER mode. State: All replicated index: 0, Majority replicated index: 1, Committed index: 1, Last appended: 1.1, Last appended by leader: 1, Current term: 2, Majority size: 2, State: 0, Mode: LEADER, active raft config: opid_index: -1 OBSOLETE_local: false peers { permanent_uuid: "7dbbd9fef5644548bf684f059f151ee5" member_type: VOTER last_known_addr { host: "127.17.139.1" port: 42651 } } peers { permanent_uuid: "9c42f27ce7cf45ea9c004b89f094e73e" member_type: VOTER last_known_addr { host: "127.17.139.2" port: 44329 } } peers { permanent_uuid: "7c8b0b69e4a64a1bac45f7d912616d43" member_type: VOTER last_known_addr { host: "127.17.139.3" port: 38971 } }
I20260709 13:17:44.537847 17996 catalog_manager.cc:5697] T 18279075f9e64696b85a584e61448e2c P 7dbbd9fef5644548bf684f059f151ee5 reported cstate change: term changed from 1 to 2, leader changed from 9c42f27ce7cf45ea9c004b89f094e73e (127.17.139.2) to 7dbbd9fef5644548bf684f059f151ee5 (127.17.139.1). New cstate: current_term: 2 leader_uuid: "7dbbd9fef5644548bf684f059f151ee5" committed_config { opid_index: -1 OBSOLETE_local: false peers { permanent_uuid: "7dbbd9fef5644548bf684f059f151ee5" member_type: VOTER last_known_addr { host: "127.17.139.1" port: 42651 } health_report { overall_health: HEALTHY } } peers { permanent_uuid: "9c42f27ce7cf45ea9c004b89f094e73e" member_type: VOTER last_known_addr { host: "127.17.139.2" port: 44329 } health_report { overall_health: UNKNOWN } } peers { permanent_uuid: "7c8b0b69e4a64a1bac45f7d912616d43" member_type: VOTER last_known_addr { host: "127.17.139.3" port: 38971 } health_report { overall_health: UNKNOWN } } }
I20260709 13:17:44.570261 18424 raft_consensus.cc:993] T d2ba71acd8f3492f9dea6092ec53dd0a P 9c42f27ce7cf45ea9c004b89f094e73e: : Instructing follower 7dbbd9fef5644548bf684f059f151ee5 to start an election
I20260709 13:17:44.570719 18402 raft_consensus.cc:1081] T d2ba71acd8f3492f9dea6092ec53dd0a P 9c42f27ce7cf45ea9c004b89f094e73e [term 3 LEADER]: Signalling peer 7dbbd9fef5644548bf684f059f151ee5 to start an election
I20260709 13:17:44.572064 18099 tablet_service.cc:2044] Received Run Leader Election RPC: tablet_id: "d2ba71acd8f3492f9dea6092ec53dd0a"
dest_uuid: "7dbbd9fef5644548bf684f059f151ee5"
 from {username='slave'} at 127.0.0.1:37028
I20260709 13:17:44.572463 18099 raft_consensus.cc:493] T d2ba71acd8f3492f9dea6092ec53dd0a P 7dbbd9fef5644548bf684f059f151ee5 [term 3 FOLLOWER]: Starting forced leader election (received explicit request)
I20260709 13:17:44.572716 18099 raft_consensus.cc:3060] T d2ba71acd8f3492f9dea6092ec53dd0a P 7dbbd9fef5644548bf684f059f151ee5 [term 3 FOLLOWER]: Advancing to term 4
I20260709 13:17:44.576650 18099 raft_consensus.cc:515] T d2ba71acd8f3492f9dea6092ec53dd0a P 7dbbd9fef5644548bf684f059f151ee5 [term 4 FOLLOWER]: Starting forced leader election with config: opid_index: -1 OBSOLETE_local: false peers { permanent_uuid: "7dbbd9fef5644548bf684f059f151ee5" member_type: VOTER last_known_addr { host: "127.17.139.1" port: 42651 } } peers { permanent_uuid: "9c42f27ce7cf45ea9c004b89f094e73e" member_type: VOTER last_known_addr { host: "127.17.139.2" port: 44329 } } peers { permanent_uuid: "7c8b0b69e4a64a1bac45f7d912616d43" member_type: VOTER last_known_addr { host: "127.17.139.3" port: 38971 } }
I20260709 13:17:44.577885 18099 leader_election.cc:290] T d2ba71acd8f3492f9dea6092ec53dd0a P 7dbbd9fef5644548bf684f059f151ee5 [CANDIDATE]: Term 4 election: Requested vote from peers 9c42f27ce7cf45ea9c004b89f094e73e (127.17.139.2:44329), 7c8b0b69e4a64a1bac45f7d912616d43 (127.17.139.3:38971)
I20260709 13:17:44.578732 18174 tablet_service.cc:1917] Received RequestConsensusVote() RPC: tablet_id: "d2ba71acd8f3492f9dea6092ec53dd0a" candidate_uuid: "7dbbd9fef5644548bf684f059f151ee5" candidate_term: 4 candidate_status { last_received { term: 3 index: 3 } } ignore_live_leader: true dest_uuid: "9c42f27ce7cf45ea9c004b89f094e73e"
I20260709 13:17:44.578787 18247 tablet_service.cc:1917] Received RequestConsensusVote() RPC: tablet_id: "d2ba71acd8f3492f9dea6092ec53dd0a" candidate_uuid: "7dbbd9fef5644548bf684f059f151ee5" candidate_term: 4 candidate_status { last_received { term: 3 index: 3 } } ignore_live_leader: true dest_uuid: "7c8b0b69e4a64a1bac45f7d912616d43"
I20260709 13:17:44.579294 18174 raft_consensus.cc:3055] T d2ba71acd8f3492f9dea6092ec53dd0a P 9c42f27ce7cf45ea9c004b89f094e73e [term 3 LEADER]: Stepping down as leader of term 3
I20260709 13:17:44.579397 18247 raft_consensus.cc:3060] T d2ba71acd8f3492f9dea6092ec53dd0a P 7c8b0b69e4a64a1bac45f7d912616d43 [term 3 FOLLOWER]: Advancing to term 4
I20260709 13:17:44.579582 18174 raft_consensus.cc:740] T d2ba71acd8f3492f9dea6092ec53dd0a P 9c42f27ce7cf45ea9c004b89f094e73e [term 3 LEADER]: Becoming Follower/Learner. State: Replica: 9c42f27ce7cf45ea9c004b89f094e73e, State: Running, Role: LEADER
I20260709 13:17:44.580257 18174 consensus_queue.cc:260] T d2ba71acd8f3492f9dea6092ec53dd0a P 9c42f27ce7cf45ea9c004b89f094e73e [NON_LEADER]: Queue going to NON_LEADER mode. State: All replicated index: 0, Majority replicated index: 3, Committed index: 3, Last appended: 3.3, Last appended by leader: 3, Current term: 3, Majority size: -1, State: 0, Mode: NON_LEADER, active raft config: opid_index: -1 OBSOLETE_local: false peers { permanent_uuid: "7dbbd9fef5644548bf684f059f151ee5" member_type: VOTER last_known_addr { host: "127.17.139.1" port: 42651 } } peers { permanent_uuid: "9c42f27ce7cf45ea9c004b89f094e73e" member_type: VOTER last_known_addr { host: "127.17.139.2" port: 44329 } } peers { permanent_uuid: "7c8b0b69e4a64a1bac45f7d912616d43" member_type: VOTER last_known_addr { host: "127.17.139.3" port: 38971 } }
I20260709 13:17:44.581102 18174 raft_consensus.cc:3060] T d2ba71acd8f3492f9dea6092ec53dd0a P 9c42f27ce7cf45ea9c004b89f094e73e [term 3 FOLLOWER]: Advancing to term 4
I20260709 13:17:44.583302 18247 raft_consensus.cc:2468] T d2ba71acd8f3492f9dea6092ec53dd0a P 7c8b0b69e4a64a1bac45f7d912616d43 [term 4 FOLLOWER]: Leader election vote request: Granting yes vote for candidate 7dbbd9fef5644548bf684f059f151ee5 in term 4.
I20260709 13:17:44.584156 18062 leader_election.cc:304] T d2ba71acd8f3492f9dea6092ec53dd0a P 7dbbd9fef5644548bf684f059f151ee5 [CANDIDATE]: Term 4 election: Election decided. Result: candidate won. Election summary: received 2 responses out of 3 voters: 2 yes votes; 0 no votes. yes voters: 7c8b0b69e4a64a1bac45f7d912616d43, 7dbbd9fef5644548bf684f059f151ee5; no voters: 
I20260709 13:17:44.584821 18425 raft_consensus.cc:2804] T d2ba71acd8f3492f9dea6092ec53dd0a P 7dbbd9fef5644548bf684f059f151ee5 [term 4 FOLLOWER]: Leader election won for term 4
I20260709 13:17:44.585129 18174 raft_consensus.cc:2468] T d2ba71acd8f3492f9dea6092ec53dd0a P 9c42f27ce7cf45ea9c004b89f094e73e [term 4 FOLLOWER]: Leader election vote request: Granting yes vote for candidate 7dbbd9fef5644548bf684f059f151ee5 in term 4.
I20260709 13:17:44.585285 18425 raft_consensus.cc:697] T d2ba71acd8f3492f9dea6092ec53dd0a P 7dbbd9fef5644548bf684f059f151ee5 [term 4 LEADER]: Becoming Leader. State: Replica: 7dbbd9fef5644548bf684f059f151ee5, State: Running, Role: LEADER
I20260709 13:17:44.586094 18425 consensus_queue.cc:237] T d2ba71acd8f3492f9dea6092ec53dd0a P 7dbbd9fef5644548bf684f059f151ee5 [LEADER]: Queue going to LEADER mode. State: All replicated index: 0, Majority replicated index: 3, Committed index: 3, Last appended: 3.3, Last appended by leader: 3, Current term: 4, Majority size: 2, State: 0, Mode: LEADER, active raft config: opid_index: -1 OBSOLETE_local: false peers { permanent_uuid: "7dbbd9fef5644548bf684f059f151ee5" member_type: VOTER last_known_addr { host: "127.17.139.1" port: 42651 } } peers { permanent_uuid: "9c42f27ce7cf45ea9c004b89f094e73e" member_type: VOTER last_known_addr { host: "127.17.139.2" port: 44329 } } peers { permanent_uuid: "7c8b0b69e4a64a1bac45f7d912616d43" member_type: VOTER last_known_addr { host: "127.17.139.3" port: 38971 } }
I20260709 13:17:44.592520 17996 catalog_manager.cc:5697] T d2ba71acd8f3492f9dea6092ec53dd0a P 7dbbd9fef5644548bf684f059f151ee5 reported cstate change: term changed from 3 to 4, leader changed from 9c42f27ce7cf45ea9c004b89f094e73e (127.17.139.2) to 7dbbd9fef5644548bf684f059f151ee5 (127.17.139.1). New cstate: current_term: 4 leader_uuid: "7dbbd9fef5644548bf684f059f151ee5" committed_config { opid_index: -1 OBSOLETE_local: false peers { permanent_uuid: "7dbbd9fef5644548bf684f059f151ee5" member_type: VOTER last_known_addr { host: "127.17.139.1" port: 42651 } health_report { overall_health: HEALTHY } } peers { permanent_uuid: "9c42f27ce7cf45ea9c004b89f094e73e" member_type: VOTER last_known_addr { host: "127.17.139.2" port: 44329 } health_report { overall_health: UNKNOWN } } peers { permanent_uuid: "7c8b0b69e4a64a1bac45f7d912616d43" member_type: VOTER last_known_addr { host: "127.17.139.3" port: 38971 } health_report { overall_health: UNKNOWN } } }
I20260709 13:17:44.690653 18424 raft_consensus.cc:993] T d1dd010cc296464bbda60f5915e3569e P 9c42f27ce7cf45ea9c004b89f094e73e: : Instructing follower 7c8b0b69e4a64a1bac45f7d912616d43 to start an election
I20260709 13:17:44.691032 18402 raft_consensus.cc:1081] T d1dd010cc296464bbda60f5915e3569e P 9c42f27ce7cf45ea9c004b89f094e73e [term 2 LEADER]: Signalling peer 7c8b0b69e4a64a1bac45f7d912616d43 to start an election
I20260709 13:17:44.692440 18247 tablet_service.cc:2044] Received Run Leader Election RPC: tablet_id: "d1dd010cc296464bbda60f5915e3569e"
dest_uuid: "7c8b0b69e4a64a1bac45f7d912616d43"
 from {username='slave'} at 127.0.0.1:58216
I20260709 13:17:44.692852 18247 raft_consensus.cc:493] T d1dd010cc296464bbda60f5915e3569e P 7c8b0b69e4a64a1bac45f7d912616d43 [term 2 FOLLOWER]: Starting forced leader election (received explicit request)
I20260709 13:17:44.693179 18247 raft_consensus.cc:3060] T d1dd010cc296464bbda60f5915e3569e P 7c8b0b69e4a64a1bac45f7d912616d43 [term 2 FOLLOWER]: Advancing to term 3
I20260709 13:17:44.697150 18247 raft_consensus.cc:515] T d1dd010cc296464bbda60f5915e3569e P 7c8b0b69e4a64a1bac45f7d912616d43 [term 3 FOLLOWER]: Starting forced leader election with config: opid_index: -1 OBSOLETE_local: false peers { permanent_uuid: "7dbbd9fef5644548bf684f059f151ee5" member_type: VOTER last_known_addr { host: "127.17.139.1" port: 42651 } } peers { permanent_uuid: "9c42f27ce7cf45ea9c004b89f094e73e" member_type: VOTER last_known_addr { host: "127.17.139.2" port: 44329 } } peers { permanent_uuid: "7c8b0b69e4a64a1bac45f7d912616d43" member_type: VOTER last_known_addr { host: "127.17.139.3" port: 38971 } }
I20260709 13:17:44.698545 18247 leader_election.cc:290] T d1dd010cc296464bbda60f5915e3569e P 7c8b0b69e4a64a1bac45f7d912616d43 [CANDIDATE]: Term 3 election: Requested vote from peers 7dbbd9fef5644548bf684f059f151ee5 (127.17.139.1:42651), 9c42f27ce7cf45ea9c004b89f094e73e (127.17.139.2:44329)
I20260709 13:17:44.699470 18099 tablet_service.cc:1917] Received RequestConsensusVote() RPC: tablet_id: "d1dd010cc296464bbda60f5915e3569e" candidate_uuid: "7c8b0b69e4a64a1bac45f7d912616d43" candidate_term: 3 candidate_status { last_received { term: 2 index: 2 } } ignore_live_leader: true dest_uuid: "7dbbd9fef5644548bf684f059f151ee5"
I20260709 13:17:44.699605 18174 tablet_service.cc:1917] Received RequestConsensusVote() RPC: tablet_id: "d1dd010cc296464bbda60f5915e3569e" candidate_uuid: "7c8b0b69e4a64a1bac45f7d912616d43" candidate_term: 3 candidate_status { last_received { term: 2 index: 2 } } ignore_live_leader: true dest_uuid: "9c42f27ce7cf45ea9c004b89f094e73e"
I20260709 13:17:44.700037 18099 raft_consensus.cc:3060] T d1dd010cc296464bbda60f5915e3569e P 7dbbd9fef5644548bf684f059f151ee5 [term 2 FOLLOWER]: Advancing to term 3
I20260709 13:17:44.700119 18174 raft_consensus.cc:3055] T d1dd010cc296464bbda60f5915e3569e P 9c42f27ce7cf45ea9c004b89f094e73e [term 2 LEADER]: Stepping down as leader of term 2
I20260709 13:17:44.700452 18174 raft_consensus.cc:740] T d1dd010cc296464bbda60f5915e3569e P 9c42f27ce7cf45ea9c004b89f094e73e [term 2 LEADER]: Becoming Follower/Learner. State: Replica: 9c42f27ce7cf45ea9c004b89f094e73e, State: Running, Role: LEADER
I20260709 13:17:44.701130 18174 consensus_queue.cc:260] T d1dd010cc296464bbda60f5915e3569e P 9c42f27ce7cf45ea9c004b89f094e73e [NON_LEADER]: Queue going to NON_LEADER mode. State: All replicated index: 0, Majority replicated index: 2, Committed index: 2, Last appended: 2.2, Last appended by leader: 2, Current term: 2, Majority size: -1, State: 0, Mode: NON_LEADER, active raft config: opid_index: -1 OBSOLETE_local: false peers { permanent_uuid: "7dbbd9fef5644548bf684f059f151ee5" member_type: VOTER last_known_addr { host: "127.17.139.1" port: 42651 } } peers { permanent_uuid: "9c42f27ce7cf45ea9c004b89f094e73e" member_type: VOTER last_known_addr { host: "127.17.139.2" port: 44329 } } peers { permanent_uuid: "7c8b0b69e4a64a1bac45f7d912616d43" member_type: VOTER last_known_addr { host: "127.17.139.3" port: 38971 } }
I20260709 13:17:44.701902 18174 raft_consensus.cc:3060] T d1dd010cc296464bbda60f5915e3569e P 9c42f27ce7cf45ea9c004b89f094e73e [term 2 FOLLOWER]: Advancing to term 3
I20260709 13:17:44.704021 18099 raft_consensus.cc:2468] T d1dd010cc296464bbda60f5915e3569e P 7dbbd9fef5644548bf684f059f151ee5 [term 3 FOLLOWER]: Leader election vote request: Granting yes vote for candidate 7c8b0b69e4a64a1bac45f7d912616d43 in term 3.
I20260709 13:17:44.705128 18211 leader_election.cc:304] T d1dd010cc296464bbda60f5915e3569e P 7c8b0b69e4a64a1bac45f7d912616d43 [CANDIDATE]: Term 3 election: Election decided. Result: candidate won. Election summary: received 2 responses out of 3 voters: 2 yes votes; 0 no votes. yes voters: 7c8b0b69e4a64a1bac45f7d912616d43, 7dbbd9fef5644548bf684f059f151ee5; no voters: 
I20260709 13:17:44.705914 18422 raft_consensus.cc:2804] T d1dd010cc296464bbda60f5915e3569e P 7c8b0b69e4a64a1bac45f7d912616d43 [term 3 FOLLOWER]: Leader election won for term 3
I20260709 13:17:44.706046 18174 raft_consensus.cc:2468] T d1dd010cc296464bbda60f5915e3569e P 9c42f27ce7cf45ea9c004b89f094e73e [term 3 FOLLOWER]: Leader election vote request: Granting yes vote for candidate 7c8b0b69e4a64a1bac45f7d912616d43 in term 3.
I20260709 13:17:44.707147 18422 raft_consensus.cc:697] T d1dd010cc296464bbda60f5915e3569e P 7c8b0b69e4a64a1bac45f7d912616d43 [term 3 LEADER]: Becoming Leader. State: Replica: 7c8b0b69e4a64a1bac45f7d912616d43, State: Running, Role: LEADER
I20260709 13:17:44.707957 18422 consensus_queue.cc:237] T d1dd010cc296464bbda60f5915e3569e P 7c8b0b69e4a64a1bac45f7d912616d43 [LEADER]: Queue going to LEADER mode. State: All replicated index: 0, Majority replicated index: 2, Committed index: 2, Last appended: 2.2, Last appended by leader: 2, Current term: 3, Majority size: 2, State: 0, Mode: LEADER, active raft config: opid_index: -1 OBSOLETE_local: false peers { permanent_uuid: "7dbbd9fef5644548bf684f059f151ee5" member_type: VOTER last_known_addr { host: "127.17.139.1" port: 42651 } } peers { permanent_uuid: "9c42f27ce7cf45ea9c004b89f094e73e" member_type: VOTER last_known_addr { host: "127.17.139.2" port: 44329 } } peers { permanent_uuid: "7c8b0b69e4a64a1bac45f7d912616d43" member_type: VOTER last_known_addr { host: "127.17.139.3" port: 38971 } }
I20260709 13:17:44.714696 17996 catalog_manager.cc:5697] T d1dd010cc296464bbda60f5915e3569e P 7c8b0b69e4a64a1bac45f7d912616d43 reported cstate change: term changed from 2 to 3, leader changed from 9c42f27ce7cf45ea9c004b89f094e73e (127.17.139.2) to 7c8b0b69e4a64a1bac45f7d912616d43 (127.17.139.3). New cstate: current_term: 3 leader_uuid: "7c8b0b69e4a64a1bac45f7d912616d43" committed_config { opid_index: -1 OBSOLETE_local: false peers { permanent_uuid: "7dbbd9fef5644548bf684f059f151ee5" member_type: VOTER last_known_addr { host: "127.17.139.1" port: 42651 } health_report { overall_health: UNKNOWN } } peers { permanent_uuid: "9c42f27ce7cf45ea9c004b89f094e73e" member_type: VOTER last_known_addr { host: "127.17.139.2" port: 44329 } health_report { overall_health: UNKNOWN } } peers { permanent_uuid: "7c8b0b69e4a64a1bac45f7d912616d43" member_type: VOTER last_known_addr { host: "127.17.139.3" port: 38971 } health_report { overall_health: HEALTHY } } }
I20260709 13:17:44.836913 18424 raft_consensus.cc:993] T d8e64e663e034ac9b3b4e8b51a27dac2 P 9c42f27ce7cf45ea9c004b89f094e73e: : Instructing follower 7c8b0b69e4a64a1bac45f7d912616d43 to start an election
I20260709 13:17:44.837445 18402 raft_consensus.cc:1081] T d8e64e663e034ac9b3b4e8b51a27dac2 P 9c42f27ce7cf45ea9c004b89f094e73e [term 3 LEADER]: Signalling peer 7c8b0b69e4a64a1bac45f7d912616d43 to start an election
