W20260709 13:17:55.406646 20739 leader_election.cc:343] T e85fdadea6dc4a6a8ef0e4d3bbda670a P 6e043233e2c143d287ff58bb7f2c6047 [CANDIDATE]: Term 1 pre-election: Tablet error from VoteRequest() call to peer dc3195aeed8d41f5a089070d7ffc3999 (127.19.35.3:40823): Illegal state: must be running to vote when last-logged opid is not known
I20260709 13:17:55.411029 20890 raft_consensus.cc:359] T c87a8c6a2f15462095f53ad9b9bca3b8 P dc3195aeed8d41f5a089070d7ffc3999 [term 0 FOLLOWER]: Replica starting. Triggering 0 pending ops. Active config: opid_index: -1 OBSOLETE_local: false peers { permanent_uuid: "7a19e0a5f2d346aeb7bd8dce585df9c5" member_type: VOTER last_known_addr { host: "127.19.35.1" port: 41709 } } peers { permanent_uuid: "6e043233e2c143d287ff58bb7f2c6047" member_type: VOTER last_known_addr { host: "127.19.35.2" port: 45331 } } peers { permanent_uuid: "dc3195aeed8d41f5a089070d7ffc3999" member_type: VOTER last_known_addr { host: "127.19.35.3" port: 40823 } }
I20260709 13:17:55.411787 20890 raft_consensus.cc:385] T c87a8c6a2f15462095f53ad9b9bca3b8 P dc3195aeed8d41f5a089070d7ffc3999 [term 0 FOLLOWER]: Consensus starting up: Expiring failure detector timer to make a prompt election more likely
I20260709 13:17:55.412051 20890 raft_consensus.cc:740] T c87a8c6a2f15462095f53ad9b9bca3b8 P dc3195aeed8d41f5a089070d7ffc3999 [term 0 FOLLOWER]: Becoming Follower/Learner. State: Replica: dc3195aeed8d41f5a089070d7ffc3999, State: Initialized, Role: FOLLOWER
W20260709 13:17:55.411525 20739 leader_election.cc:343] T e85fdadea6dc4a6a8ef0e4d3bbda670a P 6e043233e2c143d287ff58bb7f2c6047 [CANDIDATE]: Term 1 pre-election: Tablet error from VoteRequest() call to peer 7a19e0a5f2d346aeb7bd8dce585df9c5 (127.19.35.1:41709): Illegal state: must be running to vote when last-logged opid is not known
I20260709 13:17:55.405623 20927 raft_consensus.cc:493] T 28053c6c21c344cb8ef5c2b785ec3dfe P 7a19e0a5f2d346aeb7bd8dce585df9c5 [term 0 FOLLOWER]: Starting pre-election (no leader contacted us within the election timeout)
I20260709 13:17:55.413856 20739 leader_election.cc:304] T e85fdadea6dc4a6a8ef0e4d3bbda670a P 6e043233e2c143d287ff58bb7f2c6047 [CANDIDATE]: Term 1 pre-election: Election decided. Result: candidate lost. Election summary: received 3 responses out of 3 voters: 1 yes votes; 2 no votes. yes voters: 6e043233e2c143d287ff58bb7f2c6047; no voters: 7a19e0a5f2d346aeb7bd8dce585df9c5, dc3195aeed8d41f5a089070d7ffc3999
I20260709 13:17:55.412722 20890 consensus_queue.cc:260] T c87a8c6a2f15462095f53ad9b9bca3b8 P dc3195aeed8d41f5a089070d7ffc3999 [NON_LEADER]: Queue going to NON_LEADER mode. State: All replicated index: 0, Majority replicated index: 0, Committed index: 0, Last appended: 0.0, Last appended by leader: 0, Current term: 0, Majority size: -1, State: 0, Mode: NON_LEADER, active raft config: opid_index: -1 OBSOLETE_local: false peers { permanent_uuid: "7a19e0a5f2d346aeb7bd8dce585df9c5" member_type: VOTER last_known_addr { host: "127.19.35.1" port: 41709 } } peers { permanent_uuid: "6e043233e2c143d287ff58bb7f2c6047" member_type: VOTER last_known_addr { host: "127.19.35.2" port: 45331 } } peers { permanent_uuid: "dc3195aeed8d41f5a089070d7ffc3999" member_type: VOTER last_known_addr { host: "127.19.35.3" port: 40823 } }
I20260709 13:17:55.414007 20927 raft_consensus.cc:515] T 28053c6c21c344cb8ef5c2b785ec3dfe P 7a19e0a5f2d346aeb7bd8dce585df9c5 [term 0 FOLLOWER]: Starting pre-election with config: opid_index: -1 OBSOLETE_local: false peers { permanent_uuid: "7a19e0a5f2d346aeb7bd8dce585df9c5" member_type: VOTER last_known_addr { host: "127.19.35.1" port: 41709 } } peers { permanent_uuid: "6e043233e2c143d287ff58bb7f2c6047" member_type: VOTER last_known_addr { host: "127.19.35.2" port: 45331 } } peers { permanent_uuid: "dc3195aeed8d41f5a089070d7ffc3999" member_type: VOTER last_known_addr { host: "127.19.35.3" port: 40823 } }
I20260709 13:17:55.415446 20890 ts_tablet_manager.cc:1434] T c87a8c6a2f15462095f53ad9b9bca3b8 P dc3195aeed8d41f5a089070d7ffc3999: Time spent starting tablet: real 0.008s	user 0.005s	sys 0.000s
I20260709 13:17:55.416448 20739 leader_election.cc:304] T c06aea1c998d4a60b6df792099b28473 P 6e043233e2c143d287ff58bb7f2c6047 [CANDIDATE]: Term 1 pre-election: Election decided. Result: candidate won. Election summary: received 2 responses out of 3 voters: 2 yes votes; 0 no votes. yes voters: 6e043233e2c143d287ff58bb7f2c6047, 7a19e0a5f2d346aeb7bd8dce585df9c5; no voters: 
I20260709 13:17:55.412367 20898 raft_consensus.cc:515] T c3216b5822ff42d4b76e711c3946da4c P 7a19e0a5f2d346aeb7bd8dce585df9c5 [term 0 FOLLOWER]: Starting pre-election with config: opid_index: -1 OBSOLETE_local: false peers { permanent_uuid: "7a19e0a5f2d346aeb7bd8dce585df9c5" member_type: VOTER last_known_addr { host: "127.19.35.1" port: 41709 } } peers { permanent_uuid: "6e043233e2c143d287ff58bb7f2c6047" member_type: VOTER last_known_addr { host: "127.19.35.2" port: 45331 } } peers { permanent_uuid: "dc3195aeed8d41f5a089070d7ffc3999" member_type: VOTER last_known_addr { host: "127.19.35.3" port: 40823 } }
I20260709 13:17:55.419668 20927 leader_election.cc:290] T 28053c6c21c344cb8ef5c2b785ec3dfe P 7a19e0a5f2d346aeb7bd8dce585df9c5 [CANDIDATE]: Term 1 pre-election: Requested pre-vote from peers 6e043233e2c143d287ff58bb7f2c6047 (127.19.35.2:45331), dc3195aeed8d41f5a089070d7ffc3999 (127.19.35.3:40823)
I20260709 13:17:55.420401 20898 leader_election.cc:290] T c3216b5822ff42d4b76e711c3946da4c P 7a19e0a5f2d346aeb7bd8dce585df9c5 [CANDIDATE]: Term 1 pre-election: Requested pre-vote from peers 6e043233e2c143d287ff58bb7f2c6047 (127.19.35.2:45331), dc3195aeed8d41f5a089070d7ffc3999 (127.19.35.3:40823)
W20260709 13:17:55.421304 20929 log.cc:927] Time spent T 5dda5d5ea92c4fddad75bd9ee004be40 P 7a19e0a5f2d346aeb7bd8dce585df9c5: Append to log took a long time: real 0.103s	user 0.002s	sys 0.008s
I20260709 13:17:55.421799 20771 tablet_service.cc:1917] Received RequestConsensusVote() RPC: tablet_id: "28053c6c21c344cb8ef5c2b785ec3dfe" candidate_uuid: "7a19e0a5f2d346aeb7bd8dce585df9c5" candidate_term: 1 candidate_status { last_received { term: 0 index: 0 } } ignore_live_leader: false dest_uuid: "6e043233e2c143d287ff58bb7f2c6047" is_pre_election: true
I20260709 13:17:55.422461 20914 raft_consensus.cc:2749] T e85fdadea6dc4a6a8ef0e4d3bbda670a P 6e043233e2c143d287ff58bb7f2c6047 [term 0 FOLLOWER]: Leader pre-election lost for term 1. Reason: could not achieve majority
I20260709 13:17:55.423395 20773 tablet_service.cc:1917] Received RequestConsensusVote() RPC: tablet_id: "c3216b5822ff42d4b76e711c3946da4c" candidate_uuid: "7a19e0a5f2d346aeb7bd8dce585df9c5" candidate_term: 1 candidate_status { last_received { term: 0 index: 0 } } ignore_live_leader: false dest_uuid: "6e043233e2c143d287ff58bb7f2c6047" is_pre_election: true
I20260709 13:17:55.423820 20890 tablet_bootstrap.cc:492] T 8078285f512a46e0b82d8de71dfc28a1 P dc3195aeed8d41f5a089070d7ffc3999: Bootstrap starting.
I20260709 13:17:55.425133 20813 leader_election.cc:304] T c06aea1c998d4a60b6df792099b28473 P dc3195aeed8d41f5a089070d7ffc3999 [CANDIDATE]: Term 1 pre-election: Election decided. Result: candidate won. Election summary: received 2 responses out of 3 voters: 2 yes votes; 0 no votes. yes voters: 7a19e0a5f2d346aeb7bd8dce585df9c5, dc3195aeed8d41f5a089070d7ffc3999; no voters: 
I20260709 13:17:55.451609 20895 raft_consensus.cc:2804] T c06aea1c998d4a60b6df792099b28473 P dc3195aeed8d41f5a089070d7ffc3999 [term 0 FOLLOWER]: Leader pre-election won for term 1
I20260709 13:17:55.451973 20895 raft_consensus.cc:493] T c06aea1c998d4a60b6df792099b28473 P dc3195aeed8d41f5a089070d7ffc3999 [term 0 FOLLOWER]: Starting leader election (no leader contacted us within the election timeout)
I20260709 13:17:55.452013 20813 leader_election.cc:304] T fbc763bd736a45c4b53fc3b43b4fdd08 P dc3195aeed8d41f5a089070d7ffc3999 [CANDIDATE]: Term 1 pre-election: Election decided. Result: candidate won. Election summary: received 2 responses out of 3 voters: 2 yes votes; 0 no votes. yes voters: 7a19e0a5f2d346aeb7bd8dce585df9c5, dc3195aeed8d41f5a089070d7ffc3999; no voters: 
I20260709 13:17:55.452323 20915 consensus_queue.cc:1048] T cd92ccf6261a42c1853cace0be76514b P dc3195aeed8d41f5a089070d7ffc3999 [LEADER]: Connected to new peer: Peer: permanent_uuid: "7a19e0a5f2d346aeb7bd8dce585df9c5" member_type: VOTER last_known_addr { host: "127.19.35.1" port: 41709 }, Status: LMP_MISMATCH, Last received: 0.0, Next index: 1, Last known committed idx: 0, Time since last communication: 0.000s
I20260709 13:17:55.424454 20894 raft_consensus.cc:2804] T c06aea1c998d4a60b6df792099b28473 P 6e043233e2c143d287ff58bb7f2c6047 [term 0 FOLLOWER]: Leader pre-election won for term 1
I20260709 13:17:55.453461 20948 raft_consensus.cc:2804] T fbc763bd736a45c4b53fc3b43b4fdd08 P dc3195aeed8d41f5a089070d7ffc3999 [term 0 FOLLOWER]: Leader pre-election won for term 1
I20260709 13:17:55.427878 20980 consensus_queue.cc:1048] T a365b8eb92224853a9df3887bfefe868 P 6e043233e2c143d287ff58bb7f2c6047 [LEADER]: Connected to new peer: Peer: permanent_uuid: "dc3195aeed8d41f5a089070d7ffc3999" member_type: VOTER last_known_addr { host: "127.19.35.3" port: 40823 }, Status: LMP_MISMATCH, Last received: 0.0, Next index: 1, Last known committed idx: 0, Time since last communication: 0.026s
I20260709 13:17:55.453924 20948 raft_consensus.cc:493] T fbc763bd736a45c4b53fc3b43b4fdd08 P dc3195aeed8d41f5a089070d7ffc3999 [term 0 FOLLOWER]: Starting leader election (no leader contacted us within the election timeout)
I20260709 13:17:55.439358 20927 consensus_queue.cc:1048] T 386abd7b160b46188cdcd147ad722fbc P 7a19e0a5f2d346aeb7bd8dce585df9c5 [LEADER]: Connected to new peer: Peer: permanent_uuid: "6e043233e2c143d287ff58bb7f2c6047" member_type: VOTER last_known_addr { host: "127.19.35.2" port: 45331 }, Status: LMP_MISMATCH, Last received: 0.0, Next index: 1, Last known committed idx: 0, Time since last communication: 0.014s
I20260709 13:17:55.454358 20948 raft_consensus.cc:3060] T fbc763bd736a45c4b53fc3b43b4fdd08 P dc3195aeed8d41f5a089070d7ffc3999 [term 0 FOLLOWER]: Advancing to term 1
I20260709 13:17:55.454442 20895 raft_consensus.cc:3060] T c06aea1c998d4a60b6df792099b28473 P dc3195aeed8d41f5a089070d7ffc3999 [term 0 FOLLOWER]: Advancing to term 1
I20260709 13:17:55.455051 20894 raft_consensus.cc:493] T c06aea1c998d4a60b6df792099b28473 P 6e043233e2c143d287ff58bb7f2c6047 [term 0 FOLLOWER]: Starting leader election (no leader contacted us within the election timeout)
I20260709 13:17:55.461185 20887 tablet_bootstrap.cc:492] T 8078285f512a46e0b82d8de71dfc28a1 P 6e043233e2c143d287ff58bb7f2c6047: No bootstrap required, opened a new log
I20260709 13:17:55.461350 20894 raft_consensus.cc:3060] T c06aea1c998d4a60b6df792099b28473 P 6e043233e2c143d287ff58bb7f2c6047 [term 0 FOLLOWER]: Advancing to term 1
I20260709 13:17:55.461644 20887 ts_tablet_manager.cc:1403] T 8078285f512a46e0b82d8de71dfc28a1 P 6e043233e2c143d287ff58bb7f2c6047: Time spent bootstrapping tablet: real 0.286s	user 0.051s	sys 0.039s
I20260709 13:17:55.424417 20770 tablet_service.cc:1917] Received RequestConsensusVote() RPC: tablet_id: "fbc763bd736a45c4b53fc3b43b4fdd08" candidate_uuid: "dc3195aeed8d41f5a089070d7ffc3999" candidate_term: 1 candidate_status { last_received { term: 0 index: 0 } } ignore_live_leader: false dest_uuid: "6e043233e2c143d287ff58bb7f2c6047" is_pre_election: true
I20260709 13:17:55.463847 20845 tablet_service.cc:1917] Received RequestConsensusVote() RPC: tablet_id: "a365b8eb92224853a9df3887bfefe868" candidate_uuid: "7a19e0a5f2d346aeb7bd8dce585df9c5" candidate_term: 2 candidate_status { last_received { term: 0 index: 0 } } ignore_live_leader: false dest_uuid: "dc3195aeed8d41f5a089070d7ffc3999" is_pre_election: true
I20260709 13:17:55.425890 20944 consensus_queue.cc:1048] T 3fed85106fa64a57a670c1dc480122bf P dc3195aeed8d41f5a089070d7ffc3999 [LEADER]: Connected to new peer: Peer: permanent_uuid: "7a19e0a5f2d346aeb7bd8dce585df9c5" member_type: VOTER last_known_addr { host: "127.19.35.1" port: 41709 }, Status: LMP_MISMATCH, Last received: 0.0, Next index: 1, Last known committed idx: 0, Time since last communication: 0.038s
I20260709 13:17:55.439957 20594 catalog_manager.cc:5697] T 75aef2c623f548338e43338b3bfe865e P 7a19e0a5f2d346aeb7bd8dce585df9c5 reported cstate change: term changed from 0 to 1, leader changed from <none> to 7a19e0a5f2d346aeb7bd8dce585df9c5 (127.19.35.1). New cstate: current_term: 1 leader_uuid: "7a19e0a5f2d346aeb7bd8dce585df9c5" committed_config { opid_index: -1 OBSOLETE_local: false peers { permanent_uuid: "7a19e0a5f2d346aeb7bd8dce585df9c5" member_type: VOTER last_known_addr { host: "127.19.35.1" port: 41709 } health_report { overall_health: HEALTHY } } peers { permanent_uuid: "6e043233e2c143d287ff58bb7f2c6047" member_type: VOTER last_known_addr { host: "127.19.35.2" port: 45331 } health_report { overall_health: UNKNOWN } } peers { permanent_uuid: "dc3195aeed8d41f5a089070d7ffc3999" member_type: VOTER last_known_addr { host: "127.19.35.3" port: 40823 } health_report { overall_health: UNKNOWN } } }
I20260709 13:17:55.464432 20845 raft_consensus.cc:2468] T a365b8eb92224853a9df3887bfefe868 P dc3195aeed8d41f5a089070d7ffc3999 [term 1 FOLLOWER]: Leader pre-election vote request: Granting yes vote for candidate 7a19e0a5f2d346aeb7bd8dce585df9c5 in term 1.
I20260709 13:17:55.452757 20773 raft_consensus.cc:2468] T c3216b5822ff42d4b76e711c3946da4c P 6e043233e2c143d287ff58bb7f2c6047 [term 0 FOLLOWER]: Leader pre-election vote request: Granting yes vote for candidate 7a19e0a5f2d346aeb7bd8dce585df9c5 in term 0.
I20260709 13:17:55.472929 20944 consensus_queue.cc:1048] T 3fed85106fa64a57a670c1dc480122bf P dc3195aeed8d41f5a089070d7ffc3999 [LEADER]: Connected to new peer: Peer: permanent_uuid: "6e043233e2c143d287ff58bb7f2c6047" member_type: VOTER last_known_addr { host: "127.19.35.2" port: 45331 }, Status: LMP_MISMATCH, Last received: 0.0, Next index: 1, Last known committed idx: 0, Time since last communication: 0.000s
I20260709 13:17:55.479539 20895 raft_consensus.cc:515] T c06aea1c998d4a60b6df792099b28473 P dc3195aeed8d41f5a089070d7ffc3999 [term 1 FOLLOWER]: Starting leader election with config: opid_index: -1 OBSOLETE_local: false peers { permanent_uuid: "7a19e0a5f2d346aeb7bd8dce585df9c5" member_type: VOTER last_known_addr { host: "127.19.35.1" port: 41709 } } peers { permanent_uuid: "6e043233e2c143d287ff58bb7f2c6047" member_type: VOTER last_known_addr { host: "127.19.35.2" port: 45331 } } peers { permanent_uuid: "dc3195aeed8d41f5a089070d7ffc3999" member_type: VOTER last_known_addr { host: "127.19.35.3" port: 40823 } }
W20260709 13:17:55.480280 20813 leader_election.cc:343] T fbc763bd736a45c4b53fc3b43b4fdd08 P dc3195aeed8d41f5a089070d7ffc3999 [CANDIDATE]: Term 1 pre-election: Tablet error from VoteRequest() call to peer 6e043233e2c143d287ff58bb7f2c6047 (127.19.35.2:45331): Illegal state: must be running to vote when last-logged opid is not known
I20260709 13:17:55.481460 20895 leader_election.cc:290] T c06aea1c998d4a60b6df792099b28473 P dc3195aeed8d41f5a089070d7ffc3999 [CANDIDATE]: Term 1 election: Requested vote from peers 7a19e0a5f2d346aeb7bd8dce585df9c5 (127.19.35.1:41709), 6e043233e2c143d287ff58bb7f2c6047 (127.19.35.2:45331)
I20260709 13:17:55.468796 20948 raft_consensus.cc:515] T fbc763bd736a45c4b53fc3b43b4fdd08 P dc3195aeed8d41f5a089070d7ffc3999 [term 1 FOLLOWER]: Starting leader election with config: opid_index: -1 OBSOLETE_local: false peers { permanent_uuid: "7a19e0a5f2d346aeb7bd8dce585df9c5" member_type: VOTER last_known_addr { host: "127.19.35.1" port: 41709 } } peers { permanent_uuid: "6e043233e2c143d287ff58bb7f2c6047" member_type: VOTER last_known_addr { host: "127.19.35.2" port: 45331 } } peers { permanent_uuid: "dc3195aeed8d41f5a089070d7ffc3999" member_type: VOTER last_known_addr { host: "127.19.35.3" port: 40823 } }
I20260709 13:17:55.469374 20847 tablet_service.cc:1917] Received RequestConsensusVote() RPC: tablet_id: "28053c6c21c344cb8ef5c2b785ec3dfe" candidate_uuid: "7a19e0a5f2d346aeb7bd8dce585df9c5" candidate_term: 1 candidate_status { last_received { term: 0 index: 0 } } ignore_live_leader: false dest_uuid: "dc3195aeed8d41f5a089070d7ffc3999" is_pre_election: true
I20260709 13:17:55.470755 20844 tablet_service.cc:1917] Received RequestConsensusVote() RPC: tablet_id: "c3216b5822ff42d4b76e711c3946da4c" candidate_uuid: "7a19e0a5f2d346aeb7bd8dce585df9c5" candidate_term: 1 candidate_status { last_received { term: 0 index: 0 } } ignore_live_leader: false dest_uuid: "dc3195aeed8d41f5a089070d7ffc3999" is_pre_election: true
I20260709 13:17:55.470804 20894 raft_consensus.cc:515] T c06aea1c998d4a60b6df792099b28473 P 6e043233e2c143d287ff58bb7f2c6047 [term 1 FOLLOWER]: Starting leader election with config: opid_index: -1 OBSOLETE_local: false peers { permanent_uuid: "7a19e0a5f2d346aeb7bd8dce585df9c5" member_type: VOTER last_known_addr { host: "127.19.35.1" port: 41709 } } peers { permanent_uuid: "6e043233e2c143d287ff58bb7f2c6047" member_type: VOTER last_known_addr { host: "127.19.35.2" port: 45331 } } peers { permanent_uuid: "dc3195aeed8d41f5a089070d7ffc3999" member_type: VOTER last_known_addr { host: "127.19.35.3" port: 40823 } }
W20260709 13:17:55.471001 20664 leader_election.cc:343] T 28053c6c21c344cb8ef5c2b785ec3dfe P 7a19e0a5f2d346aeb7bd8dce585df9c5 [CANDIDATE]: Term 1 pre-election: Tablet error from VoteRequest() call to peer 6e043233e2c143d287ff58bb7f2c6047 (127.19.35.2:45331): Illegal state: must be running to vote when last-logged opid is not known
I20260709 13:17:55.561269 20887 raft_consensus.cc:359] T 8078285f512a46e0b82d8de71dfc28a1 P 6e043233e2c143d287ff58bb7f2c6047 [term 0 FOLLOWER]: Replica starting. Triggering 0 pending ops. Active config: opid_index: -1 OBSOLETE_local: false peers { permanent_uuid: "7a19e0a5f2d346aeb7bd8dce585df9c5" member_type: VOTER last_known_addr { host: "127.19.35.1" port: 41709 } } peers { permanent_uuid: "6e043233e2c143d287ff58bb7f2c6047" member_type: VOTER last_known_addr { host: "127.19.35.2" port: 45331 } } peers { permanent_uuid: "dc3195aeed8d41f5a089070d7ffc3999" member_type: VOTER last_known_addr { host: "127.19.35.3" port: 40823 } }
I20260709 13:17:55.561998 20887 raft_consensus.cc:385] T 8078285f512a46e0b82d8de71dfc28a1 P 6e043233e2c143d287ff58bb7f2c6047 [term 0 FOLLOWER]: Consensus starting up: Expiring failure detector timer to make a prompt election more likely
I20260709 13:17:55.562295 20887 raft_consensus.cc:740] T 8078285f512a46e0b82d8de71dfc28a1 P 6e043233e2c143d287ff58bb7f2c6047 [term 0 FOLLOWER]: Becoming Follower/Learner. State: Replica: 6e043233e2c143d287ff58bb7f2c6047, State: Initialized, Role: FOLLOWER
I20260709 13:17:55.562960 20887 consensus_queue.cc:260] T 8078285f512a46e0b82d8de71dfc28a1 P 6e043233e2c143d287ff58bb7f2c6047 [NON_LEADER]: Queue going to NON_LEADER mode. State: All replicated index: 0, Majority replicated index: 0, Committed index: 0, Last appended: 0.0, Last appended by leader: 0, Current term: 0, Majority size: -1, State: 0, Mode: NON_LEADER, active raft config: opid_index: -1 OBSOLETE_local: false peers { permanent_uuid: "7a19e0a5f2d346aeb7bd8dce585df9c5" member_type: VOTER last_known_addr { host: "127.19.35.1" port: 41709 } } peers { permanent_uuid: "6e043233e2c143d287ff58bb7f2c6047" member_type: VOTER last_known_addr { host: "127.19.35.2" port: 45331 } } peers { permanent_uuid: "dc3195aeed8d41f5a089070d7ffc3999" member_type: VOTER last_known_addr { host: "127.19.35.3" port: 40823 } }
I20260709 13:17:55.568594 20887 ts_tablet_manager.cc:1434] T 8078285f512a46e0b82d8de71dfc28a1 P 6e043233e2c143d287ff58bb7f2c6047: Time spent starting tablet: real 0.107s	user 0.014s	sys 0.011s
I20260709 13:17:55.569521 20887 tablet_bootstrap.cc:492] T bb9ac841d3964042ae49ad6d038afaee P 6e043233e2c143d287ff58bb7f2c6047: Bootstrap starting.
W20260709 13:17:55.562845 20813 outbound_call.cc:321] RPC callback for RPC call kudu.consensus.ConsensusService.RequestConsensusVote -> {remote=127.19.35.2:45331, user_credentials={real_user=slave}} blocked reactor thread for 82587.7us
I20260709 13:17:55.575405 20664 leader_election.cc:304] T a365b8eb92224853a9df3887bfefe868 P 7a19e0a5f2d346aeb7bd8dce585df9c5 [CANDIDATE]: Term 2 pre-election: Election decided. Result: candidate won. Election summary: received 3 responses out of 3 voters: 2 yes votes; 1 no votes. yes voters: 7a19e0a5f2d346aeb7bd8dce585df9c5, dc3195aeed8d41f5a089070d7ffc3999; no voters: 6e043233e2c143d287ff58bb7f2c6047
I20260709 13:17:55.575935 20898 consensus_queue.cc:1048] T 386abd7b160b46188cdcd147ad722fbc P 7a19e0a5f2d346aeb7bd8dce585df9c5 [LEADER]: Connected to new peer: Peer: permanent_uuid: "dc3195aeed8d41f5a089070d7ffc3999" member_type: VOTER last_known_addr { host: "127.19.35.3" port: 40823 }, Status: LMP_MISMATCH, Last received: 0.0, Next index: 1, Last known committed idx: 0, Time since last communication: 0.000s
W20260709 13:17:55.576972 20664 leader_election.cc:343] T 28053c6c21c344cb8ef5c2b785ec3dfe P 7a19e0a5f2d346aeb7bd8dce585df9c5 [CANDIDATE]: Term 1 pre-election: Tablet error from VoteRequest() call to peer dc3195aeed8d41f5a089070d7ffc3999 (127.19.35.3:40823): Illegal state: must be running to vote when last-logged opid is not known
W20260709 13:17:55.577091 20644 auto_rebalancer.cc:288] Could not retrieve cluster info: Service unavailable: Tablet not running
I20260709 13:17:55.577386 20664 leader_election.cc:304] T 28053c6c21c344cb8ef5c2b785ec3dfe P 7a19e0a5f2d346aeb7bd8dce585df9c5 [CANDIDATE]: Term 1 pre-election: Election decided. Result: candidate lost. Election summary: received 3 responses out of 3 voters: 1 yes votes; 2 no votes. yes voters: 7a19e0a5f2d346aeb7bd8dce585df9c5; no voters: 6e043233e2c143d287ff58bb7f2c6047, dc3195aeed8d41f5a089070d7ffc3999
I20260709 13:17:55.578264 20894 leader_election.cc:290] T c06aea1c998d4a60b6df792099b28473 P 6e043233e2c143d287ff58bb7f2c6047 [CANDIDATE]: Term 1 election: Requested vote from peers 7a19e0a5f2d346aeb7bd8dce585df9c5 (127.19.35.1:41709), dc3195aeed8d41f5a089070d7ffc3999 (127.19.35.3:40823)
I20260709 13:17:55.524159 20844 raft_consensus.cc:2468] T c3216b5822ff42d4b76e711c3946da4c P dc3195aeed8d41f5a089070d7ffc3999 [term 0 FOLLOWER]: Leader pre-election vote request: Granting yes vote for candidate 7a19e0a5f2d346aeb7bd8dce585df9c5 in term 0.
I20260709 13:17:55.584497 20898 raft_consensus.cc:2804] T a365b8eb92224853a9df3887bfefe868 P 7a19e0a5f2d346aeb7bd8dce585df9c5 [term 1 FOLLOWER]: Leader pre-election won for term 2
I20260709 13:17:55.582846 20963 raft_consensus.cc:2749] T 28053c6c21c344cb8ef5c2b785ec3dfe P 7a19e0a5f2d346aeb7bd8dce585df9c5 [term 0 FOLLOWER]: Leader pre-election lost for term 1. Reason: could not achieve majority
I20260709 13:17:55.586859 20948 leader_election.cc:290] T fbc763bd736a45c4b53fc3b43b4fdd08 P dc3195aeed8d41f5a089070d7ffc3999 [CANDIDATE]: Term 1 election: Requested vote from peers 7a19e0a5f2d346aeb7bd8dce585df9c5 (127.19.35.1:41709), 6e043233e2c143d287ff58bb7f2c6047 (127.19.35.2:45331)
I20260709 13:17:55.589951 20664 leader_election.cc:304] T c3216b5822ff42d4b76e711c3946da4c P 7a19e0a5f2d346aeb7bd8dce585df9c5 [CANDIDATE]: Term 1 pre-election: Election decided. Result: candidate won. Election summary: received 2 responses out of 3 voters: 2 yes votes; 0 no votes. yes voters: 6e043233e2c143d287ff58bb7f2c6047, 7a19e0a5f2d346aeb7bd8dce585df9c5; no voters: 
I20260709 13:17:55.590819 20693 tablet_service.cc:1917] Received RequestConsensusVote() RPC: tablet_id: "fbc763bd736a45c4b53fc3b43b4fdd08" candidate_uuid: "dc3195aeed8d41f5a089070d7ffc3999" candidate_term: 1 candidate_status { last_received { term: 0 index: 0 } } ignore_live_leader: false dest_uuid: "7a19e0a5f2d346aeb7bd8dce585df9c5"
I20260709 13:17:55.591427 20693 raft_consensus.cc:3060] T fbc763bd736a45c4b53fc3b43b4fdd08 P 7a19e0a5f2d346aeb7bd8dce585df9c5 [term 0 FOLLOWER]: Advancing to term 1
I20260709 13:17:55.591922 20844 tablet_service.cc:1917] Received RequestConsensusVote() RPC: tablet_id: "c06aea1c998d4a60b6df792099b28473" candidate_uuid: "6e043233e2c143d287ff58bb7f2c6047" candidate_term: 1 candidate_status { last_received { term: 0 index: 0 } } ignore_live_leader: false dest_uuid: "dc3195aeed8d41f5a089070d7ffc3999"
I20260709 13:17:55.592650 20844 raft_consensus.cc:2393] T c06aea1c998d4a60b6df792099b28473 P dc3195aeed8d41f5a089070d7ffc3999 [term 1 FOLLOWER]: Leader election vote request: Denying vote to candidate 6e043233e2c143d287ff58bb7f2c6047 in current term 1: Already voted for candidate dc3195aeed8d41f5a089070d7ffc3999 in this term.
I20260709 13:17:55.594090 20887 tablet_bootstrap.cc:654] T bb9ac841d3964042ae49ad6d038afaee P 6e043233e2c143d287ff58bb7f2c6047: Neither blocks nor log segments found. Creating new log.
I20260709 13:17:55.587519 20697 tablet_service.cc:1917] Received RequestConsensusVote() RPC: tablet_id: "c06aea1c998d4a60b6df792099b28473" candidate_uuid: "dc3195aeed8d41f5a089070d7ffc3999" candidate_term: 1 candidate_status { last_received { term: 0 index: 0 } } ignore_live_leader: false dest_uuid: "7a19e0a5f2d346aeb7bd8dce585df9c5"
I20260709 13:17:55.602459 20696 tablet_service.cc:1917] Received RequestConsensusVote() RPC: tablet_id: "c06aea1c998d4a60b6df792099b28473" candidate_uuid: "6e043233e2c143d287ff58bb7f2c6047" candidate_term: 1 candidate_status { last_received { term: 0 index: 0 } } ignore_live_leader: false dest_uuid: "7a19e0a5f2d346aeb7bd8dce585df9c5"
I20260709 13:17:55.602675 20889 tablet_bootstrap.cc:492] T f8cff7df8444419bb66ccdaf42d87aaf P 7a19e0a5f2d346aeb7bd8dce585df9c5: No bootstrap required, opened a new log
I20260709 13:17:55.598716 20963 raft_consensus.cc:2804] T c3216b5822ff42d4b76e711c3946da4c P 7a19e0a5f2d346aeb7bd8dce585df9c5 [term 0 FOLLOWER]: Leader pre-election won for term 1
I20260709 13:17:55.603883 20770 tablet_service.cc:1917] Received RequestConsensusVote() RPC: tablet_id: "c06aea1c998d4a60b6df792099b28473" candidate_uuid: "dc3195aeed8d41f5a089070d7ffc3999" candidate_term: 1 candidate_status { last_received { term: 0 index: 0 } } ignore_live_leader: false dest_uuid: "6e043233e2c143d287ff58bb7f2c6047"
I20260709 13:17:55.604171 20963 raft_consensus.cc:493] T c3216b5822ff42d4b76e711c3946da4c P 7a19e0a5f2d346aeb7bd8dce585df9c5 [term 0 FOLLOWER]: Starting leader election (no leader contacted us within the election timeout)
I20260709 13:17:55.604512 20963 raft_consensus.cc:3060] T c3216b5822ff42d4b76e711c3946da4c P 7a19e0a5f2d346aeb7bd8dce585df9c5 [term 0 FOLLOWER]: Advancing to term 1
I20260709 13:17:55.604609 20770 raft_consensus.cc:2393] T c06aea1c998d4a60b6df792099b28473 P 6e043233e2c143d287ff58bb7f2c6047 [term 1 FOLLOWER]: Leader election vote request: Denying vote to candidate dc3195aeed8d41f5a089070d7ffc3999 in current term 1: Already voted for candidate 6e043233e2c143d287ff58bb7f2c6047 in this term.
I20260709 13:17:55.601351 20697 raft_consensus.cc:3060] T c06aea1c998d4a60b6df792099b28473 P 7a19e0a5f2d346aeb7bd8dce585df9c5 [term 0 FOLLOWER]: Advancing to term 1
I20260709 13:17:55.603185 20889 ts_tablet_manager.cc:1403] T f8cff7df8444419bb66ccdaf42d87aaf P 7a19e0a5f2d346aeb7bd8dce585df9c5: Time spent bootstrapping tablet: real 0.354s	user 0.020s	sys 0.044s
I20260709 13:17:55.613049 20898 raft_consensus.cc:493] T a365b8eb92224853a9df3887bfefe868 P 7a19e0a5f2d346aeb7bd8dce585df9c5 [term 1 FOLLOWER]: Starting leader election (detected failure of leader 6e043233e2c143d287ff58bb7f2c6047)
I20260709 13:17:55.612739 20697 raft_consensus.cc:2468] T c06aea1c998d4a60b6df792099b28473 P 7a19e0a5f2d346aeb7bd8dce585df9c5 [term 1 FOLLOWER]: Leader election vote request: Granting yes vote for candidate dc3195aeed8d41f5a089070d7ffc3999 in term 1.
I20260709 13:17:55.613503 20898 raft_consensus.cc:3060] T a365b8eb92224853a9df3887bfefe868 P 7a19e0a5f2d346aeb7bd8dce585df9c5 [term 1 FOLLOWER]: Advancing to term 2
W20260709 13:17:55.625042 20739 consensus_peers.cc:597] T 7c84f111420447e8a29dffca627d54df P 6e043233e2c143d287ff58bb7f2c6047 -> Peer dc3195aeed8d41f5a089070d7ffc3999 (127.19.35.3:40823): Couldn't send request to peer dc3195aeed8d41f5a089070d7ffc3999. Error code: TABLET_NOT_RUNNING (12). Status: Illegal state: Tablet not RUNNING: INITIALIZED. This is attempt 1: this message will repeat every 5th retry.
I20260709 13:17:55.625960 20914 consensus_queue.cc:1048] T 7c84f111420447e8a29dffca627d54df P 6e043233e2c143d287ff58bb7f2c6047 [LEADER]: Connected to new peer: Peer: permanent_uuid: "7a19e0a5f2d346aeb7bd8dce585df9c5" member_type: VOTER last_known_addr { host: "127.19.35.1" port: 41709 }, Status: LMP_MISMATCH, Last received: 0.0, Next index: 1, Last known committed idx: 0, Time since last communication: 0.000s
I20260709 13:17:55.626142 20739 leader_election.cc:304] T c06aea1c998d4a60b6df792099b28473 P 6e043233e2c143d287ff58bb7f2c6047 [CANDIDATE]: Term 1 election: Election decided. Result: candidate lost. Election summary: received 3 responses out of 3 voters: 1 yes votes; 2 no votes. yes voters: 6e043233e2c143d287ff58bb7f2c6047; no voters: 7a19e0a5f2d346aeb7bd8dce585df9c5, dc3195aeed8d41f5a089070d7ffc3999
I20260709 13:17:55.629014 20944 raft_consensus.cc:493] T c87a8c6a2f15462095f53ad9b9bca3b8 P dc3195aeed8d41f5a089070d7ffc3999 [term 0 FOLLOWER]: Starting pre-election (no leader contacted us within the election timeout)
I20260709 13:17:55.629509 20944 raft_consensus.cc:515] T c87a8c6a2f15462095f53ad9b9bca3b8 P dc3195aeed8d41f5a089070d7ffc3999 [term 0 FOLLOWER]: Starting pre-election with config: opid_index: -1 OBSOLETE_local: false peers { permanent_uuid: "7a19e0a5f2d346aeb7bd8dce585df9c5" member_type: VOTER last_known_addr { host: "127.19.35.1" port: 41709 } } peers { permanent_uuid: "6e043233e2c143d287ff58bb7f2c6047" member_type: VOTER last_known_addr { host: "127.19.35.2" port: 45331 } } peers { permanent_uuid: "dc3195aeed8d41f5a089070d7ffc3999" member_type: VOTER last_known_addr { host: "127.19.35.3" port: 40823 } }
I20260709 13:17:55.629832 20693 raft_consensus.cc:2468] T fbc763bd736a45c4b53fc3b43b4fdd08 P 7a19e0a5f2d346aeb7bd8dce585df9c5 [term 1 FOLLOWER]: Leader election vote request: Granting yes vote for candidate dc3195aeed8d41f5a089070d7ffc3999 in term 1.
I20260709 13:17:55.631857 20988 raft_consensus.cc:2749] T c06aea1c998d4a60b6df792099b28473 P 6e043233e2c143d287ff58bb7f2c6047 [term 1 FOLLOWER]: Leader election lost for term 1. Reason: could not achieve majority
I20260709 13:17:55.632429 20944 leader_election.cc:290] T c87a8c6a2f15462095f53ad9b9bca3b8 P dc3195aeed8d41f5a089070d7ffc3999 [CANDIDATE]: Term 1 pre-election: Requested pre-vote from peers 7a19e0a5f2d346aeb7bd8dce585df9c5 (127.19.35.1:41709), 6e043233e2c143d287ff58bb7f2c6047 (127.19.35.2:45331)
I20260709 13:17:55.632965 20917 consensus_queue.cc:1048] T 1afba01147a84d7588109f6e7d2ce360 P 7a19e0a5f2d346aeb7bd8dce585df9c5 [LEADER]: Connected to new peer: Peer: permanent_uuid: "6e043233e2c143d287ff58bb7f2c6047" member_type: VOTER last_known_addr { host: "127.19.35.2" port: 45331 }, Status: LMP_MISMATCH, Last received: 0.0, Next index: 1, Last known committed idx: 0, Time since last communication: 0.000s
I20260709 13:17:55.633142 20963 raft_consensus.cc:515] T c3216b5822ff42d4b76e711c3946da4c P 7a19e0a5f2d346aeb7bd8dce585df9c5 [term 1 FOLLOWER]: Starting leader election with config: opid_index: -1 OBSOLETE_local: false peers { permanent_uuid: "7a19e0a5f2d346aeb7bd8dce585df9c5" member_type: VOTER last_known_addr { host: "127.19.35.1" port: 41709 } } peers { permanent_uuid: "6e043233e2c143d287ff58bb7f2c6047" member_type: VOTER last_known_addr { host: "127.19.35.2" port: 45331 } } peers { permanent_uuid: "dc3195aeed8d41f5a089070d7ffc3999" member_type: VOTER last_known_addr { host: "127.19.35.3" port: 40823 } }
I20260709 13:17:55.634616 20889 raft_consensus.cc:359] T f8cff7df8444419bb66ccdaf42d87aaf P 7a19e0a5f2d346aeb7bd8dce585df9c5 [term 0 FOLLOWER]: Replica starting. Triggering 0 pending ops. Active config: opid_index: -1 OBSOLETE_local: false peers { permanent_uuid: "7a19e0a5f2d346aeb7bd8dce585df9c5" member_type: VOTER last_known_addr { host: "127.19.35.1" port: 41709 } } peers { permanent_uuid: "6e043233e2c143d287ff58bb7f2c6047" member_type: VOTER last_known_addr { host: "127.19.35.2" port: 45331 } } peers { permanent_uuid: "dc3195aeed8d41f5a089070d7ffc3999" member_type: VOTER last_known_addr { host: "127.19.35.3" port: 40823 } }
I20260709 13:17:55.635298 20889 raft_consensus.cc:385] T f8cff7df8444419bb66ccdaf42d87aaf P 7a19e0a5f2d346aeb7bd8dce585df9c5 [term 0 FOLLOWER]: Consensus starting up: Expiring failure detector timer to make a prompt election more likely
I20260709 13:17:55.635555 20889 raft_consensus.cc:740] T f8cff7df8444419bb66ccdaf42d87aaf P 7a19e0a5f2d346aeb7bd8dce585df9c5 [term 0 FOLLOWER]: Becoming Follower/Learner. State: Replica: 7a19e0a5f2d346aeb7bd8dce585df9c5, State: Initialized, Role: FOLLOWER
I20260709 13:17:55.636179 20889 consensus_queue.cc:260] T f8cff7df8444419bb66ccdaf42d87aaf P 7a19e0a5f2d346aeb7bd8dce585df9c5 [NON_LEADER]: Queue going to NON_LEADER mode. State: All replicated index: 0, Majority replicated index: 0, Committed index: 0, Last appended: 0.0, Last appended by leader: 0, Current term: 0, Majority size: -1, State: 0, Mode: NON_LEADER, active raft config: opid_index: -1 OBSOLETE_local: false peers { permanent_uuid: "7a19e0a5f2d346aeb7bd8dce585df9c5" member_type: VOTER last_known_addr { host: "127.19.35.1" port: 41709 } } peers { permanent_uuid: "6e043233e2c143d287ff58bb7f2c6047" member_type: VOTER last_known_addr { host: "127.19.35.2" port: 45331 } } peers { permanent_uuid: "dc3195aeed8d41f5a089070d7ffc3999" member_type: VOTER last_known_addr { host: "127.19.35.3" port: 40823 } }
I20260709 13:17:55.635900 20813 leader_election.cc:304] T c06aea1c998d4a60b6df792099b28473 P dc3195aeed8d41f5a089070d7ffc3999 [CANDIDATE]: Term 1 election: Election decided. Result: candidate won. Election summary: received 2 responses out of 3 voters: 2 yes votes; 0 no votes. yes voters: 7a19e0a5f2d346aeb7bd8dce585df9c5, dc3195aeed8d41f5a089070d7ffc3999; no voters: 
I20260709 13:17:55.637696 20889 ts_tablet_manager.cc:1434] T f8cff7df8444419bb66ccdaf42d87aaf P 7a19e0a5f2d346aeb7bd8dce585df9c5: Time spent starting tablet: real 0.032s	user 0.002s	sys 0.000s
I20260709 13:17:55.638850 20696 tablet_service.cc:1917] Received RequestConsensusVote() RPC: tablet_id: "c87a8c6a2f15462095f53ad9b9bca3b8" candidate_uuid: "dc3195aeed8d41f5a089070d7ffc3999" candidate_term: 1 candidate_status { last_received { term: 0 index: 0 } } ignore_live_leader: false dest_uuid: "7a19e0a5f2d346aeb7bd8dce585df9c5" is_pre_election: true
I20260709 13:17:55.640887 20889 tablet_bootstrap.cc:492] T 8078285f512a46e0b82d8de71dfc28a1 P 7a19e0a5f2d346aeb7bd8dce585df9c5: Bootstrap starting.
I20260709 13:17:55.646919 20944 raft_consensus.cc:2804] T c06aea1c998d4a60b6df792099b28473 P dc3195aeed8d41f5a089070d7ffc3999 [term 1 FOLLOWER]: Leader election won for term 1
W20260709 13:17:55.650192 20813 leader_election.cc:343] T c87a8c6a2f15462095f53ad9b9bca3b8 P dc3195aeed8d41f5a089070d7ffc3999 [CANDIDATE]: Term 1 pre-election: Tablet error from VoteRequest() call to peer 7a19e0a5f2d346aeb7bd8dce585df9c5 (127.19.35.1:41709): Illegal state: must be running to vote when last-logged opid is not known
I20260709 13:17:55.650876 20813 leader_election.cc:304] T fbc763bd736a45c4b53fc3b43b4fdd08 P dc3195aeed8d41f5a089070d7ffc3999 [CANDIDATE]: Term 1 election: Election decided. Result: candidate won. Election summary: received 2 responses out of 3 voters: 2 yes votes; 0 no votes. yes voters: 7a19e0a5f2d346aeb7bd8dce585df9c5, dc3195aeed8d41f5a089070d7ffc3999; no voters: 
I20260709 13:17:55.653563 20895 raft_consensus.cc:2804] T fbc763bd736a45c4b53fc3b43b4fdd08 P dc3195aeed8d41f5a089070d7ffc3999 [term 1 FOLLOWER]: Leader election won for term 1
I20260709 13:17:55.641922 20927 consensus_queue.cc:1048] T 1afba01147a84d7588109f6e7d2ce360 P 7a19e0a5f2d346aeb7bd8dce585df9c5 [LEADER]: Connected to new peer: Peer: permanent_uuid: "dc3195aeed8d41f5a089070d7ffc3999" member_type: VOTER last_known_addr { host: "127.19.35.3" port: 40823 }, Status: LMP_MISMATCH, Last received: 0.0, Next index: 1, Last known committed idx: 0, Time since last communication: 0.013s
I20260709 13:17:55.655224 20895 raft_consensus.cc:697] T fbc763bd736a45c4b53fc3b43b4fdd08 P dc3195aeed8d41f5a089070d7ffc3999 [term 1 LEADER]: Becoming Leader. State: Replica: dc3195aeed8d41f5a089070d7ffc3999, State: Running, Role: LEADER
I20260709 13:17:55.659538 20895 consensus_queue.cc:237] T fbc763bd736a45c4b53fc3b43b4fdd08 P dc3195aeed8d41f5a089070d7ffc3999 [LEADER]: Queue going to LEADER mode. State: All replicated index: 0, Majority replicated index: 0, Committed index: 0, Last appended: 0.0, Last appended by leader: 0, Current term: 1, Majority size: 2, State: 0, Mode: LEADER, active raft config: opid_index: -1 OBSOLETE_local: false peers { permanent_uuid: "7a19e0a5f2d346aeb7bd8dce585df9c5" member_type: VOTER last_known_addr { host: "127.19.35.1" port: 41709 } } peers { permanent_uuid: "6e043233e2c143d287ff58bb7f2c6047" member_type: VOTER last_known_addr { host: "127.19.35.2" port: 45331 } } peers { permanent_uuid: "dc3195aeed8d41f5a089070d7ffc3999" member_type: VOTER last_known_addr { host: "127.19.35.3" port: 40823 } }
I20260709 13:17:55.662576 20889 tablet_bootstrap.cc:654] T 8078285f512a46e0b82d8de71dfc28a1 P 7a19e0a5f2d346aeb7bd8dce585df9c5: Neither blocks nor log segments found. Creating new log.
I20260709 13:17:55.647385 20944 raft_consensus.cc:697] T c06aea1c998d4a60b6df792099b28473 P dc3195aeed8d41f5a089070d7ffc3999 [term 1 LEADER]: Becoming Leader. State: Replica: dc3195aeed8d41f5a089070d7ffc3999, State: Running, Role: LEADER
I20260709 13:17:55.668926 20887 tablet_bootstrap.cc:492] T bb9ac841d3964042ae49ad6d038afaee P 6e043233e2c143d287ff58bb7f2c6047: No bootstrap required, opened a new log
I20260709 13:17:55.669415 20887 ts_tablet_manager.cc:1403] T bb9ac841d3964042ae49ad6d038afaee P 6e043233e2c143d287ff58bb7f2c6047: Time spent bootstrapping tablet: real 0.100s	user 0.016s	sys 0.032s
I20260709 13:17:55.678678 20890 tablet_bootstrap.cc:654] T 8078285f512a46e0b82d8de71dfc28a1 P dc3195aeed8d41f5a089070d7ffc3999: Neither blocks nor log segments found. Creating new log.
I20260709 13:17:55.679405 20915 consensus_queue.cc:1048] T 878054002eba47159b2dd11aac49cfd0 P dc3195aeed8d41f5a089070d7ffc3999 [LEADER]: Connected to new peer: Peer: permanent_uuid: "7a19e0a5f2d346aeb7bd8dce585df9c5" member_type: VOTER last_known_addr { host: "127.19.35.1" port: 41709 }, Status: LMP_MISMATCH, Last received: 0.0, Next index: 1, Last known committed idx: 0, Time since last communication: 0.001s
I20260709 13:17:55.679526 20964 consensus_queue.cc:1048] T 75aef2c623f548338e43338b3bfe865e P 7a19e0a5f2d346aeb7bd8dce585df9c5 [LEADER]: Connected to new peer: Peer: permanent_uuid: "6e043233e2c143d287ff58bb7f2c6047" member_type: VOTER last_known_addr { host: "127.19.35.2" port: 45331 }, Status: LMP_MISMATCH, Last received: 0.0, Next index: 1, Last known committed idx: 0, Time since last communication: 0.007s
I20260709 13:17:55.686645 20944 consensus_queue.cc:237] T c06aea1c998d4a60b6df792099b28473 P dc3195aeed8d41f5a089070d7ffc3999 [LEADER]: Queue going to LEADER mode. State: All replicated index: 0, Majority replicated index: 0, Committed index: 0, Last appended: 0.0, Last appended by leader: 0, Current term: 1, Majority size: 2, State: 0, Mode: LEADER, active raft config: opid_index: -1 OBSOLETE_local: false peers { permanent_uuid: "7a19e0a5f2d346aeb7bd8dce585df9c5" member_type: VOTER last_known_addr { host: "127.19.35.1" port: 41709 } } peers { permanent_uuid: "6e043233e2c143d287ff58bb7f2c6047" member_type: VOTER last_known_addr { host: "127.19.35.2" port: 45331 } } peers { permanent_uuid: "dc3195aeed8d41f5a089070d7ffc3999" member_type: VOTER last_known_addr { host: "127.19.35.3" port: 40823 } }
I20260709 13:17:55.695302 20773 tablet_service.cc:1917] Received RequestConsensusVote() RPC: tablet_id: "fbc763bd736a45c4b53fc3b43b4fdd08" candidate_uuid: "dc3195aeed8d41f5a089070d7ffc3999" candidate_term: 1 candidate_status { last_received { term: 0 index: 0 } } ignore_live_leader: false dest_uuid: "6e043233e2c143d287ff58bb7f2c6047"
I20260709 13:17:55.677282 20771 tablet_service.cc:1917] Received RequestConsensusVote() RPC: tablet_id: "c3216b5822ff42d4b76e711c3946da4c" candidate_uuid: "7a19e0a5f2d346aeb7bd8dce585df9c5" candidate_term: 1 candidate_status { last_received { term: 0 index: 0 } } ignore_live_leader: false dest_uuid: "6e043233e2c143d287ff58bb7f2c6047"
I20260709 13:17:55.680146 20963 leader_election.cc:290] T c3216b5822ff42d4b76e711c3946da4c P 7a19e0a5f2d346aeb7bd8dce585df9c5 [CANDIDATE]: Term 1 election: Requested vote from peers 6e043233e2c143d287ff58bb7f2c6047 (127.19.35.2:45331), dc3195aeed8d41f5a089070d7ffc3999 (127.19.35.3:40823)
W20260709 13:17:55.707010 20989 log.cc:927] Time spent T cd92ccf6261a42c1853cace0be76514b P 7a19e0a5f2d346aeb7bd8dce585df9c5: Append to log took a long time: real 0.053s	user 0.001s	sys 0.000s
I20260709 13:17:55.709581 20769 tablet_service.cc:1917] Received RequestConsensusVote() RPC: tablet_id: "c87a8c6a2f15462095f53ad9b9bca3b8" candidate_uuid: "dc3195aeed8d41f5a089070d7ffc3999" candidate_term: 1 candidate_status { last_received { term: 0 index: 0 } } ignore_live_leader: false dest_uuid: "6e043233e2c143d287ff58bb7f2c6047" is_pre_election: true
I20260709 13:17:55.700565 20771 raft_consensus.cc:3060] T c3216b5822ff42d4b76e711c3946da4c P 6e043233e2c143d287ff58bb7f2c6047 [term 0 FOLLOWER]: Advancing to term 1
I20260709 13:17:55.719573 20887 raft_consensus.cc:359] T bb9ac841d3964042ae49ad6d038afaee P 6e043233e2c143d287ff58bb7f2c6047 [term 0 FOLLOWER]: Replica starting. Triggering 0 pending ops. Active config: opid_index: -1 OBSOLETE_local: false peers { permanent_uuid: "7a19e0a5f2d346aeb7bd8dce585df9c5" member_type: VOTER last_known_addr { host: "127.19.35.1" port: 41709 } } peers { permanent_uuid: "6e043233e2c143d287ff58bb7f2c6047" member_type: VOTER last_known_addr { host: "127.19.35.2" port: 45331 } } peers { permanent_uuid: "dc3195aeed8d41f5a089070d7ffc3999" member_type: VOTER last_known_addr { host: "127.19.35.3" port: 40823 } }
I20260709 13:17:55.720424 20887 raft_consensus.cc:385] T bb9ac841d3964042ae49ad6d038afaee P 6e043233e2c143d287ff58bb7f2c6047 [term 0 FOLLOWER]: Consensus starting up: Expiring failure detector timer to make a prompt election more likely
I20260709 13:17:55.720633 20887 raft_consensus.cc:740] T bb9ac841d3964042ae49ad6d038afaee P 6e043233e2c143d287ff58bb7f2c6047 [term 0 FOLLOWER]: Becoming Follower/Learner. State: Replica: 6e043233e2c143d287ff58bb7f2c6047, State: Initialized, Role: FOLLOWER
I20260709 13:17:55.721148 20887 consensus_queue.cc:260] T bb9ac841d3964042ae49ad6d038afaee P 6e043233e2c143d287ff58bb7f2c6047 [NON_LEADER]: Queue going to NON_LEADER mode. State: All replicated index: 0, Majority replicated index: 0, Committed index: 0, Last appended: 0.0, Last appended by leader: 0, Current term: 0, Majority size: -1, State: 0, Mode: NON_LEADER, active raft config: opid_index: -1 OBSOLETE_local: false peers { permanent_uuid: "7a19e0a5f2d346aeb7bd8dce585df9c5" member_type: VOTER last_known_addr { host: "127.19.35.1" port: 41709 } } peers { permanent_uuid: "6e043233e2c143d287ff58bb7f2c6047" member_type: VOTER last_known_addr { host: "127.19.35.2" port: 45331 } } peers { permanent_uuid: "dc3195aeed8d41f5a089070d7ffc3999" member_type: VOTER last_known_addr { host: "127.19.35.3" port: 40823 } }
I20260709 13:17:55.712968 20898 raft_consensus.cc:515] T a365b8eb92224853a9df3887bfefe868 P 7a19e0a5f2d346aeb7bd8dce585df9c5 [term 2 FOLLOWER]: Starting leader election with config: opid_index: -1 OBSOLETE_local: false peers { permanent_uuid: "7a19e0a5f2d346aeb7bd8dce585df9c5" member_type: VOTER last_known_addr { host: "127.19.35.1" port: 41709 } } peers { permanent_uuid: "6e043233e2c143d287ff58bb7f2c6047" member_type: VOTER last_known_addr { host: "127.19.35.2" port: 45331 } } peers { permanent_uuid: "dc3195aeed8d41f5a089070d7ffc3999" member_type: VOTER last_known_addr { host: "127.19.35.3" port: 40823 } }
I20260709 13:17:55.725991 20887 ts_tablet_manager.cc:1434] T bb9ac841d3964042ae49ad6d038afaee P 6e043233e2c143d287ff58bb7f2c6047: Time spent starting tablet: real 0.056s	user 0.005s	sys 0.000s
I20260709 13:17:55.726863 20887 tablet_bootstrap.cc:492] T 549b2fad37ad4cfe92bf30b92fe68ea9 P 6e043233e2c143d287ff58bb7f2c6047: Bootstrap starting.
I20260709 13:17:55.732137 20978 consensus_queue.cc:1048] T 96be9a7bc3ad4df78286e46695cebb91 P 7a19e0a5f2d346aeb7bd8dce585df9c5 [LEADER]: Connected to new peer: Peer: permanent_uuid: "6e043233e2c143d287ff58bb7f2c6047" member_type: VOTER last_known_addr { host: "127.19.35.2" port: 45331 }, Status: LMP_MISMATCH, Last received: 0.0, Next index: 1, Last known committed idx: 0, Time since last communication: 0.001s
I20260709 13:17:55.734710 20769 tablet_service.cc:1917] Received RequestConsensusVote() RPC: tablet_id: "a365b8eb92224853a9df3887bfefe868" candidate_uuid: "7a19e0a5f2d346aeb7bd8dce585df9c5" candidate_term: 2 candidate_status { last_received { term: 1 index: 1 } } ignore_live_leader: false dest_uuid: "6e043233e2c143d287ff58bb7f2c6047"
I20260709 13:17:55.736832 20846 tablet_service.cc:1917] Received RequestConsensusVote() RPC: tablet_id: "c3216b5822ff42d4b76e711c3946da4c" candidate_uuid: "7a19e0a5f2d346aeb7bd8dce585df9c5" candidate_term: 1 candidate_status { last_received { term: 0 index: 0 } } ignore_live_leader: false dest_uuid: "dc3195aeed8d41f5a089070d7ffc3999"
I20260709 13:17:55.737370 20846 raft_consensus.cc:3060] T c3216b5822ff42d4b76e711c3946da4c P dc3195aeed8d41f5a089070d7ffc3999 [term 0 FOLLOWER]: Advancing to term 1
I20260709 13:17:55.737689 20898 leader_election.cc:290] T a365b8eb92224853a9df3887bfefe868 P 7a19e0a5f2d346aeb7bd8dce585df9c5 [CANDIDATE]: Term 2 election: Requested vote from peers 6e043233e2c143d287ff58bb7f2c6047 (127.19.35.2:45331), dc3195aeed8d41f5a089070d7ffc3999 (127.19.35.3:40823)
I20260709 13:17:55.761785 20889 tablet_bootstrap.cc:492] T 8078285f512a46e0b82d8de71dfc28a1 P 7a19e0a5f2d346aeb7bd8dce585df9c5: No bootstrap required, opened a new log
I20260709 13:17:55.762295 20889 ts_tablet_manager.cc:1403] T 8078285f512a46e0b82d8de71dfc28a1 P 7a19e0a5f2d346aeb7bd8dce585df9c5: Time spent bootstrapping tablet: real 0.122s	user 0.013s	sys 0.000s
I20260709 13:17:55.765681 20845 tablet_service.cc:1917] Received RequestConsensusVote() RPC: tablet_id: "a365b8eb92224853a9df3887bfefe868" candidate_uuid: "7a19e0a5f2d346aeb7bd8dce585df9c5" candidate_term: 2 candidate_status { last_received { term: 1 index: 1 } } ignore_live_leader: false dest_uuid: "dc3195aeed8d41f5a089070d7ffc3999"
I20260709 13:17:55.768323 20927 consensus_queue.cc:1048] T 75aef2c623f548338e43338b3bfe865e P 7a19e0a5f2d346aeb7bd8dce585df9c5 [LEADER]: Connected to new peer: Peer: permanent_uuid: "dc3195aeed8d41f5a089070d7ffc3999" member_type: VOTER last_known_addr { host: "127.19.35.3" port: 40823 }, Status: LMP_MISMATCH, Last received: 0.0, Next index: 1, Last known committed idx: 0, Time since last communication: 0.000s
I20260709 13:17:55.770341 20664 leader_election.cc:304] T a365b8eb92224853a9df3887bfefe868 P 7a19e0a5f2d346aeb7bd8dce585df9c5 [CANDIDATE]: Term 2 election: Election decided. Result: candidate lost. Election summary: received 3 responses out of 3 voters: 1 yes votes; 2 no votes. yes voters: 7a19e0a5f2d346aeb7bd8dce585df9c5; no voters: 6e043233e2c143d287ff58bb7f2c6047, dc3195aeed8d41f5a089070d7ffc3999
I20260709 13:17:55.779197 20963 raft_consensus.cc:2749] T a365b8eb92224853a9df3887bfefe868 P 7a19e0a5f2d346aeb7bd8dce585df9c5 [term 2 FOLLOWER]: Leader election lost for term 2. Reason: could not achieve majority
I20260709 13:17:55.780875 20846 raft_consensus.cc:2468] T c3216b5822ff42d4b76e711c3946da4c P dc3195aeed8d41f5a089070d7ffc3999 [term 1 FOLLOWER]: Leader election vote request: Granting yes vote for candidate 7a19e0a5f2d346aeb7bd8dce585df9c5 in term 1.
I20260709 13:17:55.785187 20887 tablet_bootstrap.cc:654] T 549b2fad37ad4cfe92bf30b92fe68ea9 P 6e043233e2c143d287ff58bb7f2c6047: Neither blocks nor log segments found. Creating new log.
I20260709 13:17:55.787850 20988 raft_consensus.cc:493] T bb9ac841d3964042ae49ad6d038afaee P 6e043233e2c143d287ff58bb7f2c6047 [term 0 FOLLOWER]: Starting pre-election (no leader contacted us within the election timeout)
I20260709 13:17:55.790179 20889 raft_consensus.cc:359] T 8078285f512a46e0b82d8de71dfc28a1 P 7a19e0a5f2d346aeb7bd8dce585df9c5 [term 0 FOLLOWER]: Replica starting. Triggering 0 pending ops. Active config: opid_index: -1 OBSOLETE_local: false peers { permanent_uuid: "7a19e0a5f2d346aeb7bd8dce585df9c5" member_type: VOTER last_known_addr { host: "127.19.35.1" port: 41709 } } peers { permanent_uuid: "6e043233e2c143d287ff58bb7f2c6047" member_type: VOTER last_known_addr { host: "127.19.35.2" port: 45331 } } peers { permanent_uuid: "dc3195aeed8d41f5a089070d7ffc3999" member_type: VOTER last_known_addr { host: "127.19.35.3" port: 40823 } }
I20260709 13:17:55.790793 20890 tablet_bootstrap.cc:492] T 8078285f512a46e0b82d8de71dfc28a1 P dc3195aeed8d41f5a089070d7ffc3999: No bootstrap required, opened a new log
I20260709 13:17:55.791244 20889 raft_consensus.cc:385] T 8078285f512a46e0b82d8de71dfc28a1 P 7a19e0a5f2d346aeb7bd8dce585df9c5 [term 0 FOLLOWER]: Consensus starting up: Expiring failure detector timer to make a prompt election more likely
I20260709 13:17:55.791458 20890 ts_tablet_manager.cc:1403] T 8078285f512a46e0b82d8de71dfc28a1 P dc3195aeed8d41f5a089070d7ffc3999: Time spent bootstrapping tablet: real 0.368s	user 0.025s	sys 0.031s
I20260709 13:17:55.791545 20889 raft_consensus.cc:740] T 8078285f512a46e0b82d8de71dfc28a1 P 7a19e0a5f2d346aeb7bd8dce585df9c5 [term 0 FOLLOWER]: Becoming Follower/Learner. State: Replica: 7a19e0a5f2d346aeb7bd8dce585df9c5, State: Initialized, Role: FOLLOWER
