I20260709 13:17:38.003805 16517 tablet_service.cc:1917] Received RequestConsensusVote() RPC: tablet_id: "c4152995dfe94aaab14f119ed2a4a81f" candidate_uuid: "5cce5c7be88d432a8e02005353edf041" candidate_term: 1 candidate_status { last_received { term: 0 index: 0 } } ignore_live_leader: false dest_uuid: "45cd68028f204eeaa98093be3901d0e9" is_pre_election: true
I20260709 13:17:38.012072 16517 raft_consensus.cc:2468] T c4152995dfe94aaab14f119ed2a4a81f P 45cd68028f204eeaa98093be3901d0e9 [term 0 FOLLOWER]: Leader pre-election vote request: Granting yes vote for candidate 5cce5c7be88d432a8e02005353edf041 in term 0.
W20260709 13:17:38.013835 16483 leader_election.cc:343] T 4ee820222d2148dbb116b9c80122c1b6 P 45cd68028f204eeaa98093be3901d0e9 [CANDIDATE]: Term 1 pre-election: Tablet error from VoteRequest() call to peer 0bf931926db74c99a2d2c016f1bf24f9 (127.15.122.66:36031): Illegal state: must be running to vote when last-logged opid is not known
I20260709 13:17:38.013686 16717 raft_consensus.cc:515] T c4152995dfe94aaab14f119ed2a4a81f P 5cce5c7be88d432a8e02005353edf041 [term 1 FOLLOWER]: Starting leader election with config: opid_index: -1 OBSOLETE_local: false peers { permanent_uuid: "45cd68028f204eeaa98093be3901d0e9" member_type: VOTER last_known_addr { host: "127.15.122.65" port: 34887 } } peers { permanent_uuid: "0bf931926db74c99a2d2c016f1bf24f9" member_type: VOTER last_known_addr { host: "127.15.122.66" port: 36031 } } peers { permanent_uuid: "5cce5c7be88d432a8e02005353edf041" member_type: VOTER last_known_addr { host: "127.15.122.67" port: 38565 } }
I20260709 13:17:38.014483 16483 leader_election.cc:304] T 93077adc806c4d5598a2f3852232f737 P 45cd68028f204eeaa98093be3901d0e9 [CANDIDATE]: Term 1 pre-election: Election decided. Result: candidate won. Election summary: received 2 responses out of 3 voters: 2 yes votes; 0 no votes. yes voters: 0bf931926db74c99a2d2c016f1bf24f9, 45cd68028f204eeaa98093be3901d0e9; no voters: 
I20260709 13:17:38.001253 16708 tablet_bootstrap.cc:492] T e4ccb012098f438b939edd451a4a08c8 P 45cd68028f204eeaa98093be3901d0e9: Bootstrap starting.
I20260709 13:17:38.016336 16517 tablet_service.cc:1917] Received RequestConsensusVote() RPC: tablet_id: "c4152995dfe94aaab14f119ed2a4a81f" candidate_uuid: "5cce5c7be88d432a8e02005353edf041" candidate_term: 1 candidate_status { last_received { term: 0 index: 0 } } ignore_live_leader: false dest_uuid: "45cd68028f204eeaa98093be3901d0e9"
I20260709 13:17:38.016914 16517 raft_consensus.cc:3060] T c4152995dfe94aaab14f119ed2a4a81f P 45cd68028f204eeaa98093be3901d0e9 [term 0 FOLLOWER]: Advancing to term 1
I20260709 13:17:38.019726 16714 raft_consensus.cc:2804] T 93077adc806c4d5598a2f3852232f737 P 45cd68028f204eeaa98093be3901d0e9 [term 0 FOLLOWER]: Leader pre-election won for term 1
I20260709 13:17:38.020578 16714 raft_consensus.cc:493] T 93077adc806c4d5598a2f3852232f737 P 45cd68028f204eeaa98093be3901d0e9 [term 0 FOLLOWER]: Starting leader election (no leader contacted us within the election timeout)
I20260709 13:17:38.021327 16714 raft_consensus.cc:3060] T 93077adc806c4d5598a2f3852232f737 P 45cd68028f204eeaa98093be3901d0e9 [term 0 FOLLOWER]: Advancing to term 1
I20260709 13:17:38.025164 16717 leader_election.cc:290] T c4152995dfe94aaab14f119ed2a4a81f P 5cce5c7be88d432a8e02005353edf041 [CANDIDATE]: Term 1 election: Requested vote from peers 45cd68028f204eeaa98093be3901d0e9 (127.15.122.65:34887), 0bf931926db74c99a2d2c016f1bf24f9 (127.15.122.66:36031)
I20260709 13:17:38.030711 16709 tablet_bootstrap.cc:492] T e4ccb012098f438b939edd451a4a08c8 P 5cce5c7be88d432a8e02005353edf041: No bootstrap required, opened a new log
I20260709 13:17:38.031247 16592 tablet_service.cc:1917] Received RequestConsensusVote() RPC: tablet_id: "c4152995dfe94aaab14f119ed2a4a81f" candidate_uuid: "5cce5c7be88d432a8e02005353edf041" candidate_term: 1 candidate_status { last_received { term: 0 index: 0 } } ignore_live_leader: false dest_uuid: "0bf931926db74c99a2d2c016f1bf24f9"
I20260709 13:17:38.031412 16709 ts_tablet_manager.cc:1403] T e4ccb012098f438b939edd451a4a08c8 P 5cce5c7be88d432a8e02005353edf041: Time spent bootstrapping tablet: real 0.059s	user 0.011s	sys 0.025s
I20260709 13:17:38.031848 16592 raft_consensus.cc:3060] T c4152995dfe94aaab14f119ed2a4a81f P 0bf931926db74c99a2d2c016f1bf24f9 [term 0 FOLLOWER]: Advancing to term 1
I20260709 13:17:38.032918 16708 tablet_bootstrap.cc:654] T e4ccb012098f438b939edd451a4a08c8 P 45cd68028f204eeaa98093be3901d0e9: Neither blocks nor log segments found. Creating new log.
I20260709 13:17:38.035344 16709 raft_consensus.cc:359] T e4ccb012098f438b939edd451a4a08c8 P 5cce5c7be88d432a8e02005353edf041 [term 0 FOLLOWER]: Replica starting. Triggering 0 pending ops. Active config: opid_index: -1 OBSOLETE_local: false peers { permanent_uuid: "45cd68028f204eeaa98093be3901d0e9" member_type: VOTER last_known_addr { host: "127.15.122.65" port: 34887 } } peers { permanent_uuid: "0bf931926db74c99a2d2c016f1bf24f9" member_type: VOTER last_known_addr { host: "127.15.122.66" port: 36031 } } peers { permanent_uuid: "5cce5c7be88d432a8e02005353edf041" member_type: VOTER last_known_addr { host: "127.15.122.67" port: 38565 } }
I20260709 13:17:38.036372 16709 raft_consensus.cc:385] T e4ccb012098f438b939edd451a4a08c8 P 5cce5c7be88d432a8e02005353edf041 [term 0 FOLLOWER]: Consensus starting up: Expiring failure detector timer to make a prompt election more likely
I20260709 13:17:38.036813 16709 raft_consensus.cc:740] T e4ccb012098f438b939edd451a4a08c8 P 5cce5c7be88d432a8e02005353edf041 [term 0 FOLLOWER]: Becoming Follower/Learner. State: Replica: 5cce5c7be88d432a8e02005353edf041, State: Initialized, Role: FOLLOWER
I20260709 13:17:38.037925 16709 consensus_queue.cc:260] T e4ccb012098f438b939edd451a4a08c8 P 5cce5c7be88d432a8e02005353edf041 [NON_LEADER]: Queue going to NON_LEADER mode. State: All replicated index: 0, Majority replicated index: 0, Committed index: 0, Last appended: 0.0, Last appended by leader: 0, Current term: 0, Majority size: -1, State: 0, Mode: NON_LEADER, active raft config: opid_index: -1 OBSOLETE_local: false peers { permanent_uuid: "45cd68028f204eeaa98093be3901d0e9" member_type: VOTER last_known_addr { host: "127.15.122.65" port: 34887 } } peers { permanent_uuid: "0bf931926db74c99a2d2c016f1bf24f9" member_type: VOTER last_known_addr { host: "127.15.122.66" port: 36031 } } peers { permanent_uuid: "5cce5c7be88d432a8e02005353edf041" member_type: VOTER last_known_addr { host: "127.15.122.67" port: 38565 } }
I20260709 13:17:38.040325 16709 ts_tablet_manager.cc:1434] T e4ccb012098f438b939edd451a4a08c8 P 5cce5c7be88d432a8e02005353edf041: Time spent starting tablet: real 0.008s	user 0.004s	sys 0.004s
I20260709 13:17:38.041579 16709 tablet_bootstrap.cc:492] T 73513420d88d4d7387667b123de96e61 P 5cce5c7be88d432a8e02005353edf041: Bootstrap starting.
I20260709 13:17:38.042186 16713 raft_consensus.cc:515] T a2751bd8d1da40e283f1aed3594a1764 P 0bf931926db74c99a2d2c016f1bf24f9 [term 1 FOLLOWER]: Starting leader election with config: opid_index: -1 OBSOLETE_local: false peers { permanent_uuid: "45cd68028f204eeaa98093be3901d0e9" member_type: VOTER last_known_addr { host: "127.15.122.65" port: 34887 } } peers { permanent_uuid: "0bf931926db74c99a2d2c016f1bf24f9" member_type: VOTER last_known_addr { host: "127.15.122.66" port: 36031 } } peers { permanent_uuid: "5cce5c7be88d432a8e02005353edf041" member_type: VOTER last_known_addr { host: "127.15.122.67" port: 38565 } }
I20260709 13:17:38.045277 16714 raft_consensus.cc:515] T 93077adc806c4d5598a2f3852232f737 P 45cd68028f204eeaa98093be3901d0e9 [term 1 FOLLOWER]: Starting leader election with config: opid_index: -1 OBSOLETE_local: false peers { permanent_uuid: "45cd68028f204eeaa98093be3901d0e9" member_type: VOTER last_known_addr { host: "127.15.122.65" port: 34887 } } peers { permanent_uuid: "0bf931926db74c99a2d2c016f1bf24f9" member_type: VOTER last_known_addr { host: "127.15.122.66" port: 36031 } } peers { permanent_uuid: "5cce5c7be88d432a8e02005353edf041" member_type: VOTER last_known_addr { host: "127.15.122.67" port: 38565 } }
I20260709 13:17:38.061968 16714 leader_election.cc:290] T 93077adc806c4d5598a2f3852232f737 P 45cd68028f204eeaa98093be3901d0e9 [CANDIDATE]: Term 1 election: Requested vote from peers 0bf931926db74c99a2d2c016f1bf24f9 (127.15.122.66:36031), 5cce5c7be88d432a8e02005353edf041 (127.15.122.67:38565)
I20260709 13:17:38.062520 16717 raft_consensus.cc:493] T a2751bd8d1da40e283f1aed3594a1764 P 5cce5c7be88d432a8e02005353edf041 [term 0 FOLLOWER]: Starting pre-election (no leader contacted us within the election timeout)
I20260709 13:17:38.062610 16516 tablet_service.cc:1917] Received RequestConsensusVote() RPC: tablet_id: "a2751bd8d1da40e283f1aed3594a1764" candidate_uuid: "0bf931926db74c99a2d2c016f1bf24f9" candidate_term: 1 candidate_status { last_received { term: 0 index: 0 } } ignore_live_leader: false dest_uuid: "45cd68028f204eeaa98093be3901d0e9"
I20260709 13:17:38.063012 16717 raft_consensus.cc:515] T a2751bd8d1da40e283f1aed3594a1764 P 5cce5c7be88d432a8e02005353edf041 [term 0 FOLLOWER]: Starting pre-election with config: opid_index: -1 OBSOLETE_local: false peers { permanent_uuid: "45cd68028f204eeaa98093be3901d0e9" member_type: VOTER last_known_addr { host: "127.15.122.65" port: 34887 } } peers { permanent_uuid: "0bf931926db74c99a2d2c016f1bf24f9" member_type: VOTER last_known_addr { host: "127.15.122.66" port: 36031 } } peers { permanent_uuid: "5cce5c7be88d432a8e02005353edf041" member_type: VOTER last_known_addr { host: "127.15.122.67" port: 38565 } }
I20260709 13:17:38.051849 16518 tablet_service.cc:1917] Received RequestConsensusVote() RPC: tablet_id: "ee29030f939b4176b7f2cca2fec28ddd" candidate_uuid: "0bf931926db74c99a2d2c016f1bf24f9" candidate_term: 1 candidate_status { last_received { term: 0 index: 0 } } ignore_live_leader: false dest_uuid: "45cd68028f204eeaa98093be3901d0e9"
I20260709 13:17:38.063884 16518 raft_consensus.cc:3060] T ee29030f939b4176b7f2cca2fec28ddd P 45cd68028f204eeaa98093be3901d0e9 [term 0 FOLLOWER]: Advancing to term 1
I20260709 13:17:38.063977 16663 tablet_service.cc:1917] Received RequestConsensusVote() RPC: tablet_id: "93077adc806c4d5598a2f3852232f737" candidate_uuid: "45cd68028f204eeaa98093be3901d0e9" candidate_term: 1 candidate_status { last_received { term: 0 index: 0 } } ignore_live_leader: false dest_uuid: "5cce5c7be88d432a8e02005353edf041"
I20260709 13:17:38.064859 16663 raft_consensus.cc:3060] T 93077adc806c4d5598a2f3852232f737 P 5cce5c7be88d432a8e02005353edf041 [term 0 FOLLOWER]: Advancing to term 1
I20260709 13:17:38.065131 16717 leader_election.cc:290] T a2751bd8d1da40e283f1aed3594a1764 P 5cce5c7be88d432a8e02005353edf041 [CANDIDATE]: Term 1 pre-election: Requested pre-vote from peers 45cd68028f204eeaa98093be3901d0e9 (127.15.122.65:34887), 0bf931926db74c99a2d2c016f1bf24f9 (127.15.122.66:36031)
I20260709 13:17:38.053877 16666 tablet_service.cc:1917] Received RequestConsensusVote() RPC: tablet_id: "ee29030f939b4176b7f2cca2fec28ddd" candidate_uuid: "45cd68028f204eeaa98093be3901d0e9" candidate_term: 1 candidate_status { last_received { term: 0 index: 0 } } ignore_live_leader: false dest_uuid: "5cce5c7be88d432a8e02005353edf041" is_pre_election: true
I20260709 13:17:38.063294 16516 raft_consensus.cc:3060] T a2751bd8d1da40e283f1aed3594a1764 P 45cd68028f204eeaa98093be3901d0e9 [term 0 FOLLOWER]: Advancing to term 1
I20260709 13:17:38.069531 16591 tablet_service.cc:1917] Received RequestConsensusVote() RPC: tablet_id: "93077adc806c4d5598a2f3852232f737" candidate_uuid: "45cd68028f204eeaa98093be3901d0e9" candidate_term: 1 candidate_status { last_received { term: 0 index: 0 } } ignore_live_leader: false dest_uuid: "0bf931926db74c99a2d2c016f1bf24f9"
I20260709 13:17:38.070165 16591 raft_consensus.cc:3060] T 93077adc806c4d5598a2f3852232f737 P 0bf931926db74c99a2d2c016f1bf24f9 [term 0 FOLLOWER]: Advancing to term 1
I20260709 13:17:38.071898 16593 tablet_service.cc:1917] Received RequestConsensusVote() RPC: tablet_id: "a2751bd8d1da40e283f1aed3594a1764" candidate_uuid: "5cce5c7be88d432a8e02005353edf041" candidate_term: 1 candidate_status { last_received { term: 0 index: 0 } } ignore_live_leader: false dest_uuid: "0bf931926db74c99a2d2c016f1bf24f9" is_pre_election: true
I20260709 13:17:38.072813 16593 raft_consensus.cc:2393] T a2751bd8d1da40e283f1aed3594a1764 P 0bf931926db74c99a2d2c016f1bf24f9 [term 1 FOLLOWER]: Leader pre-election vote request: Denying vote to candidate 5cce5c7be88d432a8e02005353edf041 in current term 1: Already voted for candidate 0bf931926db74c99a2d2c016f1bf24f9 in this term.
I20260709 13:17:38.055837 16664 tablet_service.cc:1917] Received RequestConsensusVote() RPC: tablet_id: "4ee820222d2148dbb116b9c80122c1b6" candidate_uuid: "45cd68028f204eeaa98093be3901d0e9" candidate_term: 1 candidate_status { last_received { term: 0 index: 0 } } ignore_live_leader: false dest_uuid: "5cce5c7be88d432a8e02005353edf041" is_pre_election: true
I20260709 13:17:38.055434 16665 tablet_service.cc:1917] Received RequestConsensusVote() RPC: tablet_id: "93077adc806c4d5598a2f3852232f737" candidate_uuid: "45cd68028f204eeaa98093be3901d0e9" candidate_term: 1 candidate_status { last_received { term: 0 index: 0 } } ignore_live_leader: false dest_uuid: "5cce5c7be88d432a8e02005353edf041" is_pre_election: true
I20260709 13:17:38.081270 16663 raft_consensus.cc:2468] T 93077adc806c4d5598a2f3852232f737 P 5cce5c7be88d432a8e02005353edf041 [term 1 FOLLOWER]: Leader election vote request: Granting yes vote for candidate 45cd68028f204eeaa98093be3901d0e9 in term 1.
I20260709 13:17:38.084638 16516 raft_consensus.cc:2468] T a2751bd8d1da40e283f1aed3594a1764 P 45cd68028f204eeaa98093be3901d0e9 [term 1 FOLLOWER]: Leader election vote request: Granting yes vote for candidate 0bf931926db74c99a2d2c016f1bf24f9 in term 1.
I20260709 13:17:38.049883 16709 tablet_bootstrap.cc:654] T 73513420d88d4d7387667b123de96e61 P 5cce5c7be88d432a8e02005353edf041: Neither blocks nor log segments found. Creating new log.
I20260709 13:17:38.088064 16591 raft_consensus.cc:2468] T 93077adc806c4d5598a2f3852232f737 P 0bf931926db74c99a2d2c016f1bf24f9 [term 1 FOLLOWER]: Leader election vote request: Granting yes vote for candidate 45cd68028f204eeaa98093be3901d0e9 in term 1.
I20260709 13:17:38.059556 16667 raft_consensus.cc:2468] T ee29030f939b4176b7f2cca2fec28ddd P 5cce5c7be88d432a8e02005353edf041 [term 1 FOLLOWER]: Leader election vote request: Granting yes vote for candidate 0bf931926db74c99a2d2c016f1bf24f9 in term 1.
I20260709 13:17:38.085769 16515 tablet_service.cc:1917] Received RequestConsensusVote() RPC: tablet_id: "a2751bd8d1da40e283f1aed3594a1764" candidate_uuid: "5cce5c7be88d432a8e02005353edf041" candidate_term: 1 candidate_status { last_received { term: 0 index: 0 } } ignore_live_leader: false dest_uuid: "45cd68028f204eeaa98093be3901d0e9" is_pre_election: true
I20260709 13:17:38.089650 16483 leader_election.cc:304] T 93077adc806c4d5598a2f3852232f737 P 45cd68028f204eeaa98093be3901d0e9 [CANDIDATE]: Term 1 election: Election decided. Result: candidate won. Election summary: received 2 responses out of 3 voters: 2 yes votes; 0 no votes. yes voters: 0bf931926db74c99a2d2c016f1bf24f9, 45cd68028f204eeaa98093be3901d0e9; no voters: 
I20260709 13:17:38.091146 16714 raft_consensus.cc:2804] T 93077adc806c4d5598a2f3852232f737 P 45cd68028f204eeaa98093be3901d0e9 [term 1 FOLLOWER]: Leader election won for term 1
I20260709 13:17:38.091801 16714 raft_consensus.cc:697] T 93077adc806c4d5598a2f3852232f737 P 45cd68028f204eeaa98093be3901d0e9 [term 1 LEADER]: Becoming Leader. State: Replica: 45cd68028f204eeaa98093be3901d0e9, State: Running, Role: LEADER
I20260709 13:17:38.092855 16714 consensus_queue.cc:237] T 93077adc806c4d5598a2f3852232f737 P 45cd68028f204eeaa98093be3901d0e9 [LEADER]: Queue going to LEADER mode. State: All replicated index: 0, Majority replicated index: 0, Committed index: 0, Last appended: 0.0, Last appended by leader: 0, Current term: 1, Majority size: 2, State: 0, Mode: LEADER, active raft config: opid_index: -1 OBSOLETE_local: false peers { permanent_uuid: "45cd68028f204eeaa98093be3901d0e9" member_type: VOTER last_known_addr { host: "127.15.122.65" port: 34887 } } peers { permanent_uuid: "0bf931926db74c99a2d2c016f1bf24f9" member_type: VOTER last_known_addr { host: "127.15.122.66" port: 36031 } } peers { permanent_uuid: "5cce5c7be88d432a8e02005353edf041" member_type: VOTER last_known_addr { host: "127.15.122.67" port: 38565 } }
I20260709 13:17:38.096012 16556 leader_election.cc:304] T ee29030f939b4176b7f2cca2fec28ddd P 0bf931926db74c99a2d2c016f1bf24f9 [CANDIDATE]: Term 1 election: Election decided. Result: candidate won. Election summary: received 2 responses out of 3 voters: 2 yes votes; 0 no votes. yes voters: 0bf931926db74c99a2d2c016f1bf24f9, 5cce5c7be88d432a8e02005353edf041; no voters: 
I20260709 13:17:38.097226 16741 raft_consensus.cc:2804] T ee29030f939b4176b7f2cca2fec28ddd P 0bf931926db74c99a2d2c016f1bf24f9 [term 1 FOLLOWER]: Leader election won for term 1
I20260709 13:17:38.097678 16633 leader_election.cc:304] T a2751bd8d1da40e283f1aed3594a1764 P 5cce5c7be88d432a8e02005353edf041 [CANDIDATE]: Term 1 pre-election: Election decided. Result: candidate lost. Election summary: received 3 responses out of 3 voters: 1 yes votes; 2 no votes. yes voters: 5cce5c7be88d432a8e02005353edf041; no voters: 0bf931926db74c99a2d2c016f1bf24f9, 45cd68028f204eeaa98093be3901d0e9
I20260709 13:17:38.098755 16717 raft_consensus.cc:3060] T a2751bd8d1da40e283f1aed3594a1764 P 5cce5c7be88d432a8e02005353edf041 [term 0 FOLLOWER]: Advancing to term 1
I20260709 13:17:38.097872 16741 raft_consensus.cc:697] T ee29030f939b4176b7f2cca2fec28ddd P 0bf931926db74c99a2d2c016f1bf24f9 [term 1 LEADER]: Becoming Leader. State: Replica: 0bf931926db74c99a2d2c016f1bf24f9, State: Running, Role: LEADER
I20260709 13:17:38.100240 16741 consensus_queue.cc:237] T ee29030f939b4176b7f2cca2fec28ddd P 0bf931926db74c99a2d2c016f1bf24f9 [LEADER]: Queue going to LEADER mode. State: All replicated index: 0, Majority replicated index: 0, Committed index: 0, Last appended: 0.0, Last appended by leader: 0, Current term: 1, Majority size: 2, State: 0, Mode: LEADER, active raft config: opid_index: -1 OBSOLETE_local: false peers { permanent_uuid: "45cd68028f204eeaa98093be3901d0e9" member_type: VOTER last_known_addr { host: "127.15.122.65" port: 34887 } } peers { permanent_uuid: "0bf931926db74c99a2d2c016f1bf24f9" member_type: VOTER last_known_addr { host: "127.15.122.66" port: 36031 } } peers { permanent_uuid: "5cce5c7be88d432a8e02005353edf041" member_type: VOTER last_known_addr { host: "127.15.122.67" port: 38565 } }
I20260709 13:17:38.106451 16518 raft_consensus.cc:2468] T ee29030f939b4176b7f2cca2fec28ddd P 45cd68028f204eeaa98093be3901d0e9 [term 1 FOLLOWER]: Leader election vote request: Granting yes vote for candidate 0bf931926db74c99a2d2c016f1bf24f9 in term 1.
I20260709 13:17:38.039389 16592 raft_consensus.cc:2468] T c4152995dfe94aaab14f119ed2a4a81f P 0bf931926db74c99a2d2c016f1bf24f9 [term 1 FOLLOWER]: Leader election vote request: Granting yes vote for candidate 5cce5c7be88d432a8e02005353edf041 in term 1.
I20260709 13:17:38.108419 16632 leader_election.cc:304] T c4152995dfe94aaab14f119ed2a4a81f P 5cce5c7be88d432a8e02005353edf041 [CANDIDATE]: Term 1 election: Election decided. Result: candidate won. Election summary: received 2 responses out of 3 voters: 2 yes votes; 0 no votes. yes voters: 0bf931926db74c99a2d2c016f1bf24f9, 5cce5c7be88d432a8e02005353edf041; no voters: 
I20260709 13:17:38.109797 16725 raft_consensus.cc:493] T f741580fd6e546deb431fef7fa837545 P 0bf931926db74c99a2d2c016f1bf24f9 [term 0 FOLLOWER]: Starting pre-election (no leader contacted us within the election timeout)
I20260709 13:17:38.110200 16717 raft_consensus.cc:2749] T a2751bd8d1da40e283f1aed3594a1764 P 5cce5c7be88d432a8e02005353edf041 [term 1 FOLLOWER]: Leader pre-election lost for term 1. Reason: could not achieve majority
I20260709 13:17:38.110431 16725 raft_consensus.cc:515] T f741580fd6e546deb431fef7fa837545 P 0bf931926db74c99a2d2c016f1bf24f9 [term 0 FOLLOWER]: Starting pre-election with config: opid_index: -1 OBSOLETE_local: false peers { permanent_uuid: "45cd68028f204eeaa98093be3901d0e9" member_type: VOTER last_known_addr { host: "127.15.122.65" port: 34887 } } peers { permanent_uuid: "0bf931926db74c99a2d2c016f1bf24f9" member_type: VOTER last_known_addr { host: "127.15.122.66" port: 36031 } } peers { permanent_uuid: "5cce5c7be88d432a8e02005353edf041" member_type: VOTER last_known_addr { host: "127.15.122.67" port: 38565 } }
I20260709 13:17:38.111200 16717 raft_consensus.cc:493] T e4ccb012098f438b939edd451a4a08c8 P 5cce5c7be88d432a8e02005353edf041 [term 0 FOLLOWER]: Starting pre-election (no leader contacted us within the election timeout)
I20260709 13:17:38.111815 16717 raft_consensus.cc:515] T e4ccb012098f438b939edd451a4a08c8 P 5cce5c7be88d432a8e02005353edf041 [term 0 FOLLOWER]: Starting pre-election with config: opid_index: -1 OBSOLETE_local: false peers { permanent_uuid: "45cd68028f204eeaa98093be3901d0e9" member_type: VOTER last_known_addr { host: "127.15.122.65" port: 34887 } } peers { permanent_uuid: "0bf931926db74c99a2d2c016f1bf24f9" member_type: VOTER last_known_addr { host: "127.15.122.66" port: 36031 } } peers { permanent_uuid: "5cce5c7be88d432a8e02005353edf041" member_type: VOTER last_known_addr { host: "127.15.122.67" port: 38565 } }
I20260709 13:17:38.113272 16725 leader_election.cc:290] T f741580fd6e546deb431fef7fa837545 P 0bf931926db74c99a2d2c016f1bf24f9 [CANDIDATE]: Term 1 pre-election: Requested pre-vote from peers 45cd68028f204eeaa98093be3901d0e9 (127.15.122.65:34887), 5cce5c7be88d432a8e02005353edf041 (127.15.122.67:38565)
I20260709 13:17:38.115124 16717 leader_election.cc:290] T e4ccb012098f438b939edd451a4a08c8 P 5cce5c7be88d432a8e02005353edf041 [CANDIDATE]: Term 1 pre-election: Requested pre-vote from peers 45cd68028f204eeaa98093be3901d0e9 (127.15.122.65:34887), 0bf931926db74c99a2d2c016f1bf24f9 (127.15.122.66:36031)
I20260709 13:17:38.116384 16750 raft_consensus.cc:2804] T c4152995dfe94aaab14f119ed2a4a81f P 5cce5c7be88d432a8e02005353edf041 [term 1 FOLLOWER]: Leader election won for term 1
I20260709 13:17:38.117455 16750 raft_consensus.cc:697] T c4152995dfe94aaab14f119ed2a4a81f P 5cce5c7be88d432a8e02005353edf041 [term 1 LEADER]: Becoming Leader. State: Replica: 5cce5c7be88d432a8e02005353edf041, State: Running, Role: LEADER
I20260709 13:17:38.117328 16592 tablet_service.cc:1917] Received RequestConsensusVote() RPC: tablet_id: "e4ccb012098f438b939edd451a4a08c8" candidate_uuid: "5cce5c7be88d432a8e02005353edf041" candidate_term: 1 candidate_status { last_received { term: 0 index: 0 } } ignore_live_leader: false dest_uuid: "0bf931926db74c99a2d2c016f1bf24f9" is_pre_election: true
I20260709 13:17:38.118350 16559 leader_election.cc:304] T a2751bd8d1da40e283f1aed3594a1764 P 0bf931926db74c99a2d2c016f1bf24f9 [CANDIDATE]: Term 1 election: Election decided. Result: candidate won. Election summary: received 2 responses out of 3 voters: 2 yes votes; 0 no votes. yes voters: 0bf931926db74c99a2d2c016f1bf24f9, 45cd68028f204eeaa98093be3901d0e9; no voters: 
I20260709 13:17:38.120652 16725 raft_consensus.cc:2804] T a2751bd8d1da40e283f1aed3594a1764 P 0bf931926db74c99a2d2c016f1bf24f9 [term 1 FOLLOWER]: Leader election won for term 1
I20260709 13:17:38.120597 16750 consensus_queue.cc:237] T c4152995dfe94aaab14f119ed2a4a81f P 5cce5c7be88d432a8e02005353edf041 [LEADER]: Queue going to LEADER mode. State: All replicated index: 0, Majority replicated index: 0, Committed index: 0, Last appended: 0.0, Last appended by leader: 0, Current term: 1, Majority size: 2, State: 0, Mode: LEADER, active raft config: opid_index: -1 OBSOLETE_local: false peers { permanent_uuid: "45cd68028f204eeaa98093be3901d0e9" member_type: VOTER last_known_addr { host: "127.15.122.65" port: 34887 } } peers { permanent_uuid: "0bf931926db74c99a2d2c016f1bf24f9" member_type: VOTER last_known_addr { host: "127.15.122.66" port: 36031 } } peers { permanent_uuid: "5cce5c7be88d432a8e02005353edf041" member_type: VOTER last_known_addr { host: "127.15.122.67" port: 38565 } }
W20260709 13:17:38.122826 16632 leader_election.cc:343] T e4ccb012098f438b939edd451a4a08c8 P 5cce5c7be88d432a8e02005353edf041 [CANDIDATE]: Term 1 pre-election: Tablet error from VoteRequest() call to peer 0bf931926db74c99a2d2c016f1bf24f9 (127.15.122.66:36031): Illegal state: must be running to vote when last-logged opid is not known
I20260709 13:17:38.126849 16517 raft_consensus.cc:2468] T c4152995dfe94aaab14f119ed2a4a81f P 45cd68028f204eeaa98093be3901d0e9 [term 1 FOLLOWER]: Leader election vote request: Granting yes vote for candidate 5cce5c7be88d432a8e02005353edf041 in term 1.
I20260709 13:17:38.128862 16742 raft_consensus.cc:493] T f741580fd6e546deb431fef7fa837545 P 45cd68028f204eeaa98093be3901d0e9 [term 0 FOLLOWER]: Starting pre-election (no leader contacted us within the election timeout)
I20260709 13:17:38.129297 16742 raft_consensus.cc:515] T f741580fd6e546deb431fef7fa837545 P 45cd68028f204eeaa98093be3901d0e9 [term 0 FOLLOWER]: Starting pre-election with config: opid_index: -1 OBSOLETE_local: false peers { permanent_uuid: "45cd68028f204eeaa98093be3901d0e9" member_type: VOTER last_known_addr { host: "127.15.122.65" port: 34887 } } peers { permanent_uuid: "0bf931926db74c99a2d2c016f1bf24f9" member_type: VOTER last_known_addr { host: "127.15.122.66" port: 36031 } } peers { permanent_uuid: "5cce5c7be88d432a8e02005353edf041" member_type: VOTER last_known_addr { host: "127.15.122.67" port: 38565 } }
I20260709 13:17:38.131847 16742 leader_election.cc:290] T f741580fd6e546deb431fef7fa837545 P 45cd68028f204eeaa98093be3901d0e9 [CANDIDATE]: Term 1 pre-election: Requested pre-vote from peers 0bf931926db74c99a2d2c016f1bf24f9 (127.15.122.66:36031), 5cce5c7be88d432a8e02005353edf041 (127.15.122.67:38565)
I20260709 13:17:38.129277 16713 leader_election.cc:290] T a2751bd8d1da40e283f1aed3594a1764 P 0bf931926db74c99a2d2c016f1bf24f9 [CANDIDATE]: Term 1 election: Requested vote from peers 45cd68028f204eeaa98093be3901d0e9 (127.15.122.65:34887), 5cce5c7be88d432a8e02005353edf041 (127.15.122.67:38565)
I20260709 13:17:38.133769 16592 tablet_service.cc:1917] Received RequestConsensusVote() RPC: tablet_id: "f741580fd6e546deb431fef7fa837545" candidate_uuid: "45cd68028f204eeaa98093be3901d0e9" candidate_term: 1 candidate_status { last_received { term: 0 index: 0 } } ignore_live_leader: false dest_uuid: "0bf931926db74c99a2d2c016f1bf24f9" is_pre_election: true
I20260709 13:17:38.134805 16592 raft_consensus.cc:2468] T f741580fd6e546deb431fef7fa837545 P 0bf931926db74c99a2d2c016f1bf24f9 [term 0 FOLLOWER]: Leader pre-election vote request: Granting yes vote for candidate 45cd68028f204eeaa98093be3901d0e9 in term 0.
I20260709 13:17:38.133709 16413 catalog_manager.cc:5697] T ee29030f939b4176b7f2cca2fec28ddd P 0bf931926db74c99a2d2c016f1bf24f9 reported cstate change: term changed from 0 to 1, leader changed from <none> to 0bf931926db74c99a2d2c016f1bf24f9 (127.15.122.66). New cstate: current_term: 1 leader_uuid: "0bf931926db74c99a2d2c016f1bf24f9" committed_config { opid_index: -1 OBSOLETE_local: false peers { permanent_uuid: "45cd68028f204eeaa98093be3901d0e9" member_type: VOTER last_known_addr { host: "127.15.122.65" port: 34887 } health_report { overall_health: UNKNOWN } } peers { permanent_uuid: "0bf931926db74c99a2d2c016f1bf24f9" member_type: VOTER last_known_addr { host: "127.15.122.66" port: 36031 } health_report { overall_health: HEALTHY } } peers { permanent_uuid: "5cce5c7be88d432a8e02005353edf041" member_type: VOTER last_known_addr { host: "127.15.122.67" port: 38565 } health_report { overall_health: UNKNOWN } } }
I20260709 13:17:38.136171 16483 leader_election.cc:304] T f741580fd6e546deb431fef7fa837545 P 45cd68028f204eeaa98093be3901d0e9 [CANDIDATE]: Term 1 pre-election: Election decided. Result: candidate won. Election summary: received 2 responses out of 3 voters: 2 yes votes; 0 no votes. yes voters: 0bf931926db74c99a2d2c016f1bf24f9, 45cd68028f204eeaa98093be3901d0e9; no voters: 
I20260709 13:17:38.137048 16742 raft_consensus.cc:2804] T f741580fd6e546deb431fef7fa837545 P 45cd68028f204eeaa98093be3901d0e9 [term 0 FOLLOWER]: Leader pre-election won for term 1
I20260709 13:17:38.137432 16742 raft_consensus.cc:493] T f741580fd6e546deb431fef7fa837545 P 45cd68028f204eeaa98093be3901d0e9 [term 0 FOLLOWER]: Starting leader election (no leader contacted us within the election timeout)
I20260709 13:17:38.137820 16742 raft_consensus.cc:3060] T f741580fd6e546deb431fef7fa837545 P 45cd68028f204eeaa98093be3901d0e9 [term 0 FOLLOWER]: Advancing to term 1
I20260709 13:17:38.149538 16481 leader_election.cc:304] T ee29030f939b4176b7f2cca2fec28ddd P 45cd68028f204eeaa98093be3901d0e9 [CANDIDATE]: Term 1 pre-election: Election decided. Result: candidate lost. Election summary: received 3 responses out of 3 voters: 1 yes votes; 2 no votes. yes voters: 45cd68028f204eeaa98093be3901d0e9; no voters: 0bf931926db74c99a2d2c016f1bf24f9, 5cce5c7be88d432a8e02005353edf041
I20260709 13:17:38.152997 16753 raft_consensus.cc:2749] T ee29030f939b4176b7f2cca2fec28ddd P 45cd68028f204eeaa98093be3901d0e9 [term 1 FOLLOWER]: Leader pre-election lost for term 1. Reason: could not achieve majority
I20260709 13:17:38.158134 16742 raft_consensus.cc:515] T f741580fd6e546deb431fef7fa837545 P 45cd68028f204eeaa98093be3901d0e9 [term 1 FOLLOWER]: Starting leader election with config: opid_index: -1 OBSOLETE_local: false peers { permanent_uuid: "45cd68028f204eeaa98093be3901d0e9" member_type: VOTER last_known_addr { host: "127.15.122.65" port: 34887 } } peers { permanent_uuid: "0bf931926db74c99a2d2c016f1bf24f9" member_type: VOTER last_known_addr { host: "127.15.122.66" port: 36031 } } peers { permanent_uuid: "5cce5c7be88d432a8e02005353edf041" member_type: VOTER last_known_addr { host: "127.15.122.67" port: 38565 } }
I20260709 13:17:38.167862 16667 tablet_service.cc:1917] Received RequestConsensusVote() RPC: tablet_id: "f741580fd6e546deb431fef7fa837545" candidate_uuid: "0bf931926db74c99a2d2c016f1bf24f9" candidate_term: 1 candidate_status { last_received { term: 0 index: 0 } } ignore_live_leader: false dest_uuid: "5cce5c7be88d432a8e02005353edf041" is_pre_election: true
I20260709 13:17:38.168202 16517 tablet_service.cc:1917] Received RequestConsensusVote() RPC: tablet_id: "e4ccb012098f438b939edd451a4a08c8" candidate_uuid: "5cce5c7be88d432a8e02005353edf041" candidate_term: 1 candidate_status { last_received { term: 0 index: 0 } } ignore_live_leader: false dest_uuid: "45cd68028f204eeaa98093be3901d0e9" is_pre_election: true
I20260709 13:17:38.168761 16667 raft_consensus.cc:2468] T f741580fd6e546deb431fef7fa837545 P 5cce5c7be88d432a8e02005353edf041 [term 0 FOLLOWER]: Leader pre-election vote request: Granting yes vote for candidate 0bf931926db74c99a2d2c016f1bf24f9 in term 0.
I20260709 13:17:38.170001 16663 tablet_service.cc:1917] Received RequestConsensusVote() RPC: tablet_id: "a2751bd8d1da40e283f1aed3594a1764" candidate_uuid: "0bf931926db74c99a2d2c016f1bf24f9" candidate_term: 1 candidate_status { last_received { term: 0 index: 0 } } ignore_live_leader: false dest_uuid: "5cce5c7be88d432a8e02005353edf041"
W20260709 13:17:38.170580 16633 leader_election.cc:343] T e4ccb012098f438b939edd451a4a08c8 P 5cce5c7be88d432a8e02005353edf041 [CANDIDATE]: Term 1 pre-election: Tablet error from VoteRequest() call to peer 45cd68028f204eeaa98093be3901d0e9 (127.15.122.65:34887): Illegal state: must be running to vote when last-logged opid is not known
I20260709 13:17:38.171149 16633 leader_election.cc:304] T e4ccb012098f438b939edd451a4a08c8 P 5cce5c7be88d432a8e02005353edf041 [CANDIDATE]: Term 1 pre-election: Election decided. Result: candidate lost. Election summary: received 3 responses out of 3 voters: 1 yes votes; 2 no votes. yes voters: 5cce5c7be88d432a8e02005353edf041; no voters: 0bf931926db74c99a2d2c016f1bf24f9, 45cd68028f204eeaa98093be3901d0e9
I20260709 13:17:38.171980 16725 raft_consensus.cc:697] T a2751bd8d1da40e283f1aed3594a1764 P 0bf931926db74c99a2d2c016f1bf24f9 [term 1 LEADER]: Becoming Leader. State: Replica: 0bf931926db74c99a2d2c016f1bf24f9, State: Running, Role: LEADER
I20260709 13:17:38.172066 16556 leader_election.cc:304] T f741580fd6e546deb431fef7fa837545 P 0bf931926db74c99a2d2c016f1bf24f9 [CANDIDATE]: Term 1 pre-election: Election decided. Result: candidate won. Election summary: received 2 responses out of 3 voters: 2 yes votes; 0 no votes. yes voters: 0bf931926db74c99a2d2c016f1bf24f9, 5cce5c7be88d432a8e02005353edf041; no voters: 
I20260709 13:17:38.173158 16725 consensus_queue.cc:237] T a2751bd8d1da40e283f1aed3594a1764 P 0bf931926db74c99a2d2c016f1bf24f9 [LEADER]: Queue going to LEADER mode. State: All replicated index: 0, Majority replicated index: 0, Committed index: 0, Last appended: 0.0, Last appended by leader: 0, Current term: 1, Majority size: 2, State: 0, Mode: LEADER, active raft config: opid_index: -1 OBSOLETE_local: false peers { permanent_uuid: "45cd68028f204eeaa98093be3901d0e9" member_type: VOTER last_known_addr { host: "127.15.122.65" port: 34887 } } peers { permanent_uuid: "0bf931926db74c99a2d2c016f1bf24f9" member_type: VOTER last_known_addr { host: "127.15.122.66" port: 36031 } } peers { permanent_uuid: "5cce5c7be88d432a8e02005353edf041" member_type: VOTER last_known_addr { host: "127.15.122.67" port: 38565 } }
I20260709 13:17:38.181603 16591 tablet_service.cc:1917] Received RequestConsensusVote() RPC: tablet_id: "f741580fd6e546deb431fef7fa837545" candidate_uuid: "45cd68028f204eeaa98093be3901d0e9" candidate_term: 1 candidate_status { last_received { term: 0 index: 0 } } ignore_live_leader: false dest_uuid: "0bf931926db74c99a2d2c016f1bf24f9"
I20260709 13:17:38.181831 16663 raft_consensus.cc:2468] T a2751bd8d1da40e283f1aed3594a1764 P 5cce5c7be88d432a8e02005353edf041 [term 1 FOLLOWER]: Leader election vote request: Granting yes vote for candidate 0bf931926db74c99a2d2c016f1bf24f9 in term 1.
I20260709 13:17:38.182245 16591 raft_consensus.cc:3060] T f741580fd6e546deb431fef7fa837545 P 0bf931926db74c99a2d2c016f1bf24f9 [term 0 FOLLOWER]: Advancing to term 1
W20260709 13:17:38.170014 16481 outbound_call.cc:321] RPC callback for RPC call kudu.consensus.ConsensusService.RequestConsensusVote -> {remote=127.15.122.67:38565, user_credentials={real_user=slave}} blocked reactor thread for 50408.5us
I20260709 13:17:38.183519 16413 catalog_manager.cc:5697] T c4152995dfe94aaab14f119ed2a4a81f P 5cce5c7be88d432a8e02005353edf041 reported cstate change: term changed from 0 to 1, leader changed from <none> to 5cce5c7be88d432a8e02005353edf041 (127.15.122.67). New cstate: current_term: 1 leader_uuid: "5cce5c7be88d432a8e02005353edf041" committed_config { opid_index: -1 OBSOLETE_local: false peers { permanent_uuid: "45cd68028f204eeaa98093be3901d0e9" member_type: VOTER last_known_addr { host: "127.15.122.65" port: 34887 } health_report { overall_health: UNKNOWN } } peers { permanent_uuid: "0bf931926db74c99a2d2c016f1bf24f9" member_type: VOTER last_known_addr { host: "127.15.122.66" port: 36031 } health_report { overall_health: UNKNOWN } } peers { permanent_uuid: "5cce5c7be88d432a8e02005353edf041" member_type: VOTER last_known_addr { host: "127.15.122.67" port: 38565 } health_report { overall_health: HEALTHY } } }
I20260709 13:17:38.187026 16709 tablet_bootstrap.cc:492] T 73513420d88d4d7387667b123de96e61 P 5cce5c7be88d432a8e02005353edf041: No bootstrap required, opened a new log
I20260709 13:17:38.187685 16709 ts_tablet_manager.cc:1403] T 73513420d88d4d7387667b123de96e61 P 5cce5c7be88d432a8e02005353edf041: Time spent bootstrapping tablet: real 0.146s	user 0.015s	sys 0.039s
I20260709 13:17:38.187963 16742 leader_election.cc:290] T f741580fd6e546deb431fef7fa837545 P 45cd68028f204eeaa98093be3901d0e9 [CANDIDATE]: Term 1 election: Requested vote from peers 0bf931926db74c99a2d2c016f1bf24f9 (127.15.122.66:36031), 5cce5c7be88d432a8e02005353edf041 (127.15.122.67:38565)
W20260709 13:17:38.184228 16481 leader_election.cc:343] T 4ee820222d2148dbb116b9c80122c1b6 P 45cd68028f204eeaa98093be3901d0e9 [CANDIDATE]: Term 1 pre-election: Tablet error from VoteRequest() call to peer 5cce5c7be88d432a8e02005353edf041 (127.15.122.67:38565): Illegal state: must be running to vote when last-logged opid is not known
I20260709 13:17:38.191351 16481 leader_election.cc:304] T 4ee820222d2148dbb116b9c80122c1b6 P 45cd68028f204eeaa98093be3901d0e9 [CANDIDATE]: Term 1 pre-election: Election decided. Result: candidate lost. Election summary: received 3 responses out of 3 voters: 1 yes votes; 2 no votes. yes voters: 45cd68028f204eeaa98093be3901d0e9; no voters: 0bf931926db74c99a2d2c016f1bf24f9, 5cce5c7be88d432a8e02005353edf041
I20260709 13:17:38.196187 16517 tablet_service.cc:1917] Received RequestConsensusVote() RPC: tablet_id: "f741580fd6e546deb431fef7fa837545" candidate_uuid: "0bf931926db74c99a2d2c016f1bf24f9" candidate_term: 1 candidate_status { last_received { term: 0 index: 0 } } ignore_live_leader: false dest_uuid: "45cd68028f204eeaa98093be3901d0e9" is_pre_election: true
I20260709 13:17:38.197533 16517 raft_consensus.cc:2393] T f741580fd6e546deb431fef7fa837545 P 45cd68028f204eeaa98093be3901d0e9 [term 1 FOLLOWER]: Leader pre-election vote request: Denying vote to candidate 0bf931926db74c99a2d2c016f1bf24f9 in current term 1: Already voted for candidate 45cd68028f204eeaa98093be3901d0e9 in this term.
I20260709 13:17:38.198275 16748 raft_consensus.cc:2749] T e4ccb012098f438b939edd451a4a08c8 P 5cce5c7be88d432a8e02005353edf041 [term 0 FOLLOWER]: Leader pre-election lost for term 1. Reason: could not achieve majority
I20260709 13:17:38.198652 16709 raft_consensus.cc:359] T 73513420d88d4d7387667b123de96e61 P 5cce5c7be88d432a8e02005353edf041 [term 0 FOLLOWER]: Replica starting. Triggering 0 pending ops. Active config: opid_index: -1 OBSOLETE_local: false peers { permanent_uuid: "45cd68028f204eeaa98093be3901d0e9" member_type: VOTER last_known_addr { host: "127.15.122.65" port: 34887 } } peers { permanent_uuid: "0bf931926db74c99a2d2c016f1bf24f9" member_type: VOTER last_known_addr { host: "127.15.122.66" port: 36031 } } peers { permanent_uuid: "5cce5c7be88d432a8e02005353edf041" member_type: VOTER last_known_addr { host: "127.15.122.67" port: 38565 } }
I20260709 13:17:38.199852 16709 raft_consensus.cc:385] T 73513420d88d4d7387667b123de96e61 P 5cce5c7be88d432a8e02005353edf041 [term 0 FOLLOWER]: Consensus starting up: Expiring failure detector timer to make a prompt election more likely
I20260709 13:17:38.200875 16709 raft_consensus.cc:740] T 73513420d88d4d7387667b123de96e61 P 5cce5c7be88d432a8e02005353edf041 [term 0 FOLLOWER]: Becoming Follower/Learner. State: Replica: 5cce5c7be88d432a8e02005353edf041, State: Initialized, Role: FOLLOWER
I20260709 13:17:38.205363 16413 catalog_manager.cc:5697] T 93077adc806c4d5598a2f3852232f737 P 45cd68028f204eeaa98093be3901d0e9 reported cstate change: term changed from 0 to 1, leader changed from <none> to 45cd68028f204eeaa98093be3901d0e9 (127.15.122.65). New cstate: current_term: 1 leader_uuid: "45cd68028f204eeaa98093be3901d0e9" committed_config { opid_index: -1 OBSOLETE_local: false peers { permanent_uuid: "45cd68028f204eeaa98093be3901d0e9" member_type: VOTER last_known_addr { host: "127.15.122.65" port: 34887 } health_report { overall_health: HEALTHY } } peers { permanent_uuid: "0bf931926db74c99a2d2c016f1bf24f9" member_type: VOTER last_known_addr { host: "127.15.122.66" port: 36031 } health_report { overall_health: UNKNOWN } } peers { permanent_uuid: "5cce5c7be88d432a8e02005353edf041" member_type: VOTER last_known_addr { host: "127.15.122.67" port: 38565 } health_report { overall_health: UNKNOWN } } }
I20260709 13:17:38.207191 16709 consensus_queue.cc:260] T 73513420d88d4d7387667b123de96e61 P 5cce5c7be88d432a8e02005353edf041 [NON_LEADER]: Queue going to NON_LEADER mode. State: All replicated index: 0, Majority replicated index: 0, Committed index: 0, Last appended: 0.0, Last appended by leader: 0, Current term: 0, Majority size: -1, State: 0, Mode: NON_LEADER, active raft config: opid_index: -1 OBSOLETE_local: false peers { permanent_uuid: "45cd68028f204eeaa98093be3901d0e9" member_type: VOTER last_known_addr { host: "127.15.122.65" port: 34887 } } peers { permanent_uuid: "0bf931926db74c99a2d2c016f1bf24f9" member_type: VOTER last_known_addr { host: "127.15.122.66" port: 36031 } } peers { permanent_uuid: "5cce5c7be88d432a8e02005353edf041" member_type: VOTER last_known_addr { host: "127.15.122.67" port: 38565 } }
I20260709 13:17:38.206084 16742 raft_consensus.cc:2749] T 4ee820222d2148dbb116b9c80122c1b6 P 45cd68028f204eeaa98093be3901d0e9 [term 0 FOLLOWER]: Leader pre-election lost for term 1. Reason: could not achieve majority
I20260709 13:17:38.221244 16663 tablet_service.cc:1917] Received RequestConsensusVote() RPC: tablet_id: "f741580fd6e546deb431fef7fa837545" candidate_uuid: "45cd68028f204eeaa98093be3901d0e9" candidate_term: 1 candidate_status { last_received { term: 0 index: 0 } } ignore_live_leader: false dest_uuid: "5cce5c7be88d432a8e02005353edf041" is_pre_election: true
I20260709 13:17:38.221863 16663 raft_consensus.cc:2468] T f741580fd6e546deb431fef7fa837545 P 5cce5c7be88d432a8e02005353edf041 [term 0 FOLLOWER]: Leader pre-election vote request: Granting yes vote for candidate 45cd68028f204eeaa98093be3901d0e9 in term 0.
I20260709 13:17:38.223143 16663 tablet_service.cc:1917] Received RequestConsensusVote() RPC: tablet_id: "f741580fd6e546deb431fef7fa837545" candidate_uuid: "45cd68028f204eeaa98093be3901d0e9" candidate_term: 1 candidate_status { last_received { term: 0 index: 0 } } ignore_live_leader: false dest_uuid: "5cce5c7be88d432a8e02005353edf041"
I20260709 13:17:38.223685 16663 raft_consensus.cc:3060] T f741580fd6e546deb431fef7fa837545 P 5cce5c7be88d432a8e02005353edf041 [term 0 FOLLOWER]: Advancing to term 1
I20260709 13:17:38.223882 16707 tablet_bootstrap.cc:492] T 4ee820222d2148dbb116b9c80122c1b6 P 0bf931926db74c99a2d2c016f1bf24f9: No bootstrap required, opened a new log
I20260709 13:17:38.224309 16707 ts_tablet_manager.cc:1403] T 4ee820222d2148dbb116b9c80122c1b6 P 0bf931926db74c99a2d2c016f1bf24f9: Time spent bootstrapping tablet: real 0.256s	user 0.074s	sys 0.124s
I20260709 13:17:38.226737 16707 raft_consensus.cc:359] T 4ee820222d2148dbb116b9c80122c1b6 P 0bf931926db74c99a2d2c016f1bf24f9 [term 0 FOLLOWER]: Replica starting. Triggering 0 pending ops. Active config: opid_index: -1 OBSOLETE_local: false peers { permanent_uuid: "45cd68028f204eeaa98093be3901d0e9" member_type: VOTER last_known_addr { host: "127.15.122.65" port: 34887 } } peers { permanent_uuid: "0bf931926db74c99a2d2c016f1bf24f9" member_type: VOTER last_known_addr { host: "127.15.122.66" port: 36031 } } peers { permanent_uuid: "5cce5c7be88d432a8e02005353edf041" member_type: VOTER last_known_addr { host: "127.15.122.67" port: 38565 } }
I20260709 13:17:38.227386 16707 raft_consensus.cc:385] T 4ee820222d2148dbb116b9c80122c1b6 P 0bf931926db74c99a2d2c016f1bf24f9 [term 0 FOLLOWER]: Consensus starting up: Expiring failure detector timer to make a prompt election more likely
I20260709 13:17:38.228029 16591 raft_consensus.cc:2468] T f741580fd6e546deb431fef7fa837545 P 0bf931926db74c99a2d2c016f1bf24f9 [term 1 FOLLOWER]: Leader election vote request: Granting yes vote for candidate 45cd68028f204eeaa98093be3901d0e9 in term 1.
I20260709 13:17:38.230193 16663 raft_consensus.cc:2468] T f741580fd6e546deb431fef7fa837545 P 5cce5c7be88d432a8e02005353edf041 [term 1 FOLLOWER]: Leader election vote request: Granting yes vote for candidate 45cd68028f204eeaa98093be3901d0e9 in term 1.
I20260709 13:17:38.232492 16707 raft_consensus.cc:740] T 4ee820222d2148dbb116b9c80122c1b6 P 0bf931926db74c99a2d2c016f1bf24f9 [term 0 FOLLOWER]: Becoming Follower/Learner. State: Replica: 0bf931926db74c99a2d2c016f1bf24f9, State: Initialized, Role: FOLLOWER
I20260709 13:17:38.233273 16751 raft_consensus.cc:2764] T f741580fd6e546deb431fef7fa837545 P 0bf931926db74c99a2d2c016f1bf24f9 [term 1 FOLLOWER]: Leader pre-election decision vote started in defunct term 0: won
I20260709 13:17:38.231886 16709 ts_tablet_manager.cc:1434] T 73513420d88d4d7387667b123de96e61 P 5cce5c7be88d432a8e02005353edf041: Time spent starting tablet: real 0.044s	user 0.008s	sys 0.000s
I20260709 13:17:38.234313 16481 leader_election.cc:304] T f741580fd6e546deb431fef7fa837545 P 45cd68028f204eeaa98093be3901d0e9 [CANDIDATE]: Term 1 election: Election decided. Result: candidate won. Election summary: received 2 responses out of 3 voters: 2 yes votes; 0 no votes. yes voters: 45cd68028f204eeaa98093be3901d0e9, 5cce5c7be88d432a8e02005353edf041; no voters: 
I20260709 13:17:38.229547 16708 tablet_bootstrap.cc:492] T e4ccb012098f438b939edd451a4a08c8 P 45cd68028f204eeaa98093be3901d0e9: No bootstrap required, opened a new log
I20260709 13:17:38.231235 16742 raft_consensus.cc:493] T 9ea1f0997fb341019ae9bf537853da6e P 45cd68028f204eeaa98093be3901d0e9 [term 0 FOLLOWER]: Starting pre-election (no leader contacted us within the election timeout)
I20260709 13:17:38.236022 16708 ts_tablet_manager.cc:1403] T e4ccb012098f438b939edd451a4a08c8 P 45cd68028f204eeaa98093be3901d0e9: Time spent bootstrapping tablet: real 0.235s	user 0.046s	sys 0.056s
I20260709 13:17:38.236191 16742 raft_consensus.cc:515] T 9ea1f0997fb341019ae9bf537853da6e P 45cd68028f204eeaa98093be3901d0e9 [term 0 FOLLOWER]: Starting pre-election with config: opid_index: -1 OBSOLETE_local: false peers { permanent_uuid: "45cd68028f204eeaa98093be3901d0e9" member_type: VOTER last_known_addr { host: "127.15.122.65" port: 34887 } } peers { permanent_uuid: "0bf931926db74c99a2d2c016f1bf24f9" member_type: VOTER last_known_addr { host: "127.15.122.66" port: 36031 } } peers { permanent_uuid: "5cce5c7be88d432a8e02005353edf041" member_type: VOTER last_known_addr { host: "127.15.122.67" port: 38565 } }
I20260709 13:17:38.237707 16707 consensus_queue.cc:260] T 4ee820222d2148dbb116b9c80122c1b6 P 0bf931926db74c99a2d2c016f1bf24f9 [NON_LEADER]: Queue going to NON_LEADER mode. State: All replicated index: 0, Majority replicated index: 0, Committed index: 0, Last appended: 0.0, Last appended by leader: 0, Current term: 0, Majority size: -1, State: 0, Mode: NON_LEADER, active raft config: opid_index: -1 OBSOLETE_local: false peers { permanent_uuid: "45cd68028f204eeaa98093be3901d0e9" member_type: VOTER last_known_addr { host: "127.15.122.65" port: 34887 } } peers { permanent_uuid: "0bf931926db74c99a2d2c016f1bf24f9" member_type: VOTER last_known_addr { host: "127.15.122.66" port: 36031 } } peers { permanent_uuid: "5cce5c7be88d432a8e02005353edf041" member_type: VOTER last_known_addr { host: "127.15.122.67" port: 38565 } }
I20260709 13:17:38.238933 16708 raft_consensus.cc:359] T e4ccb012098f438b939edd451a4a08c8 P 45cd68028f204eeaa98093be3901d0e9 [term 0 FOLLOWER]: Replica starting. Triggering 0 pending ops. Active config: opid_index: -1 OBSOLETE_local: false peers { permanent_uuid: "45cd68028f204eeaa98093be3901d0e9" member_type: VOTER last_known_addr { host: "127.15.122.65" port: 34887 } } peers { permanent_uuid: "0bf931926db74c99a2d2c016f1bf24f9" member_type: VOTER last_known_addr { host: "127.15.122.66" port: 36031 } } peers { permanent_uuid: "5cce5c7be88d432a8e02005353edf041" member_type: VOTER last_known_addr { host: "127.15.122.67" port: 38565 } }
I20260709 13:17:38.239617 16708 raft_consensus.cc:385] T e4ccb012098f438b939edd451a4a08c8 P 45cd68028f204eeaa98093be3901d0e9 [term 0 FOLLOWER]: Consensus starting up: Expiring failure detector timer to make a prompt election more likely
I20260709 13:17:38.239413 16741 consensus_queue.cc:1048] T 76ab2419e78947e6b66b8e5672a5ea14 P 0bf931926db74c99a2d2c016f1bf24f9 [LEADER]: Connected to new peer: Peer: permanent_uuid: "5cce5c7be88d432a8e02005353edf041" member_type: VOTER last_known_addr { host: "127.15.122.67" port: 38565 }, Status: LMP_MISMATCH, Last received: 0.0, Next index: 1, Last known committed idx: 0, Time since last communication: 0.000s
I20260709 13:17:38.239943 16708 raft_consensus.cc:740] T e4ccb012098f438b939edd451a4a08c8 P 45cd68028f204eeaa98093be3901d0e9 [term 0 FOLLOWER]: Becoming Follower/Learner. State: Replica: 45cd68028f204eeaa98093be3901d0e9, State: Initialized, Role: FOLLOWER
I20260709 13:17:38.240383 16707 ts_tablet_manager.cc:1434] T 4ee820222d2148dbb116b9c80122c1b6 P 0bf931926db74c99a2d2c016f1bf24f9: Time spent starting tablet: real 0.016s	user 0.005s	sys 0.001s
I20260709 13:17:38.240602 16708 consensus_queue.cc:260] T e4ccb012098f438b939edd451a4a08c8 P 45cd68028f204eeaa98093be3901d0e9 [NON_LEADER]: Queue going to NON_LEADER mode. State: All replicated index: 0, Majority replicated index: 0, Committed index: 0, Last appended: 0.0, Last appended by leader: 0, Current term: 0, Majority size: -1, State: 0, Mode: NON_LEADER, active raft config: opid_index: -1 OBSOLETE_local: false peers { permanent_uuid: "45cd68028f204eeaa98093be3901d0e9" member_type: VOTER last_known_addr { host: "127.15.122.65" port: 34887 } } peers { permanent_uuid: "0bf931926db74c99a2d2c016f1bf24f9" member_type: VOTER last_known_addr { host: "127.15.122.66" port: 36031 } } peers { permanent_uuid: "5cce5c7be88d432a8e02005353edf041" member_type: VOTER last_known_addr { host: "127.15.122.67" port: 38565 } }
I20260709 13:17:38.238823 16709 tablet_bootstrap.cc:492] T 4ee820222d2148dbb116b9c80122c1b6 P 5cce5c7be88d432a8e02005353edf041: Bootstrap starting.
I20260709 13:17:38.242770 16592 tablet_service.cc:1917] Received RequestConsensusVote() RPC: tablet_id: "9ea1f0997fb341019ae9bf537853da6e" candidate_uuid: "45cd68028f204eeaa98093be3901d0e9" candidate_term: 1 candidate_status { last_received { term: 0 index: 0 } } ignore_live_leader: false dest_uuid: "0bf931926db74c99a2d2c016f1bf24f9" is_pre_election: true
W20260709 13:17:38.244210 16483 leader_election.cc:343] T 9ea1f0997fb341019ae9bf537853da6e P 45cd68028f204eeaa98093be3901d0e9 [CANDIDATE]: Term 1 pre-election: Tablet error from VoteRequest() call to peer 0bf931926db74c99a2d2c016f1bf24f9 (127.15.122.66:36031): Illegal state: must be running to vote when last-logged opid is not known
