I20260709 13:17:52.464774 19618 raft_consensus.cc:2804] T 4b2a4e6a1a8a4be59b51cfc9e8965a64 P 06422f47e9ac47aeb11c62882da78c94 [term 1 FOLLOWER]: Leader election won for term 1
I20260709 13:17:52.462620 19508 raft_consensus.cc:385] T 24bd98373cc04fd3a77d4f1880526061 P 7d61f59df93949ada15209d5e69b3c1a [term 0 FOLLOWER]: Consensus starting up: Expiring failure detector timer to make a prompt election more likely
I20260709 13:17:52.465377 19508 raft_consensus.cc:740] T 24bd98373cc04fd3a77d4f1880526061 P 7d61f59df93949ada15209d5e69b3c1a [term 0 FOLLOWER]: Becoming Follower/Learner. State: Replica: 7d61f59df93949ada15209d5e69b3c1a, State: Initialized, Role: FOLLOWER
I20260709 13:17:52.465965 19508 consensus_queue.cc:260] T 24bd98373cc04fd3a77d4f1880526061 P 7d61f59df93949ada15209d5e69b3c1a [NON_LEADER]: Queue going to NON_LEADER mode. State: All replicated index: 0, Majority replicated index: 0, Committed index: 0, Last appended: 0.0, Last appended by leader: 0, Current term: 0, Majority size: -1, State: 0, Mode: NON_LEADER, active raft config: opid_index: -1 OBSOLETE_local: false peers { permanent_uuid: "f6f0dfa9dc0d4fd9b94e2d22a5f50415" member_type: VOTER last_known_addr { host: "127.17.189.129" port: 33945 } } peers { permanent_uuid: "7d61f59df93949ada15209d5e69b3c1a" member_type: VOTER last_known_addr { host: "127.17.189.130" port: 33703 } } peers { permanent_uuid: "06422f47e9ac47aeb11c62882da78c94" member_type: VOTER last_known_addr { host: "127.17.189.131" port: 42723 } }
I20260709 13:17:52.467525 19618 raft_consensus.cc:697] T 4b2a4e6a1a8a4be59b51cfc9e8965a64 P 06422f47e9ac47aeb11c62882da78c94 [term 1 LEADER]: Becoming Leader. State: Replica: 06422f47e9ac47aeb11c62882da78c94, State: Running, Role: LEADER
I20260709 13:17:52.468829 19508 ts_tablet_manager.cc:1434] T 24bd98373cc04fd3a77d4f1880526061 P 7d61f59df93949ada15209d5e69b3c1a: Time spent starting tablet: real 0.009s	user 0.004s	sys 0.000s
I20260709 13:17:52.468434 19618 consensus_queue.cc:237] T 4b2a4e6a1a8a4be59b51cfc9e8965a64 P 06422f47e9ac47aeb11c62882da78c94 [LEADER]: Queue going to LEADER mode. State: All replicated index: 0, Majority replicated index: 0, Committed index: 0, Last appended: 0.0, Last appended by leader: 0, Current term: 1, Majority size: 2, State: 0, Mode: LEADER, active raft config: opid_index: -1 OBSOLETE_local: false peers { permanent_uuid: "f6f0dfa9dc0d4fd9b94e2d22a5f50415" member_type: VOTER last_known_addr { host: "127.17.189.129" port: 33945 } } peers { permanent_uuid: "7d61f59df93949ada15209d5e69b3c1a" member_type: VOTER last_known_addr { host: "127.17.189.130" port: 33703 } } peers { permanent_uuid: "06422f47e9ac47aeb11c62882da78c94" member_type: VOTER last_known_addr { host: "127.17.189.131" port: 42723 } }
I20260709 13:17:52.469744 19508 tablet_bootstrap.cc:492] T 136bca5b8ab94a3f93bd7c65dab0c7de P 7d61f59df93949ada15209d5e69b3c1a: Bootstrap starting.
I20260709 13:17:52.466512 19621 raft_consensus.cc:2804] T 0184e3443b2041f2b89029e5f4062add P 06422f47e9ac47aeb11c62882da78c94 [term 1 FOLLOWER]: Leader election won for term 1
I20260709 13:17:52.470604 19621 raft_consensus.cc:697] T 0184e3443b2041f2b89029e5f4062add P 06422f47e9ac47aeb11c62882da78c94 [term 1 LEADER]: Becoming Leader. State: Replica: 06422f47e9ac47aeb11c62882da78c94, State: Running, Role: LEADER
I20260709 13:17:52.471398 19621 consensus_queue.cc:237] T 0184e3443b2041f2b89029e5f4062add P 06422f47e9ac47aeb11c62882da78c94 [LEADER]: Queue going to LEADER mode. State: All replicated index: 0, Majority replicated index: 0, Committed index: 0, Last appended: 0.0, Last appended by leader: 0, Current term: 1, Majority size: 2, State: 0, Mode: LEADER, active raft config: opid_index: -1 OBSOLETE_local: false peers { permanent_uuid: "f6f0dfa9dc0d4fd9b94e2d22a5f50415" member_type: VOTER last_known_addr { host: "127.17.189.129" port: 33945 } } peers { permanent_uuid: "7d61f59df93949ada15209d5e69b3c1a" member_type: VOTER last_known_addr { host: "127.17.189.130" port: 33703 } } peers { permanent_uuid: "06422f47e9ac47aeb11c62882da78c94" member_type: VOTER last_known_addr { host: "127.17.189.131" port: 42723 } }
I20260709 13:17:52.473062 19517 tablet_bootstrap.cc:492] T 024b9d3a935143569c02774c32e3eaaf P 06422f47e9ac47aeb11c62882da78c94: No bootstrap required, opened a new log
I20260709 13:17:52.473474 19517 ts_tablet_manager.cc:1403] T 024b9d3a935143569c02774c32e3eaaf P 06422f47e9ac47aeb11c62882da78c94: Time spent bootstrapping tablet: real 0.018s	user 0.007s	sys 0.008s
I20260709 13:17:52.473737 19391 tablet_service.cc:1917] Received RequestConsensusVote() RPC: tablet_id: "f516a3e715c54713a65cece774453f3b" candidate_uuid: "06422f47e9ac47aeb11c62882da78c94" candidate_term: 1 candidate_status { last_received { term: 0 index: 0 } } ignore_live_leader: false dest_uuid: "7d61f59df93949ada15209d5e69b3c1a" is_pre_election: true
I20260709 13:17:52.474359 19391 raft_consensus.cc:2468] T f516a3e715c54713a65cece774453f3b P 7d61f59df93949ada15209d5e69b3c1a [term 0 FOLLOWER]: Leader pre-election vote request: Granting yes vote for candidate 06422f47e9ac47aeb11c62882da78c94 in term 0.
I20260709 13:17:52.466311 19629 leader_election.cc:290] T 0184e3443b2041f2b89029e5f4062add P 06422f47e9ac47aeb11c62882da78c94 [CANDIDATE]: Term 1 election: Requested vote from peers f6f0dfa9dc0d4fd9b94e2d22a5f50415 (127.17.189.129:33945), 7d61f59df93949ada15209d5e69b3c1a (127.17.189.130:33703)
I20260709 13:17:52.476136 19517 raft_consensus.cc:359] T 024b9d3a935143569c02774c32e3eaaf P 06422f47e9ac47aeb11c62882da78c94 [term 0 FOLLOWER]: Replica starting. Triggering 0 pending ops. Active config: opid_index: -1 OBSOLETE_local: false peers { permanent_uuid: "f6f0dfa9dc0d4fd9b94e2d22a5f50415" member_type: VOTER last_known_addr { host: "127.17.189.129" port: 33945 } } peers { permanent_uuid: "7d61f59df93949ada15209d5e69b3c1a" member_type: VOTER last_known_addr { host: "127.17.189.130" port: 33703 } } peers { permanent_uuid: "06422f47e9ac47aeb11c62882da78c94" member_type: VOTER last_known_addr { host: "127.17.189.131" port: 42723 } }
I20260709 13:17:52.476788 19517 raft_consensus.cc:385] T 024b9d3a935143569c02774c32e3eaaf P 06422f47e9ac47aeb11c62882da78c94 [term 0 FOLLOWER]: Consensus starting up: Expiring failure detector timer to make a prompt election more likely
I20260709 13:17:52.477072 19517 raft_consensus.cc:740] T 024b9d3a935143569c02774c32e3eaaf P 06422f47e9ac47aeb11c62882da78c94 [term 0 FOLLOWER]: Becoming Follower/Learner. State: Replica: 06422f47e9ac47aeb11c62882da78c94, State: Initialized, Role: FOLLOWER
W20260709 13:17:52.477269 19435 leader_election.cc:343] T 0184e3443b2041f2b89029e5f4062add P 06422f47e9ac47aeb11c62882da78c94 [CANDIDATE]: Term 1 pre-election: Tablet error from VoteRequest() call to peer 7d61f59df93949ada15209d5e69b3c1a (127.17.189.130:33703): Illegal state: must be running to vote when last-logged opid is not known
I20260709 13:17:52.477649 19517 consensus_queue.cc:260] T 024b9d3a935143569c02774c32e3eaaf P 06422f47e9ac47aeb11c62882da78c94 [NON_LEADER]: Queue going to NON_LEADER mode. State: All replicated index: 0, Majority replicated index: 0, Committed index: 0, Last appended: 0.0, Last appended by leader: 0, Current term: 0, Majority size: -1, State: 0, Mode: NON_LEADER, active raft config: opid_index: -1 OBSOLETE_local: false peers { permanent_uuid: "f6f0dfa9dc0d4fd9b94e2d22a5f50415" member_type: VOTER last_known_addr { host: "127.17.189.129" port: 33945 } } peers { permanent_uuid: "7d61f59df93949ada15209d5e69b3c1a" member_type: VOTER last_known_addr { host: "127.17.189.130" port: 33703 } } peers { permanent_uuid: "06422f47e9ac47aeb11c62882da78c94" member_type: VOTER last_known_addr { host: "127.17.189.131" port: 42723 } }
W20260709 13:17:52.478845 19362 outbound_call.cc:321] RPC callback for RPC call kudu.consensus.ConsensusService.UpdateConsensus -> {remote=127.17.189.131:42723, user_credentials={real_user=slave}} blocked reactor thread for 58998.1us
I20260709 13:17:52.479667 19517 ts_tablet_manager.cc:1434] T 024b9d3a935143569c02774c32e3eaaf P 06422f47e9ac47aeb11c62882da78c94: Time spent starting tablet: real 0.006s	user 0.007s	sys 0.000s
I20260709 13:17:52.484858 19517 tablet_bootstrap.cc:492] T eaac345a8ad44a55ac16b5ff9070085a P 06422f47e9ac47aeb11c62882da78c94: Bootstrap starting.
I20260709 13:17:52.484015 19508 tablet_bootstrap.cc:654] T 136bca5b8ab94a3f93bd7c65dab0c7de P 7d61f59df93949ada15209d5e69b3c1a: Neither blocks nor log segments found. Creating new log.
I20260709 13:17:52.489207 19517 tablet_bootstrap.cc:654] T eaac345a8ad44a55ac16b5ff9070085a P 06422f47e9ac47aeb11c62882da78c94: Neither blocks nor log segments found. Creating new log.
I20260709 13:17:52.491757 19698 raft_consensus.cc:493] T 88a64665e5fb41138738ca1ee88542b8 P 7d61f59df93949ada15209d5e69b3c1a [term 0 FOLLOWER]: Starting pre-election (no leader contacted us within the election timeout)
I20260709 13:17:52.492264 19698 raft_consensus.cc:515] T 88a64665e5fb41138738ca1ee88542b8 P 7d61f59df93949ada15209d5e69b3c1a [term 0 FOLLOWER]: Starting pre-election with config: opid_index: -1 OBSOLETE_local: false peers { permanent_uuid: "f6f0dfa9dc0d4fd9b94e2d22a5f50415" member_type: VOTER last_known_addr { host: "127.17.189.129" port: 33945 } } peers { permanent_uuid: "7d61f59df93949ada15209d5e69b3c1a" member_type: VOTER last_known_addr { host: "127.17.189.130" port: 33703 } } peers { permanent_uuid: "06422f47e9ac47aeb11c62882da78c94" member_type: VOTER last_known_addr { host: "127.17.189.131" port: 42723 } }
I20260709 13:17:52.494221 19698 leader_election.cc:290] T 88a64665e5fb41138738ca1ee88542b8 P 7d61f59df93949ada15209d5e69b3c1a [CANDIDATE]: Term 1 pre-election: Requested pre-vote from peers f6f0dfa9dc0d4fd9b94e2d22a5f50415 (127.17.189.129:33945), 06422f47e9ac47aeb11c62882da78c94 (127.17.189.131:42723)
I20260709 13:17:52.499454 19508 tablet_bootstrap.cc:492] T 136bca5b8ab94a3f93bd7c65dab0c7de P 7d61f59df93949ada15209d5e69b3c1a: No bootstrap required, opened a new log
I20260709 13:17:52.499926 19508 ts_tablet_manager.cc:1403] T 136bca5b8ab94a3f93bd7c65dab0c7de P 7d61f59df93949ada15209d5e69b3c1a: Time spent bootstrapping tablet: real 0.030s	user 0.015s	sys 0.001s
I20260709 13:17:52.501531 19517 tablet_bootstrap.cc:492] T eaac345a8ad44a55ac16b5ff9070085a P 06422f47e9ac47aeb11c62882da78c94: No bootstrap required, opened a new log
I20260709 13:17:52.502013 19517 ts_tablet_manager.cc:1403] T eaac345a8ad44a55ac16b5ff9070085a P 06422f47e9ac47aeb11c62882da78c94: Time spent bootstrapping tablet: real 0.017s	user 0.012s	sys 0.004s
I20260709 13:17:52.502434 19463 tablet_service.cc:1917] Received RequestConsensusVote() RPC: tablet_id: "88a64665e5fb41138738ca1ee88542b8" candidate_uuid: "7d61f59df93949ada15209d5e69b3c1a" candidate_term: 1 candidate_status { last_received { term: 0 index: 0 } } ignore_live_leader: false dest_uuid: "06422f47e9ac47aeb11c62882da78c94" is_pre_election: true
I20260709 13:17:52.502336 19508 raft_consensus.cc:359] T 136bca5b8ab94a3f93bd7c65dab0c7de P 7d61f59df93949ada15209d5e69b3c1a [term 0 FOLLOWER]: Replica starting. Triggering 0 pending ops. Active config: opid_index: -1 OBSOLETE_local: false peers { permanent_uuid: "f6f0dfa9dc0d4fd9b94e2d22a5f50415" member_type: VOTER last_known_addr { host: "127.17.189.129" port: 33945 } } peers { permanent_uuid: "7d61f59df93949ada15209d5e69b3c1a" member_type: VOTER last_known_addr { host: "127.17.189.130" port: 33703 } } peers { permanent_uuid: "06422f47e9ac47aeb11c62882da78c94" member_type: VOTER last_known_addr { host: "127.17.189.131" port: 42723 } }
I20260709 13:17:52.503073 19508 raft_consensus.cc:385] T 136bca5b8ab94a3f93bd7c65dab0c7de P 7d61f59df93949ada15209d5e69b3c1a [term 0 FOLLOWER]: Consensus starting up: Expiring failure detector timer to make a prompt election more likely
I20260709 13:17:52.503347 19508 raft_consensus.cc:740] T 136bca5b8ab94a3f93bd7c65dab0c7de P 7d61f59df93949ada15209d5e69b3c1a [term 0 FOLLOWER]: Becoming Follower/Learner. State: Replica: 7d61f59df93949ada15209d5e69b3c1a, State: Initialized, Role: FOLLOWER
I20260709 13:17:52.504133 19391 tablet_service.cc:1917] Received RequestConsensusVote() RPC: tablet_id: "4b2a4e6a1a8a4be59b51cfc9e8965a64" candidate_uuid: "06422f47e9ac47aeb11c62882da78c94" candidate_term: 1 candidate_status { last_received { term: 0 index: 0 } } ignore_live_leader: false dest_uuid: "7d61f59df93949ada15209d5e69b3c1a"
I20260709 13:17:52.503991 19508 consensus_queue.cc:260] T 136bca5b8ab94a3f93bd7c65dab0c7de P 7d61f59df93949ada15209d5e69b3c1a [NON_LEADER]: Queue going to NON_LEADER mode. State: All replicated index: 0, Majority replicated index: 0, Committed index: 0, Last appended: 0.0, Last appended by leader: 0, Current term: 0, Majority size: -1, State: 0, Mode: NON_LEADER, active raft config: opid_index: -1 OBSOLETE_local: false peers { permanent_uuid: "f6f0dfa9dc0d4fd9b94e2d22a5f50415" member_type: VOTER last_known_addr { host: "127.17.189.129" port: 33945 } } peers { permanent_uuid: "7d61f59df93949ada15209d5e69b3c1a" member_type: VOTER last_known_addr { host: "127.17.189.130" port: 33703 } } peers { permanent_uuid: "06422f47e9ac47aeb11c62882da78c94" member_type: VOTER last_known_addr { host: "127.17.189.131" port: 42723 } }
I20260709 13:17:52.505098 19517 raft_consensus.cc:359] T eaac345a8ad44a55ac16b5ff9070085a P 06422f47e9ac47aeb11c62882da78c94 [term 0 FOLLOWER]: Replica starting. Triggering 0 pending ops. Active config: opid_index: -1 OBSOLETE_local: false peers { permanent_uuid: "f6f0dfa9dc0d4fd9b94e2d22a5f50415" member_type: VOTER last_known_addr { host: "127.17.189.129" port: 33945 } } peers { permanent_uuid: "7d61f59df93949ada15209d5e69b3c1a" member_type: VOTER last_known_addr { host: "127.17.189.130" port: 33703 } } peers { permanent_uuid: "06422f47e9ac47aeb11c62882da78c94" member_type: VOTER last_known_addr { host: "127.17.189.131" port: 42723 } }
I20260709 13:17:52.505839 19517 raft_consensus.cc:385] T eaac345a8ad44a55ac16b5ff9070085a P 06422f47e9ac47aeb11c62882da78c94 [term 0 FOLLOWER]: Consensus starting up: Expiring failure detector timer to make a prompt election more likely
I20260709 13:17:52.506119 19517 raft_consensus.cc:740] T eaac345a8ad44a55ac16b5ff9070085a P 06422f47e9ac47aeb11c62882da78c94 [term 0 FOLLOWER]: Becoming Follower/Learner. State: Replica: 06422f47e9ac47aeb11c62882da78c94, State: Initialized, Role: FOLLOWER
I20260709 13:17:52.506307 19508 ts_tablet_manager.cc:1434] T 136bca5b8ab94a3f93bd7c65dab0c7de P 7d61f59df93949ada15209d5e69b3c1a: Time spent starting tablet: real 0.006s	user 0.006s	sys 0.000s
I20260709 13:17:52.506372 19391 tablet_service.cc:1917] Received RequestConsensusVote() RPC: tablet_id: "0184e3443b2041f2b89029e5f4062add" candidate_uuid: "06422f47e9ac47aeb11c62882da78c94" candidate_term: 1 candidate_status { last_received { term: 0 index: 0 } } ignore_live_leader: false dest_uuid: "7d61f59df93949ada15209d5e69b3c1a"
I20260709 13:17:52.506975 19517 consensus_queue.cc:260] T eaac345a8ad44a55ac16b5ff9070085a P 06422f47e9ac47aeb11c62882da78c94 [NON_LEADER]: Queue going to NON_LEADER mode. State: All replicated index: 0, Majority replicated index: 0, Committed index: 0, Last appended: 0.0, Last appended by leader: 0, Current term: 0, Majority size: -1, State: 0, Mode: NON_LEADER, active raft config: opid_index: -1 OBSOLETE_local: false peers { permanent_uuid: "f6f0dfa9dc0d4fd9b94e2d22a5f50415" member_type: VOTER last_known_addr { host: "127.17.189.129" port: 33945 } } peers { permanent_uuid: "7d61f59df93949ada15209d5e69b3c1a" member_type: VOTER last_known_addr { host: "127.17.189.130" port: 33703 } } peers { permanent_uuid: "06422f47e9ac47aeb11c62882da78c94" member_type: VOTER last_known_addr { host: "127.17.189.131" port: 42723 } }
I20260709 13:17:52.507510 19508 tablet_bootstrap.cc:492] T a9f86e7a89cd45d0902205ec71333436 P 7d61f59df93949ada15209d5e69b3c1a: Bootstrap starting.
I20260709 13:17:52.508133 19435 leader_election.cc:304] T f516a3e715c54713a65cece774453f3b P 06422f47e9ac47aeb11c62882da78c94 [CANDIDATE]: Term 1 pre-election: Election decided. Result: candidate won. Election summary: received 3 responses out of 3 voters: 2 yes votes; 1 no votes. yes voters: 06422f47e9ac47aeb11c62882da78c94, 7d61f59df93949ada15209d5e69b3c1a; no voters: f6f0dfa9dc0d4fd9b94e2d22a5f50415
I20260709 13:17:52.509042 19517 ts_tablet_manager.cc:1434] T eaac345a8ad44a55ac16b5ff9070085a P 06422f47e9ac47aeb11c62882da78c94: Time spent starting tablet: real 0.007s	user 0.005s	sys 0.000s
I20260709 13:17:52.509984 19517 tablet_bootstrap.cc:492] T 3bb3fb1a7bd34ab98e3895781454fd1c P 06422f47e9ac47aeb11c62882da78c94: Bootstrap starting.
I20260709 13:17:52.510717 19605 raft_consensus.cc:493] T 024b9d3a935143569c02774c32e3eaaf P f6f0dfa9dc0d4fd9b94e2d22a5f50415 [term 0 FOLLOWER]: Starting pre-election (no leader contacted us within the election timeout)
I20260709 13:17:52.511173 19605 raft_consensus.cc:515] T 024b9d3a935143569c02774c32e3eaaf P f6f0dfa9dc0d4fd9b94e2d22a5f50415 [term 0 FOLLOWER]: Starting pre-election with config: opid_index: -1 OBSOLETE_local: false peers { permanent_uuid: "f6f0dfa9dc0d4fd9b94e2d22a5f50415" member_type: VOTER last_known_addr { host: "127.17.189.129" port: 33945 } } peers { permanent_uuid: "7d61f59df93949ada15209d5e69b3c1a" member_type: VOTER last_known_addr { host: "127.17.189.130" port: 33703 } } peers { permanent_uuid: "06422f47e9ac47aeb11c62882da78c94" member_type: VOTER last_known_addr { host: "127.17.189.131" port: 42723 } }
I20260709 13:17:52.511356 19286 leader_election.cc:304] T 0dc25bde920a4e179c743c9b00d3205e P f6f0dfa9dc0d4fd9b94e2d22a5f50415 [CANDIDATE]: Term 1 pre-election: Election decided. Result: candidate lost. Election summary: received 3 responses out of 3 voters: 1 yes votes; 2 no votes. yes voters: f6f0dfa9dc0d4fd9b94e2d22a5f50415; no voters: 06422f47e9ac47aeb11c62882da78c94, 7d61f59df93949ada15209d5e69b3c1a
I20260709 13:17:52.513002 19605 leader_election.cc:290] T 024b9d3a935143569c02774c32e3eaaf P f6f0dfa9dc0d4fd9b94e2d22a5f50415 [CANDIDATE]: Term 1 pre-election: Requested pre-vote from peers 7d61f59df93949ada15209d5e69b3c1a (127.17.189.130:33703), 06422f47e9ac47aeb11c62882da78c94 (127.17.189.131:42723)
I20260709 13:17:52.514403 19508 tablet_bootstrap.cc:654] T a9f86e7a89cd45d0902205ec71333436 P 7d61f59df93949ada15209d5e69b3c1a: Neither blocks nor log segments found. Creating new log.
W20260709 13:17:52.514533 19362 leader_election.cc:343] T 88a64665e5fb41138738ca1ee88542b8 P 7d61f59df93949ada15209d5e69b3c1a [CANDIDATE]: Term 1 pre-election: Tablet error from VoteRequest() call to peer 06422f47e9ac47aeb11c62882da78c94 (127.17.189.131:42723): Illegal state: must be running to vote when last-logged opid is not known
I20260709 13:17:52.515375 19517 tablet_bootstrap.cc:654] T 3bb3fb1a7bd34ab98e3895781454fd1c P 06422f47e9ac47aeb11c62882da78c94: Neither blocks nor log segments found. Creating new log.
I20260709 13:17:52.516027 19603 raft_consensus.cc:2804] T f516a3e715c54713a65cece774453f3b P 06422f47e9ac47aeb11c62882da78c94 [term 0 FOLLOWER]: Leader pre-election won for term 1
I20260709 13:17:52.516427 19603 raft_consensus.cc:493] T f516a3e715c54713a65cece774453f3b P 06422f47e9ac47aeb11c62882da78c94 [term 0 FOLLOWER]: Starting leader election (no leader contacted us within the election timeout)
I20260709 13:17:52.516764 19603 raft_consensus.cc:3060] T f516a3e715c54713a65cece774453f3b P 06422f47e9ac47aeb11c62882da78c94 [term 0 FOLLOWER]: Advancing to term 1
I20260709 13:17:52.523763 19517 tablet_bootstrap.cc:492] T 3bb3fb1a7bd34ab98e3895781454fd1c P 06422f47e9ac47aeb11c62882da78c94: No bootstrap required, opened a new log
I20260709 13:17:52.524277 19517 ts_tablet_manager.cc:1403] T 3bb3fb1a7bd34ab98e3895781454fd1c P 06422f47e9ac47aeb11c62882da78c94: Time spent bootstrapping tablet: real 0.014s	user 0.013s	sys 0.000s
I20260709 13:17:52.524437 19514 tablet_bootstrap.cc:654] T c35b98448003425fb103b41e435067a3 P f6f0dfa9dc0d4fd9b94e2d22a5f50415: Neither blocks nor log segments found. Creating new log.
I20260709 13:17:52.526283 19629 raft_consensus.cc:493] T c35b98448003425fb103b41e435067a3 P 06422f47e9ac47aeb11c62882da78c94 [term 0 FOLLOWER]: Starting pre-election (no leader contacted us within the election timeout)
I20260709 13:17:52.526726 19629 raft_consensus.cc:515] T c35b98448003425fb103b41e435067a3 P 06422f47e9ac47aeb11c62882da78c94 [term 0 FOLLOWER]: Starting pre-election with config: opid_index: -1 OBSOLETE_local: false peers { permanent_uuid: "f6f0dfa9dc0d4fd9b94e2d22a5f50415" member_type: VOTER last_known_addr { host: "127.17.189.129" port: 33945 } } peers { permanent_uuid: "7d61f59df93949ada15209d5e69b3c1a" member_type: VOTER last_known_addr { host: "127.17.189.130" port: 33703 } } peers { permanent_uuid: "06422f47e9ac47aeb11c62882da78c94" member_type: VOTER last_known_addr { host: "127.17.189.131" port: 42723 } }
I20260709 13:17:52.526908 19517 raft_consensus.cc:359] T 3bb3fb1a7bd34ab98e3895781454fd1c P 06422f47e9ac47aeb11c62882da78c94 [term 0 FOLLOWER]: Replica starting. Triggering 0 pending ops. Active config: opid_index: -1 OBSOLETE_local: false peers { permanent_uuid: "f6f0dfa9dc0d4fd9b94e2d22a5f50415" member_type: VOTER last_known_addr { host: "127.17.189.129" port: 33945 } } peers { permanent_uuid: "7d61f59df93949ada15209d5e69b3c1a" member_type: VOTER last_known_addr { host: "127.17.189.130" port: 33703 } } peers { permanent_uuid: "06422f47e9ac47aeb11c62882da78c94" member_type: VOTER last_known_addr { host: "127.17.189.131" port: 42723 } }
I20260709 13:17:52.527465 19517 raft_consensus.cc:385] T 3bb3fb1a7bd34ab98e3895781454fd1c P 06422f47e9ac47aeb11c62882da78c94 [term 0 FOLLOWER]: Consensus starting up: Expiring failure detector timer to make a prompt election more likely
I20260709 13:17:52.527630 19697 raft_consensus.cc:2749] T 0dc25bde920a4e179c743c9b00d3205e P f6f0dfa9dc0d4fd9b94e2d22a5f50415 [term 0 FOLLOWER]: Leader pre-election lost for term 1. Reason: could not achieve majority
I20260709 13:17:52.527706 19517 raft_consensus.cc:740] T 3bb3fb1a7bd34ab98e3895781454fd1c P 06422f47e9ac47aeb11c62882da78c94 [term 0 FOLLOWER]: Becoming Follower/Learner. State: Replica: 06422f47e9ac47aeb11c62882da78c94, State: Initialized, Role: FOLLOWER
I20260709 13:17:52.528766 19629 leader_election.cc:290] T c35b98448003425fb103b41e435067a3 P 06422f47e9ac47aeb11c62882da78c94 [CANDIDATE]: Term 1 pre-election: Requested pre-vote from peers f6f0dfa9dc0d4fd9b94e2d22a5f50415 (127.17.189.129:33945), 7d61f59df93949ada15209d5e69b3c1a (127.17.189.130:33703)
I20260709 13:17:52.529289 19517 consensus_queue.cc:260] T 3bb3fb1a7bd34ab98e3895781454fd1c P 06422f47e9ac47aeb11c62882da78c94 [NON_LEADER]: Queue going to NON_LEADER mode. State: All replicated index: 0, Majority replicated index: 0, Committed index: 0, Last appended: 0.0, Last appended by leader: 0, Current term: 0, Majority size: -1, State: 0, Mode: NON_LEADER, active raft config: opid_index: -1 OBSOLETE_local: false peers { permanent_uuid: "f6f0dfa9dc0d4fd9b94e2d22a5f50415" member_type: VOTER last_known_addr { host: "127.17.189.129" port: 33945 } } peers { permanent_uuid: "7d61f59df93949ada15209d5e69b3c1a" member_type: VOTER last_known_addr { host: "127.17.189.130" port: 33703 } } peers { permanent_uuid: "06422f47e9ac47aeb11c62882da78c94" member_type: VOTER last_known_addr { host: "127.17.189.131" port: 42723 } }
I20260709 13:17:52.530403 19318 tablet_service.cc:1917] Received RequestConsensusVote() RPC: tablet_id: "c35b98448003425fb103b41e435067a3" candidate_uuid: "06422f47e9ac47aeb11c62882da78c94" candidate_term: 1 candidate_status { last_received { term: 0 index: 0 } } ignore_live_leader: false dest_uuid: "f6f0dfa9dc0d4fd9b94e2d22a5f50415" is_pre_election: true
I20260709 13:17:52.523753 19599 raft_consensus.cc:515] T 4b2a4e6a1a8a4be59b51cfc9e8965a64 P 7d61f59df93949ada15209d5e69b3c1a [term 1 FOLLOWER]: Starting leader election with config: opid_index: -1 OBSOLETE_local: false peers { permanent_uuid: "f6f0dfa9dc0d4fd9b94e2d22a5f50415" member_type: VOTER last_known_addr { host: "127.17.189.129" port: 33945 } } peers { permanent_uuid: "7d61f59df93949ada15209d5e69b3c1a" member_type: VOTER last_known_addr { host: "127.17.189.130" port: 33703 } } peers { permanent_uuid: "06422f47e9ac47aeb11c62882da78c94" member_type: VOTER last_known_addr { host: "127.17.189.131" port: 42723 } }
W20260709 13:17:52.531802 19436 leader_election.cc:343] T c35b98448003425fb103b41e435067a3 P 06422f47e9ac47aeb11c62882da78c94 [CANDIDATE]: Term 1 pre-election: Tablet error from VoteRequest() call to peer f6f0dfa9dc0d4fd9b94e2d22a5f50415 (127.17.189.129:33945): Illegal state: must be running to vote when last-logged opid is not known
I20260709 13:17:52.532512 19599 leader_election.cc:290] T 4b2a4e6a1a8a4be59b51cfc9e8965a64 P 7d61f59df93949ada15209d5e69b3c1a [CANDIDATE]: Term 1 election: Requested vote from peers f6f0dfa9dc0d4fd9b94e2d22a5f50415 (127.17.189.129:33945), 06422f47e9ac47aeb11c62882da78c94 (127.17.189.131:42723)
I20260709 13:17:52.534036 19517 ts_tablet_manager.cc:1434] T 3bb3fb1a7bd34ab98e3895781454fd1c P 06422f47e9ac47aeb11c62882da78c94: Time spent starting tablet: real 0.009s	user 0.006s	sys 0.000s
I20260709 13:17:52.534430 19466 tablet_service.cc:1917] Received RequestConsensusVote() RPC: tablet_id: "4b2a4e6a1a8a4be59b51cfc9e8965a64" candidate_uuid: "7d61f59df93949ada15209d5e69b3c1a" candidate_term: 1 candidate_status { last_received { term: 0 index: 0 } } ignore_live_leader: false dest_uuid: "06422f47e9ac47aeb11c62882da78c94"
I20260709 13:17:52.534795 19463 tablet_service.cc:1917] Received RequestConsensusVote() RPC: tablet_id: "024b9d3a935143569c02774c32e3eaaf" candidate_uuid: "f6f0dfa9dc0d4fd9b94e2d22a5f50415" candidate_term: 1 candidate_status { last_received { term: 0 index: 0 } } ignore_live_leader: false dest_uuid: "06422f47e9ac47aeb11c62882da78c94" is_pre_election: true
I20260709 13:17:52.535094 19517 tablet_bootstrap.cc:492] T 95539e9338004fe4b7396fa6a7d8ab45 P 06422f47e9ac47aeb11c62882da78c94: Bootstrap starting.
I20260709 13:17:52.535441 19463 raft_consensus.cc:2468] T 024b9d3a935143569c02774c32e3eaaf P 06422f47e9ac47aeb11c62882da78c94 [term 0 FOLLOWER]: Leader pre-election vote request: Granting yes vote for candidate f6f0dfa9dc0d4fd9b94e2d22a5f50415 in term 0.
W20260709 13:17:52.536897 19435 leader_election.cc:343] T 0184e3443b2041f2b89029e5f4062add P 06422f47e9ac47aeb11c62882da78c94 [CANDIDATE]: Term 1 election: Tablet error from VoteRequest() call to peer 7d61f59df93949ada15209d5e69b3c1a (127.17.189.130:33703): Illegal state: must be running to vote when last-logged opid is not known
I20260709 13:17:52.537802 19508 tablet_bootstrap.cc:492] T a9f86e7a89cd45d0902205ec71333436 P 7d61f59df93949ada15209d5e69b3c1a: No bootstrap required, opened a new log
I20260709 13:17:52.538297 19508 ts_tablet_manager.cc:1403] T a9f86e7a89cd45d0902205ec71333436 P 7d61f59df93949ada15209d5e69b3c1a: Time spent bootstrapping tablet: real 0.031s	user 0.014s	sys 0.005s
I20260709 13:17:52.538640 19391 tablet_service.cc:1917] Received RequestConsensusVote() RPC: tablet_id: "c35b98448003425fb103b41e435067a3" candidate_uuid: "06422f47e9ac47aeb11c62882da78c94" candidate_term: 1 candidate_status { last_received { term: 0 index: 0 } } ignore_live_leader: false dest_uuid: "7d61f59df93949ada15209d5e69b3c1a" is_pre_election: true
I20260709 13:17:52.538954 19389 raft_consensus.cc:2393] T 4b2a4e6a1a8a4be59b51cfc9e8965a64 P 7d61f59df93949ada15209d5e69b3c1a [term 1 FOLLOWER]: Leader pre-election vote request: Denying vote to candidate 06422f47e9ac47aeb11c62882da78c94 in current term 1: Already voted for candidate 7d61f59df93949ada15209d5e69b3c1a in this term.
I20260709 13:17:52.539250 19391 raft_consensus.cc:2468] T c35b98448003425fb103b41e435067a3 P 7d61f59df93949ada15209d5e69b3c1a [term 0 FOLLOWER]: Leader pre-election vote request: Granting yes vote for candidate 06422f47e9ac47aeb11c62882da78c94 in term 0.
I20260709 13:17:52.541039 19508 raft_consensus.cc:359] T a9f86e7a89cd45d0902205ec71333436 P 7d61f59df93949ada15209d5e69b3c1a [term 0 FOLLOWER]: Replica starting. Triggering 0 pending ops. Active config: opid_index: -1 OBSOLETE_local: false peers { permanent_uuid: "f6f0dfa9dc0d4fd9b94e2d22a5f50415" member_type: VOTER last_known_addr { host: "127.17.189.129" port: 33945 } } peers { permanent_uuid: "7d61f59df93949ada15209d5e69b3c1a" member_type: VOTER last_known_addr { host: "127.17.189.130" port: 33703 } } peers { permanent_uuid: "06422f47e9ac47aeb11c62882da78c94" member_type: VOTER last_known_addr { host: "127.17.189.131" port: 42723 } }
I20260709 13:17:52.541642 19517 tablet_bootstrap.cc:654] T 95539e9338004fe4b7396fa6a7d8ab45 P 06422f47e9ac47aeb11c62882da78c94: Neither blocks nor log segments found. Creating new log.
I20260709 13:17:52.541692 19508 raft_consensus.cc:385] T a9f86e7a89cd45d0902205ec71333436 P 7d61f59df93949ada15209d5e69b3c1a [term 0 FOLLOWER]: Consensus starting up: Expiring failure detector timer to make a prompt election more likely
I20260709 13:17:52.542369 19508 raft_consensus.cc:740] T a9f86e7a89cd45d0902205ec71333436 P 7d61f59df93949ada15209d5e69b3c1a [term 0 FOLLOWER]: Becoming Follower/Learner. State: Replica: 7d61f59df93949ada15209d5e69b3c1a, State: Initialized, Role: FOLLOWER
I20260709 13:17:52.543066 19508 consensus_queue.cc:260] T a9f86e7a89cd45d0902205ec71333436 P 7d61f59df93949ada15209d5e69b3c1a [NON_LEADER]: Queue going to NON_LEADER mode. State: All replicated index: 0, Majority replicated index: 0, Committed index: 0, Last appended: 0.0, Last appended by leader: 0, Current term: 0, Majority size: -1, State: 0, Mode: NON_LEADER, active raft config: opid_index: -1 OBSOLETE_local: false peers { permanent_uuid: "f6f0dfa9dc0d4fd9b94e2d22a5f50415" member_type: VOTER last_known_addr { host: "127.17.189.129" port: 33945 } } peers { permanent_uuid: "7d61f59df93949ada15209d5e69b3c1a" member_type: VOTER last_known_addr { host: "127.17.189.130" port: 33703 } } peers { permanent_uuid: "06422f47e9ac47aeb11c62882da78c94" member_type: VOTER last_known_addr { host: "127.17.189.131" port: 42723 } }
I20260709 13:17:52.545349 19508 ts_tablet_manager.cc:1434] T a9f86e7a89cd45d0902205ec71333436 P 7d61f59df93949ada15209d5e69b3c1a: Time spent starting tablet: real 0.007s	user 0.005s	sys 0.000s
I20260709 13:17:52.546432 19508 tablet_bootstrap.cc:492] T 0184e3443b2041f2b89029e5f4062add P 7d61f59df93949ada15209d5e69b3c1a: Bootstrap starting.
I20260709 13:17:52.549955 19318 tablet_service.cc:1917] Received RequestConsensusVote() RPC: tablet_id: "4b2a4e6a1a8a4be59b51cfc9e8965a64" candidate_uuid: "7d61f59df93949ada15209d5e69b3c1a" candidate_term: 1 candidate_status { last_received { term: 0 index: 0 } } ignore_live_leader: false dest_uuid: "f6f0dfa9dc0d4fd9b94e2d22a5f50415" is_pre_election: true
I20260709 13:17:52.550850 19318 raft_consensus.cc:2393] T 4b2a4e6a1a8a4be59b51cfc9e8965a64 P f6f0dfa9dc0d4fd9b94e2d22a5f50415 [term 1 FOLLOWER]: Leader pre-election vote request: Denying vote to candidate 7d61f59df93949ada15209d5e69b3c1a in current term 1: Already voted for candidate 06422f47e9ac47aeb11c62882da78c94 in this term.
I20260709 13:17:52.552573 19517 tablet_bootstrap.cc:492] T 95539e9338004fe4b7396fa6a7d8ab45 P 06422f47e9ac47aeb11c62882da78c94: No bootstrap required, opened a new log
I20260709 13:17:52.552594 19508 tablet_bootstrap.cc:654] T 0184e3443b2041f2b89029e5f4062add P 7d61f59df93949ada15209d5e69b3c1a: Neither blocks nor log segments found. Creating new log.
I20260709 13:17:52.553114 19517 ts_tablet_manager.cc:1403] T 95539e9338004fe4b7396fa6a7d8ab45 P 06422f47e9ac47aeb11c62882da78c94: Time spent bootstrapping tablet: real 0.018s	user 0.006s	sys 0.009s
I20260709 13:17:52.554837 19603 raft_consensus.cc:515] T f516a3e715c54713a65cece774453f3b P 06422f47e9ac47aeb11c62882da78c94 [term 1 FOLLOWER]: Starting leader election with config: opid_index: -1 OBSOLETE_local: false peers { permanent_uuid: "f6f0dfa9dc0d4fd9b94e2d22a5f50415" member_type: VOTER last_known_addr { host: "127.17.189.129" port: 33945 } } peers { permanent_uuid: "7d61f59df93949ada15209d5e69b3c1a" member_type: VOTER last_known_addr { host: "127.17.189.130" port: 33703 } } peers { permanent_uuid: "06422f47e9ac47aeb11c62882da78c94" member_type: VOTER last_known_addr { host: "127.17.189.131" port: 42723 } }
I20260709 13:17:52.555636 19517 raft_consensus.cc:359] T 95539e9338004fe4b7396fa6a7d8ab45 P 06422f47e9ac47aeb11c62882da78c94 [term 0 FOLLOWER]: Replica starting. Triggering 0 pending ops. Active config: opid_index: -1 OBSOLETE_local: false peers { permanent_uuid: "f6f0dfa9dc0d4fd9b94e2d22a5f50415" member_type: VOTER last_known_addr { host: "127.17.189.129" port: 33945 } } peers { permanent_uuid: "7d61f59df93949ada15209d5e69b3c1a" member_type: VOTER last_known_addr { host: "127.17.189.130" port: 33703 } } peers { permanent_uuid: "06422f47e9ac47aeb11c62882da78c94" member_type: VOTER last_known_addr { host: "127.17.189.131" port: 42723 } }
I20260709 13:17:52.556308 19517 raft_consensus.cc:385] T 95539e9338004fe4b7396fa6a7d8ab45 P 06422f47e9ac47aeb11c62882da78c94 [term 0 FOLLOWER]: Consensus starting up: Expiring failure detector timer to make a prompt election more likely
I20260709 13:17:52.556573 19517 raft_consensus.cc:740] T 95539e9338004fe4b7396fa6a7d8ab45 P 06422f47e9ac47aeb11c62882da78c94 [term 0 FOLLOWER]: Becoming Follower/Learner. State: Replica: 06422f47e9ac47aeb11c62882da78c94, State: Initialized, Role: FOLLOWER
I20260709 13:17:52.557243 19517 consensus_queue.cc:260] T 95539e9338004fe4b7396fa6a7d8ab45 P 06422f47e9ac47aeb11c62882da78c94 [NON_LEADER]: Queue going to NON_LEADER mode. State: All replicated index: 0, Majority replicated index: 0, Committed index: 0, Last appended: 0.0, Last appended by leader: 0, Current term: 0, Majority size: -1, State: 0, Mode: NON_LEADER, active raft config: opid_index: -1 OBSOLETE_local: false peers { permanent_uuid: "f6f0dfa9dc0d4fd9b94e2d22a5f50415" member_type: VOTER last_known_addr { host: "127.17.189.129" port: 33945 } } peers { permanent_uuid: "7d61f59df93949ada15209d5e69b3c1a" member_type: VOTER last_known_addr { host: "127.17.189.130" port: 33703 } } peers { permanent_uuid: "06422f47e9ac47aeb11c62882da78c94" member_type: VOTER last_known_addr { host: "127.17.189.131" port: 42723 } }
I20260709 13:17:52.557682 19319 tablet_service.cc:1917] Received RequestConsensusVote() RPC: tablet_id: "f516a3e715c54713a65cece774453f3b" candidate_uuid: "06422f47e9ac47aeb11c62882da78c94" candidate_term: 1 candidate_status { last_received { term: 0 index: 0 } } ignore_live_leader: false dest_uuid: "f6f0dfa9dc0d4fd9b94e2d22a5f50415"
W20260709 13:17:52.559026 19436 leader_election.cc:343] T f516a3e715c54713a65cece774453f3b P 06422f47e9ac47aeb11c62882da78c94 [CANDIDATE]: Term 1 election: Tablet error from VoteRequest() call to peer f6f0dfa9dc0d4fd9b94e2d22a5f50415 (127.17.189.129:33945): Illegal state: must be running to vote when last-logged opid is not known
I20260709 13:17:52.559362 19517 ts_tablet_manager.cc:1434] T 95539e9338004fe4b7396fa6a7d8ab45 P 06422f47e9ac47aeb11c62882da78c94: Time spent starting tablet: real 0.006s	user 0.007s	sys 0.000s
I20260709 13:17:52.560317 19517 tablet_bootstrap.cc:492] T 24bd98373cc04fd3a77d4f1880526061 P 06422f47e9ac47aeb11c62882da78c94: Bootstrap starting.
I20260709 13:17:52.560966 19319 raft_consensus.cc:3060] T 0dc25bde920a4e179c743c9b00d3205e P f6f0dfa9dc0d4fd9b94e2d22a5f50415 [term 0 FOLLOWER]: Advancing to term 1
I20260709 13:17:52.565806 19517 tablet_bootstrap.cc:654] T 24bd98373cc04fd3a77d4f1880526061 P 06422f47e9ac47aeb11c62882da78c94: Neither blocks nor log segments found. Creating new log.
I20260709 13:17:52.567282 19463 raft_consensus.cc:3060] T 67a3645a651d4bb1b24f4efe52fef034 P 06422f47e9ac47aeb11c62882da78c94 [term 0 FOLLOWER]: Advancing to term 1
I20260709 13:17:52.570847 19508 tablet_bootstrap.cc:492] T 0184e3443b2041f2b89029e5f4062add P 7d61f59df93949ada15209d5e69b3c1a: No bootstrap required, opened a new log
I20260709 13:17:52.571316 19508 ts_tablet_manager.cc:1403] T 0184e3443b2041f2b89029e5f4062add P 7d61f59df93949ada15209d5e69b3c1a: Time spent bootstrapping tablet: real 0.025s	user 0.013s	sys 0.007s
I20260709 13:17:52.571738 19517 tablet_bootstrap.cc:492] T 24bd98373cc04fd3a77d4f1880526061 P 06422f47e9ac47aeb11c62882da78c94: No bootstrap required, opened a new log
I20260709 13:17:52.572146 19517 ts_tablet_manager.cc:1403] T 24bd98373cc04fd3a77d4f1880526061 P 06422f47e9ac47aeb11c62882da78c94: Time spent bootstrapping tablet: real 0.012s	user 0.008s	sys 0.000s
I20260709 13:17:52.573895 19508 raft_consensus.cc:359] T 0184e3443b2041f2b89029e5f4062add P 7d61f59df93949ada15209d5e69b3c1a [term 0 FOLLOWER]: Replica starting. Triggering 0 pending ops. Active config: opid_index: -1 OBSOLETE_local: false peers { permanent_uuid: "f6f0dfa9dc0d4fd9b94e2d22a5f50415" member_type: VOTER last_known_addr { host: "127.17.189.129" port: 33945 } } peers { permanent_uuid: "7d61f59df93949ada15209d5e69b3c1a" member_type: VOTER last_known_addr { host: "127.17.189.130" port: 33703 } } peers { permanent_uuid: "06422f47e9ac47aeb11c62882da78c94" member_type: VOTER last_known_addr { host: "127.17.189.131" port: 42723 } }
I20260709 13:17:52.574592 19508 raft_consensus.cc:385] T 0184e3443b2041f2b89029e5f4062add P 7d61f59df93949ada15209d5e69b3c1a [term 0 FOLLOWER]: Consensus starting up: Expiring failure detector timer to make a prompt election more likely
I20260709 13:17:52.574504 19517 raft_consensus.cc:359] T 24bd98373cc04fd3a77d4f1880526061 P 06422f47e9ac47aeb11c62882da78c94 [term 0 FOLLOWER]: Replica starting. Triggering 0 pending ops. Active config: opid_index: -1 OBSOLETE_local: false peers { permanent_uuid: "f6f0dfa9dc0d4fd9b94e2d22a5f50415" member_type: VOTER last_known_addr { host: "127.17.189.129" port: 33945 } } peers { permanent_uuid: "7d61f59df93949ada15209d5e69b3c1a" member_type: VOTER last_known_addr { host: "127.17.189.130" port: 33703 } } peers { permanent_uuid: "06422f47e9ac47aeb11c62882da78c94" member_type: VOTER last_known_addr { host: "127.17.189.131" port: 42723 } }
I20260709 13:17:52.574970 19508 raft_consensus.cc:740] T 0184e3443b2041f2b89029e5f4062add P 7d61f59df93949ada15209d5e69b3c1a [term 0 FOLLOWER]: Becoming Follower/Learner. State: Replica: 7d61f59df93949ada15209d5e69b3c1a, State: Initialized, Role: FOLLOWER
I20260709 13:17:52.575253 19517 raft_consensus.cc:385] T 24bd98373cc04fd3a77d4f1880526061 P 06422f47e9ac47aeb11c62882da78c94 [term 0 FOLLOWER]: Consensus starting up: Expiring failure detector timer to make a prompt election more likely
I20260709 13:17:52.575517 19517 raft_consensus.cc:740] T 24bd98373cc04fd3a77d4f1880526061 P 06422f47e9ac47aeb11c62882da78c94 [term 0 FOLLOWER]: Becoming Follower/Learner. State: Replica: 06422f47e9ac47aeb11c62882da78c94, State: Initialized, Role: FOLLOWER
I20260709 13:17:52.575975 19508 consensus_queue.cc:260] T 0184e3443b2041f2b89029e5f4062add P 7d61f59df93949ada15209d5e69b3c1a [NON_LEADER]: Queue going to NON_LEADER mode. State: All replicated index: 0, Majority replicated index: 0, Committed index: 0, Last appended: 0.0, Last appended by leader: 0, Current term: 0, Majority size: -1, State: 0, Mode: NON_LEADER, active raft config: opid_index: -1 OBSOLETE_local: false peers { permanent_uuid: "f6f0dfa9dc0d4fd9b94e2d22a5f50415" member_type: VOTER last_known_addr { host: "127.17.189.129" port: 33945 } } peers { permanent_uuid: "7d61f59df93949ada15209d5e69b3c1a" member_type: VOTER last_known_addr { host: "127.17.189.130" port: 33703 } } peers { permanent_uuid: "06422f47e9ac47aeb11c62882da78c94" member_type: VOTER last_known_addr { host: "127.17.189.131" port: 42723 } }
I20260709 13:17:52.576123 19517 consensus_queue.cc:260] T 24bd98373cc04fd3a77d4f1880526061 P 06422f47e9ac47aeb11c62882da78c94 [NON_LEADER]: Queue going to NON_LEADER mode. State: All replicated index: 0, Majority replicated index: 0, Committed index: 0, Last appended: 0.0, Last appended by leader: 0, Current term: 0, Majority size: -1, State: 0, Mode: NON_LEADER, active raft config: opid_index: -1 OBSOLETE_local: false peers { permanent_uuid: "f6f0dfa9dc0d4fd9b94e2d22a5f50415" member_type: VOTER last_known_addr { host: "127.17.189.129" port: 33945 } } peers { permanent_uuid: "7d61f59df93949ada15209d5e69b3c1a" member_type: VOTER last_known_addr { host: "127.17.189.130" port: 33703 } } peers { permanent_uuid: "06422f47e9ac47aeb11c62882da78c94" member_type: VOTER last_known_addr { host: "127.17.189.131" port: 42723 } }
I20260709 13:17:52.578114 19517 ts_tablet_manager.cc:1434] T 24bd98373cc04fd3a77d4f1880526061 P 06422f47e9ac47aeb11c62882da78c94: Time spent starting tablet: real 0.006s	user 0.006s	sys 0.000s
I20260709 13:17:52.578162 19508 ts_tablet_manager.cc:1434] T 0184e3443b2041f2b89029e5f4062add P 7d61f59df93949ada15209d5e69b3c1a: Time spent starting tablet: real 0.007s	user 0.005s	sys 0.000s
I20260709 13:17:52.579087 19517 tablet_bootstrap.cc:492] T a9f86e7a89cd45d0902205ec71333436 P 06422f47e9ac47aeb11c62882da78c94: Bootstrap starting.
I20260709 13:17:52.582914 19318 tablet_service.cc:1917] Received RequestConsensusVote() RPC: tablet_id: "88a64665e5fb41138738ca1ee88542b8" candidate_uuid: "7d61f59df93949ada15209d5e69b3c1a" candidate_term: 1 candidate_status { last_received { term: 0 index: 0 } } ignore_live_leader: false dest_uuid: "f6f0dfa9dc0d4fd9b94e2d22a5f50415" is_pre_election: true
I20260709 13:17:52.584554 19517 tablet_bootstrap.cc:654] T a9f86e7a89cd45d0902205ec71333436 P 06422f47e9ac47aeb11c62882da78c94: Neither blocks nor log segments found. Creating new log.
I20260709 13:17:52.584998 19287 leader_election.cc:304] T 024b9d3a935143569c02774c32e3eaaf P f6f0dfa9dc0d4fd9b94e2d22a5f50415 [CANDIDATE]: Term 1 pre-election: Election decided. Result: candidate won. Election summary: received 2 responses out of 3 voters: 2 yes votes; 0 no votes. yes voters: 06422f47e9ac47aeb11c62882da78c94, f6f0dfa9dc0d4fd9b94e2d22a5f50415; no voters: 
I20260709 13:17:52.585109 19435 leader_election.cc:304] T c35b98448003425fb103b41e435067a3 P 06422f47e9ac47aeb11c62882da78c94 [CANDIDATE]: Term 1 pre-election: Election decided. Result: candidate won. Election summary: received 3 responses out of 3 voters: 2 yes votes; 1 no votes. yes voters: 06422f47e9ac47aeb11c62882da78c94, 7d61f59df93949ada15209d5e69b3c1a; no voters: f6f0dfa9dc0d4fd9b94e2d22a5f50415
I20260709 13:17:52.585839 19618 raft_consensus.cc:2804] T c35b98448003425fb103b41e435067a3 P 06422f47e9ac47aeb11c62882da78c94 [term 0 FOLLOWER]: Leader pre-election won for term 1
I20260709 13:17:52.586176 19618 raft_consensus.cc:493] T c35b98448003425fb103b41e435067a3 P 06422f47e9ac47aeb11c62882da78c94 [term 0 FOLLOWER]: Starting leader election (no leader contacted us within the election timeout)
I20260709 13:17:52.586489 19618 raft_consensus.cc:3060] T c35b98448003425fb103b41e435067a3 P 06422f47e9ac47aeb11c62882da78c94 [term 0 FOLLOWER]: Advancing to term 1
I20260709 13:17:52.586597 19605 raft_consensus.cc:2804] T 024b9d3a935143569c02774c32e3eaaf P f6f0dfa9dc0d4fd9b94e2d22a5f50415 [term 0 FOLLOWER]: Leader pre-election won for term 1
I20260709 13:17:52.587044 19605 raft_consensus.cc:493] T 024b9d3a935143569c02774c32e3eaaf P f6f0dfa9dc0d4fd9b94e2d22a5f50415 [term 0 FOLLOWER]: Starting leader election (no leader contacted us within the election timeout)
I20260709 13:17:52.587337 19605 raft_consensus.cc:3060] T 024b9d3a935143569c02774c32e3eaaf P f6f0dfa9dc0d4fd9b94e2d22a5f50415 [term 0 FOLLOWER]: Advancing to term 1
I20260709 13:17:52.593954 19605 raft_consensus.cc:515] T 024b9d3a935143569c02774c32e3eaaf P f6f0dfa9dc0d4fd9b94e2d22a5f50415 [term 1 FOLLOWER]: Starting leader election with config: opid_index: -1 OBSOLETE_local: false peers { permanent_uuid: "f6f0dfa9dc0d4fd9b94e2d22a5f50415" member_type: VOTER last_known_addr { host: "127.17.189.129" port: 33945 } } peers { permanent_uuid: "7d61f59df93949ada15209d5e69b3c1a" member_type: VOTER last_known_addr { host: "127.17.189.130" port: 33703 } } peers { permanent_uuid: "06422f47e9ac47aeb11c62882da78c94" member_type: VOTER last_known_addr { host: "127.17.189.131" port: 42723 } }
I20260709 13:17:52.595270 19517 tablet_bootstrap.cc:492] T a9f86e7a89cd45d0902205ec71333436 P 06422f47e9ac47aeb11c62882da78c94: No bootstrap required, opened a new log
I20260709 13:17:52.595499 19618 raft_consensus.cc:515] T c35b98448003425fb103b41e435067a3 P 06422f47e9ac47aeb11c62882da78c94 [term 1 FOLLOWER]: Starting leader election with config: opid_index: -1 OBSOLETE_local: false peers { permanent_uuid: "f6f0dfa9dc0d4fd9b94e2d22a5f50415" member_type: VOTER last_known_addr { host: "127.17.189.129" port: 33945 } } peers { permanent_uuid: "7d61f59df93949ada15209d5e69b3c1a" member_type: VOTER last_known_addr { host: "127.17.189.130" port: 33703 } } peers { permanent_uuid: "06422f47e9ac47aeb11c62882da78c94" member_type: VOTER last_known_addr { host: "127.17.189.131" port: 42723 } }
I20260709 13:17:52.595885 19517 ts_tablet_manager.cc:1403] T a9f86e7a89cd45d0902205ec71333436 P 06422f47e9ac47aeb11c62882da78c94: Time spent bootstrapping tablet: real 0.017s	user 0.009s	sys 0.006s
I20260709 13:17:52.596405 19605 leader_election.cc:290] T 024b9d3a935143569c02774c32e3eaaf P f6f0dfa9dc0d4fd9b94e2d22a5f50415 [CANDIDATE]: Term 1 election: Requested vote from peers 7d61f59df93949ada15209d5e69b3c1a (127.17.189.130:33703), 06422f47e9ac47aeb11c62882da78c94 (127.17.189.131:42723)
I20260709 13:17:52.597992 19618 leader_election.cc:290] T c35b98448003425fb103b41e435067a3 P 06422f47e9ac47aeb11c62882da78c94 [CANDIDATE]: Term 1 election: Requested vote from peers f6f0dfa9dc0d4fd9b94e2d22a5f50415 (127.17.189.129:33945), 7d61f59df93949ada15209d5e69b3c1a (127.17.189.130:33703)
I20260709 13:17:52.598230 19318 tablet_service.cc:1917] Received RequestConsensusVote() RPC: tablet_id: "c35b98448003425fb103b41e435067a3" candidate_uuid: "06422f47e9ac47aeb11c62882da78c94" candidate_term: 1 candidate_status { last_received { term: 0 index: 0 } } ignore_live_leader: false dest_uuid: "f6f0dfa9dc0d4fd9b94e2d22a5f50415"
I20260709 13:17:52.598472 19517 raft_consensus.cc:359] T a9f86e7a89cd45d0902205ec71333436 P 06422f47e9ac47aeb11c62882da78c94 [term 0 FOLLOWER]: Replica starting. Triggering 0 pending ops. Active config: opid_index: -1 OBSOLETE_local: false peers { permanent_uuid: "f6f0dfa9dc0d4fd9b94e2d22a5f50415" member_type: VOTER last_known_addr { host: "127.17.189.129" port: 33945 } } peers { permanent_uuid: "7d61f59df93949ada15209d5e69b3c1a" member_type: VOTER last_known_addr { host: "127.17.189.130" port: 33703 } } peers { permanent_uuid: "06422f47e9ac47aeb11c62882da78c94" member_type: VOTER last_known_addr { host: "127.17.189.131" port: 42723 } }
I20260709 13:17:52.599048 19517 raft_consensus.cc:385] T a9f86e7a89cd45d0902205ec71333436 P 06422f47e9ac47aeb11c62882da78c94 [term 0 FOLLOWER]: Consensus starting up: Expiring failure detector timer to make a prompt election more likely
I20260709 13:17:52.599310 19517 raft_consensus.cc:740] T a9f86e7a89cd45d0902205ec71333436 P 06422f47e9ac47aeb11c62882da78c94 [term 0 FOLLOWER]: Becoming Follower/Learner. State: Replica: 06422f47e9ac47aeb11c62882da78c94, State: Initialized, Role: FOLLOWER
W20260709 13:17:52.599611 19436 leader_election.cc:343] T c35b98448003425fb103b41e435067a3 P 06422f47e9ac47aeb11c62882da78c94 [CANDIDATE]: Term 1 election: Tablet error from VoteRequest() call to peer f6f0dfa9dc0d4fd9b94e2d22a5f50415 (127.17.189.129:33945): Illegal state: must be running to vote when last-logged opid is not known
I20260709 13:17:52.599915 19517 consensus_queue.cc:260] T a9f86e7a89cd45d0902205ec71333436 P 06422f47e9ac47aeb11c62882da78c94 [NON_LEADER]: Queue going to NON_LEADER mode. State: All replicated index: 0, Majority replicated index: 0, Committed index: 0, Last appended: 0.0, Last appended by leader: 0, Current term: 0, Majority size: -1, State: 0, Mode: NON_LEADER, active raft config: opid_index: -1 OBSOLETE_local: false peers { permanent_uuid: "f6f0dfa9dc0d4fd9b94e2d22a5f50415" member_type: VOTER last_known_addr { host: "127.17.189.129" port: 33945 } } peers { permanent_uuid: "7d61f59df93949ada15209d5e69b3c1a" member_type: VOTER last_known_addr { host: "127.17.189.130" port: 33703 } } peers { permanent_uuid: "06422f47e9ac47aeb11c62882da78c94" member_type: VOTER last_known_addr { host: "127.17.189.131" port: 42723 } }
I20260709 13:17:52.600378 19319 tablet_service.cc:1917] Received RequestConsensusVote() RPC: tablet_id: "4b2a4e6a1a8a4be59b51cfc9e8965a64" candidate_uuid: "7d61f59df93949ada15209d5e69b3c1a" candidate_term: 1 candidate_status { last_received { term: 0 index: 0 } } ignore_live_leader: false dest_uuid: "f6f0dfa9dc0d4fd9b94e2d22a5f50415"
I20260709 13:17:52.601178 19319 raft_consensus.cc:2393] T 4b2a4e6a1a8a4be59b51cfc9e8965a64 P f6f0dfa9dc0d4fd9b94e2d22a5f50415 [term 1 FOLLOWER]: Leader election vote request: Denying vote to candidate 7d61f59df93949ada15209d5e69b3c1a in current term 1: Already voted for candidate 06422f47e9ac47aeb11c62882da78c94 in this term.
I20260709 13:17:52.601953 19517 ts_tablet_manager.cc:1434] T a9f86e7a89cd45d0902205ec71333436 P 06422f47e9ac47aeb11c62882da78c94: Time spent starting tablet: real 0.006s	user 0.004s	sys 0.000s
I20260709 13:17:52.603379 19517 tablet_bootstrap.cc:492] T 017efc8285b84ebaa47f143a761e35b4 P 06422f47e9ac47aeb11c62882da78c94: Bootstrap starting.
I20260709 13:17:52.603551 19389 tablet_service.cc:1917] Received RequestConsensusVote() RPC: tablet_id: "024b9d3a935143569c02774c32e3eaaf" candidate_uuid: "f6f0dfa9dc0d4fd9b94e2d22a5f50415" candidate_term: 1 candidate_status { last_received { term: 0 index: 0 } } ignore_live_leader: false dest_uuid: "7d61f59df93949ada15209d5e69b3c1a" is_pre_election: true
I20260709 13:17:52.604992 19508 tablet_bootstrap.cc:492] T bca371540c8e49089f54333da0d9179c P 7d61f59df93949ada15209d5e69b3c1a: Bootstrap starting.
