I20260709 13:17:49.018869 20486 ts_tablet_manager.cc:1434] T 30e50d35c4bd41cb9689583106ae4989 P 417c356dd31041569da996b11ba61de2: Time spent starting tablet: real 0.018s	user 0.004s	sys 0.002s
I20260709 13:17:49.023833 20484 tablet_bootstrap.cc:654] T 30e50d35c4bd41cb9689583106ae4989 P e22f55dfb4b64c76a5feb9f395a9b98c: Neither blocks nor log segments found. Creating new log.
I20260709 13:17:49.027613 20483 ts_tablet_manager.cc:1434] T 4d0e3d0ebe9d4c5e976fc9e52d780dc2 P e4678bd4a2704bd08d93067933f1672d: Time spent starting tablet: real 0.196s	user 0.006s	sys 0.001s
I20260709 13:17:49.031283 20369 raft_consensus.cc:2468] T 4d0e3d0ebe9d4c5e976fc9e52d780dc2 P e4678bd4a2704bd08d93067933f1672d [term 0 FOLLOWER]: Leader pre-election vote request: Granting yes vote for candidate 417c356dd31041569da996b11ba61de2 in term 0.
I20260709 13:17:49.040962 20486 tablet_bootstrap.cc:492] T 570735e62dba4e44893a6a3ac0c66d9f P 417c356dd31041569da996b11ba61de2: Bootstrap starting.
I20260709 13:17:49.051532 20483 tablet_bootstrap.cc:492] T 243c46e1be1b471b815b881224093c5e P e4678bd4a2704bd08d93067933f1672d: Bootstrap starting.
W20260709 13:17:49.071336 20240 auto_rebalancer.cc:288] Could not retrieve cluster info: Service unavailable: Tablet not running
W20260709 13:17:49.143970 20334 leader_election.cc:343] T 1a5f076214d4415ba7d5b2867e42fa96 P e4678bd4a2704bd08d93067933f1672d [CANDIDATE]: Term 1 pre-election: Tablet error from VoteRequest() call to peer 417c356dd31041569da996b11ba61de2 (127.18.171.129:45339): Illegal state: must be running to vote when last-logged opid is not known
I20260709 13:17:49.139772 20673 leader_election.cc:290] T 1a5f076214d4415ba7d5b2867e42fa96 P e4678bd4a2704bd08d93067933f1672d [CANDIDATE]: Term 1 election: Requested vote from peers 417c356dd31041569da996b11ba61de2 (127.18.171.129:45339), e22f55dfb4b64c76a5feb9f395a9b98c (127.18.171.131:43567)
I20260709 13:17:49.151860 20293 tablet_service.cc:1917] Received RequestConsensusVote() RPC: tablet_id: "1a5f076214d4415ba7d5b2867e42fa96" candidate_uuid: "e4678bd4a2704bd08d93067933f1672d" candidate_term: 1 candidate_status { last_received { term: 0 index: 0 } } ignore_live_leader: false dest_uuid: "417c356dd31041569da996b11ba61de2"
I20260709 13:17:49.169795 20484 tablet_bootstrap.cc:492] T 30e50d35c4bd41cb9689583106ae4989 P e22f55dfb4b64c76a5feb9f395a9b98c: No bootstrap required, opened a new log
I20260709 13:17:49.170289 20484 ts_tablet_manager.cc:1403] T 30e50d35c4bd41cb9689583106ae4989 P e22f55dfb4b64c76a5feb9f395a9b98c: Time spent bootstrapping tablet: real 0.392s	user 0.012s	sys 0.009s
I20260709 13:17:49.172734 20539 consensus_queue.cc:1048] T 1819abf3d2fb45c8b463bc237b187102 P e22f55dfb4b64c76a5feb9f395a9b98c [LEADER]: Connected to new peer: Peer: permanent_uuid: "e4678bd4a2704bd08d93067933f1672d" member_type: VOTER last_known_addr { host: "127.18.171.130" port: 36379 }, Status: LMP_MISMATCH, Last received: 0.0, Next index: 1, Last known committed idx: 0, Time since last communication: 0.000s
W20260709 13:17:49.175136 20334 leader_election.cc:343] T 1a5f076214d4415ba7d5b2867e42fa96 P e4678bd4a2704bd08d93067933f1672d [CANDIDATE]: Term 1 election: Tablet error from VoteRequest() call to peer 417c356dd31041569da996b11ba61de2 (127.18.171.129:45339): Illegal state: must be running to vote when last-logged opid is not known
I20260709 13:17:49.186653 20721 raft_consensus.cc:493] T 570735e62dba4e44893a6a3ac0c66d9f P e22f55dfb4b64c76a5feb9f395a9b98c [term 0 FOLLOWER]: Starting pre-election (no leader contacted us within the election timeout)
I20260709 13:17:49.187034 20486 tablet_bootstrap.cc:654] T 570735e62dba4e44893a6a3ac0c66d9f P 417c356dd31041569da996b11ba61de2: Neither blocks nor log segments found. Creating new log.
I20260709 13:17:49.187135 20721 raft_consensus.cc:515] T 570735e62dba4e44893a6a3ac0c66d9f P e22f55dfb4b64c76a5feb9f395a9b98c [term 0 FOLLOWER]: Starting pre-election with config: opid_index: -1 OBSOLETE_local: false peers { permanent_uuid: "417c356dd31041569da996b11ba61de2" member_type: VOTER last_known_addr { host: "127.18.171.129" port: 45339 } } peers { permanent_uuid: "e4678bd4a2704bd08d93067933f1672d" member_type: VOTER last_known_addr { host: "127.18.171.130" port: 36379 } } peers { permanent_uuid: "e22f55dfb4b64c76a5feb9f395a9b98c" member_type: VOTER last_known_addr { host: "127.18.171.131" port: 43567 } }
I20260709 13:17:49.190107 20721 leader_election.cc:290] T 570735e62dba4e44893a6a3ac0c66d9f P e22f55dfb4b64c76a5feb9f395a9b98c [CANDIDATE]: Term 1 pre-election: Requested pre-vote from peers 417c356dd31041569da996b11ba61de2 (127.18.171.129:45339), e4678bd4a2704bd08d93067933f1672d (127.18.171.130:36379)
W20260709 13:17:49.171932 20259 leader_election.cc:343] T 9245a0e905344429a0603e40b05f67a0 P 417c356dd31041569da996b11ba61de2 [CANDIDATE]: Term 1 pre-election: Tablet error from VoteRequest() call to peer e4678bd4a2704bd08d93067933f1672d (127.18.171.130:36379): Illegal state: must be running to vote when last-logged opid is not known
I20260709 13:17:49.192443 20259 leader_election.cc:304] T 9245a0e905344429a0603e40b05f67a0 P 417c356dd31041569da996b11ba61de2 [CANDIDATE]: Term 1 pre-election: Election decided. Result: candidate lost. Election summary: received 3 responses out of 3 voters: 1 yes votes; 2 no votes. yes voters: 417c356dd31041569da996b11ba61de2; no voters: e22f55dfb4b64c76a5feb9f395a9b98c, e4678bd4a2704bd08d93067933f1672d
I20260709 13:17:49.193576 20773 raft_consensus.cc:2749] T 9245a0e905344429a0603e40b05f67a0 P 417c356dd31041569da996b11ba61de2 [term 0 FOLLOWER]: Leader pre-election lost for term 1. Reason: could not achieve majority
W20260709 13:17:49.193588 20259 leader_election.cc:343] T 243c46e1be1b471b815b881224093c5e P 417c356dd31041569da996b11ba61de2 [CANDIDATE]: Term 1 pre-election: Tablet error from VoteRequest() call to peer e4678bd4a2704bd08d93067933f1672d (127.18.171.130:36379): Illegal state: must be running to vote when last-logged opid is not known
I20260709 13:17:49.194500 20259 leader_election.cc:304] T 243c46e1be1b471b815b881224093c5e P 417c356dd31041569da996b11ba61de2 [CANDIDATE]: Term 1 pre-election: Election decided. Result: candidate lost. Election summary: received 3 responses out of 3 voters: 1 yes votes; 2 no votes. yes voters: 417c356dd31041569da996b11ba61de2; no voters: e22f55dfb4b64c76a5feb9f395a9b98c, e4678bd4a2704bd08d93067933f1672d
I20260709 13:17:49.198247 20796 raft_consensus.cc:2749] T 243c46e1be1b471b815b881224093c5e P 417c356dd31041569da996b11ba61de2 [term 0 FOLLOWER]: Leader pre-election lost for term 1. Reason: could not achieve majority
I20260709 13:17:49.199671 20483 tablet_bootstrap.cc:654] T 243c46e1be1b471b815b881224093c5e P e4678bd4a2704bd08d93067933f1672d: Neither blocks nor log segments found. Creating new log.
I20260709 13:17:49.194097 20189 catalog_manager.cc:5697] T 6da2e974804442feafe7371d188a98d0 P e4678bd4a2704bd08d93067933f1672d reported cstate change: term changed from 0 to 1, leader changed from <none> to e4678bd4a2704bd08d93067933f1672d (127.18.171.130). New cstate: current_term: 1 leader_uuid: "e4678bd4a2704bd08d93067933f1672d" committed_config { opid_index: -1 OBSOLETE_local: false peers { permanent_uuid: "417c356dd31041569da996b11ba61de2" member_type: VOTER last_known_addr { host: "127.18.171.129" port: 45339 } health_report { overall_health: UNKNOWN } } peers { permanent_uuid: "e4678bd4a2704bd08d93067933f1672d" member_type: VOTER last_known_addr { host: "127.18.171.130" port: 36379 } health_report { overall_health: HEALTHY } } peers { permanent_uuid: "e22f55dfb4b64c76a5feb9f395a9b98c" member_type: VOTER last_known_addr { host: "127.18.171.131" port: 43567 } health_report { overall_health: UNKNOWN } } }
I20260709 13:17:49.203027 20484 raft_consensus.cc:359] T 30e50d35c4bd41cb9689583106ae4989 P e22f55dfb4b64c76a5feb9f395a9b98c [term 0 FOLLOWER]: Replica starting. Triggering 0 pending ops. Active config: opid_index: -1 OBSOLETE_local: false peers { permanent_uuid: "417c356dd31041569da996b11ba61de2" member_type: VOTER last_known_addr { host: "127.18.171.129" port: 45339 } } peers { permanent_uuid: "e4678bd4a2704bd08d93067933f1672d" member_type: VOTER last_known_addr { host: "127.18.171.130" port: 36379 } } peers { permanent_uuid: "e22f55dfb4b64c76a5feb9f395a9b98c" member_type: VOTER last_known_addr { host: "127.18.171.131" port: 43567 } }
I20260709 13:17:49.203660 20484 raft_consensus.cc:385] T 30e50d35c4bd41cb9689583106ae4989 P e22f55dfb4b64c76a5feb9f395a9b98c [term 0 FOLLOWER]: Consensus starting up: Expiring failure detector timer to make a prompt election more likely
I20260709 13:17:49.203900 20484 raft_consensus.cc:740] T 30e50d35c4bd41cb9689583106ae4989 P e22f55dfb4b64c76a5feb9f395a9b98c [term 0 FOLLOWER]: Becoming Follower/Learner. State: Replica: e22f55dfb4b64c76a5feb9f395a9b98c, State: Initialized, Role: FOLLOWER
I20260709 13:17:49.204525 20484 consensus_queue.cc:260] T 30e50d35c4bd41cb9689583106ae4989 P e22f55dfb4b64c76a5feb9f395a9b98c [NON_LEADER]: Queue going to NON_LEADER mode. State: All replicated index: 0, Majority replicated index: 0, Committed index: 0, Last appended: 0.0, Last appended by leader: 0, Current term: 0, Majority size: -1, State: 0, Mode: NON_LEADER, active raft config: opid_index: -1 OBSOLETE_local: false peers { permanent_uuid: "417c356dd31041569da996b11ba61de2" member_type: VOTER last_known_addr { host: "127.18.171.129" port: 45339 } } peers { permanent_uuid: "e4678bd4a2704bd08d93067933f1672d" member_type: VOTER last_known_addr { host: "127.18.171.130" port: 36379 } } peers { permanent_uuid: "e22f55dfb4b64c76a5feb9f395a9b98c" member_type: VOTER last_known_addr { host: "127.18.171.131" port: 43567 } }
I20260709 13:17:49.206351 20484 ts_tablet_manager.cc:1434] T 30e50d35c4bd41cb9689583106ae4989 P e22f55dfb4b64c76a5feb9f395a9b98c: Time spent starting tablet: real 0.036s	user 0.007s	sys 0.000s
I20260709 13:17:49.207079 20484 tablet_bootstrap.cc:492] T 82bd7ed423d54408bd9e4fbd7b10511a P e22f55dfb4b64c76a5feb9f395a9b98c: Bootstrap starting.
I20260709 13:17:49.208245 20442 tablet_service.cc:1917] Received RequestConsensusVote() RPC: tablet_id: "1a5f076214d4415ba7d5b2867e42fa96" candidate_uuid: "e4678bd4a2704bd08d93067933f1672d" candidate_term: 1 candidate_status { last_received { term: 0 index: 0 } } ignore_live_leader: false dest_uuid: "e22f55dfb4b64c76a5feb9f395a9b98c"
I20260709 13:17:49.208762 20442 raft_consensus.cc:3060] T 1a5f076214d4415ba7d5b2867e42fa96 P e22f55dfb4b64c76a5feb9f395a9b98c [term 0 FOLLOWER]: Advancing to term 1
I20260709 13:17:49.211093 20259 leader_election.cc:304] T 4d0e3d0ebe9d4c5e976fc9e52d780dc2 P 417c356dd31041569da996b11ba61de2 [CANDIDATE]: Term 1 pre-election: Election decided. Result: candidate won. Election summary: received 3 responses out of 3 voters: 2 yes votes; 1 no votes. yes voters: 417c356dd31041569da996b11ba61de2, e4678bd4a2704bd08d93067933f1672d; no voters: e22f55dfb4b64c76a5feb9f395a9b98c
I20260709 13:17:49.214021 20484 tablet_bootstrap.cc:654] T 82bd7ed423d54408bd9e4fbd7b10511a P e22f55dfb4b64c76a5feb9f395a9b98c: Neither blocks nor log segments found. Creating new log.
I20260709 13:17:49.216184 20442 raft_consensus.cc:2468] T 1a5f076214d4415ba7d5b2867e42fa96 P e22f55dfb4b64c76a5feb9f395a9b98c [term 1 FOLLOWER]: Leader election vote request: Granting yes vote for candidate e4678bd4a2704bd08d93067933f1672d in term 1.
I20260709 13:17:49.216676 20773 raft_consensus.cc:2804] T 4d0e3d0ebe9d4c5e976fc9e52d780dc2 P 417c356dd31041569da996b11ba61de2 [term 0 FOLLOWER]: Leader pre-election won for term 1
I20260709 13:17:49.219193 20292 tablet_service.cc:1917] Received RequestConsensusVote() RPC: tablet_id: "570735e62dba4e44893a6a3ac0c66d9f" candidate_uuid: "e22f55dfb4b64c76a5feb9f395a9b98c" candidate_term: 1 candidate_status { last_received { term: 0 index: 0 } } ignore_live_leader: false dest_uuid: "417c356dd31041569da996b11ba61de2" is_pre_election: true
I20260709 13:17:49.227219 20773 raft_consensus.cc:493] T 4d0e3d0ebe9d4c5e976fc9e52d780dc2 P 417c356dd31041569da996b11ba61de2 [term 0 FOLLOWER]: Starting leader election (no leader contacted us within the election timeout)
I20260709 13:17:49.227612 20773 raft_consensus.cc:3060] T 4d0e3d0ebe9d4c5e976fc9e52d780dc2 P 417c356dd31041569da996b11ba61de2 [term 0 FOLLOWER]: Advancing to term 1
W20260709 13:17:49.221494 20408 consensus_peers.cc:597] T 8c1e575c9d674f71a69fb55e8bd2855a P e22f55dfb4b64c76a5feb9f395a9b98c -> Peer 417c356dd31041569da996b11ba61de2 (127.18.171.129:45339): Couldn't send request to peer 417c356dd31041569da996b11ba61de2. Error code: TABLET_NOT_RUNNING (12). Status: Illegal state: Tablet not RUNNING: INITIALIZED. This is attempt 1: this message will repeat every 5th retry.
I20260709 13:17:49.223984 20784 consensus_queue.cc:1048] T 6da2e974804442feafe7371d188a98d0 P e4678bd4a2704bd08d93067933f1672d [LEADER]: Connected to new peer: Peer: permanent_uuid: "e22f55dfb4b64c76a5feb9f395a9b98c" member_type: VOTER last_known_addr { host: "127.18.171.131" port: 43567 }, Status: LMP_MISMATCH, Last received: 0.0, Next index: 1, Last known committed idx: 0, Time since last communication: 0.001s
I20260709 13:17:49.227664 20335 leader_election.cc:304] T 1a5f076214d4415ba7d5b2867e42fa96 P e4678bd4a2704bd08d93067933f1672d [CANDIDATE]: Term 1 election: Election decided. Result: candidate won. Election summary: received 3 responses out of 3 voters: 2 yes votes; 1 no votes. yes voters: e22f55dfb4b64c76a5feb9f395a9b98c, e4678bd4a2704bd08d93067933f1672d; no voters: 417c356dd31041569da996b11ba61de2
I20260709 13:17:49.228648 20673 raft_consensus.cc:2804] T 1a5f076214d4415ba7d5b2867e42fa96 P e4678bd4a2704bd08d93067933f1672d [term 1 FOLLOWER]: Leader election won for term 1
I20260709 13:17:49.229094 20673 raft_consensus.cc:697] T 1a5f076214d4415ba7d5b2867e42fa96 P e4678bd4a2704bd08d93067933f1672d [term 1 LEADER]: Becoming Leader. State: Replica: e4678bd4a2704bd08d93067933f1672d, State: Running, Role: LEADER
I20260709 13:17:49.229851 20673 consensus_queue.cc:237] T 1a5f076214d4415ba7d5b2867e42fa96 P e4678bd4a2704bd08d93067933f1672d [LEADER]: Queue going to LEADER mode. State: All replicated index: 0, Majority replicated index: 0, Committed index: 0, Last appended: 0.0, Last appended by leader: 0, Current term: 1, Majority size: 2, State: 0, Mode: LEADER, active raft config: opid_index: -1 OBSOLETE_local: false peers { permanent_uuid: "417c356dd31041569da996b11ba61de2" member_type: VOTER last_known_addr { host: "127.18.171.129" port: 45339 } } peers { permanent_uuid: "e4678bd4a2704bd08d93067933f1672d" member_type: VOTER last_known_addr { host: "127.18.171.130" port: 36379 } } peers { permanent_uuid: "e22f55dfb4b64c76a5feb9f395a9b98c" member_type: VOTER last_known_addr { host: "127.18.171.131" port: 43567 } }
I20260709 13:17:49.230778 20771 consensus_queue.cc:1048] T 1819abf3d2fb45c8b463bc237b187102 P e22f55dfb4b64c76a5feb9f395a9b98c [LEADER]: Connected to new peer: Peer: permanent_uuid: "417c356dd31041569da996b11ba61de2" member_type: VOTER last_known_addr { host: "127.18.171.129" port: 45339 }, Status: LMP_MISMATCH, Last received: 0.0, Next index: 1, Last known committed idx: 0, Time since last communication: 0.000s
I20260709 13:17:49.238672 20773 raft_consensus.cc:515] T 4d0e3d0ebe9d4c5e976fc9e52d780dc2 P 417c356dd31041569da996b11ba61de2 [term 1 FOLLOWER]: Starting leader election with config: opid_index: -1 OBSOLETE_local: false peers { permanent_uuid: "417c356dd31041569da996b11ba61de2" member_type: VOTER last_known_addr { host: "127.18.171.129" port: 45339 } } peers { permanent_uuid: "e4678bd4a2704bd08d93067933f1672d" member_type: VOTER last_known_addr { host: "127.18.171.130" port: 36379 } } peers { permanent_uuid: "e22f55dfb4b64c76a5feb9f395a9b98c" member_type: VOTER last_known_addr { host: "127.18.171.131" port: 43567 } }
I20260709 13:17:49.250535 20799 raft_consensus.cc:493] T 30e50d35c4bd41cb9689583106ae4989 P e22f55dfb4b64c76a5feb9f395a9b98c [term 0 FOLLOWER]: Starting pre-election (no leader contacted us within the election timeout)
I20260709 13:17:49.251024 20799 raft_consensus.cc:515] T 30e50d35c4bd41cb9689583106ae4989 P e22f55dfb4b64c76a5feb9f395a9b98c [term 0 FOLLOWER]: Starting pre-election with config: opid_index: -1 OBSOLETE_local: false peers { permanent_uuid: "417c356dd31041569da996b11ba61de2" member_type: VOTER last_known_addr { host: "127.18.171.129" port: 45339 } } peers { permanent_uuid: "e4678bd4a2704bd08d93067933f1672d" member_type: VOTER last_known_addr { host: "127.18.171.130" port: 36379 } } peers { permanent_uuid: "e22f55dfb4b64c76a5feb9f395a9b98c" member_type: VOTER last_known_addr { host: "127.18.171.131" port: 43567 } }
I20260709 13:17:49.253010 20799 leader_election.cc:290] T 30e50d35c4bd41cb9689583106ae4989 P e22f55dfb4b64c76a5feb9f395a9b98c [CANDIDATE]: Term 1 pre-election: Requested pre-vote from peers 417c356dd31041569da996b11ba61de2 (127.18.171.129:45339), e4678bd4a2704bd08d93067933f1672d (127.18.171.130:36379)
I20260709 13:17:49.256455 20364 tablet_service.cc:1917] Received RequestConsensusVote() RPC: tablet_id: "570735e62dba4e44893a6a3ac0c66d9f" candidate_uuid: "e22f55dfb4b64c76a5feb9f395a9b98c" candidate_term: 1 candidate_status { last_received { term: 0 index: 0 } } ignore_live_leader: false dest_uuid: "e4678bd4a2704bd08d93067933f1672d" is_pre_election: true
W20260709 13:17:49.268694 20259 outbound_call.cc:321] RPC callback for RPC call kudu.consensus.ConsensusService.UpdateConsensus -> {remote=127.18.171.130:36379, user_credentials={real_user=slave}} blocked reactor thread for 44639.3us
W20260709 13:17:49.281070 20395 tablet.cc:2406] T 4d0e3d0ebe9d4c5e976fc9e52d780dc2 P e4678bd4a2704bd08d93067933f1672d: Can't schedule compaction. Clean time has not been advanced past its initial value.
I20260709 13:17:49.283680 20484 tablet_bootstrap.cc:492] T 82bd7ed423d54408bd9e4fbd7b10511a P e22f55dfb4b64c76a5feb9f395a9b98c: No bootstrap required, opened a new log
I20260709 13:17:49.284246 20484 ts_tablet_manager.cc:1403] T 82bd7ed423d54408bd9e4fbd7b10511a P e22f55dfb4b64c76a5feb9f395a9b98c: Time spent bootstrapping tablet: real 0.077s	user 0.009s	sys 0.003s
I20260709 13:17:49.275103 20188 catalog_manager.cc:5697] T 1a5f076214d4415ba7d5b2867e42fa96 P e4678bd4a2704bd08d93067933f1672d reported cstate change: term changed from 0 to 1, leader changed from <none> to e4678bd4a2704bd08d93067933f1672d (127.18.171.130). New cstate: current_term: 1 leader_uuid: "e4678bd4a2704bd08d93067933f1672d" committed_config { opid_index: -1 OBSOLETE_local: false peers { permanent_uuid: "417c356dd31041569da996b11ba61de2" member_type: VOTER last_known_addr { host: "127.18.171.129" port: 45339 } health_report { overall_health: UNKNOWN } } peers { permanent_uuid: "e4678bd4a2704bd08d93067933f1672d" member_type: VOTER last_known_addr { host: "127.18.171.130" port: 36379 } health_report { overall_health: HEALTHY } } peers { permanent_uuid: "e22f55dfb4b64c76a5feb9f395a9b98c" member_type: VOTER last_known_addr { host: "127.18.171.131" port: 43567 } health_report { overall_health: UNKNOWN } } }
I20260709 13:17:49.289518 20484 raft_consensus.cc:359] T 82bd7ed423d54408bd9e4fbd7b10511a P e22f55dfb4b64c76a5feb9f395a9b98c [term 0 FOLLOWER]: Replica starting. Triggering 0 pending ops. Active config: opid_index: -1 OBSOLETE_local: false peers { permanent_uuid: "417c356dd31041569da996b11ba61de2" member_type: VOTER last_known_addr { host: "127.18.171.129" port: 45339 } } peers { permanent_uuid: "e4678bd4a2704bd08d93067933f1672d" member_type: VOTER last_known_addr { host: "127.18.171.130" port: 36379 } } peers { permanent_uuid: "e22f55dfb4b64c76a5feb9f395a9b98c" member_type: VOTER last_known_addr { host: "127.18.171.131" port: 43567 } }
W20260709 13:17:49.272003 20408 leader_election.cc:343] T 570735e62dba4e44893a6a3ac0c66d9f P e22f55dfb4b64c76a5feb9f395a9b98c [CANDIDATE]: Term 1 pre-election: Tablet error from VoteRequest() call to peer 417c356dd31041569da996b11ba61de2 (127.18.171.129:45339): Illegal state: must be running to vote when last-logged opid is not known
I20260709 13:17:49.290349 20484 raft_consensus.cc:385] T 82bd7ed423d54408bd9e4fbd7b10511a P e22f55dfb4b64c76a5feb9f395a9b98c [term 0 FOLLOWER]: Consensus starting up: Expiring failure detector timer to make a prompt election more likely
I20260709 13:17:49.290711 20484 raft_consensus.cc:740] T 82bd7ed423d54408bd9e4fbd7b10511a P e22f55dfb4b64c76a5feb9f395a9b98c [term 0 FOLLOWER]: Becoming Follower/Learner. State: Replica: e22f55dfb4b64c76a5feb9f395a9b98c, State: Initialized, Role: FOLLOWER
I20260709 13:17:49.292984 20293 tablet_service.cc:1917] Received RequestConsensusVote() RPC: tablet_id: "30e50d35c4bd41cb9689583106ae4989" candidate_uuid: "e22f55dfb4b64c76a5feb9f395a9b98c" candidate_term: 1 candidate_status { last_received { term: 0 index: 0 } } ignore_live_leader: false dest_uuid: "417c356dd31041569da996b11ba61de2" is_pre_election: true
I20260709 13:17:49.293673 20293 raft_consensus.cc:2468] T 30e50d35c4bd41cb9689583106ae4989 P 417c356dd31041569da996b11ba61de2 [term 0 FOLLOWER]: Leader pre-election vote request: Granting yes vote for candidate e22f55dfb4b64c76a5feb9f395a9b98c in term 0.
I20260709 13:17:49.295368 20366 tablet_service.cc:1917] Received RequestConsensusVote() RPC: tablet_id: "30e50d35c4bd41cb9689583106ae4989" candidate_uuid: "e22f55dfb4b64c76a5feb9f395a9b98c" candidate_term: 1 candidate_status { last_received { term: 0 index: 0 } } ignore_live_leader: false dest_uuid: "e4678bd4a2704bd08d93067933f1672d" is_pre_election: true
I20260709 13:17:49.305795 20408 leader_election.cc:304] T 30e50d35c4bd41cb9689583106ae4989 P e22f55dfb4b64c76a5feb9f395a9b98c [CANDIDATE]: Term 1 pre-election: Election decided. Result: candidate won. Election summary: received 2 responses out of 3 voters: 2 yes votes; 0 no votes. yes voters: 417c356dd31041569da996b11ba61de2, e22f55dfb4b64c76a5feb9f395a9b98c; no voters: 
I20260709 13:17:49.306807 20721 raft_consensus.cc:2804] T 30e50d35c4bd41cb9689583106ae4989 P e22f55dfb4b64c76a5feb9f395a9b98c [term 0 FOLLOWER]: Leader pre-election won for term 1
I20260709 13:17:49.316501 20721 raft_consensus.cc:493] T 30e50d35c4bd41cb9689583106ae4989 P e22f55dfb4b64c76a5feb9f395a9b98c [term 0 FOLLOWER]: Starting leader election (no leader contacted us within the election timeout)
I20260709 13:17:49.316936 20721 raft_consensus.cc:3060] T 30e50d35c4bd41cb9689583106ae4989 P e22f55dfb4b64c76a5feb9f395a9b98c [term 0 FOLLOWER]: Advancing to term 1
I20260709 13:17:49.317134 20442 tablet_service.cc:1917] Received RequestConsensusVote() RPC: tablet_id: "4d0e3d0ebe9d4c5e976fc9e52d780dc2" candidate_uuid: "417c356dd31041569da996b11ba61de2" candidate_term: 1 candidate_status { last_received { term: 0 index: 0 } } ignore_live_leader: false dest_uuid: "e22f55dfb4b64c76a5feb9f395a9b98c"
W20260709 13:17:49.318573 20260 leader_election.cc:343] T 4d0e3d0ebe9d4c5e976fc9e52d780dc2 P 417c356dd31041569da996b11ba61de2 [CANDIDATE]: Term 1 election: Tablet error from VoteRequest() call to peer e22f55dfb4b64c76a5feb9f395a9b98c (127.18.171.131:43567): Illegal state: must be running to vote when last-logged opid is not known
I20260709 13:17:49.327100 20773 leader_election.cc:290] T 4d0e3d0ebe9d4c5e976fc9e52d780dc2 P 417c356dd31041569da996b11ba61de2 [CANDIDATE]: Term 1 election: Requested vote from peers e4678bd4a2704bd08d93067933f1672d (127.18.171.130:36379), e22f55dfb4b64c76a5feb9f395a9b98c (127.18.171.131:43567)
I20260709 13:17:49.331683 20539 consensus_queue.cc:1048] T 8c1e575c9d674f71a69fb55e8bd2855a P e22f55dfb4b64c76a5feb9f395a9b98c [LEADER]: Connected to new peer: Peer: permanent_uuid: "e4678bd4a2704bd08d93067933f1672d" member_type: VOTER last_known_addr { host: "127.18.171.130" port: 36379 }, Status: LMP_MISMATCH, Last received: 0.0, Next index: 1, Last known committed idx: 0, Time since last communication: 0.001s
W20260709 13:17:49.333592 20408 leader_election.cc:343] T 570735e62dba4e44893a6a3ac0c66d9f P e22f55dfb4b64c76a5feb9f395a9b98c [CANDIDATE]: Term 1 pre-election: Tablet error from VoteRequest() call to peer e4678bd4a2704bd08d93067933f1672d (127.18.171.130:36379): Illegal state: must be running to vote when last-logged opid is not known
I20260709 13:17:49.334800 20369 tablet_service.cc:1917] Received RequestConsensusVote() RPC: tablet_id: "4d0e3d0ebe9d4c5e976fc9e52d780dc2" candidate_uuid: "417c356dd31041569da996b11ba61de2" candidate_term: 1 candidate_status { last_received { term: 0 index: 0 } } ignore_live_leader: false dest_uuid: "e4678bd4a2704bd08d93067933f1672d"
I20260709 13:17:49.335506 20369 raft_consensus.cc:3060] T 4d0e3d0ebe9d4c5e976fc9e52d780dc2 P e4678bd4a2704bd08d93067933f1672d [term 0 FOLLOWER]: Advancing to term 1
I20260709 13:17:49.334084 20408 leader_election.cc:304] T 570735e62dba4e44893a6a3ac0c66d9f P e22f55dfb4b64c76a5feb9f395a9b98c [CANDIDATE]: Term 1 pre-election: Election decided. Result: candidate lost. Election summary: received 3 responses out of 3 voters: 1 yes votes; 2 no votes. yes voters: e22f55dfb4b64c76a5feb9f395a9b98c; no voters: 417c356dd31041569da996b11ba61de2, e4678bd4a2704bd08d93067933f1672d
I20260709 13:17:49.336436 20484 consensus_queue.cc:260] T 82bd7ed423d54408bd9e4fbd7b10511a P e22f55dfb4b64c76a5feb9f395a9b98c [NON_LEADER]: Queue going to NON_LEADER mode. State: All replicated index: 0, Majority replicated index: 0, Committed index: 0, Last appended: 0.0, Last appended by leader: 0, Current term: 0, Majority size: -1, State: 0, Mode: NON_LEADER, active raft config: opid_index: -1 OBSOLETE_local: false peers { permanent_uuid: "417c356dd31041569da996b11ba61de2" member_type: VOTER last_known_addr { host: "127.18.171.129" port: 45339 } } peers { permanent_uuid: "e4678bd4a2704bd08d93067933f1672d" member_type: VOTER last_known_addr { host: "127.18.171.130" port: 36379 } } peers { permanent_uuid: "e22f55dfb4b64c76a5feb9f395a9b98c" member_type: VOTER last_known_addr { host: "127.18.171.131" port: 43567 } }
I20260709 13:17:49.337355 20799 raft_consensus.cc:2749] T 570735e62dba4e44893a6a3ac0c66d9f P e22f55dfb4b64c76a5feb9f395a9b98c [term 0 FOLLOWER]: Leader pre-election lost for term 1. Reason: could not achieve majority
I20260709 13:17:49.337311 20786 consensus_queue.cc:1048] T 6da2e974804442feafe7371d188a98d0 P e4678bd4a2704bd08d93067933f1672d [LEADER]: Connected to new peer: Peer: permanent_uuid: "417c356dd31041569da996b11ba61de2" member_type: VOTER last_known_addr { host: "127.18.171.129" port: 45339 }, Status: LMP_MISMATCH, Last received: 0.0, Next index: 1, Last known committed idx: 0, Time since last communication: 0.007s
I20260709 13:17:49.353654 20484 ts_tablet_manager.cc:1434] T 82bd7ed423d54408bd9e4fbd7b10511a P e22f55dfb4b64c76a5feb9f395a9b98c: Time spent starting tablet: real 0.069s	user 0.007s	sys 0.001s
W20260709 13:17:49.349686 20408 leader_election.cc:343] T 30e50d35c4bd41cb9689583106ae4989 P e22f55dfb4b64c76a5feb9f395a9b98c [CANDIDATE]: Term 1 pre-election: Tablet error from VoteRequest() call to peer e4678bd4a2704bd08d93067933f1672d (127.18.171.130:36379): Illegal state: must be running to vote when last-logged opid is not known
I20260709 13:17:49.359385 20369 raft_consensus.cc:2468] T 4d0e3d0ebe9d4c5e976fc9e52d780dc2 P e4678bd4a2704bd08d93067933f1672d [term 1 FOLLOWER]: Leader election vote request: Granting yes vote for candidate 417c356dd31041569da996b11ba61de2 in term 1.
I20260709 13:17:49.365939 20484 tablet_bootstrap.cc:492] T 1af035454d724864b783ca987677edd4 P e22f55dfb4b64c76a5feb9f395a9b98c: Bootstrap starting.
I20260709 13:17:49.367530 20483 tablet_bootstrap.cc:492] T 243c46e1be1b471b815b881224093c5e P e4678bd4a2704bd08d93067933f1672d: No bootstrap required, opened a new log
I20260709 13:17:49.368448 20483 ts_tablet_manager.cc:1403] T 243c46e1be1b471b815b881224093c5e P e4678bd4a2704bd08d93067933f1672d: Time spent bootstrapping tablet: real 0.317s	user 0.050s	sys 0.104s
I20260709 13:17:49.371562 20259 leader_election.cc:304] T 4d0e3d0ebe9d4c5e976fc9e52d780dc2 P 417c356dd31041569da996b11ba61de2 [CANDIDATE]: Term 1 election: Election decided. Result: candidate won. Election summary: received 3 responses out of 3 voters: 2 yes votes; 1 no votes. yes voters: 417c356dd31041569da996b11ba61de2, e4678bd4a2704bd08d93067933f1672d; no voters: e22f55dfb4b64c76a5feb9f395a9b98c
I20260709 13:17:49.375612 20486 tablet_bootstrap.cc:492] T 570735e62dba4e44893a6a3ac0c66d9f P 417c356dd31041569da996b11ba61de2: No bootstrap required, opened a new log
I20260709 13:17:49.376152 20486 ts_tablet_manager.cc:1403] T 570735e62dba4e44893a6a3ac0c66d9f P 417c356dd31041569da996b11ba61de2: Time spent bootstrapping tablet: real 0.347s	user 0.010s	sys 0.030s
I20260709 13:17:49.377956 20721 raft_consensus.cc:515] T 30e50d35c4bd41cb9689583106ae4989 P e22f55dfb4b64c76a5feb9f395a9b98c [term 1 FOLLOWER]: Starting leader election with config: opid_index: -1 OBSOLETE_local: false peers { permanent_uuid: "417c356dd31041569da996b11ba61de2" member_type: VOTER last_known_addr { host: "127.18.171.129" port: 45339 } } peers { permanent_uuid: "e4678bd4a2704bd08d93067933f1672d" member_type: VOTER last_known_addr { host: "127.18.171.130" port: 36379 } } peers { permanent_uuid: "e22f55dfb4b64c76a5feb9f395a9b98c" member_type: VOTER last_known_addr { host: "127.18.171.131" port: 43567 } }
I20260709 13:17:49.381896 20713 raft_consensus.cc:2804] T 4d0e3d0ebe9d4c5e976fc9e52d780dc2 P 417c356dd31041569da996b11ba61de2 [term 1 FOLLOWER]: Leader election won for term 1
I20260709 13:17:49.382504 20713 raft_consensus.cc:697] T 4d0e3d0ebe9d4c5e976fc9e52d780dc2 P 417c356dd31041569da996b11ba61de2 [term 1 LEADER]: Becoming Leader. State: Replica: 417c356dd31041569da996b11ba61de2, State: Running, Role: LEADER
I20260709 13:17:49.383402 20713 consensus_queue.cc:237] T 4d0e3d0ebe9d4c5e976fc9e52d780dc2 P 417c356dd31041569da996b11ba61de2 [LEADER]: Queue going to LEADER mode. State: All replicated index: 0, Majority replicated index: 0, Committed index: 0, Last appended: 0.0, Last appended by leader: 0, Current term: 1, Majority size: 2, State: 0, Mode: LEADER, active raft config: opid_index: -1 OBSOLETE_local: false peers { permanent_uuid: "417c356dd31041569da996b11ba61de2" member_type: VOTER last_known_addr { host: "127.18.171.129" port: 45339 } } peers { permanent_uuid: "e4678bd4a2704bd08d93067933f1672d" member_type: VOTER last_known_addr { host: "127.18.171.130" port: 36379 } } peers { permanent_uuid: "e22f55dfb4b64c76a5feb9f395a9b98c" member_type: VOTER last_known_addr { host: "127.18.171.131" port: 43567 } }
I20260709 13:17:49.383721 20483 raft_consensus.cc:359] T 243c46e1be1b471b815b881224093c5e P e4678bd4a2704bd08d93067933f1672d [term 0 FOLLOWER]: Replica starting. Triggering 0 pending ops. Active config: opid_index: -1 OBSOLETE_local: false peers { permanent_uuid: "417c356dd31041569da996b11ba61de2" member_type: VOTER last_known_addr { host: "127.18.171.129" port: 45339 } } peers { permanent_uuid: "e4678bd4a2704bd08d93067933f1672d" member_type: VOTER last_known_addr { host: "127.18.171.130" port: 36379 } } peers { permanent_uuid: "e22f55dfb4b64c76a5feb9f395a9b98c" member_type: VOTER last_known_addr { host: "127.18.171.131" port: 43567 } }
I20260709 13:17:49.384495 20483 raft_consensus.cc:385] T 243c46e1be1b471b815b881224093c5e P e4678bd4a2704bd08d93067933f1672d [term 0 FOLLOWER]: Consensus starting up: Expiring failure detector timer to make a prompt election more likely
I20260709 13:17:49.388489 20484 tablet_bootstrap.cc:654] T 1af035454d724864b783ca987677edd4 P e22f55dfb4b64c76a5feb9f395a9b98c: Neither blocks nor log segments found. Creating new log.
I20260709 13:17:49.392361 20721 leader_election.cc:290] T 30e50d35c4bd41cb9689583106ae4989 P e22f55dfb4b64c76a5feb9f395a9b98c [CANDIDATE]: Term 1 election: Requested vote from peers 417c356dd31041569da996b11ba61de2 (127.18.171.129:45339), e4678bd4a2704bd08d93067933f1672d (127.18.171.130:36379)
I20260709 13:17:49.380723 20486 raft_consensus.cc:359] T 570735e62dba4e44893a6a3ac0c66d9f P 417c356dd31041569da996b11ba61de2 [term 0 FOLLOWER]: Replica starting. Triggering 0 pending ops. Active config: opid_index: -1 OBSOLETE_local: false peers { permanent_uuid: "417c356dd31041569da996b11ba61de2" member_type: VOTER last_known_addr { host: "127.18.171.129" port: 45339 } } peers { permanent_uuid: "e4678bd4a2704bd08d93067933f1672d" member_type: VOTER last_known_addr { host: "127.18.171.130" port: 36379 } } peers { permanent_uuid: "e22f55dfb4b64c76a5feb9f395a9b98c" member_type: VOTER last_known_addr { host: "127.18.171.131" port: 43567 } }
I20260709 13:17:49.393217 20486 raft_consensus.cc:385] T 570735e62dba4e44893a6a3ac0c66d9f P 417c356dd31041569da996b11ba61de2 [term 0 FOLLOWER]: Consensus starting up: Expiring failure detector timer to make a prompt election more likely
I20260709 13:17:49.393533 20486 raft_consensus.cc:740] T 570735e62dba4e44893a6a3ac0c66d9f P 417c356dd31041569da996b11ba61de2 [term 0 FOLLOWER]: Becoming Follower/Learner. State: Replica: 417c356dd31041569da996b11ba61de2, State: Initialized, Role: FOLLOWER
I20260709 13:17:49.394183 20486 consensus_queue.cc:260] T 570735e62dba4e44893a6a3ac0c66d9f P 417c356dd31041569da996b11ba61de2 [NON_LEADER]: Queue going to NON_LEADER mode. State: All replicated index: 0, Majority replicated index: 0, Committed index: 0, Last appended: 0.0, Last appended by leader: 0, Current term: 0, Majority size: -1, State: 0, Mode: NON_LEADER, active raft config: opid_index: -1 OBSOLETE_local: false peers { permanent_uuid: "417c356dd31041569da996b11ba61de2" member_type: VOTER last_known_addr { host: "127.18.171.129" port: 45339 } } peers { permanent_uuid: "e4678bd4a2704bd08d93067933f1672d" member_type: VOTER last_known_addr { host: "127.18.171.130" port: 36379 } } peers { permanent_uuid: "e22f55dfb4b64c76a5feb9f395a9b98c" member_type: VOTER last_known_addr { host: "127.18.171.131" port: 43567 } }
I20260709 13:17:49.396384 20486 ts_tablet_manager.cc:1434] T 570735e62dba4e44893a6a3ac0c66d9f P 417c356dd31041569da996b11ba61de2: Time spent starting tablet: real 0.020s	user 0.007s	sys 0.000s
I20260709 13:17:49.397336 20486 tablet_bootstrap.cc:492] T 1a5f076214d4415ba7d5b2867e42fa96 P 417c356dd31041569da996b11ba61de2: Bootstrap starting.
I20260709 13:17:49.397437 20293 tablet_service.cc:1917] Received RequestConsensusVote() RPC: tablet_id: "30e50d35c4bd41cb9689583106ae4989" candidate_uuid: "e22f55dfb4b64c76a5feb9f395a9b98c" candidate_term: 1 candidate_status { last_received { term: 0 index: 0 } } ignore_live_leader: false dest_uuid: "417c356dd31041569da996b11ba61de2"
I20260709 13:17:49.398087 20293 raft_consensus.cc:3060] T 30e50d35c4bd41cb9689583106ae4989 P 417c356dd31041569da996b11ba61de2 [term 0 FOLLOWER]: Advancing to term 1
I20260709 13:17:49.400233 20483 raft_consensus.cc:740] T 243c46e1be1b471b815b881224093c5e P e4678bd4a2704bd08d93067933f1672d [term 0 FOLLOWER]: Becoming Follower/Learner. State: Replica: e4678bd4a2704bd08d93067933f1672d, State: Initialized, Role: FOLLOWER
I20260709 13:17:49.400933 20483 consensus_queue.cc:260] T 243c46e1be1b471b815b881224093c5e P e4678bd4a2704bd08d93067933f1672d [NON_LEADER]: Queue going to NON_LEADER mode. State: All replicated index: 0, Majority replicated index: 0, Committed index: 0, Last appended: 0.0, Last appended by leader: 0, Current term: 0, Majority size: -1, State: 0, Mode: NON_LEADER, active raft config: opid_index: -1 OBSOLETE_local: false peers { permanent_uuid: "417c356dd31041569da996b11ba61de2" member_type: VOTER last_known_addr { host: "127.18.171.129" port: 45339 } } peers { permanent_uuid: "e4678bd4a2704bd08d93067933f1672d" member_type: VOTER last_known_addr { host: "127.18.171.130" port: 36379 } } peers { permanent_uuid: "e22f55dfb4b64c76a5feb9f395a9b98c" member_type: VOTER last_known_addr { host: "127.18.171.131" port: 43567 } }
I20260709 13:17:49.411079 20721 raft_consensus.cc:493] T 82bd7ed423d54408bd9e4fbd7b10511a P e22f55dfb4b64c76a5feb9f395a9b98c [term 0 FOLLOWER]: Starting pre-election (no leader contacted us within the election timeout)
I20260709 13:17:49.411707 20721 raft_consensus.cc:515] T 82bd7ed423d54408bd9e4fbd7b10511a P e22f55dfb4b64c76a5feb9f395a9b98c [term 0 FOLLOWER]: Starting pre-election with config: opid_index: -1 OBSOLETE_local: false peers { permanent_uuid: "417c356dd31041569da996b11ba61de2" member_type: VOTER last_known_addr { host: "127.18.171.129" port: 45339 } } peers { permanent_uuid: "e4678bd4a2704bd08d93067933f1672d" member_type: VOTER last_known_addr { host: "127.18.171.130" port: 36379 } } peers { permanent_uuid: "e22f55dfb4b64c76a5feb9f395a9b98c" member_type: VOTER last_known_addr { host: "127.18.171.131" port: 43567 } }
I20260709 13:17:49.414975 20721 leader_election.cc:290] T 82bd7ed423d54408bd9e4fbd7b10511a P e22f55dfb4b64c76a5feb9f395a9b98c [CANDIDATE]: Term 1 pre-election: Requested pre-vote from peers 417c356dd31041569da996b11ba61de2 (127.18.171.129:45339), e4678bd4a2704bd08d93067933f1672d (127.18.171.130:36379)
I20260709 13:17:49.428419 20483 ts_tablet_manager.cc:1434] T 243c46e1be1b471b815b881224093c5e P e4678bd4a2704bd08d93067933f1672d: Time spent starting tablet: real 0.059s	user 0.009s	sys 0.004s
I20260709 13:17:49.433385 20483 tablet_bootstrap.cc:492] T 8f62601cc08849719e25e6fcc7281369 P e4678bd4a2704bd08d93067933f1672d: Bootstrap starting.
I20260709 13:17:49.415884 20367 tablet_service.cc:1917] Received RequestConsensusVote() RPC: tablet_id: "30e50d35c4bd41cb9689583106ae4989" candidate_uuid: "e22f55dfb4b64c76a5feb9f395a9b98c" candidate_term: 1 candidate_status { last_received { term: 0 index: 0 } } ignore_live_leader: false dest_uuid: "e4678bd4a2704bd08d93067933f1672d"
I20260709 13:17:49.433737 20364 tablet_service.cc:1917] Received RequestConsensusVote() RPC: tablet_id: "82bd7ed423d54408bd9e4fbd7b10511a" candidate_uuid: "e22f55dfb4b64c76a5feb9f395a9b98c" candidate_term: 1 candidate_status { last_received { term: 0 index: 0 } } ignore_live_leader: false dest_uuid: "e4678bd4a2704bd08d93067933f1672d" is_pre_election: true
W20260709 13:17:49.435563 20408 leader_election.cc:343] T 82bd7ed423d54408bd9e4fbd7b10511a P e22f55dfb4b64c76a5feb9f395a9b98c [CANDIDATE]: Term 1 pre-election: Tablet error from VoteRequest() call to peer e4678bd4a2704bd08d93067933f1672d (127.18.171.130:36379): Illegal state: must be running to vote when last-logged opid is not known
I20260709 13:17:49.416786 20291 tablet_service.cc:1917] Received RequestConsensusVote() RPC: tablet_id: "82bd7ed423d54408bd9e4fbd7b10511a" candidate_uuid: "e22f55dfb4b64c76a5feb9f395a9b98c" candidate_term: 1 candidate_status { last_received { term: 0 index: 0 } } ignore_live_leader: false dest_uuid: "417c356dd31041569da996b11ba61de2" is_pre_election: true
W20260709 13:17:49.440781 20408 leader_election.cc:343] T 30e50d35c4bd41cb9689583106ae4989 P e22f55dfb4b64c76a5feb9f395a9b98c [CANDIDATE]: Term 1 election: Tablet error from VoteRequest() call to peer e4678bd4a2704bd08d93067933f1672d (127.18.171.130:36379): Illegal state: must be running to vote when last-logged opid is not known
I20260709 13:17:49.417133 20293 raft_consensus.cc:2468] T 30e50d35c4bd41cb9689583106ae4989 P 417c356dd31041569da996b11ba61de2 [term 1 FOLLOWER]: Leader election vote request: Granting yes vote for candidate e22f55dfb4b64c76a5feb9f395a9b98c in term 1.
I20260709 13:17:49.443367 20486 tablet_bootstrap.cc:654] T 1a5f076214d4415ba7d5b2867e42fa96 P 417c356dd31041569da996b11ba61de2: Neither blocks nor log segments found. Creating new log.
W20260709 13:17:49.444691 20408 leader_election.cc:343] T 82bd7ed423d54408bd9e4fbd7b10511a P e22f55dfb4b64c76a5feb9f395a9b98c [CANDIDATE]: Term 1 pre-election: Tablet error from VoteRequest() call to peer 417c356dd31041569da996b11ba61de2 (127.18.171.129:45339): Illegal state: must be running to vote when last-logged opid is not known
I20260709 13:17:49.445434 20408 leader_election.cc:304] T 82bd7ed423d54408bd9e4fbd7b10511a P e22f55dfb4b64c76a5feb9f395a9b98c [CANDIDATE]: Term 1 pre-election: Election decided. Result: candidate lost. Election summary: received 3 responses out of 3 voters: 1 yes votes; 2 no votes. yes voters: e22f55dfb4b64c76a5feb9f395a9b98c; no voters: 417c356dd31041569da996b11ba61de2, e4678bd4a2704bd08d93067933f1672d
I20260709 13:17:49.446332 20408 leader_election.cc:304] T 30e50d35c4bd41cb9689583106ae4989 P e22f55dfb4b64c76a5feb9f395a9b98c [CANDIDATE]: Term 1 election: Election decided. Result: candidate won. Election summary: received 3 responses out of 3 voters: 2 yes votes; 1 no votes. yes voters: 417c356dd31041569da996b11ba61de2, e22f55dfb4b64c76a5feb9f395a9b98c; no voters: e4678bd4a2704bd08d93067933f1672d
I20260709 13:17:49.443667 20191 catalog_manager.cc:5697] T 4d0e3d0ebe9d4c5e976fc9e52d780dc2 P 417c356dd31041569da996b11ba61de2 reported cstate change: term changed from 0 to 1, leader changed from <none> to 417c356dd31041569da996b11ba61de2 (127.18.171.129). New cstate: current_term: 1 leader_uuid: "417c356dd31041569da996b11ba61de2" committed_config { opid_index: -1 OBSOLETE_local: false peers { permanent_uuid: "417c356dd31041569da996b11ba61de2" member_type: VOTER last_known_addr { host: "127.18.171.129" port: 45339 } health_report { overall_health: HEALTHY } } peers { permanent_uuid: "e4678bd4a2704bd08d93067933f1672d" member_type: VOTER last_known_addr { host: "127.18.171.130" port: 36379 } health_report { overall_health: UNKNOWN } } peers { permanent_uuid: "e22f55dfb4b64c76a5feb9f395a9b98c" member_type: VOTER last_known_addr { host: "127.18.171.131" port: 43567 } health_report { overall_health: UNKNOWN } } }
I20260709 13:17:49.447393 20794 raft_consensus.cc:2749] T 82bd7ed423d54408bd9e4fbd7b10511a P e22f55dfb4b64c76a5feb9f395a9b98c [term 0 FOLLOWER]: Leader pre-election lost for term 1. Reason: could not achieve majority
I20260709 13:17:49.448350 20721 raft_consensus.cc:2804] T 30e50d35c4bd41cb9689583106ae4989 P e22f55dfb4b64c76a5feb9f395a9b98c [term 1 FOLLOWER]: Leader election won for term 1
I20260709 13:17:49.449661 20721 raft_consensus.cc:697] T 30e50d35c4bd41cb9689583106ae4989 P e22f55dfb4b64c76a5feb9f395a9b98c [term 1 LEADER]: Becoming Leader. State: Replica: e22f55dfb4b64c76a5feb9f395a9b98c, State: Running, Role: LEADER
I20260709 13:17:49.457958 20483 tablet_bootstrap.cc:654] T 8f62601cc08849719e25e6fcc7281369 P e4678bd4a2704bd08d93067933f1672d: Neither blocks nor log segments found. Creating new log.
I20260709 13:17:49.486261 20721 consensus_queue.cc:237] T 30e50d35c4bd41cb9689583106ae4989 P e22f55dfb4b64c76a5feb9f395a9b98c [LEADER]: Queue going to LEADER mode. State: All replicated index: 0, Majority replicated index: 0, Committed index: 0, Last appended: 0.0, Last appended by leader: 0, Current term: 1, Majority size: 2, State: 0, Mode: LEADER, active raft config: opid_index: -1 OBSOLETE_local: false peers { permanent_uuid: "417c356dd31041569da996b11ba61de2" member_type: VOTER last_known_addr { host: "127.18.171.129" port: 45339 } } peers { permanent_uuid: "e4678bd4a2704bd08d93067933f1672d" member_type: VOTER last_known_addr { host: "127.18.171.130" port: 36379 } } peers { permanent_uuid: "e22f55dfb4b64c76a5feb9f395a9b98c" member_type: VOTER last_known_addr { host: "127.18.171.131" port: 43567 } }
I20260709 13:17:49.493278 20484 tablet_bootstrap.cc:492] T 1af035454d724864b783ca987677edd4 P e22f55dfb4b64c76a5feb9f395a9b98c: No bootstrap required, opened a new log
I20260709 13:17:49.493898 20484 ts_tablet_manager.cc:1403] T 1af035454d724864b783ca987677edd4 P e22f55dfb4b64c76a5feb9f395a9b98c: Time spent bootstrapping tablet: real 0.128s	user 0.010s	sys 0.015s
I20260709 13:17:49.496713 20484 raft_consensus.cc:359] T 1af035454d724864b783ca987677edd4 P e22f55dfb4b64c76a5feb9f395a9b98c [term 0 FOLLOWER]: Replica starting. Triggering 0 pending ops. Active config: opid_index: -1 OBSOLETE_local: false peers { permanent_uuid: "417c356dd31041569da996b11ba61de2" member_type: VOTER last_known_addr { host: "127.18.171.129" port: 45339 } } peers { permanent_uuid: "e4678bd4a2704bd08d93067933f1672d" member_type: VOTER last_known_addr { host: "127.18.171.130" port: 36379 } } peers { permanent_uuid: "e22f55dfb4b64c76a5feb9f395a9b98c" member_type: VOTER last_known_addr { host: "127.18.171.131" port: 43567 } }
I20260709 13:17:49.497429 20484 raft_consensus.cc:385] T 1af035454d724864b783ca987677edd4 P e22f55dfb4b64c76a5feb9f395a9b98c [term 0 FOLLOWER]: Consensus starting up: Expiring failure detector timer to make a prompt election more likely
I20260709 13:17:49.497692 20484 raft_consensus.cc:740] T 1af035454d724864b783ca987677edd4 P e22f55dfb4b64c76a5feb9f395a9b98c [term 0 FOLLOWER]: Becoming Follower/Learner. State: Replica: e22f55dfb4b64c76a5feb9f395a9b98c, State: Initialized, Role: FOLLOWER
I20260709 13:17:49.498344 20484 consensus_queue.cc:260] T 1af035454d724864b783ca987677edd4 P e22f55dfb4b64c76a5feb9f395a9b98c [NON_LEADER]: Queue going to NON_LEADER mode. State: All replicated index: 0, Majority replicated index: 0, Committed index: 0, Last appended: 0.0, Last appended by leader: 0, Current term: 0, Majority size: -1, State: 0, Mode: NON_LEADER, active raft config: opid_index: -1 OBSOLETE_local: false peers { permanent_uuid: "417c356dd31041569da996b11ba61de2" member_type: VOTER last_known_addr { host: "127.18.171.129" port: 45339 } } peers { permanent_uuid: "e4678bd4a2704bd08d93067933f1672d" member_type: VOTER last_known_addr { host: "127.18.171.130" port: 36379 } } peers { permanent_uuid: "e22f55dfb4b64c76a5feb9f395a9b98c" member_type: VOTER last_known_addr { host: "127.18.171.131" port: 43567 } }
I20260709 13:17:49.500388 20484 ts_tablet_manager.cc:1434] T 1af035454d724864b783ca987677edd4 P e22f55dfb4b64c76a5feb9f395a9b98c: Time spent starting tablet: real 0.006s	user 0.008s	sys 0.000s
I20260709 13:17:49.501320 20484 tablet_bootstrap.cc:492] T 4d0e3d0ebe9d4c5e976fc9e52d780dc2 P e22f55dfb4b64c76a5feb9f395a9b98c: Bootstrap starting.
I20260709 13:17:49.504101 20483 tablet_bootstrap.cc:492] T 8f62601cc08849719e25e6fcc7281369 P e4678bd4a2704bd08d93067933f1672d: No bootstrap required, opened a new log
I20260709 13:17:49.504570 20483 ts_tablet_manager.cc:1403] T 8f62601cc08849719e25e6fcc7281369 P e4678bd4a2704bd08d93067933f1672d: Time spent bootstrapping tablet: real 0.071s	user 0.008s	sys 0.006s
I20260709 13:17:49.506819 20486 tablet_bootstrap.cc:492] T 1a5f076214d4415ba7d5b2867e42fa96 P 417c356dd31041569da996b11ba61de2: No bootstrap required, opened a new log
I20260709 13:17:49.506768 20483 raft_consensus.cc:359] T 8f62601cc08849719e25e6fcc7281369 P e4678bd4a2704bd08d93067933f1672d [term 0 FOLLOWER]: Replica starting. Triggering 0 pending ops. Active config: opid_index: -1 OBSOLETE_local: false peers { permanent_uuid: "417c356dd31041569da996b11ba61de2" member_type: VOTER last_known_addr { host: "127.18.171.129" port: 45339 } } peers { permanent_uuid: "e4678bd4a2704bd08d93067933f1672d" member_type: VOTER last_known_addr { host: "127.18.171.130" port: 36379 } } peers { permanent_uuid: "e22f55dfb4b64c76a5feb9f395a9b98c" member_type: VOTER last_known_addr { host: "127.18.171.131" port: 43567 } }
I20260709 13:17:49.507351 20486 ts_tablet_manager.cc:1403] T 1a5f076214d4415ba7d5b2867e42fa96 P 417c356dd31041569da996b11ba61de2: Time spent bootstrapping tablet: real 0.110s	user 0.007s	sys 0.008s
I20260709 13:17:49.507318 20483 raft_consensus.cc:385] T 8f62601cc08849719e25e6fcc7281369 P e4678bd4a2704bd08d93067933f1672d [term 0 FOLLOWER]: Consensus starting up: Expiring failure detector timer to make a prompt election more likely
I20260709 13:17:49.507742 20483 raft_consensus.cc:740] T 8f62601cc08849719e25e6fcc7281369 P e4678bd4a2704bd08d93067933f1672d [term 0 FOLLOWER]: Becoming Follower/Learner. State: Replica: e4678bd4a2704bd08d93067933f1672d, State: Initialized, Role: FOLLOWER
I20260709 13:17:49.508405 20483 consensus_queue.cc:260] T 8f62601cc08849719e25e6fcc7281369 P e4678bd4a2704bd08d93067933f1672d [NON_LEADER]: Queue going to NON_LEADER mode. State: All replicated index: 0, Majority replicated index: 0, Committed index: 0, Last appended: 0.0, Last appended by leader: 0, Current term: 0, Majority size: -1, State: 0, Mode: NON_LEADER, active raft config: opid_index: -1 OBSOLETE_local: false peers { permanent_uuid: "417c356dd31041569da996b11ba61de2" member_type: VOTER last_known_addr { host: "127.18.171.129" port: 45339 } } peers { permanent_uuid: "e4678bd4a2704bd08d93067933f1672d" member_type: VOTER last_known_addr { host: "127.18.171.130" port: 36379 } } peers { permanent_uuid: "e22f55dfb4b64c76a5feb9f395a9b98c" member_type: VOTER last_known_addr { host: "127.18.171.131" port: 43567 } }
I20260709 13:17:49.509400 20486 raft_consensus.cc:359] T 1a5f076214d4415ba7d5b2867e42fa96 P 417c356dd31041569da996b11ba61de2 [term 0 FOLLOWER]: Replica starting. Triggering 0 pending ops. Active config: opid_index: -1 OBSOLETE_local: false peers { permanent_uuid: "417c356dd31041569da996b11ba61de2" member_type: VOTER last_known_addr { host: "127.18.171.129" port: 45339 } } peers { permanent_uuid: "e4678bd4a2704bd08d93067933f1672d" member_type: VOTER last_known_addr { host: "127.18.171.130" port: 36379 } } peers { permanent_uuid: "e22f55dfb4b64c76a5feb9f395a9b98c" member_type: VOTER last_known_addr { host: "127.18.171.131" port: 43567 } }
I20260709 13:17:49.510061 20486 raft_consensus.cc:385] T 1a5f076214d4415ba7d5b2867e42fa96 P 417c356dd31041569da996b11ba61de2 [term 0 FOLLOWER]: Consensus starting up: Expiring failure detector timer to make a prompt election more likely
I20260709 13:17:49.510303 20486 raft_consensus.cc:740] T 1a5f076214d4415ba7d5b2867e42fa96 P 417c356dd31041569da996b11ba61de2 [term 0 FOLLOWER]: Becoming Follower/Learner. State: Replica: 417c356dd31041569da996b11ba61de2, State: Initialized, Role: FOLLOWER
I20260709 13:17:49.510383 20483 ts_tablet_manager.cc:1434] T 8f62601cc08849719e25e6fcc7281369 P e4678bd4a2704bd08d93067933f1672d: Time spent starting tablet: real 0.006s	user 0.004s	sys 0.000s
