I20260709 13:17:45.704553 20408 leader_election.cc:304] T 36fdb32343734ba584983b55a1edefc3 P e22f55dfb4b64c76a5feb9f395a9b98c [CANDIDATE]: Term 1 pre-election: Election decided. Result: candidate lost. Election summary: received 3 responses out of 3 voters: 1 yes votes; 2 no votes. yes voters: e22f55dfb4b64c76a5feb9f395a9b98c; no voters: 417c356dd31041569da996b11ba61de2, e4678bd4a2704bd08d93067933f1672d
I20260709 13:17:45.705464 20598 raft_consensus.cc:2749] T 36fdb32343734ba584983b55a1edefc3 P e22f55dfb4b64c76a5feb9f395a9b98c [term 0 FOLLOWER]: Leader pre-election lost for term 1. Reason: could not achieve majority
W20260709 13:17:45.705652 20408 leader_election.cc:343] T 92edf25bd71f44e6989661b18d0fcad2 P e22f55dfb4b64c76a5feb9f395a9b98c [CANDIDATE]: Term 1 pre-election: Tablet error from VoteRequest() call to peer e4678bd4a2704bd08d93067933f1672d (127.18.171.130:36379): Illegal state: must be running to vote when last-logged opid is not known
I20260709 13:17:45.698405 20510 consensus_queue.cc:1048] T d073f112c78947e599a97cc4ab30d2a9 P 417c356dd31041569da996b11ba61de2 [LEADER]: Connected to new peer: Peer: permanent_uuid: "e22f55dfb4b64c76a5feb9f395a9b98c" member_type: VOTER last_known_addr { host: "127.18.171.131" port: 43567 }, Status: LMP_MISMATCH, Last received: 0.0, Next index: 1, Last known committed idx: 0, Time since last communication: 0.009s
I20260709 13:17:45.716398 20567 raft_consensus.cc:515] T fbc7acaa13c44ad1896c33746766cee8 P 417c356dd31041569da996b11ba61de2 [term 1 FOLLOWER]: Starting leader election with config: opid_index: -1 OBSOLETE_local: false peers { permanent_uuid: "417c356dd31041569da996b11ba61de2" member_type: VOTER last_known_addr { host: "127.18.171.129" port: 45339 } } peers { permanent_uuid: "e4678bd4a2704bd08d93067933f1672d" member_type: VOTER last_known_addr { host: "127.18.171.130" port: 36379 } } peers { permanent_uuid: "e22f55dfb4b64c76a5feb9f395a9b98c" member_type: VOTER last_known_addr { host: "127.18.171.131" port: 43567 } }
I20260709 13:17:45.727008 20484 tablet_bootstrap.cc:492] T a7cadab57f4b427e8d86274c7d118bb7 P e22f55dfb4b64c76a5feb9f395a9b98c: No bootstrap required, opened a new log
W20260709 13:17:45.754295 20609 log.cc:927] Time spent T aa8e14d00229464f9b000bf298a6916f P e22f55dfb4b64c76a5feb9f395a9b98c: Append to log took a long time: real 0.058s	user 0.001s	sys 0.000s
I20260709 13:17:45.727417 20539 consensus_queue.cc:1048] T 0b831e8a7ac641d382449c745d3722e5 P e22f55dfb4b64c76a5feb9f395a9b98c [LEADER]: Connected to new peer: Peer: permanent_uuid: "417c356dd31041569da996b11ba61de2" member_type: VOTER last_known_addr { host: "127.18.171.129" port: 45339 }, Status: LMP_MISMATCH, Last received: 0.0, Next index: 1, Last known committed idx: 0, Time since last communication: 0.029s
I20260709 13:17:45.760948 20598 consensus_queue.cc:1048] T 01f6ba9f172046a58921b7d24a3bbfd7 P e22f55dfb4b64c76a5feb9f395a9b98c [LEADER]: Connected to new peer: Peer: permanent_uuid: "e4678bd4a2704bd08d93067933f1672d" member_type: VOTER last_known_addr { host: "127.18.171.130" port: 36379 }, Status: LMP_MISMATCH, Last received: 0.0, Next index: 1, Last known committed idx: 0, Time since last communication: 0.000s
I20260709 13:17:45.768064 20484 ts_tablet_manager.cc:1403] T a7cadab57f4b427e8d86274c7d118bb7 P e22f55dfb4b64c76a5feb9f395a9b98c: Time spent bootstrapping tablet: real 0.176s	user 0.006s	sys 0.011s
I20260709 13:17:45.769239 20191 catalog_manager.cc:5697] T 8ced67f9da44472da6874f09c8582b74 P 417c356dd31041569da996b11ba61de2 reported cstate change: term changed from 0 to 1, leader changed from <none> to 417c356dd31041569da996b11ba61de2 (127.18.171.129). New cstate: current_term: 1 leader_uuid: "417c356dd31041569da996b11ba61de2" committed_config { opid_index: -1 OBSOLETE_local: false peers { permanent_uuid: "417c356dd31041569da996b11ba61de2" member_type: VOTER last_known_addr { host: "127.18.171.129" port: 45339 } health_report { overall_health: HEALTHY } } peers { permanent_uuid: "e4678bd4a2704bd08d93067933f1672d" member_type: VOTER last_known_addr { host: "127.18.171.130" port: 36379 } health_report { overall_health: UNKNOWN } } peers { permanent_uuid: "e22f55dfb4b64c76a5feb9f395a9b98c" member_type: VOTER last_known_addr { host: "127.18.171.131" port: 43567 } health_report { overall_health: UNKNOWN } } }
I20260709 13:17:45.773984 20486 tablet_bootstrap.cc:492] T cd6a1692bb444535bcc0d37ad297be40 P 417c356dd31041569da996b11ba61de2: No bootstrap required, opened a new log
I20260709 13:17:45.774447 20486 ts_tablet_manager.cc:1403] T cd6a1692bb444535bcc0d37ad297be40 P 417c356dd31041569da996b11ba61de2: Time spent bootstrapping tablet: real 0.133s	user 0.020s	sys 0.013s
W20260709 13:17:45.800494 20603 log.cc:927] Time spent T d073f112c78947e599a97cc4ab30d2a9 P e4678bd4a2704bd08d93067933f1672d: Append to log took a long time: real 0.087s	user 0.001s	sys 0.000s
I20260709 13:17:45.801873 20486 raft_consensus.cc:359] T cd6a1692bb444535bcc0d37ad297be40 P 417c356dd31041569da996b11ba61de2 [term 0 FOLLOWER]: Replica starting. Triggering 0 pending ops. Active config: opid_index: -1 OBSOLETE_local: false peers { permanent_uuid: "417c356dd31041569da996b11ba61de2" member_type: VOTER last_known_addr { host: "127.18.171.129" port: 45339 } } peers { permanent_uuid: "e4678bd4a2704bd08d93067933f1672d" member_type: VOTER last_known_addr { host: "127.18.171.130" port: 36379 } } peers { permanent_uuid: "e22f55dfb4b64c76a5feb9f395a9b98c" member_type: VOTER last_known_addr { host: "127.18.171.131" port: 43567 } }
I20260709 13:17:45.802675 20486 raft_consensus.cc:385] T cd6a1692bb444535bcc0d37ad297be40 P 417c356dd31041569da996b11ba61de2 [term 0 FOLLOWER]: Consensus starting up: Expiring failure detector timer to make a prompt election more likely
I20260709 13:17:45.802943 20486 raft_consensus.cc:740] T cd6a1692bb444535bcc0d37ad297be40 P 417c356dd31041569da996b11ba61de2 [term 0 FOLLOWER]: Becoming Follower/Learner. State: Replica: 417c356dd31041569da996b11ba61de2, State: Initialized, Role: FOLLOWER
I20260709 13:17:45.769717 20597 raft_consensus.cc:515] T 92edf25bd71f44e6989661b18d0fcad2 P e22f55dfb4b64c76a5feb9f395a9b98c [term 1 FOLLOWER]: Starting leader election with config: opid_index: -1 OBSOLETE_local: false peers { permanent_uuid: "417c356dd31041569da996b11ba61de2" member_type: VOTER last_known_addr { host: "127.18.171.129" port: 45339 } } peers { permanent_uuid: "e4678bd4a2704bd08d93067933f1672d" member_type: VOTER last_known_addr { host: "127.18.171.130" port: 36379 } } peers { permanent_uuid: "e22f55dfb4b64c76a5feb9f395a9b98c" member_type: VOTER last_known_addr { host: "127.18.171.131" port: 43567 } }
I20260709 13:17:45.814533 20486 consensus_queue.cc:260] T cd6a1692bb444535bcc0d37ad297be40 P 417c356dd31041569da996b11ba61de2 [NON_LEADER]: Queue going to NON_LEADER mode. State: All replicated index: 0, Majority replicated index: 0, Committed index: 0, Last appended: 0.0, Last appended by leader: 0, Current term: 0, Majority size: -1, State: 0, Mode: NON_LEADER, active raft config: opid_index: -1 OBSOLETE_local: false peers { permanent_uuid: "417c356dd31041569da996b11ba61de2" member_type: VOTER last_known_addr { host: "127.18.171.129" port: 45339 } } peers { permanent_uuid: "e4678bd4a2704bd08d93067933f1672d" member_type: VOTER last_known_addr { host: "127.18.171.130" port: 36379 } } peers { permanent_uuid: "e22f55dfb4b64c76a5feb9f395a9b98c" member_type: VOTER last_known_addr { host: "127.18.171.131" port: 43567 } }
I20260709 13:17:45.825551 20484 raft_consensus.cc:359] T a7cadab57f4b427e8d86274c7d118bb7 P e22f55dfb4b64c76a5feb9f395a9b98c [term 0 FOLLOWER]: Replica starting. Triggering 0 pending ops. Active config: opid_index: -1 OBSOLETE_local: false peers { permanent_uuid: "417c356dd31041569da996b11ba61de2" member_type: VOTER last_known_addr { host: "127.18.171.129" port: 45339 } } peers { permanent_uuid: "e4678bd4a2704bd08d93067933f1672d" member_type: VOTER last_known_addr { host: "127.18.171.130" port: 36379 } } peers { permanent_uuid: "e22f55dfb4b64c76a5feb9f395a9b98c" member_type: VOTER last_known_addr { host: "127.18.171.131" port: 43567 } }
I20260709 13:17:45.826272 20484 raft_consensus.cc:385] T a7cadab57f4b427e8d86274c7d118bb7 P e22f55dfb4b64c76a5feb9f395a9b98c [term 0 FOLLOWER]: Consensus starting up: Expiring failure detector timer to make a prompt election more likely
I20260709 13:17:45.826567 20484 raft_consensus.cc:740] T a7cadab57f4b427e8d86274c7d118bb7 P e22f55dfb4b64c76a5feb9f395a9b98c [term 0 FOLLOWER]: Becoming Follower/Learner. State: Replica: e22f55dfb4b64c76a5feb9f395a9b98c, State: Initialized, Role: FOLLOWER
I20260709 13:17:45.827078 20597 leader_election.cc:290] T 92edf25bd71f44e6989661b18d0fcad2 P e22f55dfb4b64c76a5feb9f395a9b98c [CANDIDATE]: Term 1 election: Requested vote from peers 417c356dd31041569da996b11ba61de2 (127.18.171.129:45339), e4678bd4a2704bd08d93067933f1672d (127.18.171.130:36379)
I20260709 13:17:45.827234 20484 consensus_queue.cc:260] T a7cadab57f4b427e8d86274c7d118bb7 P e22f55dfb4b64c76a5feb9f395a9b98c [NON_LEADER]: Queue going to NON_LEADER mode. State: All replicated index: 0, Majority replicated index: 0, Committed index: 0, Last appended: 0.0, Last appended by leader: 0, Current term: 0, Majority size: -1, State: 0, Mode: NON_LEADER, active raft config: opid_index: -1 OBSOLETE_local: false peers { permanent_uuid: "417c356dd31041569da996b11ba61de2" member_type: VOTER last_known_addr { host: "127.18.171.129" port: 45339 } } peers { permanent_uuid: "e4678bd4a2704bd08d93067933f1672d" member_type: VOTER last_known_addr { host: "127.18.171.130" port: 36379 } } peers { permanent_uuid: "e22f55dfb4b64c76a5feb9f395a9b98c" member_type: VOTER last_known_addr { host: "127.18.171.131" port: 43567 } }
I20260709 13:17:45.812325 20545 consensus_queue.cc:1048] T 0b831e8a7ac641d382449c745d3722e5 P e22f55dfb4b64c76a5feb9f395a9b98c [LEADER]: Connected to new peer: Peer: permanent_uuid: "e4678bd4a2704bd08d93067933f1672d" member_type: VOTER last_known_addr { host: "127.18.171.130" port: 36379 }, Status: LMP_MISMATCH, Last received: 0.0, Next index: 1, Last known committed idx: 0, Time since last communication: 0.016s
I20260709 13:17:45.829835 20293 tablet_service.cc:1917] Received RequestConsensusVote() RPC: tablet_id: "92edf25bd71f44e6989661b18d0fcad2" candidate_uuid: "e22f55dfb4b64c76a5feb9f395a9b98c" candidate_term: 1 candidate_status { last_received { term: 0 index: 0 } } ignore_live_leader: false dest_uuid: "417c356dd31041569da996b11ba61de2"
I20260709 13:17:45.830430 20293 raft_consensus.cc:3060] T 92edf25bd71f44e6989661b18d0fcad2 P 417c356dd31041569da996b11ba61de2 [term 0 FOLLOWER]: Advancing to term 1
I20260709 13:17:45.830749 20484 ts_tablet_manager.cc:1434] T a7cadab57f4b427e8d86274c7d118bb7 P e22f55dfb4b64c76a5feb9f395a9b98c: Time spent starting tablet: real 0.062s	user 0.006s	sys 0.000s
I20260709 13:17:45.831007 20367 tablet_service.cc:1917] Received RequestConsensusVote() RPC: tablet_id: "92edf25bd71f44e6989661b18d0fcad2" candidate_uuid: "e22f55dfb4b64c76a5feb9f395a9b98c" candidate_term: 1 candidate_status { last_received { term: 0 index: 0 } } ignore_live_leader: false dest_uuid: "e4678bd4a2704bd08d93067933f1672d"
I20260709 13:17:45.831637 20484 tablet_bootstrap.cc:492] T 30214336157347899aa625d3298f5e46 P e22f55dfb4b64c76a5feb9f395a9b98c: Bootstrap starting.
I20260709 13:17:45.833961 20567 leader_election.cc:290] T fbc7acaa13c44ad1896c33746766cee8 P 417c356dd31041569da996b11ba61de2 [CANDIDATE]: Term 1 election: Requested vote from peers e4678bd4a2704bd08d93067933f1672d (127.18.171.130:36379), e22f55dfb4b64c76a5feb9f395a9b98c (127.18.171.131:43567)
I20260709 13:17:45.837484 20442 tablet_service.cc:1917] Received RequestConsensusVote() RPC: tablet_id: "fbc7acaa13c44ad1896c33746766cee8" candidate_uuid: "417c356dd31041569da996b11ba61de2" candidate_term: 1 candidate_status { last_received { term: 0 index: 0 } } ignore_live_leader: false dest_uuid: "e22f55dfb4b64c76a5feb9f395a9b98c"
I20260709 13:17:45.838093 20442 raft_consensus.cc:3060] T fbc7acaa13c44ad1896c33746766cee8 P e22f55dfb4b64c76a5feb9f395a9b98c [term 0 FOLLOWER]: Advancing to term 1
I20260709 13:17:45.840303 20539 raft_consensus.cc:493] T ad16aafa5077423a9b94af34792468e2 P e22f55dfb4b64c76a5feb9f395a9b98c [term 0 FOLLOWER]: Starting pre-election (no leader contacted us within the election timeout)
I20260709 13:17:45.840755 20539 raft_consensus.cc:515] T ad16aafa5077423a9b94af34792468e2 P e22f55dfb4b64c76a5feb9f395a9b98c [term 0 FOLLOWER]: Starting pre-election with config: opid_index: -1 OBSOLETE_local: false peers { permanent_uuid: "417c356dd31041569da996b11ba61de2" member_type: VOTER last_known_addr { host: "127.18.171.129" port: 45339 } } peers { permanent_uuid: "e4678bd4a2704bd08d93067933f1672d" member_type: VOTER last_known_addr { host: "127.18.171.130" port: 36379 } } peers { permanent_uuid: "e22f55dfb4b64c76a5feb9f395a9b98c" member_type: VOTER last_known_addr { host: "127.18.171.131" port: 43567 } }
I20260709 13:17:45.841760 20369 tablet_service.cc:1917] Received RequestConsensusVote() RPC: tablet_id: "fbc7acaa13c44ad1896c33746766cee8" candidate_uuid: "417c356dd31041569da996b11ba61de2" candidate_term: 1 candidate_status { last_received { term: 0 index: 0 } } ignore_live_leader: false dest_uuid: "e4678bd4a2704bd08d93067933f1672d"
I20260709 13:17:45.849464 20509 raft_consensus.cc:493] T cd6a1692bb444535bcc0d37ad297be40 P e4678bd4a2704bd08d93067933f1672d [term 0 FOLLOWER]: Starting pre-election (no leader contacted us within the election timeout)
I20260709 13:17:45.850008 20509 raft_consensus.cc:515] T cd6a1692bb444535bcc0d37ad297be40 P e4678bd4a2704bd08d93067933f1672d [term 0 FOLLOWER]: Starting pre-election with config: opid_index: -1 OBSOLETE_local: false peers { permanent_uuid: "417c356dd31041569da996b11ba61de2" member_type: VOTER last_known_addr { host: "127.18.171.129" port: 45339 } } peers { permanent_uuid: "e4678bd4a2704bd08d93067933f1672d" member_type: VOTER last_known_addr { host: "127.18.171.130" port: 36379 } } peers { permanent_uuid: "e22f55dfb4b64c76a5feb9f395a9b98c" member_type: VOTER last_known_addr { host: "127.18.171.131" port: 43567 } }
I20260709 13:17:45.842885 20369 raft_consensus.cc:3060] T fbc7acaa13c44ad1896c33746766cee8 P e4678bd4a2704bd08d93067933f1672d [term 0 FOLLOWER]: Advancing to term 1
I20260709 13:17:45.855655 20486 ts_tablet_manager.cc:1434] T cd6a1692bb444535bcc0d37ad297be40 P 417c356dd31041569da996b11ba61de2: Time spent starting tablet: real 0.081s	user 0.009s	sys 0.001s
I20260709 13:17:45.856681 20486 tablet_bootstrap.cc:492] T 54b7564a0c524f1385df99ba9efddc81 P 417c356dd31041569da996b11ba61de2: Bootstrap starting.
W20260709 13:17:45.851866 20408 leader_election.cc:343] T 92edf25bd71f44e6989661b18d0fcad2 P e22f55dfb4b64c76a5feb9f395a9b98c [CANDIDATE]: Term 1 election: Tablet error from VoteRequest() call to peer e4678bd4a2704bd08d93067933f1672d (127.18.171.130:36379): Illegal state: must be running to vote when last-logged opid is not known
I20260709 13:17:45.883953 20598 consensus_queue.cc:1048] T 7acff786836140a6b903abcbf5f04f20 P e22f55dfb4b64c76a5feb9f395a9b98c [LEADER]: Connected to new peer: Peer: permanent_uuid: "417c356dd31041569da996b11ba61de2" member_type: VOTER last_known_addr { host: "127.18.171.129" port: 45339 }, Status: LMP_MISMATCH, Last received: 0.0, Next index: 1, Last known committed idx: 0, Time since last communication: 0.002s
I20260709 13:17:45.863811 20442 raft_consensus.cc:2468] T fbc7acaa13c44ad1896c33746766cee8 P e22f55dfb4b64c76a5feb9f395a9b98c [term 1 FOLLOWER]: Leader election vote request: Granting yes vote for candidate 417c356dd31041569da996b11ba61de2 in term 1.
I20260709 13:17:45.895700 20539 leader_election.cc:290] T ad16aafa5077423a9b94af34792468e2 P e22f55dfb4b64c76a5feb9f395a9b98c [CANDIDATE]: Term 1 pre-election: Requested pre-vote from peers 417c356dd31041569da996b11ba61de2 (127.18.171.129:45339), e4678bd4a2704bd08d93067933f1672d (127.18.171.130:36379)
I20260709 13:17:45.901691 20509 leader_election.cc:290] T cd6a1692bb444535bcc0d37ad297be40 P e4678bd4a2704bd08d93067933f1672d [CANDIDATE]: Term 1 pre-election: Requested pre-vote from peers 417c356dd31041569da996b11ba61de2 (127.18.171.129:45339), e22f55dfb4b64c76a5feb9f395a9b98c (127.18.171.131:43567)
I20260709 13:17:45.902913 20293 raft_consensus.cc:2468] T 92edf25bd71f44e6989661b18d0fcad2 P 417c356dd31041569da996b11ba61de2 [term 1 FOLLOWER]: Leader election vote request: Granting yes vote for candidate e22f55dfb4b64c76a5feb9f395a9b98c in term 1.
I20260709 13:17:45.904040 20294 tablet_service.cc:1917] Received RequestConsensusVote() RPC: tablet_id: "ad16aafa5077423a9b94af34792468e2" candidate_uuid: "e22f55dfb4b64c76a5feb9f395a9b98c" candidate_term: 1 candidate_status { last_received { term: 0 index: 0 } } ignore_live_leader: false dest_uuid: "417c356dd31041569da996b11ba61de2" is_pre_election: true
I20260709 13:17:45.906500 20289 tablet_service.cc:1917] Received RequestConsensusVote() RPC: tablet_id: "cd6a1692bb444535bcc0d37ad297be40" candidate_uuid: "e4678bd4a2704bd08d93067933f1672d" candidate_term: 1 candidate_status { last_received { term: 0 index: 0 } } ignore_live_leader: false dest_uuid: "417c356dd31041569da996b11ba61de2" is_pre_election: true
I20260709 13:17:45.907855 20289 raft_consensus.cc:2468] T cd6a1692bb444535bcc0d37ad297be40 P 417c356dd31041569da996b11ba61de2 [term 0 FOLLOWER]: Leader pre-election vote request: Granting yes vote for candidate e4678bd4a2704bd08d93067933f1672d in term 0.
I20260709 13:17:45.899333 20598 raft_consensus.cc:493] T a7cadab57f4b427e8d86274c7d118bb7 P e22f55dfb4b64c76a5feb9f395a9b98c [term 0 FOLLOWER]: Starting pre-election (no leader contacted us within the election timeout)
I20260709 13:17:45.913167 20443 tablet_service.cc:1917] Received RequestConsensusVote() RPC: tablet_id: "cd6a1692bb444535bcc0d37ad297be40" candidate_uuid: "e4678bd4a2704bd08d93067933f1672d" candidate_term: 1 candidate_status { last_received { term: 0 index: 0 } } ignore_live_leader: false dest_uuid: "e22f55dfb4b64c76a5feb9f395a9b98c" is_pre_election: true
I20260709 13:17:45.913795 20443 raft_consensus.cc:2468] T cd6a1692bb444535bcc0d37ad297be40 P e22f55dfb4b64c76a5feb9f395a9b98c [term 0 FOLLOWER]: Leader pre-election vote request: Granting yes vote for candidate e4678bd4a2704bd08d93067933f1672d in term 0.
I20260709 13:17:45.914991 20335 leader_election.cc:304] T cd6a1692bb444535bcc0d37ad297be40 P e4678bd4a2704bd08d93067933f1672d [CANDIDATE]: Term 1 pre-election: Election decided. Result: candidate won. Election summary: received 2 responses out of 3 voters: 2 yes votes; 0 no votes. yes voters: e22f55dfb4b64c76a5feb9f395a9b98c, e4678bd4a2704bd08d93067933f1672d; no voters: 
I20260709 13:17:45.920154 20408 leader_election.cc:304] T 92edf25bd71f44e6989661b18d0fcad2 P e22f55dfb4b64c76a5feb9f395a9b98c [CANDIDATE]: Term 1 election: Election decided. Result: candidate won. Election summary: received 3 responses out of 3 voters: 2 yes votes; 1 no votes. yes voters: 417c356dd31041569da996b11ba61de2, e22f55dfb4b64c76a5feb9f395a9b98c; no voters: e4678bd4a2704bd08d93067933f1672d
I20260709 13:17:45.924760 20483 tablet_bootstrap.cc:654] T 5a9b6147b6f44b9d8c4f00d1f917d0a8 P e4678bd4a2704bd08d93067933f1672d: Neither blocks nor log segments found. Creating new log.
I20260709 13:17:45.925273 20484 tablet_bootstrap.cc:654] T 30214336157347899aa625d3298f5e46 P e22f55dfb4b64c76a5feb9f395a9b98c: Neither blocks nor log segments found. Creating new log.
I20260709 13:17:45.927690 20486 tablet_bootstrap.cc:654] T 54b7564a0c524f1385df99ba9efddc81 P 417c356dd31041569da996b11ba61de2: Neither blocks nor log segments found. Creating new log.
I20260709 13:17:45.926373 20260 leader_election.cc:304] T fbc7acaa13c44ad1896c33746766cee8 P 417c356dd31041569da996b11ba61de2 [CANDIDATE]: Term 1 election: Election decided. Result: candidate won. Election summary: received 2 responses out of 3 voters: 2 yes votes; 0 no votes. yes voters: 417c356dd31041569da996b11ba61de2, e22f55dfb4b64c76a5feb9f395a9b98c; no voters: 
I20260709 13:17:45.930657 20607 raft_consensus.cc:2804] T fbc7acaa13c44ad1896c33746766cee8 P 417c356dd31041569da996b11ba61de2 [term 1 FOLLOWER]: Leader election won for term 1
I20260709 13:17:45.930647 20367 tablet_service.cc:1917] Received RequestConsensusVote() RPC: tablet_id: "ad16aafa5077423a9b94af34792468e2" candidate_uuid: "e22f55dfb4b64c76a5feb9f395a9b98c" candidate_term: 1 candidate_status { last_received { term: 0 index: 0 } } ignore_live_leader: false dest_uuid: "e4678bd4a2704bd08d93067933f1672d" is_pre_election: true
I20260709 13:17:45.931252 20607 raft_consensus.cc:697] T fbc7acaa13c44ad1896c33746766cee8 P 417c356dd31041569da996b11ba61de2 [term 1 LEADER]: Becoming Leader. State: Replica: 417c356dd31041569da996b11ba61de2, State: Running, Role: LEADER
I20260709 13:17:45.928305 20539 raft_consensus.cc:2804] T 92edf25bd71f44e6989661b18d0fcad2 P e22f55dfb4b64c76a5feb9f395a9b98c [term 1 FOLLOWER]: Leader election won for term 1
I20260709 13:17:45.932260 20369 raft_consensus.cc:2468] T fbc7acaa13c44ad1896c33746766cee8 P e4678bd4a2704bd08d93067933f1672d [term 1 FOLLOWER]: Leader election vote request: Granting yes vote for candidate 417c356dd31041569da996b11ba61de2 in term 1.
I20260709 13:17:45.932090 20607 consensus_queue.cc:237] T fbc7acaa13c44ad1896c33746766cee8 P 417c356dd31041569da996b11ba61de2 [LEADER]: Queue going to LEADER mode. State: All replicated index: 0, Majority replicated index: 0, Committed index: 0, Last appended: 0.0, Last appended by leader: 0, Current term: 1, Majority size: 2, State: 0, Mode: LEADER, active raft config: opid_index: -1 OBSOLETE_local: false peers { permanent_uuid: "417c356dd31041569da996b11ba61de2" member_type: VOTER last_known_addr { host: "127.18.171.129" port: 45339 } } peers { permanent_uuid: "e4678bd4a2704bd08d93067933f1672d" member_type: VOTER last_known_addr { host: "127.18.171.130" port: 36379 } } peers { permanent_uuid: "e22f55dfb4b64c76a5feb9f395a9b98c" member_type: VOTER last_known_addr { host: "127.18.171.131" port: 43567 } }
I20260709 13:17:45.934315 20617 raft_consensus.cc:2804] T cd6a1692bb444535bcc0d37ad297be40 P e4678bd4a2704bd08d93067933f1672d [term 0 FOLLOWER]: Leader pre-election won for term 1
I20260709 13:17:45.934676 20617 raft_consensus.cc:493] T cd6a1692bb444535bcc0d37ad297be40 P e4678bd4a2704bd08d93067933f1672d [term 0 FOLLOWER]: Starting leader election (no leader contacted us within the election timeout)
I20260709 13:17:45.934993 20617 raft_consensus.cc:3060] T cd6a1692bb444535bcc0d37ad297be40 P e4678bd4a2704bd08d93067933f1672d [term 0 FOLLOWER]: Advancing to term 1
I20260709 13:17:45.931867 20539 raft_consensus.cc:697] T 92edf25bd71f44e6989661b18d0fcad2 P e22f55dfb4b64c76a5feb9f395a9b98c [term 1 LEADER]: Becoming Leader. State: Replica: e22f55dfb4b64c76a5feb9f395a9b98c, State: Running, Role: LEADER
I20260709 13:17:45.922425 20598 raft_consensus.cc:515] T a7cadab57f4b427e8d86274c7d118bb7 P e22f55dfb4b64c76a5feb9f395a9b98c [term 0 FOLLOWER]: Starting pre-election with config: opid_index: -1 OBSOLETE_local: false peers { permanent_uuid: "417c356dd31041569da996b11ba61de2" member_type: VOTER last_known_addr { host: "127.18.171.129" port: 45339 } } peers { permanent_uuid: "e4678bd4a2704bd08d93067933f1672d" member_type: VOTER last_known_addr { host: "127.18.171.130" port: 36379 } } peers { permanent_uuid: "e22f55dfb4b64c76a5feb9f395a9b98c" member_type: VOTER last_known_addr { host: "127.18.171.131" port: 43567 } }
I20260709 13:17:45.940037 20539 consensus_queue.cc:237] T 92edf25bd71f44e6989661b18d0fcad2 P e22f55dfb4b64c76a5feb9f395a9b98c [LEADER]: Queue going to LEADER mode. State: All replicated index: 0, Majority replicated index: 0, Committed index: 0, Last appended: 0.0, Last appended by leader: 0, Current term: 1, Majority size: 2, State: 0, Mode: LEADER, active raft config: opid_index: -1 OBSOLETE_local: false peers { permanent_uuid: "417c356dd31041569da996b11ba61de2" member_type: VOTER last_known_addr { host: "127.18.171.129" port: 45339 } } peers { permanent_uuid: "e4678bd4a2704bd08d93067933f1672d" member_type: VOTER last_known_addr { host: "127.18.171.130" port: 36379 } } peers { permanent_uuid: "e22f55dfb4b64c76a5feb9f395a9b98c" member_type: VOTER last_known_addr { host: "127.18.171.131" port: 43567 } }
W20260709 13:17:45.945250 20408 leader_election.cc:343] T ad16aafa5077423a9b94af34792468e2 P e22f55dfb4b64c76a5feb9f395a9b98c [CANDIDATE]: Term 1 pre-election: Tablet error from VoteRequest() call to peer 417c356dd31041569da996b11ba61de2 (127.18.171.129:45339): Illegal state: must be running to vote when last-logged opid is not known
I20260709 13:17:45.946386 20545 consensus_queue.cc:1048] T afd1b06cb79942c396f56f287c78cc38 P e22f55dfb4b64c76a5feb9f395a9b98c [LEADER]: Connected to new peer: Peer: permanent_uuid: "417c356dd31041569da996b11ba61de2" member_type: VOTER last_known_addr { host: "127.18.171.129" port: 45339 }, Status: LMP_MISMATCH, Last received: 0.0, Next index: 1, Last known committed idx: 0, Time since last communication: 0.000s
I20260709 13:17:45.947499 20292 tablet_service.cc:1917] Received RequestConsensusVote() RPC: tablet_id: "a7cadab57f4b427e8d86274c7d118bb7" candidate_uuid: "e22f55dfb4b64c76a5feb9f395a9b98c" candidate_term: 1 candidate_status { last_received { term: 0 index: 0 } } ignore_live_leader: false dest_uuid: "417c356dd31041569da996b11ba61de2" is_pre_election: true
W20260709 13:17:45.948894 20408 leader_election.cc:343] T ad16aafa5077423a9b94af34792468e2 P e22f55dfb4b64c76a5feb9f395a9b98c [CANDIDATE]: Term 1 pre-election: Tablet error from VoteRequest() call to peer e4678bd4a2704bd08d93067933f1672d (127.18.171.130:36379): Illegal state: must be running to vote when last-logged opid is not known
I20260709 13:17:45.949318 20408 leader_election.cc:304] T ad16aafa5077423a9b94af34792468e2 P e22f55dfb4b64c76a5feb9f395a9b98c [CANDIDATE]: Term 1 pre-election: Election decided. Result: candidate lost. Election summary: received 3 responses out of 3 voters: 1 yes votes; 2 no votes. yes voters: e22f55dfb4b64c76a5feb9f395a9b98c; no voters: 417c356dd31041569da996b11ba61de2, e4678bd4a2704bd08d93067933f1672d
I20260709 13:17:45.950870 20596 raft_consensus.cc:2749] T ad16aafa5077423a9b94af34792468e2 P e22f55dfb4b64c76a5feb9f395a9b98c [term 0 FOLLOWER]: Leader pre-election lost for term 1. Reason: could not achieve majority
I20260709 13:17:45.950502 20598 leader_election.cc:290] T a7cadab57f4b427e8d86274c7d118bb7 P e22f55dfb4b64c76a5feb9f395a9b98c [CANDIDATE]: Term 1 pre-election: Requested pre-vote from peers 417c356dd31041569da996b11ba61de2 (127.18.171.129:45339), e4678bd4a2704bd08d93067933f1672d (127.18.171.130:36379)
I20260709 13:17:45.977598 20486 tablet_bootstrap.cc:492] T 54b7564a0c524f1385df99ba9efddc81 P 417c356dd31041569da996b11ba61de2: No bootstrap required, opened a new log
I20260709 13:17:45.978082 20486 ts_tablet_manager.cc:1403] T 54b7564a0c524f1385df99ba9efddc81 P 417c356dd31041569da996b11ba61de2: Time spent bootstrapping tablet: real 0.122s	user 0.015s	sys 0.023s
I20260709 13:17:45.974498 20366 tablet_service.cc:1917] Received RequestConsensusVote() RPC: tablet_id: "a7cadab57f4b427e8d86274c7d118bb7" candidate_uuid: "e22f55dfb4b64c76a5feb9f395a9b98c" candidate_term: 1 candidate_status { last_received { term: 0 index: 0 } } ignore_live_leader: false dest_uuid: "e4678bd4a2704bd08d93067933f1672d" is_pre_election: true
I20260709 13:17:45.986979 20486 raft_consensus.cc:359] T 54b7564a0c524f1385df99ba9efddc81 P 417c356dd31041569da996b11ba61de2 [term 0 FOLLOWER]: Replica starting. Triggering 0 pending ops. Active config: opid_index: -1 OBSOLETE_local: false peers { permanent_uuid: "417c356dd31041569da996b11ba61de2" member_type: VOTER last_known_addr { host: "127.18.171.129" port: 45339 } } peers { permanent_uuid: "e4678bd4a2704bd08d93067933f1672d" member_type: VOTER last_known_addr { host: "127.18.171.130" port: 36379 } } peers { permanent_uuid: "e22f55dfb4b64c76a5feb9f395a9b98c" member_type: VOTER last_known_addr { host: "127.18.171.131" port: 43567 } }
I20260709 13:17:45.987733 20486 raft_consensus.cc:385] T 54b7564a0c524f1385df99ba9efddc81 P 417c356dd31041569da996b11ba61de2 [term 0 FOLLOWER]: Consensus starting up: Expiring failure detector timer to make a prompt election more likely
W20260709 13:17:45.991506 20259 consensus_peers.cc:597] T 5a9b6147b6f44b9d8c4f00d1f917d0a8 P 417c356dd31041569da996b11ba61de2 -> Peer e4678bd4a2704bd08d93067933f1672d (127.18.171.130:36379): Couldn't send request to peer e4678bd4a2704bd08d93067933f1672d. Error code: TABLET_NOT_RUNNING (12). Status: Illegal state: Tablet not RUNNING: BOOTSTRAPPING. This is attempt 1: this message will repeat every 5th retry.
W20260709 13:17:45.978618 20408 consensus_peers.cc:597] T afd1b06cb79942c396f56f287c78cc38 P e22f55dfb4b64c76a5feb9f395a9b98c -> Peer e4678bd4a2704bd08d93067933f1672d (127.18.171.130:36379): Couldn't send request to peer e4678bd4a2704bd08d93067933f1672d. Error code: TABLET_NOT_RUNNING (12). Status: Illegal state: Tablet not RUNNING: INITIALIZED. This is attempt 1: this message will repeat every 5th retry.
I20260709 13:17:45.987983 20486 raft_consensus.cc:740] T 54b7564a0c524f1385df99ba9efddc81 P 417c356dd31041569da996b11ba61de2 [term 0 FOLLOWER]: Becoming Follower/Learner. State: Replica: 417c356dd31041569da996b11ba61de2, State: Initialized, Role: FOLLOWER
I20260709 13:17:45.997090 20598 consensus_queue.cc:1048] T 7acff786836140a6b903abcbf5f04f20 P e22f55dfb4b64c76a5feb9f395a9b98c [LEADER]: Connected to new peer: Peer: permanent_uuid: "e4678bd4a2704bd08d93067933f1672d" member_type: VOTER last_known_addr { host: "127.18.171.130" port: 36379 }, Status: LMP_MISMATCH, Last received: 0.0, Next index: 1, Last known committed idx: 0, Time since last communication: 0.001s
W20260709 13:17:45.998340 20616 log.cc:927] Time spent T 01f6ba9f172046a58921b7d24a3bbfd7 P e4678bd4a2704bd08d93067933f1672d: Append to log took a long time: real 0.090s	user 0.000s	sys 0.000s
I20260709 13:17:46.001181 20486 consensus_queue.cc:260] T 54b7564a0c524f1385df99ba9efddc81 P 417c356dd31041569da996b11ba61de2 [NON_LEADER]: Queue going to NON_LEADER mode. State: All replicated index: 0, Majority replicated index: 0, Committed index: 0, Last appended: 0.0, Last appended by leader: 0, Current term: 0, Majority size: -1, State: 0, Mode: NON_LEADER, active raft config: opid_index: -1 OBSOLETE_local: false peers { permanent_uuid: "417c356dd31041569da996b11ba61de2" member_type: VOTER last_known_addr { host: "127.18.171.129" port: 45339 } } peers { permanent_uuid: "e4678bd4a2704bd08d93067933f1672d" member_type: VOTER last_known_addr { host: "127.18.171.130" port: 36379 } } peers { permanent_uuid: "e22f55dfb4b64c76a5feb9f395a9b98c" member_type: VOTER last_known_addr { host: "127.18.171.131" port: 43567 } }
W20260709 13:17:46.009087 20621 log.cc:927] Time spent T 04328cd8b3224328934ee383d57b130c P 417c356dd31041569da996b11ba61de2: Append to log took a long time: real 0.082s	user 0.001s	sys 0.000s
I20260709 13:17:46.011469 20486 ts_tablet_manager.cc:1434] T 54b7564a0c524f1385df99ba9efddc81 P 417c356dd31041569da996b11ba61de2: Time spent starting tablet: real 0.033s	user 0.008s	sys 0.000s
I20260709 13:17:46.012368 20486 tablet_bootstrap.cc:492] T fd05539484904346bce3e0098831dcbe P 417c356dd31041569da996b11ba61de2: Bootstrap starting.
I20260709 13:17:46.005373 20408 leader_election.cc:304] T a7cadab57f4b427e8d86274c7d118bb7 P e22f55dfb4b64c76a5feb9f395a9b98c [CANDIDATE]: Term 1 pre-election: Election decided. Result: candidate lost. Election summary: received 3 responses out of 3 voters: 1 yes votes; 2 no votes. yes voters: e22f55dfb4b64c76a5feb9f395a9b98c; no voters: 417c356dd31041569da996b11ba61de2, e4678bd4a2704bd08d93067933f1672d
I20260709 13:17:46.008510 20617 raft_consensus.cc:515] T cd6a1692bb444535bcc0d37ad297be40 P e4678bd4a2704bd08d93067933f1672d [term 1 FOLLOWER]: Starting leader election with config: opid_index: -1 OBSOLETE_local: false peers { permanent_uuid: "417c356dd31041569da996b11ba61de2" member_type: VOTER last_known_addr { host: "127.18.171.129" port: 45339 } } peers { permanent_uuid: "e4678bd4a2704bd08d93067933f1672d" member_type: VOTER last_known_addr { host: "127.18.171.130" port: 36379 } } peers { permanent_uuid: "e22f55dfb4b64c76a5feb9f395a9b98c" member_type: VOTER last_known_addr { host: "127.18.171.131" port: 43567 } }
I20260709 13:17:46.026861 20539 raft_consensus.cc:2749] T a7cadab57f4b427e8d86274c7d118bb7 P e22f55dfb4b64c76a5feb9f395a9b98c [term 0 FOLLOWER]: Leader pre-election lost for term 1. Reason: could not achieve majority
I20260709 13:17:46.028261 20289 tablet_service.cc:1917] Received RequestConsensusVote() RPC: tablet_id: "cd6a1692bb444535bcc0d37ad297be40" candidate_uuid: "e4678bd4a2704bd08d93067933f1672d" candidate_term: 1 candidate_status { last_received { term: 0 index: 0 } } ignore_live_leader: false dest_uuid: "417c356dd31041569da996b11ba61de2"
I20260709 13:17:46.028826 20289 raft_consensus.cc:3060] T cd6a1692bb444535bcc0d37ad297be40 P 417c356dd31041569da996b11ba61de2 [term 0 FOLLOWER]: Advancing to term 1
W20260709 13:17:46.030019 20622 log.cc:927] Time spent T 7acff786836140a6b903abcbf5f04f20 P 417c356dd31041569da996b11ba61de2: Append to log took a long time: real 0.060s	user 0.001s	sys 0.000s
I20260709 13:17:46.033614 20189 catalog_manager.cc:5697] T 92edf25bd71f44e6989661b18d0fcad2 P e22f55dfb4b64c76a5feb9f395a9b98c reported cstate change: term changed from 0 to 1, leader changed from <none> to e22f55dfb4b64c76a5feb9f395a9b98c (127.18.171.131). New cstate: current_term: 1 leader_uuid: "e22f55dfb4b64c76a5feb9f395a9b98c" committed_config { opid_index: -1 OBSOLETE_local: false peers { permanent_uuid: "417c356dd31041569da996b11ba61de2" member_type: VOTER last_known_addr { host: "127.18.171.129" port: 45339 } health_report { overall_health: UNKNOWN } } peers { permanent_uuid: "e4678bd4a2704bd08d93067933f1672d" member_type: VOTER last_known_addr { host: "127.18.171.130" port: 36379 } health_report { overall_health: UNKNOWN } } peers { permanent_uuid: "e22f55dfb4b64c76a5feb9f395a9b98c" member_type: VOTER last_known_addr { host: "127.18.171.131" port: 43567 } health_report { overall_health: HEALTHY } } }
I20260709 13:17:46.039301 20442 raft_consensus.cc:3060] T a7cadab57f4b427e8d86274c7d118bb7 P e22f55dfb4b64c76a5feb9f395a9b98c [term 0 FOLLOWER]: Advancing to term 1
I20260709 13:17:46.039584 20289 raft_consensus.cc:2468] T cd6a1692bb444535bcc0d37ad297be40 P 417c356dd31041569da996b11ba61de2 [term 1 FOLLOWER]: Leader election vote request: Granting yes vote for candidate e4678bd4a2704bd08d93067933f1672d in term 1.
I20260709 13:17:46.040096 20441 tablet_service.cc:1917] Received RequestConsensusVote() RPC: tablet_id: "cd6a1692bb444535bcc0d37ad297be40" candidate_uuid: "e4678bd4a2704bd08d93067933f1672d" candidate_term: 1 candidate_status { last_received { term: 0 index: 0 } } ignore_live_leader: false dest_uuid: "e22f55dfb4b64c76a5feb9f395a9b98c"
I20260709 13:17:46.040616 20441 raft_consensus.cc:3060] T cd6a1692bb444535bcc0d37ad297be40 P e22f55dfb4b64c76a5feb9f395a9b98c [term 0 FOLLOWER]: Advancing to term 1
I20260709 13:17:46.040840 20483 tablet_bootstrap.cc:492] T 5a9b6147b6f44b9d8c4f00d1f917d0a8 P e4678bd4a2704bd08d93067933f1672d: No bootstrap required, opened a new log
I20260709 13:17:46.041278 20483 ts_tablet_manager.cc:1403] T 5a9b6147b6f44b9d8c4f00d1f917d0a8 P e4678bd4a2704bd08d93067933f1672d: Time spent bootstrapping tablet: real 0.350s	user 0.011s	sys 0.014s
I20260709 13:17:46.041741 20617 leader_election.cc:290] T cd6a1692bb444535bcc0d37ad297be40 P e4678bd4a2704bd08d93067933f1672d [CANDIDATE]: Term 1 election: Requested vote from peers 417c356dd31041569da996b11ba61de2 (127.18.171.129:45339), e22f55dfb4b64c76a5feb9f395a9b98c (127.18.171.131:43567)
I20260709 13:17:46.042191 20334 leader_election.cc:304] T cd6a1692bb444535bcc0d37ad297be40 P e4678bd4a2704bd08d93067933f1672d [CANDIDATE]: Term 1 election: Election decided. Result: candidate won. Election summary: received 2 responses out of 3 voters: 2 yes votes; 0 no votes. yes voters: 417c356dd31041569da996b11ba61de2, e4678bd4a2704bd08d93067933f1672d; no voters: 
I20260709 13:17:46.043100 20486 tablet_bootstrap.cc:654] T fd05539484904346bce3e0098831dcbe P 417c356dd31041569da996b11ba61de2: Neither blocks nor log segments found. Creating new log.
I20260709 13:17:46.052225 20441 raft_consensus.cc:2468] T cd6a1692bb444535bcc0d37ad297be40 P e22f55dfb4b64c76a5feb9f395a9b98c [term 1 FOLLOWER]: Leader election vote request: Granting yes vote for candidate e4678bd4a2704bd08d93067933f1672d in term 1.
I20260709 13:17:46.046514 20617 raft_consensus.cc:2804] T cd6a1692bb444535bcc0d37ad297be40 P e4678bd4a2704bd08d93067933f1672d [term 1 FOLLOWER]: Leader election won for term 1
I20260709 13:17:46.059464 20484 tablet_bootstrap.cc:492] T 30214336157347899aa625d3298f5e46 P e22f55dfb4b64c76a5feb9f395a9b98c: No bootstrap required, opened a new log
I20260709 13:17:46.059927 20484 ts_tablet_manager.cc:1403] T 30214336157347899aa625d3298f5e46 P e22f55dfb4b64c76a5feb9f395a9b98c: Time spent bootstrapping tablet: real 0.228s	user 0.026s	sys 0.013s
I20260709 13:17:46.062537 20617 raft_consensus.cc:697] T cd6a1692bb444535bcc0d37ad297be40 P e4678bd4a2704bd08d93067933f1672d [term 1 LEADER]: Becoming Leader. State: Replica: e4678bd4a2704bd08d93067933f1672d, State: Running, Role: LEADER
I20260709 13:17:46.064188 20617 consensus_queue.cc:237] T cd6a1692bb444535bcc0d37ad297be40 P e4678bd4a2704bd08d93067933f1672d [LEADER]: Queue going to LEADER mode. State: All replicated index: 0, Majority replicated index: 0, Committed index: 0, Last appended: 0.0, Last appended by leader: 0, Current term: 1, Majority size: 2, State: 0, Mode: LEADER, active raft config: opid_index: -1 OBSOLETE_local: false peers { permanent_uuid: "417c356dd31041569da996b11ba61de2" member_type: VOTER last_known_addr { host: "127.18.171.129" port: 45339 } } peers { permanent_uuid: "e4678bd4a2704bd08d93067933f1672d" member_type: VOTER last_known_addr { host: "127.18.171.130" port: 36379 } } peers { permanent_uuid: "e22f55dfb4b64c76a5feb9f395a9b98c" member_type: VOTER last_known_addr { host: "127.18.171.131" port: 43567 } }
I20260709 13:17:46.063043 20484 raft_consensus.cc:359] T 30214336157347899aa625d3298f5e46 P e22f55dfb4b64c76a5feb9f395a9b98c [term 0 FOLLOWER]: Replica starting. Triggering 0 pending ops. Active config: opid_index: -1 OBSOLETE_local: false peers { permanent_uuid: "417c356dd31041569da996b11ba61de2" member_type: VOTER last_known_addr { host: "127.18.171.129" port: 45339 } } peers { permanent_uuid: "e4678bd4a2704bd08d93067933f1672d" member_type: VOTER last_known_addr { host: "127.18.171.130" port: 36379 } } peers { permanent_uuid: "e22f55dfb4b64c76a5feb9f395a9b98c" member_type: VOTER last_known_addr { host: "127.18.171.131" port: 43567 } }
I20260709 13:17:46.064728 20483 raft_consensus.cc:359] T 5a9b6147b6f44b9d8c4f00d1f917d0a8 P e4678bd4a2704bd08d93067933f1672d [term 0 FOLLOWER]: Replica starting. Triggering 0 pending ops. Active config: opid_index: -1 OBSOLETE_local: false peers { permanent_uuid: "417c356dd31041569da996b11ba61de2" member_type: VOTER last_known_addr { host: "127.18.171.129" port: 45339 } } peers { permanent_uuid: "e4678bd4a2704bd08d93067933f1672d" member_type: VOTER last_known_addr { host: "127.18.171.130" port: 36379 } } peers { permanent_uuid: "e22f55dfb4b64c76a5feb9f395a9b98c" member_type: VOTER last_known_addr { host: "127.18.171.131" port: 43567 } }
I20260709 13:17:46.065172 20484 raft_consensus.cc:385] T 30214336157347899aa625d3298f5e46 P e22f55dfb4b64c76a5feb9f395a9b98c [term 0 FOLLOWER]: Consensus starting up: Expiring failure detector timer to make a prompt election more likely
I20260709 13:17:46.065413 20483 raft_consensus.cc:385] T 5a9b6147b6f44b9d8c4f00d1f917d0a8 P e4678bd4a2704bd08d93067933f1672d [term 0 FOLLOWER]: Consensus starting up: Expiring failure detector timer to make a prompt election more likely
I20260709 13:17:46.065757 20483 raft_consensus.cc:740] T 5a9b6147b6f44b9d8c4f00d1f917d0a8 P e4678bd4a2704bd08d93067933f1672d [term 0 FOLLOWER]: Becoming Follower/Learner. State: Replica: e4678bd4a2704bd08d93067933f1672d, State: Initialized, Role: FOLLOWER
I20260709 13:17:46.071708 20191 catalog_manager.cc:5697] T 04328cd8b3224328934ee383d57b130c P 417c356dd31041569da996b11ba61de2 reported cstate change: term changed from 0 to 1, leader changed from <none> to 417c356dd31041569da996b11ba61de2 (127.18.171.129). New cstate: current_term: 1 leader_uuid: "417c356dd31041569da996b11ba61de2" committed_config { opid_index: -1 OBSOLETE_local: false peers { permanent_uuid: "417c356dd31041569da996b11ba61de2" member_type: VOTER last_known_addr { host: "127.18.171.129" port: 45339 } health_report { overall_health: HEALTHY } } peers { permanent_uuid: "e4678bd4a2704bd08d93067933f1672d" member_type: VOTER last_known_addr { host: "127.18.171.130" port: 36379 } health_report { overall_health: UNKNOWN } } peers { permanent_uuid: "e22f55dfb4b64c76a5feb9f395a9b98c" member_type: VOTER last_known_addr { host: "127.18.171.131" port: 43567 } health_report { overall_health: UNKNOWN } } }
I20260709 13:17:46.065476 20484 raft_consensus.cc:740] T 30214336157347899aa625d3298f5e46 P e22f55dfb4b64c76a5feb9f395a9b98c [term 0 FOLLOWER]: Becoming Follower/Learner. State: Replica: e22f55dfb4b64c76a5feb9f395a9b98c, State: Initialized, Role: FOLLOWER
I20260709 13:17:46.066478 20483 consensus_queue.cc:260] T 5a9b6147b6f44b9d8c4f00d1f917d0a8 P e4678bd4a2704bd08d93067933f1672d [NON_LEADER]: Queue going to NON_LEADER mode. State: All replicated index: 0, Majority replicated index: 0, Committed index: 0, Last appended: 0.0, Last appended by leader: 0, Current term: 0, Majority size: -1, State: 0, Mode: NON_LEADER, active raft config: opid_index: -1 OBSOLETE_local: false peers { permanent_uuid: "417c356dd31041569da996b11ba61de2" member_type: VOTER last_known_addr { host: "127.18.171.129" port: 45339 } } peers { permanent_uuid: "e4678bd4a2704bd08d93067933f1672d" member_type: VOTER last_known_addr { host: "127.18.171.130" port: 36379 } } peers { permanent_uuid: "e22f55dfb4b64c76a5feb9f395a9b98c" member_type: VOTER last_known_addr { host: "127.18.171.131" port: 43567 } }
I20260709 13:17:46.073467 20191 catalog_manager.cc:5697] T fbc7acaa13c44ad1896c33746766cee8 P 417c356dd31041569da996b11ba61de2 reported cstate change: term changed from 0 to 1, leader changed from <none> to 417c356dd31041569da996b11ba61de2 (127.18.171.129). New cstate: current_term: 1 leader_uuid: "417c356dd31041569da996b11ba61de2" committed_config { opid_index: -1 OBSOLETE_local: false peers { permanent_uuid: "417c356dd31041569da996b11ba61de2" member_type: VOTER last_known_addr { host: "127.18.171.129" port: 45339 } health_report { overall_health: HEALTHY } } peers { permanent_uuid: "e4678bd4a2704bd08d93067933f1672d" member_type: VOTER last_known_addr { host: "127.18.171.130" port: 36379 } health_report { overall_health: UNKNOWN } } peers { permanent_uuid: "e22f55dfb4b64c76a5feb9f395a9b98c" member_type: VOTER last_known_addr { host: "127.18.171.131" port: 43567 } health_report { overall_health: UNKNOWN } } }
I20260709 13:17:46.075599 20566 consensus_queue.cc:1048] T 5a9b6147b6f44b9d8c4f00d1f917d0a8 P 417c356dd31041569da996b11ba61de2 [LEADER]: Connected to new peer: Peer: permanent_uuid: "e22f55dfb4b64c76a5feb9f395a9b98c" member_type: VOTER last_known_addr { host: "127.18.171.131" port: 43567 }, Status: LMP_MISMATCH, Last received: 0.0, Next index: 1, Last known committed idx: 0, Time since last communication: 0.000s
I20260709 13:17:46.079146 20483 ts_tablet_manager.cc:1434] T 5a9b6147b6f44b9d8c4f00d1f917d0a8 P e4678bd4a2704bd08d93067933f1672d: Time spent starting tablet: real 0.038s	user 0.003s	sys 0.002s
I20260709 13:17:46.080003 20483 tablet_bootstrap.cc:492] T afd1b06cb79942c396f56f287c78cc38 P e4678bd4a2704bd08d93067933f1672d: Bootstrap starting.
I20260709 13:17:46.084304 20566 consensus_queue.cc:1048] T 8ced67f9da44472da6874f09c8582b74 P 417c356dd31041569da996b11ba61de2 [LEADER]: Connected to new peer: Peer: permanent_uuid: "e22f55dfb4b64c76a5feb9f395a9b98c" member_type: VOTER last_known_addr { host: "127.18.171.131" port: 43567 }, Status: LMP_MISMATCH, Last received: 0.0, Next index: 1, Last known committed idx: 0, Time since last communication: 0.000s
I20260709 13:17:46.086719 20484 consensus_queue.cc:260] T 30214336157347899aa625d3298f5e46 P e22f55dfb4b64c76a5feb9f395a9b98c [NON_LEADER]: Queue going to NON_LEADER mode. State: All replicated index: 0, Majority replicated index: 0, Committed index: 0, Last appended: 0.0, Last appended by leader: 0, Current term: 0, Majority size: -1, State: 0, Mode: NON_LEADER, active raft config: opid_index: -1 OBSOLETE_local: false peers { permanent_uuid: "417c356dd31041569da996b11ba61de2" member_type: VOTER last_known_addr { host: "127.18.171.129" port: 45339 } } peers { permanent_uuid: "e4678bd4a2704bd08d93067933f1672d" member_type: VOTER last_known_addr { host: "127.18.171.130" port: 36379 } } peers { permanent_uuid: "e22f55dfb4b64c76a5feb9f395a9b98c" member_type: VOTER last_known_addr { host: "127.18.171.131" port: 43567 } }
I20260709 13:17:46.088712 20484 ts_tablet_manager.cc:1434] T 30214336157347899aa625d3298f5e46 P e22f55dfb4b64c76a5feb9f395a9b98c: Time spent starting tablet: real 0.028s	user 0.005s	sys 0.001s
I20260709 13:17:46.089564 20484 tablet_bootstrap.cc:492] T e0821b6b18524e92b041b34ce4cc2fbc P e22f55dfb4b64c76a5feb9f395a9b98c: Bootstrap starting.
I20260709 13:17:46.104334 20483 tablet_bootstrap.cc:654] T afd1b06cb79942c396f56f287c78cc38 P e4678bd4a2704bd08d93067933f1672d: Neither blocks nor log segments found. Creating new log.
I20260709 13:17:46.109166 20486 tablet_bootstrap.cc:492] T fd05539484904346bce3e0098831dcbe P 417c356dd31041569da996b11ba61de2: No bootstrap required, opened a new log
I20260709 13:17:46.109612 20486 ts_tablet_manager.cc:1403] T fd05539484904346bce3e0098831dcbe P 417c356dd31041569da996b11ba61de2: Time spent bootstrapping tablet: real 0.097s	user 0.013s	sys 0.003s
I20260709 13:17:46.110225 20484 tablet_bootstrap.cc:654] T e0821b6b18524e92b041b34ce4cc2fbc P e22f55dfb4b64c76a5feb9f395a9b98c: Neither blocks nor log segments found. Creating new log.
I20260709 13:17:46.116392 20486 raft_consensus.cc:359] T fd05539484904346bce3e0098831dcbe P 417c356dd31041569da996b11ba61de2 [term 0 FOLLOWER]: Replica starting. Triggering 0 pending ops. Active config: opid_index: -1 OBSOLETE_local: false peers { permanent_uuid: "417c356dd31041569da996b11ba61de2" member_type: VOTER last_known_addr { host: "127.18.171.129" port: 45339 } } peers { permanent_uuid: "e4678bd4a2704bd08d93067933f1672d" member_type: VOTER last_known_addr { host: "127.18.171.130" port: 36379 } } peers { permanent_uuid: "e22f55dfb4b64c76a5feb9f395a9b98c" member_type: VOTER last_known_addr { host: "127.18.171.131" port: 43567 } }
I20260709 13:17:46.117081 20486 raft_consensus.cc:385] T fd05539484904346bce3e0098831dcbe P 417c356dd31041569da996b11ba61de2 [term 0 FOLLOWER]: Consensus starting up: Expiring failure detector timer to make a prompt election more likely
I20260709 13:17:46.117348 20486 raft_consensus.cc:740] T fd05539484904346bce3e0098831dcbe P 417c356dd31041569da996b11ba61de2 [term 0 FOLLOWER]: Becoming Follower/Learner. State: Replica: 417c356dd31041569da996b11ba61de2, State: Initialized, Role: FOLLOWER
I20260709 13:17:46.118434 20486 consensus_queue.cc:260] T fd05539484904346bce3e0098831dcbe P 417c356dd31041569da996b11ba61de2 [NON_LEADER]: Queue going to NON_LEADER mode. State: All replicated index: 0, Majority replicated index: 0, Committed index: 0, Last appended: 0.0, Last appended by leader: 0, Current term: 0, Majority size: -1, State: 0, Mode: NON_LEADER, active raft config: opid_index: -1 OBSOLETE_local: false peers { permanent_uuid: "417c356dd31041569da996b11ba61de2" member_type: VOTER last_known_addr { host: "127.18.171.129" port: 45339 } } peers { permanent_uuid: "e4678bd4a2704bd08d93067933f1672d" member_type: VOTER last_known_addr { host: "127.18.171.130" port: 36379 } } peers { permanent_uuid: "e22f55dfb4b64c76a5feb9f395a9b98c" member_type: VOTER last_known_addr { host: "127.18.171.131" port: 43567 } }
W20260709 13:17:46.117283 20259 consensus_peers.cc:597] T 8ced67f9da44472da6874f09c8582b74 P 417c356dd31041569da996b11ba61de2 -> Peer e4678bd4a2704bd08d93067933f1672d (127.18.171.130:36379): Couldn't send request to peer e4678bd4a2704bd08d93067933f1672d. Error code: TABLET_NOT_RUNNING (12). Status: Illegal state: Tablet not RUNNING: INITIALIZED. This is attempt 1: this message will repeat every 5th retry.
I20260709 13:17:46.120726 20486 ts_tablet_manager.cc:1434] T fd05539484904346bce3e0098831dcbe P 417c356dd31041569da996b11ba61de2: Time spent starting tablet: real 0.011s	user 0.006s	sys 0.001s
I20260709 13:17:46.121362 20486 tablet_bootstrap.cc:492] T 30214336157347899aa625d3298f5e46 P 417c356dd31041569da996b11ba61de2: Bootstrap starting.
I20260709 13:17:46.131220 20483 tablet_bootstrap.cc:492] T afd1b06cb79942c396f56f287c78cc38 P e4678bd4a2704bd08d93067933f1672d: No bootstrap required, opened a new log
I20260709 13:17:46.131695 20483 ts_tablet_manager.cc:1403] T afd1b06cb79942c396f56f287c78cc38 P e4678bd4a2704bd08d93067933f1672d: Time spent bootstrapping tablet: real 0.052s	user 0.008s	sys 0.000s
I20260709 13:17:46.134181 20483 raft_consensus.cc:359] T afd1b06cb79942c396f56f287c78cc38 P e4678bd4a2704bd08d93067933f1672d [term 0 FOLLOWER]: Replica starting. Triggering 0 pending ops. Active config: opid_index: -1 OBSOLETE_local: false peers { permanent_uuid: "417c356dd31041569da996b11ba61de2" member_type: VOTER last_known_addr { host: "127.18.171.129" port: 45339 } } peers { permanent_uuid: "e4678bd4a2704bd08d93067933f1672d" member_type: VOTER last_known_addr { host: "127.18.171.130" port: 36379 } } peers { permanent_uuid: "e22f55dfb4b64c76a5feb9f395a9b98c" member_type: VOTER last_known_addr { host: "127.18.171.131" port: 43567 } }
