I20260709 13:17:45.256434 20366 tablet_service.cc:1917] Received RequestConsensusVote() RPC: tablet_id: "afd1b06cb79942c396f56f287c78cc38" candidate_uuid: "e22f55dfb4b64c76a5feb9f395a9b98c" candidate_term: 1 candidate_status { last_received { term: 0 index: 0 } } ignore_live_leader: false dest_uuid: "e4678bd4a2704bd08d93067933f1672d" is_pre_election: true
I20260709 13:17:45.258584 20292 tablet_service.cc:1917] Received RequestConsensusVote() RPC: tablet_id: "afd1b06cb79942c396f56f287c78cc38" candidate_uuid: "e22f55dfb4b64c76a5feb9f395a9b98c" candidate_term: 1 candidate_status { last_received { term: 0 index: 0 } } ignore_live_leader: false dest_uuid: "417c356dd31041569da996b11ba61de2" is_pre_election: true
I20260709 13:17:45.259241 20292 raft_consensus.cc:2468] T afd1b06cb79942c396f56f287c78cc38 P 417c356dd31041569da996b11ba61de2 [term 0 FOLLOWER]: Leader pre-election vote request: Granting yes vote for candidate e22f55dfb4b64c76a5feb9f395a9b98c in term 0.
I20260709 13:17:45.260977 20408 leader_election.cc:304] T afd1b06cb79942c396f56f287c78cc38 P e22f55dfb4b64c76a5feb9f395a9b98c [CANDIDATE]: Term 1 pre-election: Election decided. Result: candidate won. Election summary: received 2 responses out of 3 voters: 2 yes votes; 0 no votes. yes voters: 417c356dd31041569da996b11ba61de2, e22f55dfb4b64c76a5feb9f395a9b98c; no voters: 
W20260709 13:17:45.261900 20408 leader_election.cc:343] T afd1b06cb79942c396f56f287c78cc38 P e22f55dfb4b64c76a5feb9f395a9b98c [CANDIDATE]: Term 1 pre-election: Tablet error from VoteRequest() call to peer e4678bd4a2704bd08d93067933f1672d (127.18.171.130:36379): Illegal state: must be running to vote when last-logged opid is not known
I20260709 13:17:45.263738 20547 raft_consensus.cc:2804] T afd1b06cb79942c396f56f287c78cc38 P e22f55dfb4b64c76a5feb9f395a9b98c [term 0 FOLLOWER]: Leader pre-election won for term 1
I20260709 13:17:45.264215 20547 raft_consensus.cc:493] T afd1b06cb79942c396f56f287c78cc38 P e22f55dfb4b64c76a5feb9f395a9b98c [term 0 FOLLOWER]: Starting leader election (no leader contacted us within the election timeout)
I20260709 13:17:45.264667 20547 raft_consensus.cc:3060] T afd1b06cb79942c396f56f287c78cc38 P e22f55dfb4b64c76a5feb9f395a9b98c [term 0 FOLLOWER]: Advancing to term 1
I20260709 13:17:45.266610 20535 raft_consensus.cc:493] T 04328cd8b3224328934ee383d57b130c P e4678bd4a2704bd08d93067933f1672d [term 0 FOLLOWER]: Starting pre-election (no leader contacted us within the election timeout)
I20260709 13:17:45.267115 20535 raft_consensus.cc:515] T 04328cd8b3224328934ee383d57b130c P e4678bd4a2704bd08d93067933f1672d [term 0 FOLLOWER]: Starting pre-election with config: opid_index: -1 OBSOLETE_local: false peers { permanent_uuid: "417c356dd31041569da996b11ba61de2" member_type: VOTER last_known_addr { host: "127.18.171.129" port: 45339 } } peers { permanent_uuid: "e4678bd4a2704bd08d93067933f1672d" member_type: VOTER last_known_addr { host: "127.18.171.130" port: 36379 } } peers { permanent_uuid: "e22f55dfb4b64c76a5feb9f395a9b98c" member_type: VOTER last_known_addr { host: "127.18.171.131" port: 43567 } }
I20260709 13:17:45.269757 20535 leader_election.cc:290] T 04328cd8b3224328934ee383d57b130c P e4678bd4a2704bd08d93067933f1672d [CANDIDATE]: Term 1 pre-election: Requested pre-vote from peers 417c356dd31041569da996b11ba61de2 (127.18.171.129:45339), e22f55dfb4b64c76a5feb9f395a9b98c (127.18.171.131:43567)
I20260709 13:17:45.270167 20292 tablet_service.cc:1917] Received RequestConsensusVote() RPC: tablet_id: "04328cd8b3224328934ee383d57b130c" candidate_uuid: "e4678bd4a2704bd08d93067933f1672d" candidate_term: 1 candidate_status { last_received { term: 0 index: 0 } } ignore_live_leader: false dest_uuid: "417c356dd31041569da996b11ba61de2" is_pre_election: true
W20260709 13:17:45.271741 20334 leader_election.cc:343] T 04328cd8b3224328934ee383d57b130c P e4678bd4a2704bd08d93067933f1672d [CANDIDATE]: Term 1 pre-election: Tablet error from VoteRequest() call to peer 417c356dd31041569da996b11ba61de2 (127.18.171.129:45339): Illegal state: must be running to vote when last-logged opid is not known
I20260709 13:17:45.278373 20539 raft_consensus.cc:493] T 7acff786836140a6b903abcbf5f04f20 P e22f55dfb4b64c76a5feb9f395a9b98c [term 0 FOLLOWER]: Starting pre-election (no leader contacted us within the election timeout)
I20260709 13:17:45.279071 20486 tablet_bootstrap.cc:492] T 04328cd8b3224328934ee383d57b130c P 417c356dd31041569da996b11ba61de2: No bootstrap required, opened a new log
I20260709 13:17:45.278842 20539 raft_consensus.cc:515] T 7acff786836140a6b903abcbf5f04f20 P e22f55dfb4b64c76a5feb9f395a9b98c [term 0 FOLLOWER]: Starting pre-election with config: opid_index: -1 OBSOLETE_local: false peers { permanent_uuid: "417c356dd31041569da996b11ba61de2" member_type: VOTER last_known_addr { host: "127.18.171.129" port: 45339 } } peers { permanent_uuid: "e4678bd4a2704bd08d93067933f1672d" member_type: VOTER last_known_addr { host: "127.18.171.130" port: 36379 } } peers { permanent_uuid: "e22f55dfb4b64c76a5feb9f395a9b98c" member_type: VOTER last_known_addr { host: "127.18.171.131" port: 43567 } }
I20260709 13:17:45.279484 20486 ts_tablet_manager.cc:1403] T 04328cd8b3224328934ee383d57b130c P 417c356dd31041569da996b11ba61de2: Time spent bootstrapping tablet: real 0.052s	user 0.018s	sys 0.027s
I20260709 13:17:45.280797 20539 leader_election.cc:290] T 7acff786836140a6b903abcbf5f04f20 P e22f55dfb4b64c76a5feb9f395a9b98c [CANDIDATE]: Term 1 pre-election: Requested pre-vote from peers 417c356dd31041569da996b11ba61de2 (127.18.171.129:45339), e4678bd4a2704bd08d93067933f1672d (127.18.171.130:36379)
I20260709 13:17:45.281062 20484 tablet_bootstrap.cc:492] T fbc7acaa13c44ad1896c33746766cee8 P e22f55dfb4b64c76a5feb9f395a9b98c: No bootstrap required, opened a new log
I20260709 13:17:45.281505 20484 ts_tablet_manager.cc:1403] T fbc7acaa13c44ad1896c33746766cee8 P e22f55dfb4b64c76a5feb9f395a9b98c: Time spent bootstrapping tablet: real 0.053s	user 0.032s	sys 0.009s
I20260709 13:17:45.282066 20486 raft_consensus.cc:359] T 04328cd8b3224328934ee383d57b130c P 417c356dd31041569da996b11ba61de2 [term 0 FOLLOWER]: Replica starting. Triggering 0 pending ops. Active config: opid_index: -1 OBSOLETE_local: false peers { permanent_uuid: "417c356dd31041569da996b11ba61de2" member_type: VOTER last_known_addr { host: "127.18.171.129" port: 45339 } } peers { permanent_uuid: "e4678bd4a2704bd08d93067933f1672d" member_type: VOTER last_known_addr { host: "127.18.171.130" port: 36379 } } peers { permanent_uuid: "e22f55dfb4b64c76a5feb9f395a9b98c" member_type: VOTER last_known_addr { host: "127.18.171.131" port: 43567 } }
I20260709 13:17:45.282727 20486 raft_consensus.cc:385] T 04328cd8b3224328934ee383d57b130c P 417c356dd31041569da996b11ba61de2 [term 0 FOLLOWER]: Consensus starting up: Expiring failure detector timer to make a prompt election more likely
I20260709 13:17:45.282990 20486 raft_consensus.cc:740] T 04328cd8b3224328934ee383d57b130c P 417c356dd31041569da996b11ba61de2 [term 0 FOLLOWER]: Becoming Follower/Learner. State: Replica: 417c356dd31041569da996b11ba61de2, State: Initialized, Role: FOLLOWER
I20260709 13:17:45.283571 20486 consensus_queue.cc:260] T 04328cd8b3224328934ee383d57b130c P 417c356dd31041569da996b11ba61de2 [NON_LEADER]: Queue going to NON_LEADER mode. State: All replicated index: 0, Majority replicated index: 0, Committed index: 0, Last appended: 0.0, Last appended by leader: 0, Current term: 0, Majority size: -1, State: 0, Mode: NON_LEADER, active raft config: opid_index: -1 OBSOLETE_local: false peers { permanent_uuid: "417c356dd31041569da996b11ba61de2" member_type: VOTER last_known_addr { host: "127.18.171.129" port: 45339 } } peers { permanent_uuid: "e4678bd4a2704bd08d93067933f1672d" member_type: VOTER last_known_addr { host: "127.18.171.130" port: 36379 } } peers { permanent_uuid: "e22f55dfb4b64c76a5feb9f395a9b98c" member_type: VOTER last_known_addr { host: "127.18.171.131" port: 43567 } }
I20260709 13:17:45.283972 20484 raft_consensus.cc:359] T fbc7acaa13c44ad1896c33746766cee8 P e22f55dfb4b64c76a5feb9f395a9b98c [term 0 FOLLOWER]: Replica starting. Triggering 0 pending ops. Active config: opid_index: -1 OBSOLETE_local: false peers { permanent_uuid: "417c356dd31041569da996b11ba61de2" member_type: VOTER last_known_addr { host: "127.18.171.129" port: 45339 } } peers { permanent_uuid: "e4678bd4a2704bd08d93067933f1672d" member_type: VOTER last_known_addr { host: "127.18.171.130" port: 36379 } } peers { permanent_uuid: "e22f55dfb4b64c76a5feb9f395a9b98c" member_type: VOTER last_known_addr { host: "127.18.171.131" port: 43567 } }
I20260709 13:17:45.284657 20484 raft_consensus.cc:385] T fbc7acaa13c44ad1896c33746766cee8 P e22f55dfb4b64c76a5feb9f395a9b98c [term 0 FOLLOWER]: Consensus starting up: Expiring failure detector timer to make a prompt election more likely
I20260709 13:17:45.284893 20484 raft_consensus.cc:740] T fbc7acaa13c44ad1896c33746766cee8 P e22f55dfb4b64c76a5feb9f395a9b98c [term 0 FOLLOWER]: Becoming Follower/Learner. State: Replica: e22f55dfb4b64c76a5feb9f395a9b98c, State: Initialized, Role: FOLLOWER
I20260709 13:17:45.285511 20486 ts_tablet_manager.cc:1434] T 04328cd8b3224328934ee383d57b130c P 417c356dd31041569da996b11ba61de2: Time spent starting tablet: real 0.006s	user 0.006s	sys 0.000s
I20260709 13:17:45.285594 20484 consensus_queue.cc:260] T fbc7acaa13c44ad1896c33746766cee8 P e22f55dfb4b64c76a5feb9f395a9b98c [NON_LEADER]: Queue going to NON_LEADER mode. State: All replicated index: 0, Majority replicated index: 0, Committed index: 0, Last appended: 0.0, Last appended by leader: 0, Current term: 0, Majority size: -1, State: 0, Mode: NON_LEADER, active raft config: opid_index: -1 OBSOLETE_local: false peers { permanent_uuid: "417c356dd31041569da996b11ba61de2" member_type: VOTER last_known_addr { host: "127.18.171.129" port: 45339 } } peers { permanent_uuid: "e4678bd4a2704bd08d93067933f1672d" member_type: VOTER last_known_addr { host: "127.18.171.130" port: 36379 } } peers { permanent_uuid: "e22f55dfb4b64c76a5feb9f395a9b98c" member_type: VOTER last_known_addr { host: "127.18.171.131" port: 43567 } }
I20260709 13:17:45.286124 20366 tablet_service.cc:1917] Received RequestConsensusVote() RPC: tablet_id: "7acff786836140a6b903abcbf5f04f20" candidate_uuid: "e22f55dfb4b64c76a5feb9f395a9b98c" candidate_term: 1 candidate_status { last_received { term: 0 index: 0 } } ignore_live_leader: false dest_uuid: "e4678bd4a2704bd08d93067933f1672d" is_pre_election: true
I20260709 13:17:45.286787 20366 raft_consensus.cc:2468] T 7acff786836140a6b903abcbf5f04f20 P e4678bd4a2704bd08d93067933f1672d [term 0 FOLLOWER]: Leader pre-election vote request: Granting yes vote for candidate e22f55dfb4b64c76a5feb9f395a9b98c in term 0.
I20260709 13:17:45.287339 20509 consensus_queue.cc:1048] T c1131e2a84d24d1ba85b55e96fcd9b53 P e4678bd4a2704bd08d93067933f1672d [LEADER]: Connected to new peer: Peer: permanent_uuid: "417c356dd31041569da996b11ba61de2" member_type: VOTER last_known_addr { host: "127.18.171.129" port: 45339 }, Status: LMP_MISMATCH, Last received: 0.0, Next index: 1, Last known committed idx: 0, Time since last communication: 0.000s
I20260709 13:17:45.287927 20484 ts_tablet_manager.cc:1434] T fbc7acaa13c44ad1896c33746766cee8 P e22f55dfb4b64c76a5feb9f395a9b98c: Time spent starting tablet: real 0.006s	user 0.006s	sys 0.000s
I20260709 13:17:45.288290 20486 tablet_bootstrap.cc:492] T aa8e14d00229464f9b000bf298a6916f P 417c356dd31041569da996b11ba61de2: Bootstrap starting.
I20260709 13:17:45.289225 20484 tablet_bootstrap.cc:492] T 36fdb32343734ba584983b55a1edefc3 P e22f55dfb4b64c76a5feb9f395a9b98c: Bootstrap starting.
I20260709 13:17:45.292271 20408 leader_election.cc:304] T 7acff786836140a6b903abcbf5f04f20 P e22f55dfb4b64c76a5feb9f395a9b98c [CANDIDATE]: Term 1 pre-election: Election decided. Result: candidate won. Election summary: received 2 responses out of 3 voters: 2 yes votes; 0 no votes. yes voters: e22f55dfb4b64c76a5feb9f395a9b98c, e4678bd4a2704bd08d93067933f1672d; no voters: 
I20260709 13:17:45.293079 20545 raft_consensus.cc:2804] T 7acff786836140a6b903abcbf5f04f20 P e22f55dfb4b64c76a5feb9f395a9b98c [term 0 FOLLOWER]: Leader pre-election won for term 1
I20260709 13:17:45.293434 20545 raft_consensus.cc:493] T 7acff786836140a6b903abcbf5f04f20 P e22f55dfb4b64c76a5feb9f395a9b98c [term 0 FOLLOWER]: Starting leader election (no leader contacted us within the election timeout)
I20260709 13:17:45.293768 20545 raft_consensus.cc:3060] T 7acff786836140a6b903abcbf5f04f20 P e22f55dfb4b64c76a5feb9f395a9b98c [term 0 FOLLOWER]: Advancing to term 1
I20260709 13:17:45.294607 20486 tablet_bootstrap.cc:654] T aa8e14d00229464f9b000bf298a6916f P 417c356dd31041569da996b11ba61de2: Neither blocks nor log segments found. Creating new log.
I20260709 13:17:45.294842 20484 tablet_bootstrap.cc:654] T 36fdb32343734ba584983b55a1edefc3 P e22f55dfb4b64c76a5feb9f395a9b98c: Neither blocks nor log segments found. Creating new log.
I20260709 13:17:45.299333 20442 tablet_service.cc:1917] Received RequestConsensusVote() RPC: tablet_id: "04328cd8b3224328934ee383d57b130c" candidate_uuid: "e4678bd4a2704bd08d93067933f1672d" candidate_term: 1 candidate_status { last_received { term: 0 index: 0 } } ignore_live_leader: false dest_uuid: "e22f55dfb4b64c76a5feb9f395a9b98c" is_pre_election: true
I20260709 13:17:45.300384 20547 raft_consensus.cc:515] T afd1b06cb79942c396f56f287c78cc38 P e22f55dfb4b64c76a5feb9f395a9b98c [term 1 FOLLOWER]: Starting leader election with config: opid_index: -1 OBSOLETE_local: false peers { permanent_uuid: "417c356dd31041569da996b11ba61de2" member_type: VOTER last_known_addr { host: "127.18.171.129" port: 45339 } } peers { permanent_uuid: "e4678bd4a2704bd08d93067933f1672d" member_type: VOTER last_known_addr { host: "127.18.171.130" port: 36379 } } peers { permanent_uuid: "e22f55dfb4b64c76a5feb9f395a9b98c" member_type: VOTER last_known_addr { host: "127.18.171.131" port: 43567 } }
I20260709 13:17:45.301049 20292 tablet_service.cc:1917] Received RequestConsensusVote() RPC: tablet_id: "7acff786836140a6b903abcbf5f04f20" candidate_uuid: "e22f55dfb4b64c76a5feb9f395a9b98c" candidate_term: 1 candidate_status { last_received { term: 0 index: 0 } } ignore_live_leader: false dest_uuid: "417c356dd31041569da996b11ba61de2" is_pre_election: true
I20260709 13:17:45.301725 20292 raft_consensus.cc:2468] T 7acff786836140a6b903abcbf5f04f20 P 417c356dd31041569da996b11ba61de2 [term 0 FOLLOWER]: Leader pre-election vote request: Granting yes vote for candidate e22f55dfb4b64c76a5feb9f395a9b98c in term 0.
I20260709 13:17:45.302489 20547 leader_election.cc:290] T afd1b06cb79942c396f56f287c78cc38 P e22f55dfb4b64c76a5feb9f395a9b98c [CANDIDATE]: Term 1 election: Requested vote from peers 417c356dd31041569da996b11ba61de2 (127.18.171.129:45339), e4678bd4a2704bd08d93067933f1672d (127.18.171.130:36379)
W20260709 13:17:45.305389 20335 leader_election.cc:343] T 04328cd8b3224328934ee383d57b130c P e4678bd4a2704bd08d93067933f1672d [CANDIDATE]: Term 1 pre-election: Tablet error from VoteRequest() call to peer e22f55dfb4b64c76a5feb9f395a9b98c (127.18.171.131:43567): Illegal state: must be running to vote when last-logged opid is not known
I20260709 13:17:45.305858 20335 leader_election.cc:304] T 04328cd8b3224328934ee383d57b130c P e4678bd4a2704bd08d93067933f1672d [CANDIDATE]: Term 1 pre-election: Election decided. Result: candidate lost. Election summary: received 3 responses out of 3 voters: 1 yes votes; 2 no votes. yes voters: e4678bd4a2704bd08d93067933f1672d; no voters: 417c356dd31041569da996b11ba61de2, e22f55dfb4b64c76a5feb9f395a9b98c
I20260709 13:17:45.307219 20535 raft_consensus.cc:2749] T 04328cd8b3224328934ee383d57b130c P e4678bd4a2704bd08d93067933f1672d [term 0 FOLLOWER]: Leader pre-election lost for term 1. Reason: could not achieve majority
I20260709 13:17:45.312915 20366 tablet_service.cc:1917] Received RequestConsensusVote() RPC: tablet_id: "afd1b06cb79942c396f56f287c78cc38" candidate_uuid: "e22f55dfb4b64c76a5feb9f395a9b98c" candidate_term: 1 candidate_status { last_received { term: 0 index: 0 } } ignore_live_leader: false dest_uuid: "e4678bd4a2704bd08d93067933f1672d"
W20260709 13:17:45.314440 20408 leader_election.cc:343] T afd1b06cb79942c396f56f287c78cc38 P e22f55dfb4b64c76a5feb9f395a9b98c [CANDIDATE]: Term 1 election: Tablet error from VoteRequest() call to peer e4678bd4a2704bd08d93067933f1672d (127.18.171.130:36379): Illegal state: must be running to vote when last-logged opid is not known
I20260709 13:17:45.315616 20545 raft_consensus.cc:515] T 7acff786836140a6b903abcbf5f04f20 P e22f55dfb4b64c76a5feb9f395a9b98c [term 1 FOLLOWER]: Starting leader election with config: opid_index: -1 OBSOLETE_local: false peers { permanent_uuid: "417c356dd31041569da996b11ba61de2" member_type: VOTER last_known_addr { host: "127.18.171.129" port: 45339 } } peers { permanent_uuid: "e4678bd4a2704bd08d93067933f1672d" member_type: VOTER last_known_addr { host: "127.18.171.130" port: 36379 } } peers { permanent_uuid: "e22f55dfb4b64c76a5feb9f395a9b98c" member_type: VOTER last_known_addr { host: "127.18.171.131" port: 43567 } }
I20260709 13:17:45.319960 20292 tablet_service.cc:1917] Received RequestConsensusVote() RPC: tablet_id: "afd1b06cb79942c396f56f287c78cc38" candidate_uuid: "e22f55dfb4b64c76a5feb9f395a9b98c" candidate_term: 1 candidate_status { last_received { term: 0 index: 0 } } ignore_live_leader: false dest_uuid: "417c356dd31041569da996b11ba61de2"
I20260709 13:17:45.328362 20292 raft_consensus.cc:3060] T afd1b06cb79942c396f56f287c78cc38 P 417c356dd31041569da996b11ba61de2 [term 0 FOLLOWER]: Advancing to term 1
I20260709 13:17:45.322060 20293 tablet_service.cc:1917] Received RequestConsensusVote() RPC: tablet_id: "7acff786836140a6b903abcbf5f04f20" candidate_uuid: "e22f55dfb4b64c76a5feb9f395a9b98c" candidate_term: 1 candidate_status { last_received { term: 0 index: 0 } } ignore_live_leader: false dest_uuid: "417c356dd31041569da996b11ba61de2"
I20260709 13:17:45.331420 20293 raft_consensus.cc:3060] T 7acff786836140a6b903abcbf5f04f20 P 417c356dd31041569da996b11ba61de2 [term 0 FOLLOWER]: Advancing to term 1
I20260709 13:17:45.323908 20366 tablet_service.cc:1917] Received RequestConsensusVote() RPC: tablet_id: "7acff786836140a6b903abcbf5f04f20" candidate_uuid: "e22f55dfb4b64c76a5feb9f395a9b98c" candidate_term: 1 candidate_status { last_received { term: 0 index: 0 } } ignore_live_leader: false dest_uuid: "e4678bd4a2704bd08d93067933f1672d"
I20260709 13:17:45.334705 20366 raft_consensus.cc:3060] T 7acff786836140a6b903abcbf5f04f20 P e4678bd4a2704bd08d93067933f1672d [term 0 FOLLOWER]: Advancing to term 1
I20260709 13:17:45.336302 20292 raft_consensus.cc:2468] T afd1b06cb79942c396f56f287c78cc38 P 417c356dd31041569da996b11ba61de2 [term 1 FOLLOWER]: Leader election vote request: Granting yes vote for candidate e22f55dfb4b64c76a5feb9f395a9b98c in term 1.
I20260709 13:17:45.338183 20293 raft_consensus.cc:2468] T 7acff786836140a6b903abcbf5f04f20 P 417c356dd31041569da996b11ba61de2 [term 1 FOLLOWER]: Leader election vote request: Granting yes vote for candidate e22f55dfb4b64c76a5feb9f395a9b98c in term 1.
I20260709 13:17:45.326890 20483 tablet_bootstrap.cc:492] T fd05539484904346bce3e0098831dcbe P e4678bd4a2704bd08d93067933f1672d: No bootstrap required, opened a new log
I20260709 13:17:45.327596 20484 tablet_bootstrap.cc:492] T 36fdb32343734ba584983b55a1edefc3 P e22f55dfb4b64c76a5feb9f395a9b98c: No bootstrap required, opened a new log
I20260709 13:17:45.338234 20408 leader_election.cc:304] T afd1b06cb79942c396f56f287c78cc38 P e22f55dfb4b64c76a5feb9f395a9b98c [CANDIDATE]: Term 1 election: Election decided. Result: candidate won. Election summary: received 3 responses out of 3 voters: 2 yes votes; 1 no votes. yes voters: 417c356dd31041569da996b11ba61de2, e22f55dfb4b64c76a5feb9f395a9b98c; no voters: e4678bd4a2704bd08d93067933f1672d
I20260709 13:17:45.338948 20483 ts_tablet_manager.cc:1403] T fd05539484904346bce3e0098831dcbe P e4678bd4a2704bd08d93067933f1672d: Time spent bootstrapping tablet: real 0.091s	user 0.014s	sys 0.018s
I20260709 13:17:45.339094 20484 ts_tablet_manager.cc:1403] T 36fdb32343734ba584983b55a1edefc3 P e22f55dfb4b64c76a5feb9f395a9b98c: Time spent bootstrapping tablet: real 0.050s	user 0.012s	sys 0.014s
I20260709 13:17:45.340176 20547 raft_consensus.cc:2804] T afd1b06cb79942c396f56f287c78cc38 P e22f55dfb4b64c76a5feb9f395a9b98c [term 1 FOLLOWER]: Leader election won for term 1
I20260709 13:17:45.340646 20547 raft_consensus.cc:697] T afd1b06cb79942c396f56f287c78cc38 P e22f55dfb4b64c76a5feb9f395a9b98c [term 1 LEADER]: Becoming Leader. State: Replica: e22f55dfb4b64c76a5feb9f395a9b98c, State: Running, Role: LEADER
I20260709 13:17:45.340994 20366 raft_consensus.cc:2468] T 7acff786836140a6b903abcbf5f04f20 P e4678bd4a2704bd08d93067933f1672d [term 1 FOLLOWER]: Leader election vote request: Granting yes vote for candidate e22f55dfb4b64c76a5feb9f395a9b98c in term 1.
I20260709 13:17:45.341444 20547 consensus_queue.cc:237] T afd1b06cb79942c396f56f287c78cc38 P e22f55dfb4b64c76a5feb9f395a9b98c [LEADER]: Queue going to LEADER mode. State: All replicated index: 0, Majority replicated index: 0, Committed index: 0, Last appended: 0.0, Last appended by leader: 0, Current term: 1, Majority size: 2, State: 0, Mode: LEADER, active raft config: opid_index: -1 OBSOLETE_local: false peers { permanent_uuid: "417c356dd31041569da996b11ba61de2" member_type: VOTER last_known_addr { host: "127.18.171.129" port: 45339 } } peers { permanent_uuid: "e4678bd4a2704bd08d93067933f1672d" member_type: VOTER last_known_addr { host: "127.18.171.130" port: 36379 } } peers { permanent_uuid: "e22f55dfb4b64c76a5feb9f395a9b98c" member_type: VOTER last_known_addr { host: "127.18.171.131" port: 43567 } }
I20260709 13:17:45.341583 20483 raft_consensus.cc:359] T fd05539484904346bce3e0098831dcbe P e4678bd4a2704bd08d93067933f1672d [term 0 FOLLOWER]: Replica starting. Triggering 0 pending ops. Active config: opid_index: -1 OBSOLETE_local: false peers { permanent_uuid: "417c356dd31041569da996b11ba61de2" member_type: VOTER last_known_addr { host: "127.18.171.129" port: 45339 } } peers { permanent_uuid: "e4678bd4a2704bd08d93067933f1672d" member_type: VOTER last_known_addr { host: "127.18.171.130" port: 36379 } } peers { permanent_uuid: "e22f55dfb4b64c76a5feb9f395a9b98c" member_type: VOTER last_known_addr { host: "127.18.171.131" port: 43567 } }
I20260709 13:17:45.341929 20484 raft_consensus.cc:359] T 36fdb32343734ba584983b55a1edefc3 P e22f55dfb4b64c76a5feb9f395a9b98c [term 0 FOLLOWER]: Replica starting. Triggering 0 pending ops. Active config: opid_index: -1 OBSOLETE_local: false peers { permanent_uuid: "417c356dd31041569da996b11ba61de2" member_type: VOTER last_known_addr { host: "127.18.171.129" port: 45339 } } peers { permanent_uuid: "e4678bd4a2704bd08d93067933f1672d" member_type: VOTER last_known_addr { host: "127.18.171.130" port: 36379 } } peers { permanent_uuid: "e22f55dfb4b64c76a5feb9f395a9b98c" member_type: VOTER last_known_addr { host: "127.18.171.131" port: 43567 } }
I20260709 13:17:45.342338 20483 raft_consensus.cc:385] T fd05539484904346bce3e0098831dcbe P e4678bd4a2704bd08d93067933f1672d [term 0 FOLLOWER]: Consensus starting up: Expiring failure detector timer to make a prompt election more likely
I20260709 13:17:45.324360 20545 leader_election.cc:290] T 7acff786836140a6b903abcbf5f04f20 P e22f55dfb4b64c76a5feb9f395a9b98c [CANDIDATE]: Term 1 election: Requested vote from peers 417c356dd31041569da996b11ba61de2 (127.18.171.129:45339), e4678bd4a2704bd08d93067933f1672d (127.18.171.130:36379)
I20260709 13:17:45.342754 20484 raft_consensus.cc:385] T 36fdb32343734ba584983b55a1edefc3 P e22f55dfb4b64c76a5feb9f395a9b98c [term 0 FOLLOWER]: Consensus starting up: Expiring failure detector timer to make a prompt election more likely
I20260709 13:17:45.343278 20484 raft_consensus.cc:740] T 36fdb32343734ba584983b55a1edefc3 P e22f55dfb4b64c76a5feb9f395a9b98c [term 0 FOLLOWER]: Becoming Follower/Learner. State: Replica: e22f55dfb4b64c76a5feb9f395a9b98c, State: Initialized, Role: FOLLOWER
I20260709 13:17:45.343240 20545 consensus_queue.cc:1048] T ac42200aaf334668babb4c5d36bccb18 P e22f55dfb4b64c76a5feb9f395a9b98c [LEADER]: Connected to new peer: Peer: permanent_uuid: "417c356dd31041569da996b11ba61de2" member_type: VOTER last_known_addr { host: "127.18.171.129" port: 45339 }, Status: LMP_MISMATCH, Last received: 0.0, Next index: 1, Last known committed idx: 0, Time since last communication: 0.000s
I20260709 13:17:45.342761 20483 raft_consensus.cc:740] T fd05539484904346bce3e0098831dcbe P e4678bd4a2704bd08d93067933f1672d [term 0 FOLLOWER]: Becoming Follower/Learner. State: Replica: e4678bd4a2704bd08d93067933f1672d, State: Initialized, Role: FOLLOWER
I20260709 13:17:45.344213 20484 consensus_queue.cc:260] T 36fdb32343734ba584983b55a1edefc3 P e22f55dfb4b64c76a5feb9f395a9b98c [NON_LEADER]: Queue going to NON_LEADER mode. State: All replicated index: 0, Majority replicated index: 0, Committed index: 0, Last appended: 0.0, Last appended by leader: 0, Current term: 0, Majority size: -1, State: 0, Mode: NON_LEADER, active raft config: opid_index: -1 OBSOLETE_local: false peers { permanent_uuid: "417c356dd31041569da996b11ba61de2" member_type: VOTER last_known_addr { host: "127.18.171.129" port: 45339 } } peers { permanent_uuid: "e4678bd4a2704bd08d93067933f1672d" member_type: VOTER last_known_addr { host: "127.18.171.130" port: 36379 } } peers { permanent_uuid: "e22f55dfb4b64c76a5feb9f395a9b98c" member_type: VOTER last_known_addr { host: "127.18.171.131" port: 43567 } }
I20260709 13:17:45.344543 20483 consensus_queue.cc:260] T fd05539484904346bce3e0098831dcbe P e4678bd4a2704bd08d93067933f1672d [NON_LEADER]: Queue going to NON_LEADER mode. State: All replicated index: 0, Majority replicated index: 0, Committed index: 0, Last appended: 0.0, Last appended by leader: 0, Current term: 0, Majority size: -1, State: 0, Mode: NON_LEADER, active raft config: opid_index: -1 OBSOLETE_local: false peers { permanent_uuid: "417c356dd31041569da996b11ba61de2" member_type: VOTER last_known_addr { host: "127.18.171.129" port: 45339 } } peers { permanent_uuid: "e4678bd4a2704bd08d93067933f1672d" member_type: VOTER last_known_addr { host: "127.18.171.130" port: 36379 } } peers { permanent_uuid: "e22f55dfb4b64c76a5feb9f395a9b98c" member_type: VOTER last_known_addr { host: "127.18.171.131" port: 43567 } }
I20260709 13:17:45.346303 20484 ts_tablet_manager.cc:1434] T 36fdb32343734ba584983b55a1edefc3 P e22f55dfb4b64c76a5feb9f395a9b98c: Time spent starting tablet: real 0.007s	user 0.005s	sys 0.000s
I20260709 13:17:45.346692 20483 ts_tablet_manager.cc:1434] T fd05539484904346bce3e0098831dcbe P e4678bd4a2704bd08d93067933f1672d: Time spent starting tablet: real 0.007s	user 0.005s	sys 0.000s
I20260709 13:17:45.348042 20483 tablet_bootstrap.cc:492] T fbc7acaa13c44ad1896c33746766cee8 P e4678bd4a2704bd08d93067933f1672d: Bootstrap starting.
I20260709 13:17:45.348804 20408 leader_election.cc:304] T 7acff786836140a6b903abcbf5f04f20 P e22f55dfb4b64c76a5feb9f395a9b98c [CANDIDATE]: Term 1 election: Election decided. Result: candidate won. Election summary: received 2 responses out of 3 voters: 2 yes votes; 0 no votes. yes voters: e22f55dfb4b64c76a5feb9f395a9b98c, e4678bd4a2704bd08d93067933f1672d; no voters: 
I20260709 13:17:45.349522 20484 tablet_bootstrap.cc:492] T ad16aafa5077423a9b94af34792468e2 P e22f55dfb4b64c76a5feb9f395a9b98c: Bootstrap starting.
I20260709 13:17:45.349522 20539 raft_consensus.cc:2804] T 7acff786836140a6b903abcbf5f04f20 P e22f55dfb4b64c76a5feb9f395a9b98c [term 1 FOLLOWER]: Leader election won for term 1
I20260709 13:17:45.350126 20539 raft_consensus.cc:697] T 7acff786836140a6b903abcbf5f04f20 P e22f55dfb4b64c76a5feb9f395a9b98c [term 1 LEADER]: Becoming Leader. State: Replica: e22f55dfb4b64c76a5feb9f395a9b98c, State: Running, Role: LEADER
I20260709 13:17:45.348699 20486 tablet_bootstrap.cc:492] T aa8e14d00229464f9b000bf298a6916f P 417c356dd31041569da996b11ba61de2: No bootstrap required, opened a new log
I20260709 13:17:45.351254 20486 ts_tablet_manager.cc:1403] T aa8e14d00229464f9b000bf298a6916f P 417c356dd31041569da996b11ba61de2: Time spent bootstrapping tablet: real 0.063s	user 0.015s	sys 0.013s
I20260709 13:17:45.350302 20535 raft_consensus.cc:493] T fd05539484904346bce3e0098831dcbe P e4678bd4a2704bd08d93067933f1672d [term 0 FOLLOWER]: Starting pre-election (no leader contacted us within the election timeout)
I20260709 13:17:45.352509 20535 raft_consensus.cc:515] T fd05539484904346bce3e0098831dcbe P e4678bd4a2704bd08d93067933f1672d [term 0 FOLLOWER]: Starting pre-election with config: opid_index: -1 OBSOLETE_local: false peers { permanent_uuid: "417c356dd31041569da996b11ba61de2" member_type: VOTER last_known_addr { host: "127.18.171.129" port: 45339 } } peers { permanent_uuid: "e4678bd4a2704bd08d93067933f1672d" member_type: VOTER last_known_addr { host: "127.18.171.130" port: 36379 } } peers { permanent_uuid: "e22f55dfb4b64c76a5feb9f395a9b98c" member_type: VOTER last_known_addr { host: "127.18.171.131" port: 43567 } }
I20260709 13:17:45.351436 20539 consensus_queue.cc:237] T 7acff786836140a6b903abcbf5f04f20 P e22f55dfb4b64c76a5feb9f395a9b98c [LEADER]: Queue going to LEADER mode. State: All replicated index: 0, Majority replicated index: 0, Committed index: 0, Last appended: 0.0, Last appended by leader: 0, Current term: 1, Majority size: 2, State: 0, Mode: LEADER, active raft config: opid_index: -1 OBSOLETE_local: false peers { permanent_uuid: "417c356dd31041569da996b11ba61de2" member_type: VOTER last_known_addr { host: "127.18.171.129" port: 45339 } } peers { permanent_uuid: "e4678bd4a2704bd08d93067933f1672d" member_type: VOTER last_known_addr { host: "127.18.171.130" port: 36379 } } peers { permanent_uuid: "e22f55dfb4b64c76a5feb9f395a9b98c" member_type: VOTER last_known_addr { host: "127.18.171.131" port: 43567 } }
I20260709 13:17:45.355340 20293 tablet_service.cc:1917] Received RequestConsensusVote() RPC: tablet_id: "fd05539484904346bce3e0098831dcbe" candidate_uuid: "e4678bd4a2704bd08d93067933f1672d" candidate_term: 1 candidate_status { last_received { term: 0 index: 0 } } ignore_live_leader: false dest_uuid: "417c356dd31041569da996b11ba61de2" is_pre_election: true
I20260709 13:17:45.355494 20535 leader_election.cc:290] T fd05539484904346bce3e0098831dcbe P e4678bd4a2704bd08d93067933f1672d [CANDIDATE]: Term 1 pre-election: Requested pre-vote from peers 417c356dd31041569da996b11ba61de2 (127.18.171.129:45339), e22f55dfb4b64c76a5feb9f395a9b98c (127.18.171.131:43567)
I20260709 13:17:45.356495 20442 tablet_service.cc:1917] Received RequestConsensusVote() RPC: tablet_id: "fd05539484904346bce3e0098831dcbe" candidate_uuid: "e4678bd4a2704bd08d93067933f1672d" candidate_term: 1 candidate_status { last_received { term: 0 index: 0 } } ignore_live_leader: false dest_uuid: "e22f55dfb4b64c76a5feb9f395a9b98c" is_pre_election: true
W20260709 13:17:45.356613 20334 leader_election.cc:343] T fd05539484904346bce3e0098831dcbe P e4678bd4a2704bd08d93067933f1672d [CANDIDATE]: Term 1 pre-election: Tablet error from VoteRequest() call to peer 417c356dd31041569da996b11ba61de2 (127.18.171.129:45339): Illegal state: must be running to vote when last-logged opid is not known
W20260709 13:17:45.359338 20335 leader_election.cc:343] T fd05539484904346bce3e0098831dcbe P e4678bd4a2704bd08d93067933f1672d [CANDIDATE]: Term 1 pre-election: Tablet error from VoteRequest() call to peer e22f55dfb4b64c76a5feb9f395a9b98c (127.18.171.131:43567): Illegal state: must be running to vote when last-logged opid is not known
I20260709 13:17:45.359754 20335 leader_election.cc:304] T fd05539484904346bce3e0098831dcbe P e4678bd4a2704bd08d93067933f1672d [CANDIDATE]: Term 1 pre-election: Election decided. Result: candidate lost. Election summary: received 3 responses out of 3 voters: 1 yes votes; 2 no votes. yes voters: e4678bd4a2704bd08d93067933f1672d; no voters: 417c356dd31041569da996b11ba61de2, e22f55dfb4b64c76a5feb9f395a9b98c
I20260709 13:17:45.361284 20535 raft_consensus.cc:2749] T fd05539484904346bce3e0098831dcbe P e4678bd4a2704bd08d93067933f1672d [term 0 FOLLOWER]: Leader pre-election lost for term 1. Reason: could not achieve majority
I20260709 13:17:45.363444 20483 tablet_bootstrap.cc:654] T fbc7acaa13c44ad1896c33746766cee8 P e4678bd4a2704bd08d93067933f1672d: Neither blocks nor log segments found. Creating new log.
I20260709 13:17:45.365319 20539 consensus_queue.cc:1048] T 2696b8fac74f435cabf9d64a24440bf2 P e22f55dfb4b64c76a5feb9f395a9b98c [LEADER]: Connected to new peer: Peer: permanent_uuid: "e4678bd4a2704bd08d93067933f1672d" member_type: VOTER last_known_addr { host: "127.18.171.130" port: 36379 }, Status: LMP_MISMATCH, Last received: 0.0, Next index: 1, Last known committed idx: 0, Time since last communication: 0.000s
I20260709 13:17:45.365733 20484 tablet_bootstrap.cc:654] T ad16aafa5077423a9b94af34792468e2 P e22f55dfb4b64c76a5feb9f395a9b98c: Neither blocks nor log segments found. Creating new log.
I20260709 13:17:45.361475 20486 raft_consensus.cc:359] T aa8e14d00229464f9b000bf298a6916f P 417c356dd31041569da996b11ba61de2 [term 0 FOLLOWER]: Replica starting. Triggering 0 pending ops. Active config: opid_index: -1 OBSOLETE_local: false peers { permanent_uuid: "417c356dd31041569da996b11ba61de2" member_type: VOTER last_known_addr { host: "127.18.171.129" port: 45339 } } peers { permanent_uuid: "e4678bd4a2704bd08d93067933f1672d" member_type: VOTER last_known_addr { host: "127.18.171.130" port: 36379 } } peers { permanent_uuid: "e22f55dfb4b64c76a5feb9f395a9b98c" member_type: VOTER last_known_addr { host: "127.18.171.131" port: 43567 } }
I20260709 13:17:45.368492 20486 raft_consensus.cc:385] T aa8e14d00229464f9b000bf298a6916f P 417c356dd31041569da996b11ba61de2 [term 0 FOLLOWER]: Consensus starting up: Expiring failure detector timer to make a prompt election more likely
I20260709 13:17:45.368779 20486 raft_consensus.cc:740] T aa8e14d00229464f9b000bf298a6916f P 417c356dd31041569da996b11ba61de2 [term 0 FOLLOWER]: Becoming Follower/Learner. State: Replica: 417c356dd31041569da996b11ba61de2, State: Initialized, Role: FOLLOWER
I20260709 13:17:45.369544 20486 consensus_queue.cc:260] T aa8e14d00229464f9b000bf298a6916f P 417c356dd31041569da996b11ba61de2 [NON_LEADER]: Queue going to NON_LEADER mode. State: All replicated index: 0, Majority replicated index: 0, Committed index: 0, Last appended: 0.0, Last appended by leader: 0, Current term: 0, Majority size: -1, State: 0, Mode: NON_LEADER, active raft config: opid_index: -1 OBSOLETE_local: false peers { permanent_uuid: "417c356dd31041569da996b11ba61de2" member_type: VOTER last_known_addr { host: "127.18.171.129" port: 45339 } } peers { permanent_uuid: "e4678bd4a2704bd08d93067933f1672d" member_type: VOTER last_known_addr { host: "127.18.171.130" port: 36379 } } peers { permanent_uuid: "e22f55dfb4b64c76a5feb9f395a9b98c" member_type: VOTER last_known_addr { host: "127.18.171.131" port: 43567 } }
I20260709 13:17:45.373080 20486 ts_tablet_manager.cc:1434] T aa8e14d00229464f9b000bf298a6916f P 417c356dd31041569da996b11ba61de2: Time spent starting tablet: real 0.022s	user 0.006s	sys 0.000s
I20260709 13:17:45.374017 20486 tablet_bootstrap.cc:492] T 92edf25bd71f44e6989661b18d0fcad2 P 417c356dd31041569da996b11ba61de2: Bootstrap starting.
I20260709 13:17:45.380599 20510 raft_consensus.cc:493] T 5a9b6147b6f44b9d8c4f00d1f917d0a8 P 417c356dd31041569da996b11ba61de2 [term 0 FOLLOWER]: Starting pre-election (no leader contacted us within the election timeout)
I20260709 13:17:45.381057 20510 raft_consensus.cc:515] T 5a9b6147b6f44b9d8c4f00d1f917d0a8 P 417c356dd31041569da996b11ba61de2 [term 0 FOLLOWER]: Starting pre-election with config: opid_index: -1 OBSOLETE_local: false peers { permanent_uuid: "417c356dd31041569da996b11ba61de2" member_type: VOTER last_known_addr { host: "127.18.171.129" port: 45339 } } peers { permanent_uuid: "e4678bd4a2704bd08d93067933f1672d" member_type: VOTER last_known_addr { host: "127.18.171.130" port: 36379 } } peers { permanent_uuid: "e22f55dfb4b64c76a5feb9f395a9b98c" member_type: VOTER last_known_addr { host: "127.18.171.131" port: 43567 } }
I20260709 13:17:45.384099 20510 leader_election.cc:290] T 5a9b6147b6f44b9d8c4f00d1f917d0a8 P 417c356dd31041569da996b11ba61de2 [CANDIDATE]: Term 1 pre-election: Requested pre-vote from peers e4678bd4a2704bd08d93067933f1672d (127.18.171.130:36379), e22f55dfb4b64c76a5feb9f395a9b98c (127.18.171.131:43567)
I20260709 13:17:45.384933 20369 tablet_service.cc:1917] Received RequestConsensusVote() RPC: tablet_id: "5a9b6147b6f44b9d8c4f00d1f917d0a8" candidate_uuid: "417c356dd31041569da996b11ba61de2" candidate_term: 1 candidate_status { last_received { term: 0 index: 0 } } ignore_live_leader: false dest_uuid: "e4678bd4a2704bd08d93067933f1672d" is_pre_election: true
I20260709 13:17:45.385143 20535 raft_consensus.cc:493] T 6c9dc566be224be298d7a7012eae6229 P e4678bd4a2704bd08d93067933f1672d [term 0 FOLLOWER]: Starting pre-election (no leader contacted us within the election timeout)
I20260709 13:17:45.385555 20535 raft_consensus.cc:515] T 6c9dc566be224be298d7a7012eae6229 P e4678bd4a2704bd08d93067933f1672d [term 0 FOLLOWER]: Starting pre-election with config: opid_index: -1 OBSOLETE_local: false peers { permanent_uuid: "417c356dd31041569da996b11ba61de2" member_type: VOTER last_known_addr { host: "127.18.171.129" port: 45339 } } peers { permanent_uuid: "e4678bd4a2704bd08d93067933f1672d" member_type: VOTER last_known_addr { host: "127.18.171.130" port: 36379 } } peers { permanent_uuid: "e22f55dfb4b64c76a5feb9f395a9b98c" member_type: VOTER last_known_addr { host: "127.18.171.131" port: 43567 } }
I20260709 13:17:45.386554 20442 tablet_service.cc:1917] Received RequestConsensusVote() RPC: tablet_id: "5a9b6147b6f44b9d8c4f00d1f917d0a8" candidate_uuid: "417c356dd31041569da996b11ba61de2" candidate_term: 1 candidate_status { last_received { term: 0 index: 0 } } ignore_live_leader: false dest_uuid: "e22f55dfb4b64c76a5feb9f395a9b98c" is_pre_election: true
I20260709 13:17:45.380388 20190 catalog_manager.cc:5697] T afd1b06cb79942c396f56f287c78cc38 P e22f55dfb4b64c76a5feb9f395a9b98c reported cstate change: term changed from 0 to 1, leader changed from <none> to e22f55dfb4b64c76a5feb9f395a9b98c (127.18.171.131). New cstate: current_term: 1 leader_uuid: "e22f55dfb4b64c76a5feb9f395a9b98c" committed_config { opid_index: -1 OBSOLETE_local: false peers { permanent_uuid: "417c356dd31041569da996b11ba61de2" member_type: VOTER last_known_addr { host: "127.18.171.129" port: 45339 } health_report { overall_health: UNKNOWN } } peers { permanent_uuid: "e4678bd4a2704bd08d93067933f1672d" member_type: VOTER last_known_addr { host: "127.18.171.130" port: 36379 } health_report { overall_health: UNKNOWN } } peers { permanent_uuid: "e22f55dfb4b64c76a5feb9f395a9b98c" member_type: VOTER last_known_addr { host: "127.18.171.131" port: 43567 } health_report { overall_health: HEALTHY } } }
I20260709 13:17:45.387118 20442 raft_consensus.cc:2468] T 5a9b6147b6f44b9d8c4f00d1f917d0a8 P e22f55dfb4b64c76a5feb9f395a9b98c [term 0 FOLLOWER]: Leader pre-election vote request: Granting yes vote for candidate 417c356dd31041569da996b11ba61de2 in term 0.
I20260709 13:17:45.387449 20535 leader_election.cc:290] T 6c9dc566be224be298d7a7012eae6229 P e4678bd4a2704bd08d93067933f1672d [CANDIDATE]: Term 1 pre-election: Requested pre-vote from peers 417c356dd31041569da996b11ba61de2 (127.18.171.129:45339), e22f55dfb4b64c76a5feb9f395a9b98c (127.18.171.131:43567)
I20260709 13:17:45.388581 20260 leader_election.cc:304] T 5a9b6147b6f44b9d8c4f00d1f917d0a8 P 417c356dd31041569da996b11ba61de2 [CANDIDATE]: Term 1 pre-election: Election decided. Result: candidate won. Election summary: received 2 responses out of 3 voters: 2 yes votes; 0 no votes. yes voters: 417c356dd31041569da996b11ba61de2, e22f55dfb4b64c76a5feb9f395a9b98c; no voters: 
I20260709 13:17:45.390586 20293 tablet_service.cc:1917] Received RequestConsensusVote() RPC: tablet_id: "6c9dc566be224be298d7a7012eae6229" candidate_uuid: "e4678bd4a2704bd08d93067933f1672d" candidate_term: 1 candidate_status { last_received { term: 0 index: 0 } } ignore_live_leader: false dest_uuid: "417c356dd31041569da996b11ba61de2" is_pre_election: true
W20260709 13:17:45.392154 20259 leader_election.cc:343] T 5a9b6147b6f44b9d8c4f00d1f917d0a8 P 417c356dd31041569da996b11ba61de2 [CANDIDATE]: Term 1 pre-election: Tablet error from VoteRequest() call to peer e4678bd4a2704bd08d93067933f1672d (127.18.171.130:36379): Illegal state: must be running to vote when last-logged opid is not known
I20260709 13:17:45.393347 20510 raft_consensus.cc:2804] T 5a9b6147b6f44b9d8c4f00d1f917d0a8 P 417c356dd31041569da996b11ba61de2 [term 0 FOLLOWER]: Leader pre-election won for term 1
I20260709 13:17:45.393711 20510 raft_consensus.cc:493] T 5a9b6147b6f44b9d8c4f00d1f917d0a8 P 417c356dd31041569da996b11ba61de2 [term 0 FOLLOWER]: Starting leader election (no leader contacted us within the election timeout)
I20260709 13:17:45.394052 20486 tablet_bootstrap.cc:654] T 92edf25bd71f44e6989661b18d0fcad2 P 417c356dd31041569da996b11ba61de2: Neither blocks nor log segments found. Creating new log.
I20260709 13:17:45.394831 20442 tablet_service.cc:1917] Received RequestConsensusVote() RPC: tablet_id: "6c9dc566be224be298d7a7012eae6229" candidate_uuid: "e4678bd4a2704bd08d93067933f1672d" candidate_term: 1 candidate_status { last_received { term: 0 index: 0 } } ignore_live_leader: false dest_uuid: "e22f55dfb4b64c76a5feb9f395a9b98c" is_pre_election: true
I20260709 13:17:45.395543 20442 raft_consensus.cc:2393] T 6c9dc566be224be298d7a7012eae6229 P e22f55dfb4b64c76a5feb9f395a9b98c [term 1 FOLLOWER]: Leader pre-election vote request: Denying vote to candidate e4678bd4a2704bd08d93067933f1672d in current term 1: Already voted for candidate 417c356dd31041569da996b11ba61de2 in this term.
I20260709 13:17:45.395771 20535 raft_consensus.cc:493] T ac42200aaf334668babb4c5d36bccb18 P e4678bd4a2704bd08d93067933f1672d [term 0 FOLLOWER]: Starting pre-election (no leader contacted us within the election timeout)
I20260709 13:17:45.396221 20535 raft_consensus.cc:515] T ac42200aaf334668babb4c5d36bccb18 P e4678bd4a2704bd08d93067933f1672d [term 0 FOLLOWER]: Starting pre-election with config: opid_index: -1 OBSOLETE_local: false peers { permanent_uuid: "e22f55dfb4b64c76a5feb9f395a9b98c" member_type: VOTER last_known_addr { host: "127.18.171.131" port: 43567 } } peers { permanent_uuid: "417c356dd31041569da996b11ba61de2" member_type: VOTER last_known_addr { host: "127.18.171.129" port: 45339 } } peers { permanent_uuid: "e4678bd4a2704bd08d93067933f1672d" member_type: VOTER last_known_addr { host: "127.18.171.130" port: 36379 } }
I20260709 13:17:45.396525 20335 leader_election.cc:304] T 6c9dc566be224be298d7a7012eae6229 P e4678bd4a2704bd08d93067933f1672d [CANDIDATE]: Term 1 pre-election: Election decided. Result: candidate lost. Election summary: received 3 responses out of 3 voters: 1 yes votes; 2 no votes. yes voters: e4678bd4a2704bd08d93067933f1672d; no voters: 417c356dd31041569da996b11ba61de2, e22f55dfb4b64c76a5feb9f395a9b98c
I20260709 13:17:45.397563 20509 raft_consensus.cc:3060] T 6c9dc566be224be298d7a7012eae6229 P e4678bd4a2704bd08d93067933f1672d [term 0 FOLLOWER]: Advancing to term 1
I20260709 13:17:45.398213 20535 leader_election.cc:290] T ac42200aaf334668babb4c5d36bccb18 P e4678bd4a2704bd08d93067933f1672d [CANDIDATE]: Term 1 pre-election: Requested pre-vote from peers e22f55dfb4b64c76a5feb9f395a9b98c (127.18.171.131:43567), 417c356dd31041569da996b11ba61de2 (127.18.171.129:45339)
I20260709 13:17:45.401906 20293 tablet_service.cc:1917] Received RequestConsensusVote() RPC: tablet_id: "ac42200aaf334668babb4c5d36bccb18" candidate_uuid: "e4678bd4a2704bd08d93067933f1672d" candidate_term: 1 candidate_status { last_received { term: 0 index: 0 } } ignore_live_leader: false dest_uuid: "417c356dd31041569da996b11ba61de2" is_pre_election: true
I20260709 13:17:45.412042 20564 consensus_queue.cc:1048] T 6c9dc566be224be298d7a7012eae6229 P 417c356dd31041569da996b11ba61de2 [LEADER]: Connected to new peer: Peer: permanent_uuid: "e22f55dfb4b64c76a5feb9f395a9b98c" member_type: VOTER last_known_addr { host: "127.18.171.131" port: 43567 }, Status: LMP_MISMATCH, Last received: 0.0, Next index: 1, Last known committed idx: 0, Time since last communication: 0.000s
I20260709 13:17:45.412415 20442 tablet_service.cc:1917] Received RequestConsensusVote() RPC: tablet_id: "ac42200aaf334668babb4c5d36bccb18" candidate_uuid: "e4678bd4a2704bd08d93067933f1672d" candidate_term: 1 candidate_status { last_received { term: 0 index: 0 } } ignore_live_leader: false dest_uuid: "e22f55dfb4b64c76a5feb9f395a9b98c" is_pre_election: true
I20260709 13:17:45.416285 20335 leader_election.cc:304] T ac42200aaf334668babb4c5d36bccb18 P e4678bd4a2704bd08d93067933f1672d [CANDIDATE]: Term 1 pre-election: Election decided. Result: candidate lost. Election summary: received 3 responses out of 3 voters: 1 yes votes; 2 no votes. yes voters: e4678bd4a2704bd08d93067933f1672d; no voters: 417c356dd31041569da996b11ba61de2, e22f55dfb4b64c76a5feb9f395a9b98c
I20260709 13:17:45.417487 20535 raft_consensus.cc:2749] T ac42200aaf334668babb4c5d36bccb18 P e4678bd4a2704bd08d93067933f1672d [term 0 FOLLOWER]: Leader pre-election lost for term 1. Reason: could not achieve majority
I20260709 13:17:45.394017 20510 raft_consensus.cc:3060] T 5a9b6147b6f44b9d8c4f00d1f917d0a8 P 417c356dd31041569da996b11ba61de2 [term 0 FOLLOWER]: Advancing to term 1
W20260709 13:17:45.423184 20240 auto_rebalancer.cc:288] Could not retrieve cluster info: Service unavailable: Tablet not running
I20260709 13:17:45.424393 20509 raft_consensus.cc:2749] T 6c9dc566be224be298d7a7012eae6229 P e4678bd4a2704bd08d93067933f1672d [term 1 FOLLOWER]: Leader pre-election lost for term 1. Reason: could not achieve majority
I20260709 13:17:45.429850 20510 raft_consensus.cc:515] T 5a9b6147b6f44b9d8c4f00d1f917d0a8 P 417c356dd31041569da996b11ba61de2 [term 1 FOLLOWER]: Starting leader election with config: opid_index: -1 OBSOLETE_local: false peers { permanent_uuid: "417c356dd31041569da996b11ba61de2" member_type: VOTER last_known_addr { host: "127.18.171.129" port: 45339 } } peers { permanent_uuid: "e4678bd4a2704bd08d93067933f1672d" member_type: VOTER last_known_addr { host: "127.18.171.130" port: 36379 } } peers { permanent_uuid: "e22f55dfb4b64c76a5feb9f395a9b98c" member_type: VOTER last_known_addr { host: "127.18.171.131" port: 43567 } }
I20260709 13:17:45.431727 20190 catalog_manager.cc:5697] T 7acff786836140a6b903abcbf5f04f20 P e22f55dfb4b64c76a5feb9f395a9b98c reported cstate change: term changed from 0 to 1, leader changed from <none> to e22f55dfb4b64c76a5feb9f395a9b98c (127.18.171.131). New cstate: current_term: 1 leader_uuid: "e22f55dfb4b64c76a5feb9f395a9b98c" committed_config { opid_index: -1 OBSOLETE_local: false peers { permanent_uuid: "417c356dd31041569da996b11ba61de2" member_type: VOTER last_known_addr { host: "127.18.171.129" port: 45339 } health_report { overall_health: UNKNOWN } } peers { permanent_uuid: "e4678bd4a2704bd08d93067933f1672d" member_type: VOTER last_known_addr { host: "127.18.171.130" port: 36379 } health_report { overall_health: UNKNOWN } } peers { permanent_uuid: "e22f55dfb4b64c76a5feb9f395a9b98c" member_type: VOTER last_known_addr { host: "127.18.171.131" port: 43567 } health_report { overall_health: HEALTHY } } }
I20260709 13:17:45.443005 20369 tablet_service.cc:1917] Received RequestConsensusVote() RPC: tablet_id: "5a9b6147b6f44b9d8c4f00d1f917d0a8" candidate_uuid: "417c356dd31041569da996b11ba61de2" candidate_term: 1 candidate_status { last_received { term: 0 index: 0 } } ignore_live_leader: false dest_uuid: "e4678bd4a2704bd08d93067933f1672d"
W20260709 13:17:45.444391 20259 leader_election.cc:343] T 5a9b6147b6f44b9d8c4f00d1f917d0a8 P 417c356dd31041569da996b11ba61de2 [CANDIDATE]: Term 1 election: Tablet error from VoteRequest() call to peer e4678bd4a2704bd08d93067933f1672d (127.18.171.130:36379): Illegal state: must be running to vote when last-logged opid is not known
I20260709 13:17:45.445998 20510 leader_election.cc:290] T 5a9b6147b6f44b9d8c4f00d1f917d0a8 P 417c356dd31041569da996b11ba61de2 [CANDIDATE]: Term 1 election: Requested vote from peers e4678bd4a2704bd08d93067933f1672d (127.18.171.130:36379), e22f55dfb4b64c76a5feb9f395a9b98c (127.18.171.131:43567)
I20260709 13:17:45.447499 20443 tablet_service.cc:1917] Received RequestConsensusVote() RPC: tablet_id: "5a9b6147b6f44b9d8c4f00d1f917d0a8" candidate_uuid: "417c356dd31041569da996b11ba61de2" candidate_term: 1 candidate_status { last_received { term: 0 index: 0 } } ignore_live_leader: false dest_uuid: "e22f55dfb4b64c76a5feb9f395a9b98c"
I20260709 13:17:45.454358 20443 raft_consensus.cc:3060] T 5a9b6147b6f44b9d8c4f00d1f917d0a8 P e22f55dfb4b64c76a5feb9f395a9b98c [term 0 FOLLOWER]: Advancing to term 1
I20260709 13:17:45.468129 20547 raft_consensus.cc:493] T fbc7acaa13c44ad1896c33746766cee8 P e22f55dfb4b64c76a5feb9f395a9b98c [term 0 FOLLOWER]: Starting pre-election (no leader contacted us within the election timeout)
I20260709 13:17:45.469640 20547 raft_consensus.cc:515] T fbc7acaa13c44ad1896c33746766cee8 P e22f55dfb4b64c76a5feb9f395a9b98c [term 0 FOLLOWER]: Starting pre-election with config: opid_index: -1 OBSOLETE_local: false peers { permanent_uuid: "417c356dd31041569da996b11ba61de2" member_type: VOTER last_known_addr { host: "127.18.171.129" port: 45339 } } peers { permanent_uuid: "e4678bd4a2704bd08d93067933f1672d" member_type: VOTER last_known_addr { host: "127.18.171.130" port: 36379 } } peers { permanent_uuid: "e22f55dfb4b64c76a5feb9f395a9b98c" member_type: VOTER last_known_addr { host: "127.18.171.131" port: 43567 } }
I20260709 13:17:45.474455 20293 tablet_service.cc:1917] Received RequestConsensusVote() RPC: tablet_id: "fbc7acaa13c44ad1896c33746766cee8" candidate_uuid: "e22f55dfb4b64c76a5feb9f395a9b98c" candidate_term: 1 candidate_status { last_received { term: 0 index: 0 } } ignore_live_leader: false dest_uuid: "417c356dd31041569da996b11ba61de2" is_pre_election: true
