I20260709 13:17:13.477320 14755 ts_tablet_manager.cc:1434] T d2f43d1d8e3c426d9e9eb3eb017a6835 P 172f68d7e1814326b2a1076807ef88a8: Time spent starting tablet: real 0.007s	user 0.008s	sys 0.000s
I20260709 13:17:13.478282 14755 tablet_bootstrap.cc:492] T 0eb8b035aefb46dda8aa87ba3f6b57f8 P 172f68d7e1814326b2a1076807ef88a8: Bootstrap starting.
I20260709 13:17:13.483425 14756 tablet_bootstrap.cc:492] T 4cb7fb803f914cd0a002e3677c1b5ead P 9c9dab44bb3e4dc79112c4a9da0d0050: No bootstrap required, opened a new log
I20260709 13:17:13.483879 14756 ts_tablet_manager.cc:1403] T 4cb7fb803f914cd0a002e3677c1b5ead P 9c9dab44bb3e4dc79112c4a9da0d0050: Time spent bootstrapping tablet: real 0.029s	user 0.009s	sys 0.006s
I20260709 13:17:13.484284 14755 tablet_bootstrap.cc:654] T 0eb8b035aefb46dda8aa87ba3f6b57f8 P 172f68d7e1814326b2a1076807ef88a8: Neither blocks nor log segments found. Creating new log.
I20260709 13:17:13.486424 14756 raft_consensus.cc:359] T 4cb7fb803f914cd0a002e3677c1b5ead P 9c9dab44bb3e4dc79112c4a9da0d0050 [term 0 FOLLOWER]: Replica starting. Triggering 0 pending ops. Active config: opid_index: -1 OBSOLETE_local: false peers { permanent_uuid: "69739ec1504d47e8b1fafcb81a6b226f" member_type: VOTER last_known_addr { host: "127.14.22.193" port: 42919 } } peers { permanent_uuid: "172f68d7e1814326b2a1076807ef88a8" member_type: VOTER last_known_addr { host: "127.14.22.194" port: 41673 } } peers { permanent_uuid: "9c9dab44bb3e4dc79112c4a9da0d0050" member_type: VOTER last_known_addr { host: "127.14.22.195" port: 44187 } }
I20260709 13:17:13.487310 14756 raft_consensus.cc:385] T 4cb7fb803f914cd0a002e3677c1b5ead P 9c9dab44bb3e4dc79112c4a9da0d0050 [term 0 FOLLOWER]: Consensus starting up: Expiring failure detector timer to make a prompt election more likely
I20260709 13:17:13.487601 14756 raft_consensus.cc:740] T 4cb7fb803f914cd0a002e3677c1b5ead P 9c9dab44bb3e4dc79112c4a9da0d0050 [term 0 FOLLOWER]: Becoming Follower/Learner. State: Replica: 9c9dab44bb3e4dc79112c4a9da0d0050, State: Initialized, Role: FOLLOWER
I20260709 13:17:13.488310 14756 consensus_queue.cc:260] T 4cb7fb803f914cd0a002e3677c1b5ead P 9c9dab44bb3e4dc79112c4a9da0d0050 [NON_LEADER]: Queue going to NON_LEADER mode. State: All replicated index: 0, Majority replicated index: 0, Committed index: 0, Last appended: 0.0, Last appended by leader: 0, Current term: 0, Majority size: -1, State: 0, Mode: NON_LEADER, active raft config: opid_index: -1 OBSOLETE_local: false peers { permanent_uuid: "69739ec1504d47e8b1fafcb81a6b226f" member_type: VOTER last_known_addr { host: "127.14.22.193" port: 42919 } } peers { permanent_uuid: "172f68d7e1814326b2a1076807ef88a8" member_type: VOTER last_known_addr { host: "127.14.22.194" port: 41673 } } peers { permanent_uuid: "9c9dab44bb3e4dc79112c4a9da0d0050" member_type: VOTER last_known_addr { host: "127.14.22.195" port: 44187 } }
I20260709 13:17:13.490423 14756 ts_tablet_manager.cc:1434] T 4cb7fb803f914cd0a002e3677c1b5ead P 9c9dab44bb3e4dc79112c4a9da0d0050: Time spent starting tablet: real 0.006s	user 0.003s	sys 0.003s
I20260709 13:17:13.496032 14755 tablet_bootstrap.cc:492] T 0eb8b035aefb46dda8aa87ba3f6b57f8 P 172f68d7e1814326b2a1076807ef88a8: No bootstrap required, opened a new log
I20260709 13:17:13.496507 14755 ts_tablet_manager.cc:1403] T 0eb8b035aefb46dda8aa87ba3f6b57f8 P 172f68d7e1814326b2a1076807ef88a8: Time spent bootstrapping tablet: real 0.018s	user 0.015s	sys 0.000s
I20260709 13:17:13.496943 14636 raft_consensus.cc:3060] T d2f43d1d8e3c426d9e9eb3eb017a6835 P 172f68d7e1814326b2a1076807ef88a8 [term 0 FOLLOWER]: Advancing to term 1
I20260709 13:17:13.498967 14755 raft_consensus.cc:359] T 0eb8b035aefb46dda8aa87ba3f6b57f8 P 172f68d7e1814326b2a1076807ef88a8 [term 0 FOLLOWER]: Replica starting. Triggering 0 pending ops. Active config: opid_index: -1 OBSOLETE_local: false peers { permanent_uuid: "69739ec1504d47e8b1fafcb81a6b226f" member_type: VOTER last_known_addr { host: "127.14.22.193" port: 42919 } } peers { permanent_uuid: "172f68d7e1814326b2a1076807ef88a8" member_type: VOTER last_known_addr { host: "127.14.22.194" port: 41673 } } peers { permanent_uuid: "9c9dab44bb3e4dc79112c4a9da0d0050" member_type: VOTER last_known_addr { host: "127.14.22.195" port: 44187 } }
I20260709 13:17:13.499619 14755 raft_consensus.cc:385] T 0eb8b035aefb46dda8aa87ba3f6b57f8 P 172f68d7e1814326b2a1076807ef88a8 [term 0 FOLLOWER]: Consensus starting up: Expiring failure detector timer to make a prompt election more likely
I20260709 13:17:13.499868 14755 raft_consensus.cc:740] T 0eb8b035aefb46dda8aa87ba3f6b57f8 P 172f68d7e1814326b2a1076807ef88a8 [term 0 FOLLOWER]: Becoming Follower/Learner. State: Replica: 172f68d7e1814326b2a1076807ef88a8, State: Initialized, Role: FOLLOWER
I20260709 13:17:13.500517 14755 consensus_queue.cc:260] T 0eb8b035aefb46dda8aa87ba3f6b57f8 P 172f68d7e1814326b2a1076807ef88a8 [NON_LEADER]: Queue going to NON_LEADER mode. State: All replicated index: 0, Majority replicated index: 0, Committed index: 0, Last appended: 0.0, Last appended by leader: 0, Current term: 0, Majority size: -1, State: 0, Mode: NON_LEADER, active raft config: opid_index: -1 OBSOLETE_local: false peers { permanent_uuid: "69739ec1504d47e8b1fafcb81a6b226f" member_type: VOTER last_known_addr { host: "127.14.22.193" port: 42919 } } peers { permanent_uuid: "172f68d7e1814326b2a1076807ef88a8" member_type: VOTER last_known_addr { host: "127.14.22.194" port: 41673 } } peers { permanent_uuid: "9c9dab44bb3e4dc79112c4a9da0d0050" member_type: VOTER last_known_addr { host: "127.14.22.195" port: 44187 } }
I20260709 13:17:13.504921 14755 ts_tablet_manager.cc:1434] T 0eb8b035aefb46dda8aa87ba3f6b57f8 P 172f68d7e1814326b2a1076807ef88a8: Time spent starting tablet: real 0.008s	user 0.006s	sys 0.000s
I20260709 13:17:13.514710 14763 consensus_queue.cc:1048] T d2f43d1d8e3c426d9e9eb3eb017a6835 P 9c9dab44bb3e4dc79112c4a9da0d0050 [LEADER]: Connected to new peer: Peer: permanent_uuid: "172f68d7e1814326b2a1076807ef88a8" member_type: VOTER last_known_addr { host: "127.14.22.194" port: 41673 }, Status: LMP_MISMATCH, Last received: 0.0, Next index: 1, Last known committed idx: 0, Time since last communication: 0.001s
W20260709 13:17:13.576422 14507 auto_rebalancer.cc:288] Could not retrieve cluster info: Service unavailable: Tablet not running
I20260709 13:17:13.606475 14763 consensus_queue.cc:1048] T 3f6ed81755f9454cbc973d3919a550cd P 9c9dab44bb3e4dc79112c4a9da0d0050 [LEADER]: Connected to new peer: Peer: permanent_uuid: "172f68d7e1814326b2a1076807ef88a8" member_type: VOTER last_known_addr { host: "127.14.22.194" port: 41673 }, Status: LMP_MISMATCH, Last received: 0.0, Next index: 1, Last known committed idx: 0, Time since last communication: 0.001s
I20260709 13:17:13.608810 14763 consensus_queue.cc:1048] T 3f6ed81755f9454cbc973d3919a550cd P 9c9dab44bb3e4dc79112c4a9da0d0050 [LEADER]: Connected to new peer: Peer: permanent_uuid: "69739ec1504d47e8b1fafcb81a6b226f" member_type: VOTER last_known_addr { host: "127.14.22.193" port: 42919 }, Status: LMP_MISMATCH, Last received: 0.0, Next index: 1, Last known committed idx: 0, Time since last communication: 0.001s
I20260709 13:17:13.627332 14762 raft_consensus.cc:493] T 4096e254f78345eba157de91489c3b6f P 172f68d7e1814326b2a1076807ef88a8 [term 0 FOLLOWER]: Starting pre-election (no leader contacted us within the election timeout)
I20260709 13:17:13.627830 14762 raft_consensus.cc:515] T 4096e254f78345eba157de91489c3b6f P 172f68d7e1814326b2a1076807ef88a8 [term 0 FOLLOWER]: Starting pre-election with config: opid_index: -1 OBSOLETE_local: false peers { permanent_uuid: "69739ec1504d47e8b1fafcb81a6b226f" member_type: VOTER last_known_addr { host: "127.14.22.193" port: 42919 } } peers { permanent_uuid: "172f68d7e1814326b2a1076807ef88a8" member_type: VOTER last_known_addr { host: "127.14.22.194" port: 41673 } } peers { permanent_uuid: "9c9dab44bb3e4dc79112c4a9da0d0050" member_type: VOTER last_known_addr { host: "127.14.22.195" port: 44187 } }
I20260709 13:17:13.629837 14762 leader_election.cc:290] T 4096e254f78345eba157de91489c3b6f P 172f68d7e1814326b2a1076807ef88a8 [CANDIDATE]: Term 1 pre-election: Requested pre-vote from peers 69739ec1504d47e8b1fafcb81a6b226f (127.14.22.193:42919), 9c9dab44bb3e4dc79112c4a9da0d0050 (127.14.22.195:44187)
I20260709 13:17:13.632907 14710 tablet_service.cc:1917] Received RequestConsensusVote() RPC: tablet_id: "4096e254f78345eba157de91489c3b6f" candidate_uuid: "172f68d7e1814326b2a1076807ef88a8" candidate_term: 1 candidate_status { last_received { term: 0 index: 0 } } ignore_live_leader: false dest_uuid: "9c9dab44bb3e4dc79112c4a9da0d0050" is_pre_election: true
I20260709 13:17:13.633097 14560 tablet_service.cc:1917] Received RequestConsensusVote() RPC: tablet_id: "4096e254f78345eba157de91489c3b6f" candidate_uuid: "172f68d7e1814326b2a1076807ef88a8" candidate_term: 1 candidate_status { last_received { term: 0 index: 0 } } ignore_live_leader: false dest_uuid: "69739ec1504d47e8b1fafcb81a6b226f" is_pre_election: true
I20260709 13:17:13.633638 14710 raft_consensus.cc:2468] T 4096e254f78345eba157de91489c3b6f P 9c9dab44bb3e4dc79112c4a9da0d0050 [term 0 FOLLOWER]: Leader pre-election vote request: Granting yes vote for candidate 172f68d7e1814326b2a1076807ef88a8 in term 0.
I20260709 13:17:13.634262 14560 raft_consensus.cc:2468] T 4096e254f78345eba157de91489c3b6f P 69739ec1504d47e8b1fafcb81a6b226f [term 0 FOLLOWER]: Leader pre-election vote request: Granting yes vote for candidate 172f68d7e1814326b2a1076807ef88a8 in term 0.
I20260709 13:17:13.634888 14601 leader_election.cc:304] T 4096e254f78345eba157de91489c3b6f P 172f68d7e1814326b2a1076807ef88a8 [CANDIDATE]: Term 1 pre-election: Election decided. Result: candidate won. Election summary: received 2 responses out of 3 voters: 2 yes votes; 0 no votes. yes voters: 172f68d7e1814326b2a1076807ef88a8, 9c9dab44bb3e4dc79112c4a9da0d0050; no voters: 
I20260709 13:17:13.636305 14762 raft_consensus.cc:2804] T 4096e254f78345eba157de91489c3b6f P 172f68d7e1814326b2a1076807ef88a8 [term 0 FOLLOWER]: Leader pre-election won for term 1
I20260709 13:17:13.636720 14762 raft_consensus.cc:493] T 4096e254f78345eba157de91489c3b6f P 172f68d7e1814326b2a1076807ef88a8 [term 0 FOLLOWER]: Starting leader election (no leader contacted us within the election timeout)
I20260709 13:17:13.637058 14762 raft_consensus.cc:3060] T 4096e254f78345eba157de91489c3b6f P 172f68d7e1814326b2a1076807ef88a8 [term 0 FOLLOWER]: Advancing to term 1
I20260709 13:17:13.643527 14762 raft_consensus.cc:515] T 4096e254f78345eba157de91489c3b6f P 172f68d7e1814326b2a1076807ef88a8 [term 1 FOLLOWER]: Starting leader election with config: opid_index: -1 OBSOLETE_local: false peers { permanent_uuid: "69739ec1504d47e8b1fafcb81a6b226f" member_type: VOTER last_known_addr { host: "127.14.22.193" port: 42919 } } peers { permanent_uuid: "172f68d7e1814326b2a1076807ef88a8" member_type: VOTER last_known_addr { host: "127.14.22.194" port: 41673 } } peers { permanent_uuid: "9c9dab44bb3e4dc79112c4a9da0d0050" member_type: VOTER last_known_addr { host: "127.14.22.195" port: 44187 } }
I20260709 13:17:13.645335 14762 leader_election.cc:290] T 4096e254f78345eba157de91489c3b6f P 172f68d7e1814326b2a1076807ef88a8 [CANDIDATE]: Term 1 election: Requested vote from peers 69739ec1504d47e8b1fafcb81a6b226f (127.14.22.193:42919), 9c9dab44bb3e4dc79112c4a9da0d0050 (127.14.22.195:44187)
I20260709 13:17:13.646221 14560 tablet_service.cc:1917] Received RequestConsensusVote() RPC: tablet_id: "4096e254f78345eba157de91489c3b6f" candidate_uuid: "172f68d7e1814326b2a1076807ef88a8" candidate_term: 1 candidate_status { last_received { term: 0 index: 0 } } ignore_live_leader: false dest_uuid: "69739ec1504d47e8b1fafcb81a6b226f"
I20260709 13:17:13.646768 14560 raft_consensus.cc:3060] T 4096e254f78345eba157de91489c3b6f P 69739ec1504d47e8b1fafcb81a6b226f [term 0 FOLLOWER]: Advancing to term 1
I20260709 13:17:13.646893 14710 tablet_service.cc:1917] Received RequestConsensusVote() RPC: tablet_id: "4096e254f78345eba157de91489c3b6f" candidate_uuid: "172f68d7e1814326b2a1076807ef88a8" candidate_term: 1 candidate_status { last_received { term: 0 index: 0 } } ignore_live_leader: false dest_uuid: "9c9dab44bb3e4dc79112c4a9da0d0050"
I20260709 13:17:13.647395 14710 raft_consensus.cc:3060] T 4096e254f78345eba157de91489c3b6f P 9c9dab44bb3e4dc79112c4a9da0d0050 [term 0 FOLLOWER]: Advancing to term 1
I20260709 13:17:13.649574 14762 consensus_queue.cc:1048] T 19c04bcb8a1f4f70840c3a8938330bdd P 172f68d7e1814326b2a1076807ef88a8 [LEADER]: Connected to new peer: Peer: permanent_uuid: "69739ec1504d47e8b1fafcb81a6b226f" member_type: VOTER last_known_addr { host: "127.14.22.193" port: 42919 }, Status: LMP_MISMATCH, Last received: 0.0, Next index: 1, Last known committed idx: 0, Time since last communication: 0.000s
I20260709 13:17:13.653927 14560 raft_consensus.cc:2468] T 4096e254f78345eba157de91489c3b6f P 69739ec1504d47e8b1fafcb81a6b226f [term 1 FOLLOWER]: Leader election vote request: Granting yes vote for candidate 172f68d7e1814326b2a1076807ef88a8 in term 1.
I20260709 13:17:13.654408 14710 raft_consensus.cc:2468] T 4096e254f78345eba157de91489c3b6f P 9c9dab44bb3e4dc79112c4a9da0d0050 [term 1 FOLLOWER]: Leader election vote request: Granting yes vote for candidate 172f68d7e1814326b2a1076807ef88a8 in term 1.
I20260709 13:17:13.655215 14601 leader_election.cc:304] T 4096e254f78345eba157de91489c3b6f P 172f68d7e1814326b2a1076807ef88a8 [CANDIDATE]: Term 1 election: Election decided. Result: candidate won. Election summary: received 2 responses out of 3 voters: 2 yes votes; 0 no votes. yes voters: 172f68d7e1814326b2a1076807ef88a8, 69739ec1504d47e8b1fafcb81a6b226f; no voters: 
I20260709 13:17:13.657320 14762 raft_consensus.cc:2804] T 4096e254f78345eba157de91489c3b6f P 172f68d7e1814326b2a1076807ef88a8 [term 1 FOLLOWER]: Leader election won for term 1
I20260709 13:17:13.657845 14762 raft_consensus.cc:697] T 4096e254f78345eba157de91489c3b6f P 172f68d7e1814326b2a1076807ef88a8 [term 1 LEADER]: Becoming Leader. State: Replica: 172f68d7e1814326b2a1076807ef88a8, State: Running, Role: LEADER
I20260709 13:17:13.658634 14762 consensus_queue.cc:237] T 4096e254f78345eba157de91489c3b6f P 172f68d7e1814326b2a1076807ef88a8 [LEADER]: Queue going to LEADER mode. State: All replicated index: 0, Majority replicated index: 0, Committed index: 0, Last appended: 0.0, Last appended by leader: 0, Current term: 1, Majority size: 2, State: 0, Mode: LEADER, active raft config: opid_index: -1 OBSOLETE_local: false peers { permanent_uuid: "69739ec1504d47e8b1fafcb81a6b226f" member_type: VOTER last_known_addr { host: "127.14.22.193" port: 42919 } } peers { permanent_uuid: "172f68d7e1814326b2a1076807ef88a8" member_type: VOTER last_known_addr { host: "127.14.22.194" port: 41673 } } peers { permanent_uuid: "9c9dab44bb3e4dc79112c4a9da0d0050" member_type: VOTER last_known_addr { host: "127.14.22.195" port: 44187 } }
I20260709 13:17:13.665792 14762 consensus_queue.cc:1048] T 19c04bcb8a1f4f70840c3a8938330bdd P 172f68d7e1814326b2a1076807ef88a8 [LEADER]: Connected to new peer: Peer: permanent_uuid: "9c9dab44bb3e4dc79112c4a9da0d0050" member_type: VOTER last_known_addr { host: "127.14.22.195" port: 44187 }, Status: LMP_MISMATCH, Last received: 0.0, Next index: 1, Last known committed idx: 0, Time since last communication: 0.000s
I20260709 13:17:13.672802 14457 catalog_manager.cc:5697] T 4096e254f78345eba157de91489c3b6f P 172f68d7e1814326b2a1076807ef88a8 reported cstate change: term changed from 0 to 1, leader changed from <none> to 172f68d7e1814326b2a1076807ef88a8 (127.14.22.194). New cstate: current_term: 1 leader_uuid: "172f68d7e1814326b2a1076807ef88a8" committed_config { opid_index: -1 OBSOLETE_local: false peers { permanent_uuid: "69739ec1504d47e8b1fafcb81a6b226f" member_type: VOTER last_known_addr { host: "127.14.22.193" port: 42919 } health_report { overall_health: UNKNOWN } } peers { permanent_uuid: "172f68d7e1814326b2a1076807ef88a8" member_type: VOTER last_known_addr { host: "127.14.22.194" port: 41673 } health_report { overall_health: HEALTHY } } peers { permanent_uuid: "9c9dab44bb3e4dc79112c4a9da0d0050" member_type: VOTER last_known_addr { host: "127.14.22.195" port: 44187 } health_report { overall_health: UNKNOWN } } }
I20260709 13:17:13.686789 14777 consensus_queue.cc:1048] T 0eb8b035aefb46dda8aa87ba3f6b57f8 P 9c9dab44bb3e4dc79112c4a9da0d0050 [LEADER]: Connected to new peer: Peer: permanent_uuid: "69739ec1504d47e8b1fafcb81a6b226f" member_type: VOTER last_known_addr { host: "127.14.22.193" port: 42919 }, Status: LMP_MISMATCH, Last received: 0.0, Next index: 1, Last known committed idx: 0, Time since last communication: 0.000s
I20260709 13:17:13.700263 14637 raft_consensus.cc:3060] T 0eb8b035aefb46dda8aa87ba3f6b57f8 P 172f68d7e1814326b2a1076807ef88a8 [term 0 FOLLOWER]: Advancing to term 1
I20260709 13:17:13.709524 14763 consensus_queue.cc:1048] T 0eb8b035aefb46dda8aa87ba3f6b57f8 P 9c9dab44bb3e4dc79112c4a9da0d0050 [LEADER]: Connected to new peer: Peer: permanent_uuid: "172f68d7e1814326b2a1076807ef88a8" member_type: VOTER last_known_addr { host: "127.14.22.194" port: 41673 }, Status: LMP_MISMATCH, Last received: 0.0, Next index: 1, Last known committed idx: 0, Time since last communication: 0.000s
I20260709 13:17:13.761005 14762 consensus_queue.cc:1048] T a9837e60046948f0b90aa645dda1c6cb P 172f68d7e1814326b2a1076807ef88a8 [LEADER]: Connected to new peer: Peer: permanent_uuid: "69739ec1504d47e8b1fafcb81a6b226f" member_type: VOTER last_known_addr { host: "127.14.22.193" port: 42919 }, Status: LMP_MISMATCH, Last received: 0.0, Next index: 1, Last known committed idx: 0, Time since last communication: 0.000s
I20260709 13:17:13.773789 14822 consensus_queue.cc:1048] T a9837e60046948f0b90aa645dda1c6cb P 172f68d7e1814326b2a1076807ef88a8 [LEADER]: Connected to new peer: Peer: permanent_uuid: "9c9dab44bb3e4dc79112c4a9da0d0050" member_type: VOTER last_known_addr { host: "127.14.22.195" port: 44187 }, Status: LMP_MISMATCH, Last received: 0.0, Next index: 1, Last known committed idx: 0, Time since last communication: 0.001s
I20260709 13:17:13.801168 14763 raft_consensus.cc:493] T 4cb7fb803f914cd0a002e3677c1b5ead P 9c9dab44bb3e4dc79112c4a9da0d0050 [term 0 FOLLOWER]: Starting pre-election (no leader contacted us within the election timeout)
I20260709 13:17:13.801730 14763 raft_consensus.cc:515] T 4cb7fb803f914cd0a002e3677c1b5ead P 9c9dab44bb3e4dc79112c4a9da0d0050 [term 0 FOLLOWER]: Starting pre-election with config: opid_index: -1 OBSOLETE_local: false peers { permanent_uuid: "69739ec1504d47e8b1fafcb81a6b226f" member_type: VOTER last_known_addr { host: "127.14.22.193" port: 42919 } } peers { permanent_uuid: "172f68d7e1814326b2a1076807ef88a8" member_type: VOTER last_known_addr { host: "127.14.22.194" port: 41673 } } peers { permanent_uuid: "9c9dab44bb3e4dc79112c4a9da0d0050" member_type: VOTER last_known_addr { host: "127.14.22.195" port: 44187 } }
I20260709 13:17:13.804040 14763 leader_election.cc:290] T 4cb7fb803f914cd0a002e3677c1b5ead P 9c9dab44bb3e4dc79112c4a9da0d0050 [CANDIDATE]: Term 1 pre-election: Requested pre-vote from peers 69739ec1504d47e8b1fafcb81a6b226f (127.14.22.193:42919), 172f68d7e1814326b2a1076807ef88a8 (127.14.22.194:41673)
I20260709 13:17:13.804699 14562 tablet_service.cc:1917] Received RequestConsensusVote() RPC: tablet_id: "4cb7fb803f914cd0a002e3677c1b5ead" candidate_uuid: "9c9dab44bb3e4dc79112c4a9da0d0050" candidate_term: 1 candidate_status { last_received { term: 0 index: 0 } } ignore_live_leader: false dest_uuid: "69739ec1504d47e8b1fafcb81a6b226f" is_pre_election: true
I20260709 13:17:13.805313 14637 tablet_service.cc:1917] Received RequestConsensusVote() RPC: tablet_id: "4cb7fb803f914cd0a002e3677c1b5ead" candidate_uuid: "9c9dab44bb3e4dc79112c4a9da0d0050" candidate_term: 1 candidate_status { last_received { term: 0 index: 0 } } ignore_live_leader: false dest_uuid: "172f68d7e1814326b2a1076807ef88a8" is_pre_election: true
I20260709 13:17:13.805915 14562 raft_consensus.cc:2393] T 4cb7fb803f914cd0a002e3677c1b5ead P 69739ec1504d47e8b1fafcb81a6b226f [term 1 FOLLOWER]: Leader pre-election vote request: Denying vote to candidate 9c9dab44bb3e4dc79112c4a9da0d0050 in current term 1: Already voted for candidate 172f68d7e1814326b2a1076807ef88a8 in this term.
I20260709 13:17:13.807248 14675 leader_election.cc:304] T 4cb7fb803f914cd0a002e3677c1b5ead P 9c9dab44bb3e4dc79112c4a9da0d0050 [CANDIDATE]: Term 1 pre-election: Election decided. Result: candidate lost. Election summary: received 3 responses out of 3 voters: 1 yes votes; 2 no votes. yes voters: 9c9dab44bb3e4dc79112c4a9da0d0050; no voters: 172f68d7e1814326b2a1076807ef88a8, 69739ec1504d47e8b1fafcb81a6b226f
I20260709 13:17:13.808050 14763 raft_consensus.cc:3060] T 4cb7fb803f914cd0a002e3677c1b5ead P 9c9dab44bb3e4dc79112c4a9da0d0050 [term 0 FOLLOWER]: Advancing to term 1
I20260709 13:17:13.815445 14763 raft_consensus.cc:2749] T 4cb7fb803f914cd0a002e3677c1b5ead P 9c9dab44bb3e4dc79112c4a9da0d0050 [term 1 FOLLOWER]: Leader pre-election lost for term 1. Reason: could not achieve majority
I20260709 13:17:13.829458 14710 tablet_service.cc:2072] Received LeaderStepDown RPC: tablet_id: "c1701832ded44059b46dd9661418d2bb"
dest_uuid: "9c9dab44bb3e4dc79112c4a9da0d0050"
mode: GRACEFUL
new_leader_uuid: "69739ec1504d47e8b1fafcb81a6b226f"
 from {username='slave'} at 127.0.0.1:56824
I20260709 13:17:13.830231 14710 raft_consensus.cc:606] T c1701832ded44059b46dd9661418d2bb P 9c9dab44bb3e4dc79112c4a9da0d0050 [term 1 LEADER]: Received request to transfer leadership to TS 69739ec1504d47e8b1fafcb81a6b226f
I20260709 13:17:13.835701 14710 tablet_service.cc:2072] Received LeaderStepDown RPC: tablet_id: "3f6ed81755f9454cbc973d3919a550cd"
dest_uuid: "9c9dab44bb3e4dc79112c4a9da0d0050"
mode: GRACEFUL
new_leader_uuid: "69739ec1504d47e8b1fafcb81a6b226f"
 from {username='slave'} at 127.0.0.1:56824
I20260709 13:17:13.836226 14710 raft_consensus.cc:606] T 3f6ed81755f9454cbc973d3919a550cd P 9c9dab44bb3e4dc79112c4a9da0d0050 [term 1 LEADER]: Received request to transfer leadership to TS 69739ec1504d47e8b1fafcb81a6b226f
I20260709 13:17:13.842221 14710 tablet_service.cc:2072] Received LeaderStepDown RPC: tablet_id: "d2f43d1d8e3c426d9e9eb3eb017a6835"
dest_uuid: "9c9dab44bb3e4dc79112c4a9da0d0050"
mode: GRACEFUL
new_leader_uuid: "69739ec1504d47e8b1fafcb81a6b226f"
 from {username='slave'} at 127.0.0.1:56824
I20260709 13:17:13.842737 14710 raft_consensus.cc:606] T d2f43d1d8e3c426d9e9eb3eb017a6835 P 9c9dab44bb3e4dc79112c4a9da0d0050 [term 1 LEADER]: Received request to transfer leadership to TS 69739ec1504d47e8b1fafcb81a6b226f
I20260709 13:17:13.857766 14637 tablet_service.cc:2072] Received LeaderStepDown RPC: tablet_id: "4cb7fb803f914cd0a002e3677c1b5ead"
dest_uuid: "172f68d7e1814326b2a1076807ef88a8"
mode: GRACEFUL
new_leader_uuid: "69739ec1504d47e8b1fafcb81a6b226f"
 from {username='slave'} at 127.0.0.1:38836
I20260709 13:17:13.858548 14637 raft_consensus.cc:606] T 4cb7fb803f914cd0a002e3677c1b5ead P 172f68d7e1814326b2a1076807ef88a8 [term 1 LEADER]: Received request to transfer leadership to TS 69739ec1504d47e8b1fafcb81a6b226f
I20260709 13:17:13.867506 14710 tablet_service.cc:2072] Received LeaderStepDown RPC: tablet_id: "0eb8b035aefb46dda8aa87ba3f6b57f8"
dest_uuid: "9c9dab44bb3e4dc79112c4a9da0d0050"
mode: GRACEFUL
new_leader_uuid: "172f68d7e1814326b2a1076807ef88a8"
 from {username='slave'} at 127.0.0.1:56824
I20260709 13:17:13.868064 14710 raft_consensus.cc:606] T 0eb8b035aefb46dda8aa87ba3f6b57f8 P 9c9dab44bb3e4dc79112c4a9da0d0050 [term 1 LEADER]: Received request to transfer leadership to TS 172f68d7e1814326b2a1076807ef88a8
I20260709 13:17:13.880125 14637 tablet_service.cc:2072] Received LeaderStepDown RPC: tablet_id: "4096e254f78345eba157de91489c3b6f"
dest_uuid: "172f68d7e1814326b2a1076807ef88a8"
mode: GRACEFUL
new_leader_uuid: "9c9dab44bb3e4dc79112c4a9da0d0050"
 from {username='slave'} at 127.0.0.1:38836
I20260709 13:17:13.880820 14637 raft_consensus.cc:606] T 4096e254f78345eba157de91489c3b6f P 172f68d7e1814326b2a1076807ef88a8 [term 1 LEADER]: Received request to transfer leadership to TS 9c9dab44bb3e4dc79112c4a9da0d0050
I20260709 13:17:13.886819 14822 consensus_queue.cc:1048] T b1ec0a9a0203465b8cd63cf1a7de3b7c P 172f68d7e1814326b2a1076807ef88a8 [LEADER]: Connected to new peer: Peer: permanent_uuid: "9c9dab44bb3e4dc79112c4a9da0d0050" member_type: VOTER last_known_addr { host: "127.14.22.195" port: 44187 }, Status: LMP_MISMATCH, Last received: 0.0, Next index: 1, Last known committed idx: 0, Time since last communication: 0.000s
I20260709 13:17:13.897899 14822 consensus_queue.cc:1048] T b1ec0a9a0203465b8cd63cf1a7de3b7c P 172f68d7e1814326b2a1076807ef88a8 [LEADER]: Connected to new peer: Peer: permanent_uuid: "69739ec1504d47e8b1fafcb81a6b226f" member_type: VOTER last_known_addr { host: "127.14.22.193" port: 42919 }, Status: LMP_MISMATCH, Last received: 0.0, Next index: 1, Last known committed idx: 0, Time since last communication: 0.000s
I20260709 13:17:13.904896 14822 consensus_queue.cc:1048] T 4cb7fb803f914cd0a002e3677c1b5ead P 172f68d7e1814326b2a1076807ef88a8 [LEADER]: Connected to new peer: Peer: permanent_uuid: "69739ec1504d47e8b1fafcb81a6b226f" member_type: VOTER last_known_addr { host: "127.14.22.193" port: 42919 }, Status: LMP_MISMATCH, Last received: 0.0, Next index: 1, Last known committed idx: 0, Time since last communication: 0.000s
I20260709 13:17:13.916939 14791 raft_consensus.cc:993] T 4cb7fb803f914cd0a002e3677c1b5ead P 172f68d7e1814326b2a1076807ef88a8: : Instructing follower 69739ec1504d47e8b1fafcb81a6b226f to start an election
I20260709 13:17:13.917501 14791 raft_consensus.cc:1081] T 4cb7fb803f914cd0a002e3677c1b5ead P 172f68d7e1814326b2a1076807ef88a8 [term 1 LEADER]: Signalling peer 69739ec1504d47e8b1fafcb81a6b226f to start an election
I20260709 13:17:13.923733 14560 tablet_service.cc:2044] Received Run Leader Election RPC: tablet_id: "4cb7fb803f914cd0a002e3677c1b5ead"
dest_uuid: "69739ec1504d47e8b1fafcb81a6b226f"
 from {username='slave'} at 127.0.0.1:34662
I20260709 13:17:13.924347 14560 raft_consensus.cc:493] T 4cb7fb803f914cd0a002e3677c1b5ead P 69739ec1504d47e8b1fafcb81a6b226f [term 1 FOLLOWER]: Starting forced leader election (received explicit request)
I20260709 13:17:13.924729 14560 raft_consensus.cc:3060] T 4cb7fb803f914cd0a002e3677c1b5ead P 69739ec1504d47e8b1fafcb81a6b226f [term 1 FOLLOWER]: Advancing to term 2
I20260709 13:17:13.925393 14791 consensus_queue.cc:1048] T 4cb7fb803f914cd0a002e3677c1b5ead P 172f68d7e1814326b2a1076807ef88a8 [LEADER]: Connected to new peer: Peer: permanent_uuid: "9c9dab44bb3e4dc79112c4a9da0d0050" member_type: VOTER last_known_addr { host: "127.14.22.195" port: 44187 }, Status: LMP_MISMATCH, Last received: 0.0, Next index: 1, Last known committed idx: 0, Time since last communication: 0.000s
I20260709 13:17:13.933046 14560 raft_consensus.cc:515] T 4cb7fb803f914cd0a002e3677c1b5ead P 69739ec1504d47e8b1fafcb81a6b226f [term 2 FOLLOWER]: Starting forced leader election with config: opid_index: -1 OBSOLETE_local: false peers { permanent_uuid: "69739ec1504d47e8b1fafcb81a6b226f" member_type: VOTER last_known_addr { host: "127.14.22.193" port: 42919 } } peers { permanent_uuid: "172f68d7e1814326b2a1076807ef88a8" member_type: VOTER last_known_addr { host: "127.14.22.194" port: 41673 } } peers { permanent_uuid: "9c9dab44bb3e4dc79112c4a9da0d0050" member_type: VOTER last_known_addr { host: "127.14.22.195" port: 44187 } }
I20260709 13:17:13.934764 14562 raft_consensus.cc:1240] T 4cb7fb803f914cd0a002e3677c1b5ead P 69739ec1504d47e8b1fafcb81a6b226f [term 2 FOLLOWER]: Rejecting Update request from peer 172f68d7e1814326b2a1076807ef88a8 for earlier term 1. Current term is 2. Ops: []
I20260709 13:17:13.939311 14560 leader_election.cc:290] T 4cb7fb803f914cd0a002e3677c1b5ead P 69739ec1504d47e8b1fafcb81a6b226f [CANDIDATE]: Term 2 election: Requested vote from peers 172f68d7e1814326b2a1076807ef88a8 (127.14.22.194:41673), 9c9dab44bb3e4dc79112c4a9da0d0050 (127.14.22.195:44187)
I20260709 13:17:13.939489 14637 tablet_service.cc:1917] Received RequestConsensusVote() RPC: tablet_id: "4cb7fb803f914cd0a002e3677c1b5ead" candidate_uuid: "69739ec1504d47e8b1fafcb81a6b226f" candidate_term: 2 candidate_status { last_received { term: 1 index: 1 } } ignore_live_leader: true dest_uuid: "172f68d7e1814326b2a1076807ef88a8"
I20260709 13:17:13.940183 14637 raft_consensus.cc:3055] T 4cb7fb803f914cd0a002e3677c1b5ead P 172f68d7e1814326b2a1076807ef88a8 [term 1 LEADER]: Stepping down as leader of term 1
I20260709 13:17:13.940552 14711 tablet_service.cc:1917] Received RequestConsensusVote() RPC: tablet_id: "4cb7fb803f914cd0a002e3677c1b5ead" candidate_uuid: "69739ec1504d47e8b1fafcb81a6b226f" candidate_term: 2 candidate_status { last_received { term: 1 index: 1 } } ignore_live_leader: true dest_uuid: "9c9dab44bb3e4dc79112c4a9da0d0050"
I20260709 13:17:13.940678 14637 raft_consensus.cc:740] T 4cb7fb803f914cd0a002e3677c1b5ead P 172f68d7e1814326b2a1076807ef88a8 [term 1 LEADER]: Becoming Follower/Learner. State: Replica: 172f68d7e1814326b2a1076807ef88a8, State: Running, Role: LEADER
I20260709 13:17:13.941942 14637 consensus_queue.cc:260] T 4cb7fb803f914cd0a002e3677c1b5ead P 172f68d7e1814326b2a1076807ef88a8 [NON_LEADER]: Queue going to NON_LEADER mode. State: All replicated index: 0, Majority replicated index: 1, Committed index: 1, Last appended: 1.1, Last appended by leader: 1, Current term: 1, Majority size: -1, State: 0, Mode: NON_LEADER, active raft config: opid_index: -1 OBSOLETE_local: false peers { permanent_uuid: "69739ec1504d47e8b1fafcb81a6b226f" member_type: VOTER last_known_addr { host: "127.14.22.193" port: 42919 } } peers { permanent_uuid: "172f68d7e1814326b2a1076807ef88a8" member_type: VOTER last_known_addr { host: "127.14.22.194" port: 41673 } } peers { permanent_uuid: "9c9dab44bb3e4dc79112c4a9da0d0050" member_type: VOTER last_known_addr { host: "127.14.22.195" port: 44187 } }
I20260709 13:17:13.944422 14791 consensus_queue.cc:1059] T 4cb7fb803f914cd0a002e3677c1b5ead P 172f68d7e1814326b2a1076807ef88a8 [NON_LEADER]: Peer responded invalid term: Peer: permanent_uuid: "69739ec1504d47e8b1fafcb81a6b226f" member_type: VOTER last_known_addr { host: "127.14.22.193" port: 42919 }, Status: INVALID_TERM, Last received: 1.1, Next index: 2, Last known committed idx: 0, Time since last communication: 0.001s
I20260709 13:17:13.947175 14637 raft_consensus.cc:3060] T 4cb7fb803f914cd0a002e3677c1b5ead P 172f68d7e1814326b2a1076807ef88a8 [term 1 FOLLOWER]: Advancing to term 2
I20260709 13:17:13.955482 14637 raft_consensus.cc:2468] T 4cb7fb803f914cd0a002e3677c1b5ead P 172f68d7e1814326b2a1076807ef88a8 [term 2 FOLLOWER]: Leader election vote request: Granting yes vote for candidate 69739ec1504d47e8b1fafcb81a6b226f in term 2.
I20260709 13:17:13.956691 14527 leader_election.cc:304] T 4cb7fb803f914cd0a002e3677c1b5ead P 69739ec1504d47e8b1fafcb81a6b226f [CANDIDATE]: Term 2 election: Election decided. Result: candidate won. Election summary: received 3 responses out of 3 voters: 2 yes votes; 1 no votes. yes voters: 172f68d7e1814326b2a1076807ef88a8, 69739ec1504d47e8b1fafcb81a6b226f; no voters: 9c9dab44bb3e4dc79112c4a9da0d0050
I20260709 13:17:13.957471 14760 raft_consensus.cc:2804] T 4cb7fb803f914cd0a002e3677c1b5ead P 69739ec1504d47e8b1fafcb81a6b226f [term 2 FOLLOWER]: Leader election won for term 2
I20260709 13:17:13.958681 14760 raft_consensus.cc:697] T 4cb7fb803f914cd0a002e3677c1b5ead P 69739ec1504d47e8b1fafcb81a6b226f [term 2 LEADER]: Becoming Leader. State: Replica: 69739ec1504d47e8b1fafcb81a6b226f, State: Running, Role: LEADER
I20260709 13:17:13.959825 14760 consensus_queue.cc:237] T 4cb7fb803f914cd0a002e3677c1b5ead P 69739ec1504d47e8b1fafcb81a6b226f [LEADER]: Queue going to LEADER mode. State: All replicated index: 0, Majority replicated index: 0, Committed index: 0, Last appended: 1.1, Last appended by leader: 1, Current term: 2, Majority size: 2, State: 0, Mode: LEADER, active raft config: opid_index: -1 OBSOLETE_local: false peers { permanent_uuid: "69739ec1504d47e8b1fafcb81a6b226f" member_type: VOTER last_known_addr { host: "127.14.22.193" port: 42919 } } peers { permanent_uuid: "172f68d7e1814326b2a1076807ef88a8" member_type: VOTER last_known_addr { host: "127.14.22.194" port: 41673 } } peers { permanent_uuid: "9c9dab44bb3e4dc79112c4a9da0d0050" member_type: VOTER last_known_addr { host: "127.14.22.195" port: 44187 } }
I20260709 13:17:13.966200 14763 consensus_queue.cc:1048] T c1701832ded44059b46dd9661418d2bb P 9c9dab44bb3e4dc79112c4a9da0d0050 [LEADER]: Connected to new peer: Peer: permanent_uuid: "172f68d7e1814326b2a1076807ef88a8" member_type: VOTER last_known_addr { host: "127.14.22.194" port: 41673 }, Status: LMP_MISMATCH, Last received: 0.0, Next index: 1, Last known committed idx: 0, Time since last communication: 0.000s
I20260709 13:17:13.967042 14459 catalog_manager.cc:5697] T 4cb7fb803f914cd0a002e3677c1b5ead P 69739ec1504d47e8b1fafcb81a6b226f reported cstate change: term changed from 1 to 2, leader changed from 172f68d7e1814326b2a1076807ef88a8 (127.14.22.194) to 69739ec1504d47e8b1fafcb81a6b226f (127.14.22.193). New cstate: current_term: 2 leader_uuid: "69739ec1504d47e8b1fafcb81a6b226f" committed_config { opid_index: -1 OBSOLETE_local: false peers { permanent_uuid: "69739ec1504d47e8b1fafcb81a6b226f" member_type: VOTER last_known_addr { host: "127.14.22.193" port: 42919 } health_report { overall_health: HEALTHY } } peers { permanent_uuid: "172f68d7e1814326b2a1076807ef88a8" member_type: VOTER last_known_addr { host: "127.14.22.194" port: 41673 } health_report { overall_health: UNKNOWN } } peers { permanent_uuid: "9c9dab44bb3e4dc79112c4a9da0d0050" member_type: VOTER last_known_addr { host: "127.14.22.195" port: 44187 } health_report { overall_health: UNKNOWN } } }
I20260709 13:17:13.981078 14777 consensus_queue.cc:1048] T c1701832ded44059b46dd9661418d2bb P 9c9dab44bb3e4dc79112c4a9da0d0050 [LEADER]: Connected to new peer: Peer: permanent_uuid: "69739ec1504d47e8b1fafcb81a6b226f" member_type: VOTER last_known_addr { host: "127.14.22.193" port: 42919 }, Status: LMP_MISMATCH, Last received: 0.0, Next index: 1, Last known committed idx: 0, Time since last communication: 0.001s
I20260709 13:17:13.992435 14776 raft_consensus.cc:993] T c1701832ded44059b46dd9661418d2bb P 9c9dab44bb3e4dc79112c4a9da0d0050: : Instructing follower 69739ec1504d47e8b1fafcb81a6b226f to start an election
I20260709 13:17:13.992985 14777 raft_consensus.cc:1081] T c1701832ded44059b46dd9661418d2bb P 9c9dab44bb3e4dc79112c4a9da0d0050 [term 1 LEADER]: Signalling peer 69739ec1504d47e8b1fafcb81a6b226f to start an election
I20260709 13:17:13.994029 14763 raft_consensus.cc:993] T d2f43d1d8e3c426d9e9eb3eb017a6835 P 9c9dab44bb3e4dc79112c4a9da0d0050: : Instructing follower 69739ec1504d47e8b1fafcb81a6b226f to start an election
I20260709 13:17:13.994500 14776 raft_consensus.cc:1081] T d2f43d1d8e3c426d9e9eb3eb017a6835 P 9c9dab44bb3e4dc79112c4a9da0d0050 [term 1 LEADER]: Signalling peer 69739ec1504d47e8b1fafcb81a6b226f to start an election
I20260709 13:17:13.996845 14562 tablet_service.cc:2044] Received Run Leader Election RPC: tablet_id: "c1701832ded44059b46dd9661418d2bb"
dest_uuid: "69739ec1504d47e8b1fafcb81a6b226f"
 from {username='slave'} at 127.0.0.1:34646
I20260709 13:17:13.997202 14560 tablet_service.cc:2044] Received Run Leader Election RPC: tablet_id: "d2f43d1d8e3c426d9e9eb3eb017a6835"
dest_uuid: "69739ec1504d47e8b1fafcb81a6b226f"
 from {username='slave'} at 127.0.0.1:34646
I20260709 13:17:13.997447 14562 raft_consensus.cc:493] T c1701832ded44059b46dd9661418d2bb P 69739ec1504d47e8b1fafcb81a6b226f [term 1 FOLLOWER]: Starting forced leader election (received explicit request)
I20260709 13:17:13.997725 14560 raft_consensus.cc:493] T d2f43d1d8e3c426d9e9eb3eb017a6835 P 69739ec1504d47e8b1fafcb81a6b226f [term 1 FOLLOWER]: Starting forced leader election (received explicit request)
I20260709 13:17:13.997843 14562 raft_consensus.cc:3060] T c1701832ded44059b46dd9661418d2bb P 69739ec1504d47e8b1fafcb81a6b226f [term 1 FOLLOWER]: Advancing to term 2
I20260709 13:17:13.998111 14560 raft_consensus.cc:3060] T d2f43d1d8e3c426d9e9eb3eb017a6835 P 69739ec1504d47e8b1fafcb81a6b226f [term 1 FOLLOWER]: Advancing to term 2
I20260709 13:17:14.005635 14562 raft_consensus.cc:515] T c1701832ded44059b46dd9661418d2bb P 69739ec1504d47e8b1fafcb81a6b226f [term 2 FOLLOWER]: Starting forced leader election with config: opid_index: -1 OBSOLETE_local: false peers { permanent_uuid: "69739ec1504d47e8b1fafcb81a6b226f" member_type: VOTER last_known_addr { host: "127.14.22.193" port: 42919 } } peers { permanent_uuid: "9c9dab44bb3e4dc79112c4a9da0d0050" member_type: VOTER last_known_addr { host: "127.14.22.195" port: 44187 } } peers { permanent_uuid: "172f68d7e1814326b2a1076807ef88a8" member_type: VOTER last_known_addr { host: "127.14.22.194" port: 41673 } }
I20260709 13:17:14.005635 14560 raft_consensus.cc:515] T d2f43d1d8e3c426d9e9eb3eb017a6835 P 69739ec1504d47e8b1fafcb81a6b226f [term 2 FOLLOWER]: Starting forced leader election with config: opid_index: -1 OBSOLETE_local: false peers { permanent_uuid: "69739ec1504d47e8b1fafcb81a6b226f" member_type: VOTER last_known_addr { host: "127.14.22.193" port: 42919 } } peers { permanent_uuid: "172f68d7e1814326b2a1076807ef88a8" member_type: VOTER last_known_addr { host: "127.14.22.194" port: 41673 } } peers { permanent_uuid: "9c9dab44bb3e4dc79112c4a9da0d0050" member_type: VOTER last_known_addr { host: "127.14.22.195" port: 44187 } }
I20260709 13:17:14.008244 14560 leader_election.cc:290] T d2f43d1d8e3c426d9e9eb3eb017a6835 P 69739ec1504d47e8b1fafcb81a6b226f [CANDIDATE]: Term 2 election: Requested vote from peers 172f68d7e1814326b2a1076807ef88a8 (127.14.22.194:41673), 9c9dab44bb3e4dc79112c4a9da0d0050 (127.14.22.195:44187)
I20260709 13:17:14.008445 14562 leader_election.cc:290] T c1701832ded44059b46dd9661418d2bb P 69739ec1504d47e8b1fafcb81a6b226f [CANDIDATE]: Term 2 election: Requested vote from peers 9c9dab44bb3e4dc79112c4a9da0d0050 (127.14.22.195:44187), 172f68d7e1814326b2a1076807ef88a8 (127.14.22.194:41673)
I20260709 13:17:14.008592 14710 tablet_service.cc:1917] Received RequestConsensusVote() RPC: tablet_id: "c1701832ded44059b46dd9661418d2bb" candidate_uuid: "69739ec1504d47e8b1fafcb81a6b226f" candidate_term: 2 candidate_status { last_received { term: 1 index: 1 } } ignore_live_leader: true dest_uuid: "9c9dab44bb3e4dc79112c4a9da0d0050"
I20260709 13:17:14.009197 14710 raft_consensus.cc:3055] T c1701832ded44059b46dd9661418d2bb P 9c9dab44bb3e4dc79112c4a9da0d0050 [term 1 LEADER]: Stepping down as leader of term 1
I20260709 13:17:14.009459 14710 raft_consensus.cc:740] T c1701832ded44059b46dd9661418d2bb P 9c9dab44bb3e4dc79112c4a9da0d0050 [term 1 LEADER]: Becoming Follower/Learner. State: Replica: 9c9dab44bb3e4dc79112c4a9da0d0050, State: Running, Role: LEADER
I20260709 13:17:14.010087 14710 consensus_queue.cc:260] T c1701832ded44059b46dd9661418d2bb P 9c9dab44bb3e4dc79112c4a9da0d0050 [NON_LEADER]: Queue going to NON_LEADER mode. State: All replicated index: 0, Majority replicated index: 1, Committed index: 1, Last appended: 1.1, Last appended by leader: 1, Current term: 1, Majority size: -1, State: 0, Mode: NON_LEADER, active raft config: opid_index: -1 OBSOLETE_local: false peers { permanent_uuid: "69739ec1504d47e8b1fafcb81a6b226f" member_type: VOTER last_known_addr { host: "127.14.22.193" port: 42919 } } peers { permanent_uuid: "9c9dab44bb3e4dc79112c4a9da0d0050" member_type: VOTER last_known_addr { host: "127.14.22.195" port: 44187 } } peers { permanent_uuid: "172f68d7e1814326b2a1076807ef88a8" member_type: VOTER last_known_addr { host: "127.14.22.194" port: 41673 } }
I20260709 13:17:14.010933 14710 raft_consensus.cc:3060] T c1701832ded44059b46dd9661418d2bb P 9c9dab44bb3e4dc79112c4a9da0d0050 [term 1 FOLLOWER]: Advancing to term 2
I20260709 13:17:14.015836 14637 tablet_service.cc:1917] Received RequestConsensusVote() RPC: tablet_id: "c1701832ded44059b46dd9661418d2bb" candidate_uuid: "69739ec1504d47e8b1fafcb81a6b226f" candidate_term: 2 candidate_status { last_received { term: 1 index: 1 } } ignore_live_leader: true dest_uuid: "172f68d7e1814326b2a1076807ef88a8"
I20260709 13:17:14.016570 14637 raft_consensus.cc:3060] T c1701832ded44059b46dd9661418d2bb P 172f68d7e1814326b2a1076807ef88a8 [term 1 FOLLOWER]: Advancing to term 2
I20260709 13:17:14.017002 14636 tablet_service.cc:1917] Received RequestConsensusVote() RPC: tablet_id: "d2f43d1d8e3c426d9e9eb3eb017a6835" candidate_uuid: "69739ec1504d47e8b1fafcb81a6b226f" candidate_term: 2 candidate_status { last_received { term: 1 index: 1 } } ignore_live_leader: true dest_uuid: "172f68d7e1814326b2a1076807ef88a8"
I20260709 13:17:14.017699 14636 raft_consensus.cc:3060] T d2f43d1d8e3c426d9e9eb3eb017a6835 P 172f68d7e1814326b2a1076807ef88a8 [term 1 FOLLOWER]: Advancing to term 2
I20260709 13:17:14.017129 14711 tablet_service.cc:1917] Received RequestConsensusVote() RPC: tablet_id: "d2f43d1d8e3c426d9e9eb3eb017a6835" candidate_uuid: "69739ec1504d47e8b1fafcb81a6b226f" candidate_term: 2 candidate_status { last_received { term: 1 index: 1 } } ignore_live_leader: true dest_uuid: "9c9dab44bb3e4dc79112c4a9da0d0050"
I20260709 13:17:14.020520 14711 raft_consensus.cc:3055] T d2f43d1d8e3c426d9e9eb3eb017a6835 P 9c9dab44bb3e4dc79112c4a9da0d0050 [term 1 LEADER]: Stepping down as leader of term 1
I20260709 13:17:14.020900 14711 raft_consensus.cc:740] T d2f43d1d8e3c426d9e9eb3eb017a6835 P 9c9dab44bb3e4dc79112c4a9da0d0050 [term 1 LEADER]: Becoming Follower/Learner. State: Replica: 9c9dab44bb3e4dc79112c4a9da0d0050, State: Running, Role: LEADER
I20260709 13:17:14.021994 14711 consensus_queue.cc:260] T d2f43d1d8e3c426d9e9eb3eb017a6835 P 9c9dab44bb3e4dc79112c4a9da0d0050 [NON_LEADER]: Queue going to NON_LEADER mode. State: All replicated index: 0, Majority replicated index: 1, Committed index: 1, Last appended: 1.1, Last appended by leader: 1, Current term: 1, Majority size: -1, State: 0, Mode: NON_LEADER, active raft config: opid_index: -1 OBSOLETE_local: false peers { permanent_uuid: "69739ec1504d47e8b1fafcb81a6b226f" member_type: VOTER last_known_addr { host: "127.14.22.193" port: 42919 } } peers { permanent_uuid: "172f68d7e1814326b2a1076807ef88a8" member_type: VOTER last_known_addr { host: "127.14.22.194" port: 41673 } } peers { permanent_uuid: "9c9dab44bb3e4dc79112c4a9da0d0050" member_type: VOTER last_known_addr { host: "127.14.22.195" port: 44187 } }
I20260709 13:17:14.023244 14711 raft_consensus.cc:3060] T d2f43d1d8e3c426d9e9eb3eb017a6835 P 9c9dab44bb3e4dc79112c4a9da0d0050 [term 1 FOLLOWER]: Advancing to term 2
I20260709 13:17:14.023939 14637 raft_consensus.cc:2468] T c1701832ded44059b46dd9661418d2bb P 172f68d7e1814326b2a1076807ef88a8 [term 2 FOLLOWER]: Leader election vote request: Granting yes vote for candidate 69739ec1504d47e8b1fafcb81a6b226f in term 2.
I20260709 13:17:14.025315 14527 leader_election.cc:304] T c1701832ded44059b46dd9661418d2bb P 69739ec1504d47e8b1fafcb81a6b226f [CANDIDATE]: Term 2 election: Election decided. Result: candidate won. Election summary: received 2 responses out of 3 voters: 2 yes votes; 0 no votes. yes voters: 172f68d7e1814326b2a1076807ef88a8, 69739ec1504d47e8b1fafcb81a6b226f; no voters: 
I20260709 13:17:14.027897 14710 raft_consensus.cc:2468] T c1701832ded44059b46dd9661418d2bb P 9c9dab44bb3e4dc79112c4a9da0d0050 [term 2 FOLLOWER]: Leader election vote request: Granting yes vote for candidate 69739ec1504d47e8b1fafcb81a6b226f in term 2.
I20260709 13:17:14.029175 14760 raft_consensus.cc:2804] T c1701832ded44059b46dd9661418d2bb P 69739ec1504d47e8b1fafcb81a6b226f [term 2 FOLLOWER]: Leader election won for term 2
I20260709 13:17:14.026100 14636 raft_consensus.cc:2468] T d2f43d1d8e3c426d9e9eb3eb017a6835 P 172f68d7e1814326b2a1076807ef88a8 [term 2 FOLLOWER]: Leader election vote request: Granting yes vote for candidate 69739ec1504d47e8b1fafcb81a6b226f in term 2.
I20260709 13:17:14.030040 14760 raft_consensus.cc:697] T c1701832ded44059b46dd9661418d2bb P 69739ec1504d47e8b1fafcb81a6b226f [term 2 LEADER]: Becoming Leader. State: Replica: 69739ec1504d47e8b1fafcb81a6b226f, State: Running, Role: LEADER
I20260709 13:17:14.031427 14527 leader_election.cc:304] T d2f43d1d8e3c426d9e9eb3eb017a6835 P 69739ec1504d47e8b1fafcb81a6b226f [CANDIDATE]: Term 2 election: Election decided. Result: candidate won. Election summary: received 2 responses out of 3 voters: 2 yes votes; 0 no votes. yes voters: 172f68d7e1814326b2a1076807ef88a8, 69739ec1504d47e8b1fafcb81a6b226f; no voters: 
I20260709 13:17:14.032286 14831 raft_consensus.cc:2804] T d2f43d1d8e3c426d9e9eb3eb017a6835 P 69739ec1504d47e8b1fafcb81a6b226f [term 2 FOLLOWER]: Leader election won for term 2
I20260709 13:17:14.033216 14776 raft_consensus.cc:993] T 3f6ed81755f9454cbc973d3919a550cd P 9c9dab44bb3e4dc79112c4a9da0d0050: : Instructing follower 69739ec1504d47e8b1fafcb81a6b226f to start an election
I20260709 13:17:14.031186 14760 consensus_queue.cc:237] T c1701832ded44059b46dd9661418d2bb P 69739ec1504d47e8b1fafcb81a6b226f [LEADER]: Queue going to LEADER mode. State: All replicated index: 0, Majority replicated index: 1, Committed index: 1, Last appended: 1.1, Last appended by leader: 1, Current term: 2, Majority size: 2, State: 0, Mode: LEADER, active raft config: opid_index: -1 OBSOLETE_local: false peers { permanent_uuid: "69739ec1504d47e8b1fafcb81a6b226f" member_type: VOTER last_known_addr { host: "127.14.22.193" port: 42919 } } peers { permanent_uuid: "9c9dab44bb3e4dc79112c4a9da0d0050" member_type: VOTER last_known_addr { host: "127.14.22.195" port: 44187 } } peers { permanent_uuid: "172f68d7e1814326b2a1076807ef88a8" member_type: VOTER last_known_addr { host: "127.14.22.194" port: 41673 } }
I20260709 13:17:14.032742 14711 raft_consensus.cc:2468] T d2f43d1d8e3c426d9e9eb3eb017a6835 P 9c9dab44bb3e4dc79112c4a9da0d0050 [term 2 FOLLOWER]: Leader election vote request: Granting yes vote for candidate 69739ec1504d47e8b1fafcb81a6b226f in term 2.
I20260709 13:17:14.034070 14777 raft_consensus.cc:1081] T 3f6ed81755f9454cbc973d3919a550cd P 9c9dab44bb3e4dc79112c4a9da0d0050 [term 1 LEADER]: Signalling peer 69739ec1504d47e8b1fafcb81a6b226f to start an election
I20260709 13:17:14.040027 14562 tablet_service.cc:2044] Received Run Leader Election RPC: tablet_id: "3f6ed81755f9454cbc973d3919a550cd"
dest_uuid: "69739ec1504d47e8b1fafcb81a6b226f"
 from {username='slave'} at 127.0.0.1:34646
I20260709 13:17:14.040617 14562 raft_consensus.cc:493] T 3f6ed81755f9454cbc973d3919a550cd P 69739ec1504d47e8b1fafcb81a6b226f [term 1 FOLLOWER]: Starting forced leader election (received explicit request)
I20260709 13:17:14.041008 14562 raft_consensus.cc:3060] T 3f6ed81755f9454cbc973d3919a550cd P 69739ec1504d47e8b1fafcb81a6b226f [term 1 FOLLOWER]: Advancing to term 2
I20260709 13:17:14.041500 14831 raft_consensus.cc:697] T d2f43d1d8e3c426d9e9eb3eb017a6835 P 69739ec1504d47e8b1fafcb81a6b226f [term 2 LEADER]: Becoming Leader. State: Replica: 69739ec1504d47e8b1fafcb81a6b226f, State: Running, Role: LEADER
I20260709 13:17:14.042562 14459 catalog_manager.cc:5697] T c1701832ded44059b46dd9661418d2bb P 69739ec1504d47e8b1fafcb81a6b226f reported cstate change: term changed from 1 to 2, leader changed from 9c9dab44bb3e4dc79112c4a9da0d0050 (127.14.22.195) to 69739ec1504d47e8b1fafcb81a6b226f (127.14.22.193). New cstate: current_term: 2 leader_uuid: "69739ec1504d47e8b1fafcb81a6b226f" committed_config { opid_index: -1 OBSOLETE_local: false peers { permanent_uuid: "69739ec1504d47e8b1fafcb81a6b226f" member_type: VOTER last_known_addr { host: "127.14.22.193" port: 42919 } health_report { overall_health: HEALTHY } } peers { permanent_uuid: "9c9dab44bb3e4dc79112c4a9da0d0050" member_type: VOTER last_known_addr { host: "127.14.22.195" port: 44187 } health_report { overall_health: UNKNOWN } } peers { permanent_uuid: "172f68d7e1814326b2a1076807ef88a8" member_type: VOTER last_known_addr { host: "127.14.22.194" port: 41673 } health_report { overall_health: UNKNOWN } } }
I20260709 13:17:14.042448 14831 consensus_queue.cc:237] T d2f43d1d8e3c426d9e9eb3eb017a6835 P 69739ec1504d47e8b1fafcb81a6b226f [LEADER]: Queue going to LEADER mode. State: All replicated index: 0, Majority replicated index: 1, Committed index: 1, Last appended: 1.1, Last appended by leader: 1, Current term: 2, Majority size: 2, State: 0, Mode: LEADER, active raft config: opid_index: -1 OBSOLETE_local: false peers { permanent_uuid: "69739ec1504d47e8b1fafcb81a6b226f" member_type: VOTER last_known_addr { host: "127.14.22.193" port: 42919 } } peers { permanent_uuid: "172f68d7e1814326b2a1076807ef88a8" member_type: VOTER last_known_addr { host: "127.14.22.194" port: 41673 } } peers { permanent_uuid: "9c9dab44bb3e4dc79112c4a9da0d0050" member_type: VOTER last_known_addr { host: "127.14.22.195" port: 44187 } }
I20260709 13:17:14.047027 14762 consensus_queue.cc:1048] T 4096e254f78345eba157de91489c3b6f P 172f68d7e1814326b2a1076807ef88a8 [LEADER]: Connected to new peer: Peer: permanent_uuid: "9c9dab44bb3e4dc79112c4a9da0d0050" member_type: VOTER last_known_addr { host: "127.14.22.195" port: 44187 }, Status: LMP_MISMATCH, Last received: 0.0, Next index: 1, Last known committed idx: 0, Time since last communication: 0.000s
I20260709 13:17:14.054454 14562 raft_consensus.cc:515] T 3f6ed81755f9454cbc973d3919a550cd P 69739ec1504d47e8b1fafcb81a6b226f [term 2 FOLLOWER]: Starting forced leader election with config: opid_index: -1 OBSOLETE_local: false peers { permanent_uuid: "69739ec1504d47e8b1fafcb81a6b226f" member_type: VOTER last_known_addr { host: "127.14.22.193" port: 42919 } } peers { permanent_uuid: "172f68d7e1814326b2a1076807ef88a8" member_type: VOTER last_known_addr { host: "127.14.22.194" port: 41673 } } peers { permanent_uuid: "9c9dab44bb3e4dc79112c4a9da0d0050" member_type: VOTER last_known_addr { host: "127.14.22.195" port: 44187 } }
I20260709 13:17:14.056968 14562 leader_election.cc:290] T 3f6ed81755f9454cbc973d3919a550cd P 69739ec1504d47e8b1fafcb81a6b226f [CANDIDATE]: Term 2 election: Requested vote from peers 172f68d7e1814326b2a1076807ef88a8 (127.14.22.194:41673), 9c9dab44bb3e4dc79112c4a9da0d0050 (127.14.22.195:44187)
