I20260709 13:17:37.956147 15714 raft_consensus.cc:385] T 37b857e480264667bc3d17ae4509a74e P 4be0f8f010df4b028417aac82d46e245 [term 0 FOLLOWER]: Consensus starting up: Expiring failure detector timer to make a prompt election more likely
I20260709 13:17:37.956454 15714 raft_consensus.cc:740] T 37b857e480264667bc3d17ae4509a74e P 4be0f8f010df4b028417aac82d46e245 [term 0 FOLLOWER]: Becoming Follower/Learner. State: Replica: 4be0f8f010df4b028417aac82d46e245, State: Initialized, Role: FOLLOWER
I20260709 13:17:37.956490 15593 tablet_service.cc:1917] Received RequestConsensusVote() RPC: tablet_id: "eba1b442c35d4aec9a5f6db45b21044c" candidate_uuid: "076270c1f1b94c8db69acf247babcd08" candidate_term: 1 candidate_status { last_received { term: 0 index: 0 } } ignore_live_leader: false dest_uuid: "8180f2a712124fb4af699abdf8ab00ff" is_pre_election: true
I20260709 13:17:37.957301 15593 raft_consensus.cc:2393] T eba1b442c35d4aec9a5f6db45b21044c P 8180f2a712124fb4af699abdf8ab00ff [term 1 FOLLOWER]: Leader pre-election vote request: Denying vote to candidate 076270c1f1b94c8db69acf247babcd08 in current term 1: Already voted for candidate 4be0f8f010df4b028417aac82d46e245 in this term.
I20260709 13:17:37.957130 15714 consensus_queue.cc:260] T 37b857e480264667bc3d17ae4509a74e P 4be0f8f010df4b028417aac82d46e245 [NON_LEADER]: Queue going to NON_LEADER mode. State: All replicated index: 0, Majority replicated index: 0, Committed index: 0, Last appended: 0.0, Last appended by leader: 0, Current term: 0, Majority size: -1, State: 0, Mode: NON_LEADER, active raft config: opid_index: -1 OBSOLETE_local: false peers { permanent_uuid: "4be0f8f010df4b028417aac82d46e245" member_type: VOTER last_known_addr { host: "127.14.22.193" port: 40901 } } peers { permanent_uuid: "8180f2a712124fb4af699abdf8ab00ff" member_type: VOTER last_known_addr { host: "127.14.22.194" port: 33383 } } peers { permanent_uuid: "076270c1f1b94c8db69acf247babcd08" member_type: VOTER last_known_addr { host: "127.14.22.195" port: 35229 } }
I20260709 13:17:37.958369 15522 tablet_service.cc:1917] Received RequestConsensusVote() RPC: tablet_id: "eba1b442c35d4aec9a5f6db45b21044c" candidate_uuid: "076270c1f1b94c8db69acf247babcd08" candidate_term: 1 candidate_status { last_received { term: 0 index: 0 } } ignore_live_leader: false dest_uuid: "4be0f8f010df4b028417aac82d46e245" is_pre_election: true
I20260709 13:17:37.952852 15744 leader_election.cc:290] T 6c92839e170641edb972cd64f6a339d3 P 076270c1f1b94c8db69acf247babcd08 [CANDIDATE]: Term 1 pre-election: Requested pre-vote from peers 4be0f8f010df4b028417aac82d46e245 (127.14.22.193:40901), 8180f2a712124fb4af699abdf8ab00ff (127.14.22.194:33383)
I20260709 13:17:37.957587 15713 tablet_bootstrap.cc:492] T 1e397f6d5adb415db2a3a922c0e1bf8a P 076270c1f1b94c8db69acf247babcd08: No bootstrap required, opened a new log
I20260709 13:17:37.958103 15521 tablet_service.cc:1917] Received RequestConsensusVote() RPC: tablet_id: "6c92839e170641edb972cd64f6a339d3" candidate_uuid: "076270c1f1b94c8db69acf247babcd08" candidate_term: 1 candidate_status { last_received { term: 0 index: 0 } } ignore_live_leader: false dest_uuid: "4be0f8f010df4b028417aac82d46e245" is_pre_election: true
I20260709 13:17:37.959600 15713 ts_tablet_manager.cc:1403] T 1e397f6d5adb415db2a3a922c0e1bf8a P 076270c1f1b94c8db69acf247babcd08: Time spent bootstrapping tablet: real 0.047s	user 0.014s	sys 0.025s
I20260709 13:17:37.952776 15712 tablet_bootstrap.cc:492] T cc7c78f14e254f67a31b671713dc37a6 P 8180f2a712124fb4af699abdf8ab00ff: No bootstrap required, opened a new log
I20260709 13:17:37.958794 15595 raft_consensus.cc:2393] T 6c92839e170641edb972cd64f6a339d3 P 8180f2a712124fb4af699abdf8ab00ff [term 1 FOLLOWER]: Leader pre-election vote request: Denying vote to candidate 076270c1f1b94c8db69acf247babcd08 in current term 1: Already voted for candidate 4be0f8f010df4b028417aac82d46e245 in this term.
I20260709 13:17:37.960186 15712 ts_tablet_manager.cc:1403] T cc7c78f14e254f67a31b671713dc37a6 P 8180f2a712124fb4af699abdf8ab00ff: Time spent bootstrapping tablet: real 0.036s	user 0.014s	sys 0.001s
I20260709 13:17:37.960666 15714 ts_tablet_manager.cc:1434] T 37b857e480264667bc3d17ae4509a74e P 4be0f8f010df4b028417aac82d46e245: Time spent starting tablet: real 0.008s	user 0.006s	sys 0.000s
I20260709 13:17:37.961565 15824 raft_consensus.cc:493] T cc7c78f14e254f67a31b671713dc37a6 P 4be0f8f010df4b028417aac82d46e245 [term 0 FOLLOWER]: Starting pre-election (no leader contacted us within the election timeout)
I20260709 13:17:37.962090 15824 raft_consensus.cc:515] T cc7c78f14e254f67a31b671713dc37a6 P 4be0f8f010df4b028417aac82d46e245 [term 0 FOLLOWER]: Starting pre-election with config: opid_index: -1 OBSOLETE_local: false peers { permanent_uuid: "4be0f8f010df4b028417aac82d46e245" member_type: VOTER last_known_addr { host: "127.14.22.193" port: 40901 } } peers { permanent_uuid: "8180f2a712124fb4af699abdf8ab00ff" member_type: VOTER last_known_addr { host: "127.14.22.194" port: 33383 } } peers { permanent_uuid: "076270c1f1b94c8db69acf247babcd08" member_type: VOTER last_known_addr { host: "127.14.22.195" port: 35229 } }
I20260709 13:17:37.962767 15712 raft_consensus.cc:359] T cc7c78f14e254f67a31b671713dc37a6 P 8180f2a712124fb4af699abdf8ab00ff [term 0 FOLLOWER]: Replica starting. Triggering 0 pending ops. Active config: opid_index: -1 OBSOLETE_local: false peers { permanent_uuid: "4be0f8f010df4b028417aac82d46e245" member_type: VOTER last_known_addr { host: "127.14.22.193" port: 40901 } } peers { permanent_uuid: "8180f2a712124fb4af699abdf8ab00ff" member_type: VOTER last_known_addr { host: "127.14.22.194" port: 33383 } } peers { permanent_uuid: "076270c1f1b94c8db69acf247babcd08" member_type: VOTER last_known_addr { host: "127.14.22.195" port: 35229 } }
I20260709 13:17:37.963455 15712 raft_consensus.cc:385] T cc7c78f14e254f67a31b671713dc37a6 P 8180f2a712124fb4af699abdf8ab00ff [term 0 FOLLOWER]: Consensus starting up: Expiring failure detector timer to make a prompt election more likely
I20260709 13:17:37.963719 15712 raft_consensus.cc:740] T cc7c78f14e254f67a31b671713dc37a6 P 8180f2a712124fb4af699abdf8ab00ff [term 0 FOLLOWER]: Becoming Follower/Learner. State: Replica: 8180f2a712124fb4af699abdf8ab00ff, State: Initialized, Role: FOLLOWER
I20260709 13:17:37.963987 15713 raft_consensus.cc:359] T 1e397f6d5adb415db2a3a922c0e1bf8a P 076270c1f1b94c8db69acf247babcd08 [term 0 FOLLOWER]: Replica starting. Triggering 0 pending ops. Active config: opid_index: -1 OBSOLETE_local: false peers { permanent_uuid: "4be0f8f010df4b028417aac82d46e245" member_type: VOTER last_known_addr { host: "127.14.22.193" port: 40901 } } peers { permanent_uuid: "8180f2a712124fb4af699abdf8ab00ff" member_type: VOTER last_known_addr { host: "127.14.22.194" port: 33383 } } peers { permanent_uuid: "076270c1f1b94c8db69acf247babcd08" member_type: VOTER last_known_addr { host: "127.14.22.195" port: 35229 } }
I20260709 13:17:37.964694 15713 raft_consensus.cc:385] T 1e397f6d5adb415db2a3a922c0e1bf8a P 076270c1f1b94c8db69acf247babcd08 [term 0 FOLLOWER]: Consensus starting up: Expiring failure detector timer to make a prompt election more likely
I20260709 13:17:37.961580 15714 tablet_bootstrap.cc:492] T 043837f2b4a944d6ba7cc24753f97411 P 4be0f8f010df4b028417aac82d46e245: Bootstrap starting.
I20260709 13:17:37.965046 15713 raft_consensus.cc:740] T 1e397f6d5adb415db2a3a922c0e1bf8a P 076270c1f1b94c8db69acf247babcd08 [term 0 FOLLOWER]: Becoming Follower/Learner. State: Replica: 076270c1f1b94c8db69acf247babcd08, State: Initialized, Role: FOLLOWER
I20260709 13:17:37.964736 15712 consensus_queue.cc:260] T cc7c78f14e254f67a31b671713dc37a6 P 8180f2a712124fb4af699abdf8ab00ff [NON_LEADER]: Queue going to NON_LEADER mode. State: All replicated index: 0, Majority replicated index: 0, Committed index: 0, Last appended: 0.0, Last appended by leader: 0, Current term: 0, Majority size: -1, State: 0, Mode: NON_LEADER, active raft config: opid_index: -1 OBSOLETE_local: false peers { permanent_uuid: "4be0f8f010df4b028417aac82d46e245" member_type: VOTER last_known_addr { host: "127.14.22.193" port: 40901 } } peers { permanent_uuid: "8180f2a712124fb4af699abdf8ab00ff" member_type: VOTER last_known_addr { host: "127.14.22.194" port: 33383 } } peers { permanent_uuid: "076270c1f1b94c8db69acf247babcd08" member_type: VOTER last_known_addr { host: "127.14.22.195" port: 35229 } }
I20260709 13:17:37.965782 15713 consensus_queue.cc:260] T 1e397f6d5adb415db2a3a922c0e1bf8a P 076270c1f1b94c8db69acf247babcd08 [NON_LEADER]: Queue going to NON_LEADER mode. State: All replicated index: 0, Majority replicated index: 0, Committed index: 0, Last appended: 0.0, Last appended by leader: 0, Current term: 0, Majority size: -1, State: 0, Mode: NON_LEADER, active raft config: opid_index: -1 OBSOLETE_local: false peers { permanent_uuid: "4be0f8f010df4b028417aac82d46e245" member_type: VOTER last_known_addr { host: "127.14.22.193" port: 40901 } } peers { permanent_uuid: "8180f2a712124fb4af699abdf8ab00ff" member_type: VOTER last_known_addr { host: "127.14.22.194" port: 33383 } } peers { permanent_uuid: "076270c1f1b94c8db69acf247babcd08" member_type: VOTER last_known_addr { host: "127.14.22.195" port: 35229 } }
I20260709 13:17:37.967226 15712 ts_tablet_manager.cc:1434] T cc7c78f14e254f67a31b671713dc37a6 P 8180f2a712124fb4af699abdf8ab00ff: Time spent starting tablet: real 0.007s	user 0.006s	sys 0.001s
I20260709 13:17:37.967247 15595 tablet_service.cc:1917] Received RequestConsensusVote() RPC: tablet_id: "cc7c78f14e254f67a31b671713dc37a6" candidate_uuid: "4be0f8f010df4b028417aac82d46e245" candidate_term: 1 candidate_status { last_received { term: 0 index: 0 } } ignore_live_leader: false dest_uuid: "8180f2a712124fb4af699abdf8ab00ff" is_pre_election: true
I20260709 13:17:37.968041 15713 ts_tablet_manager.cc:1434] T 1e397f6d5adb415db2a3a922c0e1bf8a P 076270c1f1b94c8db69acf247babcd08: Time spent starting tablet: real 0.006s	user 0.005s	sys 0.000s
I20260709 13:17:37.967954 15595 raft_consensus.cc:2468] T cc7c78f14e254f67a31b671713dc37a6 P 8180f2a712124fb4af699abdf8ab00ff [term 0 FOLLOWER]: Leader pre-election vote request: Granting yes vote for candidate 4be0f8f010df4b028417aac82d46e245 in term 0.
I20260709 13:17:37.968214 15712 tablet_bootstrap.cc:492] T 4cff0683df1c497a974e90c4f7af1b7b P 8180f2a712124fb4af699abdf8ab00ff: Bootstrap starting.
I20260709 13:17:37.964843 15824 leader_election.cc:290] T cc7c78f14e254f67a31b671713dc37a6 P 4be0f8f010df4b028417aac82d46e245 [CANDIDATE]: Term 1 pre-election: Requested pre-vote from peers 8180f2a712124fb4af699abdf8ab00ff (127.14.22.194:33383), 076270c1f1b94c8db69acf247babcd08 (127.14.22.195:35229)
I20260709 13:17:37.968998 15713 tablet_bootstrap.cc:492] T fc74b8ab22eb48798b08bf6312d0f43c P 076270c1f1b94c8db69acf247babcd08: Bootstrap starting.
I20260709 13:17:37.973621 15635 leader_election.cc:304] T 6c92839e170641edb972cd64f6a339d3 P 076270c1f1b94c8db69acf247babcd08 [CANDIDATE]: Term 1 pre-election: Election decided. Result: candidate lost. Election summary: received 3 responses out of 3 voters: 1 yes votes; 2 no votes. yes voters: 076270c1f1b94c8db69acf247babcd08; no voters: 4be0f8f010df4b028417aac82d46e245, 8180f2a712124fb4af699abdf8ab00ff
I20260709 13:17:37.974429 15828 raft_consensus.cc:3060] T 6c92839e170641edb972cd64f6a339d3 P 076270c1f1b94c8db69acf247babcd08 [term 0 FOLLOWER]: Advancing to term 1
I20260709 13:17:37.975294 15713 tablet_bootstrap.cc:654] T fc74b8ab22eb48798b08bf6312d0f43c P 076270c1f1b94c8db69acf247babcd08: Neither blocks nor log segments found. Creating new log.
I20260709 13:17:37.975346 15672 tablet_service.cc:1917] Received RequestConsensusVote() RPC: tablet_id: "cc7c78f14e254f67a31b671713dc37a6" candidate_uuid: "4be0f8f010df4b028417aac82d46e245" candidate_term: 1 candidate_status { last_received { term: 0 index: 0 } } ignore_live_leader: false dest_uuid: "076270c1f1b94c8db69acf247babcd08" is_pre_election: true
I20260709 13:17:37.976104 15714 tablet_bootstrap.cc:654] T 043837f2b4a944d6ba7cc24753f97411 P 4be0f8f010df4b028417aac82d46e245: Neither blocks nor log segments found. Creating new log.
I20260709 13:17:37.976728 15489 leader_election.cc:304] T cc7c78f14e254f67a31b671713dc37a6 P 4be0f8f010df4b028417aac82d46e245 [CANDIDATE]: Term 1 pre-election: Election decided. Result: candidate won. Election summary: received 2 responses out of 3 voters: 2 yes votes; 0 no votes. yes voters: 4be0f8f010df4b028417aac82d46e245, 8180f2a712124fb4af699abdf8ab00ff; no voters: 
I20260709 13:17:37.977638 15824 raft_consensus.cc:2804] T cc7c78f14e254f67a31b671713dc37a6 P 4be0f8f010df4b028417aac82d46e245 [term 0 FOLLOWER]: Leader pre-election won for term 1
I20260709 13:17:37.978006 15824 raft_consensus.cc:493] T cc7c78f14e254f67a31b671713dc37a6 P 4be0f8f010df4b028417aac82d46e245 [term 0 FOLLOWER]: Starting leader election (no leader contacted us within the election timeout)
I20260709 13:17:37.978339 15824 raft_consensus.cc:3060] T cc7c78f14e254f67a31b671713dc37a6 P 4be0f8f010df4b028417aac82d46e245 [term 0 FOLLOWER]: Advancing to term 1
W20260709 13:17:37.979578 15486 leader_election.cc:343] T cc7c78f14e254f67a31b671713dc37a6 P 4be0f8f010df4b028417aac82d46e245 [CANDIDATE]: Term 1 pre-election: Tablet error from VoteRequest() call to peer 076270c1f1b94c8db69acf247babcd08 (127.14.22.195:35229): Illegal state: must be running to vote when last-logged opid is not known
I20260709 13:17:37.981377 15828 raft_consensus.cc:2749] T 6c92839e170641edb972cd64f6a339d3 P 076270c1f1b94c8db69acf247babcd08 [term 1 FOLLOWER]: Leader pre-election lost for term 1. Reason: could not achieve majority
I20260709 13:17:37.983057 15635 leader_election.cc:304] T eba1b442c35d4aec9a5f6db45b21044c P 076270c1f1b94c8db69acf247babcd08 [CANDIDATE]: Term 1 pre-election: Election decided. Result: candidate lost. Election summary: received 3 responses out of 3 voters: 1 yes votes; 2 no votes. yes voters: 076270c1f1b94c8db69acf247babcd08; no voters: 4be0f8f010df4b028417aac82d46e245, 8180f2a712124fb4af699abdf8ab00ff
I20260709 13:17:37.984705 15744 raft_consensus.cc:3060] T eba1b442c35d4aec9a5f6db45b21044c P 076270c1f1b94c8db69acf247babcd08 [term 0 FOLLOWER]: Advancing to term 1
I20260709 13:17:37.991218 15744 raft_consensus.cc:2749] T eba1b442c35d4aec9a5f6db45b21044c P 076270c1f1b94c8db69acf247babcd08 [term 1 FOLLOWER]: Leader pre-election lost for term 1. Reason: could not achieve majority
I20260709 13:17:38.010921 15712 tablet_bootstrap.cc:654] T 4cff0683df1c497a974e90c4f7af1b7b P 8180f2a712124fb4af699abdf8ab00ff: Neither blocks nor log segments found. Creating new log.
I20260709 13:17:38.018565 15824 raft_consensus.cc:515] T cc7c78f14e254f67a31b671713dc37a6 P 4be0f8f010df4b028417aac82d46e245 [term 1 FOLLOWER]: Starting leader election with config: opid_index: -1 OBSOLETE_local: false peers { permanent_uuid: "4be0f8f010df4b028417aac82d46e245" member_type: VOTER last_known_addr { host: "127.14.22.193" port: 40901 } } peers { permanent_uuid: "8180f2a712124fb4af699abdf8ab00ff" member_type: VOTER last_known_addr { host: "127.14.22.194" port: 33383 } } peers { permanent_uuid: "076270c1f1b94c8db69acf247babcd08" member_type: VOTER last_known_addr { host: "127.14.22.195" port: 35229 } }
I20260709 13:17:38.021831 15595 tablet_service.cc:1917] Received RequestConsensusVote() RPC: tablet_id: "cc7c78f14e254f67a31b671713dc37a6" candidate_uuid: "4be0f8f010df4b028417aac82d46e245" candidate_term: 1 candidate_status { last_received { term: 0 index: 0 } } ignore_live_leader: false dest_uuid: "8180f2a712124fb4af699abdf8ab00ff"
I20260709 13:17:38.022076 15712 tablet_bootstrap.cc:492] T 4cff0683df1c497a974e90c4f7af1b7b P 8180f2a712124fb4af699abdf8ab00ff: No bootstrap required, opened a new log
I20260709 13:17:38.022470 15595 raft_consensus.cc:3060] T cc7c78f14e254f67a31b671713dc37a6 P 8180f2a712124fb4af699abdf8ab00ff [term 0 FOLLOWER]: Advancing to term 1
I20260709 13:17:38.022634 15712 ts_tablet_manager.cc:1403] T 4cff0683df1c497a974e90c4f7af1b7b P 8180f2a712124fb4af699abdf8ab00ff: Time spent bootstrapping tablet: real 0.055s	user 0.017s	sys 0.000s
I20260709 13:17:38.027578 15879 consensus_queue.cc:1048] T da0d5ac1e8c6480e8898e6673291c404 P 4be0f8f010df4b028417aac82d46e245 [LEADER]: Connected to new peer: Peer: permanent_uuid: "8180f2a712124fb4af699abdf8ab00ff" member_type: VOTER last_known_addr { host: "127.14.22.194" port: 33383 }, Status: LMP_MISMATCH, Last received: 0.0, Next index: 1, Last known committed idx: 0, Time since last communication: 0.001s
I20260709 13:17:38.028416 15712 raft_consensus.cc:359] T 4cff0683df1c497a974e90c4f7af1b7b P 8180f2a712124fb4af699abdf8ab00ff [term 0 FOLLOWER]: Replica starting. Triggering 0 pending ops. Active config: opid_index: -1 OBSOLETE_local: false peers { permanent_uuid: "4be0f8f010df4b028417aac82d46e245" member_type: VOTER last_known_addr { host: "127.14.22.193" port: 40901 } } peers { permanent_uuid: "8180f2a712124fb4af699abdf8ab00ff" member_type: VOTER last_known_addr { host: "127.14.22.194" port: 33383 } } peers { permanent_uuid: "076270c1f1b94c8db69acf247babcd08" member_type: VOTER last_known_addr { host: "127.14.22.195" port: 35229 } }
I20260709 13:17:38.029595 15712 raft_consensus.cc:385] T 4cff0683df1c497a974e90c4f7af1b7b P 8180f2a712124fb4af699abdf8ab00ff [term 0 FOLLOWER]: Consensus starting up: Expiring failure detector timer to make a prompt election more likely
I20260709 13:17:38.029867 15712 raft_consensus.cc:740] T 4cff0683df1c497a974e90c4f7af1b7b P 8180f2a712124fb4af699abdf8ab00ff [term 0 FOLLOWER]: Becoming Follower/Learner. State: Replica: 8180f2a712124fb4af699abdf8ab00ff, State: Initialized, Role: FOLLOWER
I20260709 13:17:38.030512 15712 consensus_queue.cc:260] T 4cff0683df1c497a974e90c4f7af1b7b P 8180f2a712124fb4af699abdf8ab00ff [NON_LEADER]: Queue going to NON_LEADER mode. State: All replicated index: 0, Majority replicated index: 0, Committed index: 0, Last appended: 0.0, Last appended by leader: 0, Current term: 0, Majority size: -1, State: 0, Mode: NON_LEADER, active raft config: opid_index: -1 OBSOLETE_local: false peers { permanent_uuid: "4be0f8f010df4b028417aac82d46e245" member_type: VOTER last_known_addr { host: "127.14.22.193" port: 40901 } } peers { permanent_uuid: "8180f2a712124fb4af699abdf8ab00ff" member_type: VOTER last_known_addr { host: "127.14.22.194" port: 33383 } } peers { permanent_uuid: "076270c1f1b94c8db69acf247babcd08" member_type: VOTER last_known_addr { host: "127.14.22.195" port: 35229 } }
I20260709 13:17:38.032667 15712 ts_tablet_manager.cc:1434] T 4cff0683df1c497a974e90c4f7af1b7b P 8180f2a712124fb4af699abdf8ab00ff: Time spent starting tablet: real 0.010s	user 0.003s	sys 0.002s
I20260709 13:17:38.037200 15879 consensus_queue.cc:1048] T 6c92839e170641edb972cd64f6a339d3 P 4be0f8f010df4b028417aac82d46e245 [LEADER]: Connected to new peer: Peer: permanent_uuid: "076270c1f1b94c8db69acf247babcd08" member_type: VOTER last_known_addr { host: "127.14.22.195" port: 35229 }, Status: LMP_MISMATCH, Last received: 0.0, Next index: 1, Last known committed idx: 0, Time since last communication: 0.001s
I20260709 13:17:38.043258 15712 tablet_bootstrap.cc:492] T 37b857e480264667bc3d17ae4509a74e P 8180f2a712124fb4af699abdf8ab00ff: Bootstrap starting.
I20260709 13:17:38.047447 15824 leader_election.cc:290] T cc7c78f14e254f67a31b671713dc37a6 P 4be0f8f010df4b028417aac82d46e245 [CANDIDATE]: Term 1 election: Requested vote from peers 8180f2a712124fb4af699abdf8ab00ff (127.14.22.194:33383), 076270c1f1b94c8db69acf247babcd08 (127.14.22.195:35229)
I20260709 13:17:38.048019 15595 raft_consensus.cc:2468] T cc7c78f14e254f67a31b671713dc37a6 P 8180f2a712124fb4af699abdf8ab00ff [term 1 FOLLOWER]: Leader election vote request: Granting yes vote for candidate 4be0f8f010df4b028417aac82d46e245 in term 1.
I20260709 13:17:38.051862 15712 tablet_bootstrap.cc:654] T 37b857e480264667bc3d17ae4509a74e P 8180f2a712124fb4af699abdf8ab00ff: Neither blocks nor log segments found. Creating new log.
I20260709 13:17:38.051939 15489 leader_election.cc:304] T cc7c78f14e254f67a31b671713dc37a6 P 4be0f8f010df4b028417aac82d46e245 [CANDIDATE]: Term 1 election: Election decided. Result: candidate won. Election summary: received 2 responses out of 3 voters: 2 yes votes; 0 no votes. yes voters: 4be0f8f010df4b028417aac82d46e245, 8180f2a712124fb4af699abdf8ab00ff; no voters: 
I20260709 13:17:38.057794 15824 raft_consensus.cc:2804] T cc7c78f14e254f67a31b671713dc37a6 P 4be0f8f010df4b028417aac82d46e245 [term 1 FOLLOWER]: Leader election won for term 1
I20260709 13:17:38.060798 15713 tablet_bootstrap.cc:492] T fc74b8ab22eb48798b08bf6312d0f43c P 076270c1f1b94c8db69acf247babcd08: No bootstrap required, opened a new log
I20260709 13:17:38.061287 15713 ts_tablet_manager.cc:1403] T fc74b8ab22eb48798b08bf6312d0f43c P 076270c1f1b94c8db69acf247babcd08: Time spent bootstrapping tablet: real 0.092s	user 0.024s	sys 0.055s
I20260709 13:17:38.063508 15824 raft_consensus.cc:697] T cc7c78f14e254f67a31b671713dc37a6 P 4be0f8f010df4b028417aac82d46e245 [term 1 LEADER]: Becoming Leader. State: Replica: 4be0f8f010df4b028417aac82d46e245, State: Running, Role: LEADER
I20260709 13:17:38.064589 15670 tablet_service.cc:1917] Received RequestConsensusVote() RPC: tablet_id: "cc7c78f14e254f67a31b671713dc37a6" candidate_uuid: "4be0f8f010df4b028417aac82d46e245" candidate_term: 1 candidate_status { last_received { term: 0 index: 0 } } ignore_live_leader: false dest_uuid: "076270c1f1b94c8db69acf247babcd08"
I20260709 13:17:38.064538 15824 consensus_queue.cc:237] T cc7c78f14e254f67a31b671713dc37a6 P 4be0f8f010df4b028417aac82d46e245 [LEADER]: Queue going to LEADER mode. State: All replicated index: 0, Majority replicated index: 0, Committed index: 0, Last appended: 0.0, Last appended by leader: 0, Current term: 1, Majority size: 2, State: 0, Mode: LEADER, active raft config: opid_index: -1 OBSOLETE_local: false peers { permanent_uuid: "4be0f8f010df4b028417aac82d46e245" member_type: VOTER last_known_addr { host: "127.14.22.193" port: 40901 } } peers { permanent_uuid: "8180f2a712124fb4af699abdf8ab00ff" member_type: VOTER last_known_addr { host: "127.14.22.194" port: 33383 } } peers { permanent_uuid: "076270c1f1b94c8db69acf247babcd08" member_type: VOTER last_known_addr { host: "127.14.22.195" port: 35229 } }
I20260709 13:17:38.063807 15713 raft_consensus.cc:359] T fc74b8ab22eb48798b08bf6312d0f43c P 076270c1f1b94c8db69acf247babcd08 [term 0 FOLLOWER]: Replica starting. Triggering 0 pending ops. Active config: opid_index: -1 OBSOLETE_local: false peers { permanent_uuid: "4be0f8f010df4b028417aac82d46e245" member_type: VOTER last_known_addr { host: "127.14.22.193" port: 40901 } } peers { permanent_uuid: "8180f2a712124fb4af699abdf8ab00ff" member_type: VOTER last_known_addr { host: "127.14.22.194" port: 33383 } } peers { permanent_uuid: "076270c1f1b94c8db69acf247babcd08" member_type: VOTER last_known_addr { host: "127.14.22.195" port: 35229 } }
I20260709 13:17:38.066231 15713 raft_consensus.cc:385] T fc74b8ab22eb48798b08bf6312d0f43c P 076270c1f1b94c8db69acf247babcd08 [term 0 FOLLOWER]: Consensus starting up: Expiring failure detector timer to make a prompt election more likely
I20260709 13:17:38.066505 15713 raft_consensus.cc:740] T fc74b8ab22eb48798b08bf6312d0f43c P 076270c1f1b94c8db69acf247babcd08 [term 0 FOLLOWER]: Becoming Follower/Learner. State: Replica: 076270c1f1b94c8db69acf247babcd08, State: Initialized, Role: FOLLOWER
I20260709 13:17:38.067267 15713 consensus_queue.cc:260] T fc74b8ab22eb48798b08bf6312d0f43c P 076270c1f1b94c8db69acf247babcd08 [NON_LEADER]: Queue going to NON_LEADER mode. State: All replicated index: 0, Majority replicated index: 0, Committed index: 0, Last appended: 0.0, Last appended by leader: 0, Current term: 0, Majority size: -1, State: 0, Mode: NON_LEADER, active raft config: opid_index: -1 OBSOLETE_local: false peers { permanent_uuid: "4be0f8f010df4b028417aac82d46e245" member_type: VOTER last_known_addr { host: "127.14.22.193" port: 40901 } } peers { permanent_uuid: "8180f2a712124fb4af699abdf8ab00ff" member_type: VOTER last_known_addr { host: "127.14.22.194" port: 33383 } } peers { permanent_uuid: "076270c1f1b94c8db69acf247babcd08" member_type: VOTER last_known_addr { host: "127.14.22.195" port: 35229 } }
I20260709 13:17:38.069022 15712 tablet_bootstrap.cc:492] T 37b857e480264667bc3d17ae4509a74e P 8180f2a712124fb4af699abdf8ab00ff: No bootstrap required, opened a new log
I20260709 13:17:38.069335 15713 ts_tablet_manager.cc:1434] T fc74b8ab22eb48798b08bf6312d0f43c P 076270c1f1b94c8db69acf247babcd08: Time spent starting tablet: real 0.008s	user 0.005s	sys 0.000s
I20260709 13:17:38.069505 15712 ts_tablet_manager.cc:1403] T 37b857e480264667bc3d17ae4509a74e P 8180f2a712124fb4af699abdf8ab00ff: Time spent bootstrapping tablet: real 0.026s	user 0.007s	sys 0.002s
I20260709 13:17:38.060195 15714 tablet_bootstrap.cc:492] T 043837f2b4a944d6ba7cc24753f97411 P 4be0f8f010df4b028417aac82d46e245: No bootstrap required, opened a new log
I20260709 13:17:38.071017 15713 tablet_bootstrap.cc:492] T 4cff0683df1c497a974e90c4f7af1b7b P 076270c1f1b94c8db69acf247babcd08: Bootstrap starting.
I20260709 13:17:38.071321 15714 ts_tablet_manager.cc:1403] T 043837f2b4a944d6ba7cc24753f97411 P 4be0f8f010df4b028417aac82d46e245: Time spent bootstrapping tablet: real 0.110s	user 0.027s	sys 0.054s
I20260709 13:17:38.071976 15824 consensus_queue.cc:1048] T da0d5ac1e8c6480e8898e6673291c404 P 4be0f8f010df4b028417aac82d46e245 [LEADER]: Connected to new peer: Peer: permanent_uuid: "076270c1f1b94c8db69acf247babcd08" member_type: VOTER last_known_addr { host: "127.14.22.195" port: 35229 }, Status: LMP_MISMATCH, Last received: 0.0, Next index: 1, Last known committed idx: 0, Time since last communication: 0.000s
W20260709 13:17:38.071213 15486 leader_election.cc:343] T cc7c78f14e254f67a31b671713dc37a6 P 4be0f8f010df4b028417aac82d46e245 [CANDIDATE]: Term 1 election: Tablet error from VoteRequest() call to peer 076270c1f1b94c8db69acf247babcd08 (127.14.22.195:35229): Illegal state: must be running to vote when last-logged opid is not known
I20260709 13:17:38.089624 15419 catalog_manager.cc:5697] T cc7c78f14e254f67a31b671713dc37a6 P 4be0f8f010df4b028417aac82d46e245 reported cstate change: term changed from 0 to 1, leader changed from <none> to 4be0f8f010df4b028417aac82d46e245 (127.14.22.193). New cstate: current_term: 1 leader_uuid: "4be0f8f010df4b028417aac82d46e245" committed_config { opid_index: -1 OBSOLETE_local: false peers { permanent_uuid: "4be0f8f010df4b028417aac82d46e245" member_type: VOTER last_known_addr { host: "127.14.22.193" port: 40901 } health_report { overall_health: HEALTHY } } peers { permanent_uuid: "8180f2a712124fb4af699abdf8ab00ff" member_type: VOTER last_known_addr { host: "127.14.22.194" port: 33383 } health_report { overall_health: UNKNOWN } } peers { permanent_uuid: "076270c1f1b94c8db69acf247babcd08" member_type: VOTER last_known_addr { host: "127.14.22.195" port: 35229 } health_report { overall_health: UNKNOWN } } }
I20260709 13:17:38.105300 15824 consensus_queue.cc:1048] T 6c92839e170641edb972cd64f6a339d3 P 4be0f8f010df4b028417aac82d46e245 [LEADER]: Connected to new peer: Peer: permanent_uuid: "8180f2a712124fb4af699abdf8ab00ff" member_type: VOTER last_known_addr { host: "127.14.22.194" port: 33383 }, Status: LMP_MISMATCH, Last received: 0.0, Next index: 1, Last known committed idx: 0, Time since last communication: 0.000s
I20260709 13:17:38.130827 15713 tablet_bootstrap.cc:654] T 4cff0683df1c497a974e90c4f7af1b7b P 076270c1f1b94c8db69acf247babcd08: Neither blocks nor log segments found. Creating new log.
I20260709 13:17:38.134758 15714 raft_consensus.cc:359] T 043837f2b4a944d6ba7cc24753f97411 P 4be0f8f010df4b028417aac82d46e245 [term 0 FOLLOWER]: Replica starting. Triggering 0 pending ops. Active config: opid_index: -1 OBSOLETE_local: false peers { permanent_uuid: "4be0f8f010df4b028417aac82d46e245" member_type: VOTER last_known_addr { host: "127.14.22.193" port: 40901 } } peers { permanent_uuid: "8180f2a712124fb4af699abdf8ab00ff" member_type: VOTER last_known_addr { host: "127.14.22.194" port: 33383 } } peers { permanent_uuid: "076270c1f1b94c8db69acf247babcd08" member_type: VOTER last_known_addr { host: "127.14.22.195" port: 35229 } }
I20260709 13:17:38.138234 15714 raft_consensus.cc:385] T 043837f2b4a944d6ba7cc24753f97411 P 4be0f8f010df4b028417aac82d46e245 [term 0 FOLLOWER]: Consensus starting up: Expiring failure detector timer to make a prompt election more likely
I20260709 13:17:38.138698 15714 raft_consensus.cc:740] T 043837f2b4a944d6ba7cc24753f97411 P 4be0f8f010df4b028417aac82d46e245 [term 0 FOLLOWER]: Becoming Follower/Learner. State: Replica: 4be0f8f010df4b028417aac82d46e245, State: Initialized, Role: FOLLOWER
I20260709 13:17:38.139593 15714 consensus_queue.cc:260] T 043837f2b4a944d6ba7cc24753f97411 P 4be0f8f010df4b028417aac82d46e245 [NON_LEADER]: Queue going to NON_LEADER mode. State: All replicated index: 0, Majority replicated index: 0, Committed index: 0, Last appended: 0.0, Last appended by leader: 0, Current term: 0, Majority size: -1, State: 0, Mode: NON_LEADER, active raft config: opid_index: -1 OBSOLETE_local: false peers { permanent_uuid: "4be0f8f010df4b028417aac82d46e245" member_type: VOTER last_known_addr { host: "127.14.22.193" port: 40901 } } peers { permanent_uuid: "8180f2a712124fb4af699abdf8ab00ff" member_type: VOTER last_known_addr { host: "127.14.22.194" port: 33383 } } peers { permanent_uuid: "076270c1f1b94c8db69acf247babcd08" member_type: VOTER last_known_addr { host: "127.14.22.195" port: 35229 } }
I20260709 13:17:38.143689 15713 tablet_bootstrap.cc:492] T 4cff0683df1c497a974e90c4f7af1b7b P 076270c1f1b94c8db69acf247babcd08: No bootstrap required, opened a new log
I20260709 13:17:38.144235 15713 ts_tablet_manager.cc:1403] T 4cff0683df1c497a974e90c4f7af1b7b P 076270c1f1b94c8db69acf247babcd08: Time spent bootstrapping tablet: real 0.073s	user 0.025s	sys 0.035s
I20260709 13:17:38.146437 15823 raft_consensus.cc:493] T 6608ef4ba439452887f3e34cb7d923a5 P 4be0f8f010df4b028417aac82d46e245 [term 0 FOLLOWER]: Starting pre-election (no leader contacted us within the election timeout)
I20260709 13:17:38.146809 15713 raft_consensus.cc:359] T 4cff0683df1c497a974e90c4f7af1b7b P 076270c1f1b94c8db69acf247babcd08 [term 0 FOLLOWER]: Replica starting. Triggering 0 pending ops. Active config: opid_index: -1 OBSOLETE_local: false peers { permanent_uuid: "4be0f8f010df4b028417aac82d46e245" member_type: VOTER last_known_addr { host: "127.14.22.193" port: 40901 } } peers { permanent_uuid: "8180f2a712124fb4af699abdf8ab00ff" member_type: VOTER last_known_addr { host: "127.14.22.194" port: 33383 } } peers { permanent_uuid: "076270c1f1b94c8db69acf247babcd08" member_type: VOTER last_known_addr { host: "127.14.22.195" port: 35229 } }
I20260709 13:17:38.147047 15823 raft_consensus.cc:515] T 6608ef4ba439452887f3e34cb7d923a5 P 4be0f8f010df4b028417aac82d46e245 [term 0 FOLLOWER]: Starting pre-election with config: opid_index: -1 OBSOLETE_local: false peers { permanent_uuid: "4be0f8f010df4b028417aac82d46e245" member_type: VOTER last_known_addr { host: "127.14.22.193" port: 40901 } } peers { permanent_uuid: "8180f2a712124fb4af699abdf8ab00ff" member_type: VOTER last_known_addr { host: "127.14.22.194" port: 33383 } } peers { permanent_uuid: "076270c1f1b94c8db69acf247babcd08" member_type: VOTER last_known_addr { host: "127.14.22.195" port: 35229 } }
I20260709 13:17:38.147541 15713 raft_consensus.cc:385] T 4cff0683df1c497a974e90c4f7af1b7b P 076270c1f1b94c8db69acf247babcd08 [term 0 FOLLOWER]: Consensus starting up: Expiring failure detector timer to make a prompt election more likely
I20260709 13:17:38.147825 15713 raft_consensus.cc:740] T 4cff0683df1c497a974e90c4f7af1b7b P 076270c1f1b94c8db69acf247babcd08 [term 0 FOLLOWER]: Becoming Follower/Learner. State: Replica: 076270c1f1b94c8db69acf247babcd08, State: Initialized, Role: FOLLOWER
I20260709 13:17:38.148471 15713 consensus_queue.cc:260] T 4cff0683df1c497a974e90c4f7af1b7b P 076270c1f1b94c8db69acf247babcd08 [NON_LEADER]: Queue going to NON_LEADER mode. State: All replicated index: 0, Majority replicated index: 0, Committed index: 0, Last appended: 0.0, Last appended by leader: 0, Current term: 0, Majority size: -1, State: 0, Mode: NON_LEADER, active raft config: opid_index: -1 OBSOLETE_local: false peers { permanent_uuid: "4be0f8f010df4b028417aac82d46e245" member_type: VOTER last_known_addr { host: "127.14.22.193" port: 40901 } } peers { permanent_uuid: "8180f2a712124fb4af699abdf8ab00ff" member_type: VOTER last_known_addr { host: "127.14.22.194" port: 33383 } } peers { permanent_uuid: "076270c1f1b94c8db69acf247babcd08" member_type: VOTER last_known_addr { host: "127.14.22.195" port: 35229 } }
I20260709 13:17:38.149076 15823 leader_election.cc:290] T 6608ef4ba439452887f3e34cb7d923a5 P 4be0f8f010df4b028417aac82d46e245 [CANDIDATE]: Term 1 pre-election: Requested pre-vote from peers 8180f2a712124fb4af699abdf8ab00ff (127.14.22.194:33383), 076270c1f1b94c8db69acf247babcd08 (127.14.22.195:35229)
I20260709 13:17:38.149941 15713 ts_tablet_manager.cc:1434] T 4cff0683df1c497a974e90c4f7af1b7b P 076270c1f1b94c8db69acf247babcd08: Time spent starting tablet: real 0.005s	user 0.003s	sys 0.000s
I20260709 13:17:38.150620 15672 tablet_service.cc:1917] Received RequestConsensusVote() RPC: tablet_id: "6608ef4ba439452887f3e34cb7d923a5" candidate_uuid: "4be0f8f010df4b028417aac82d46e245" candidate_term: 1 candidate_status { last_received { term: 0 index: 0 } } ignore_live_leader: false dest_uuid: "076270c1f1b94c8db69acf247babcd08" is_pre_election: true
W20260709 13:17:38.152139 15486 leader_election.cc:343] T 6608ef4ba439452887f3e34cb7d923a5 P 4be0f8f010df4b028417aac82d46e245 [CANDIDATE]: Term 1 pre-election: Tablet error from VoteRequest() call to peer 076270c1f1b94c8db69acf247babcd08 (127.14.22.195:35229): Illegal state: must be running to vote when last-logged opid is not known
I20260709 13:17:38.155213 15714 ts_tablet_manager.cc:1434] T 043837f2b4a944d6ba7cc24753f97411 P 4be0f8f010df4b028417aac82d46e245: Time spent starting tablet: real 0.084s	user 0.010s	sys 0.009s
I20260709 13:17:38.156203 15714 tablet_bootstrap.cc:492] T 1738683eb84b4417b433223832bac85e P 4be0f8f010df4b028417aac82d46e245: Bootstrap starting.
I20260709 13:17:38.161129 15890 raft_consensus.cc:493] T fc74b8ab22eb48798b08bf6312d0f43c P 8180f2a712124fb4af699abdf8ab00ff [term 0 FOLLOWER]: Starting pre-election (no leader contacted us within the election timeout)
I20260709 13:17:38.161648 15890 raft_consensus.cc:515] T fc74b8ab22eb48798b08bf6312d0f43c P 8180f2a712124fb4af699abdf8ab00ff [term 0 FOLLOWER]: Starting pre-election with config: opid_index: -1 OBSOLETE_local: false peers { permanent_uuid: "4be0f8f010df4b028417aac82d46e245" member_type: VOTER last_known_addr { host: "127.14.22.193" port: 40901 } } peers { permanent_uuid: "8180f2a712124fb4af699abdf8ab00ff" member_type: VOTER last_known_addr { host: "127.14.22.194" port: 33383 } } peers { permanent_uuid: "076270c1f1b94c8db69acf247babcd08" member_type: VOTER last_known_addr { host: "127.14.22.195" port: 35229 } }
I20260709 13:17:38.153714 15593 tablet_service.cc:1917] Received RequestConsensusVote() RPC: tablet_id: "6608ef4ba439452887f3e34cb7d923a5" candidate_uuid: "4be0f8f010df4b028417aac82d46e245" candidate_term: 1 candidate_status { last_received { term: 0 index: 0 } } ignore_live_leader: false dest_uuid: "8180f2a712124fb4af699abdf8ab00ff" is_pre_election: true
I20260709 13:17:38.163589 15890 leader_election.cc:290] T fc74b8ab22eb48798b08bf6312d0f43c P 8180f2a712124fb4af699abdf8ab00ff [CANDIDATE]: Term 1 pre-election: Requested pre-vote from peers 4be0f8f010df4b028417aac82d46e245 (127.14.22.193:40901), 076270c1f1b94c8db69acf247babcd08 (127.14.22.195:35229)
I20260709 13:17:38.130287 15712 raft_consensus.cc:359] T 37b857e480264667bc3d17ae4509a74e P 8180f2a712124fb4af699abdf8ab00ff [term 0 FOLLOWER]: Replica starting. Triggering 0 pending ops. Active config: opid_index: -1 OBSOLETE_local: false peers { permanent_uuid: "4be0f8f010df4b028417aac82d46e245" member_type: VOTER last_known_addr { host: "127.14.22.193" port: 40901 } } peers { permanent_uuid: "8180f2a712124fb4af699abdf8ab00ff" member_type: VOTER last_known_addr { host: "127.14.22.194" port: 33383 } } peers { permanent_uuid: "076270c1f1b94c8db69acf247babcd08" member_type: VOTER last_known_addr { host: "127.14.22.195" port: 35229 } }
I20260709 13:17:38.165521 15712 raft_consensus.cc:385] T 37b857e480264667bc3d17ae4509a74e P 8180f2a712124fb4af699abdf8ab00ff [term 0 FOLLOWER]: Consensus starting up: Expiring failure detector timer to make a prompt election more likely
I20260709 13:17:38.165810 15712 raft_consensus.cc:740] T 37b857e480264667bc3d17ae4509a74e P 8180f2a712124fb4af699abdf8ab00ff [term 0 FOLLOWER]: Becoming Follower/Learner. State: Replica: 8180f2a712124fb4af699abdf8ab00ff, State: Initialized, Role: FOLLOWER
I20260709 13:17:38.166043 15672 tablet_service.cc:1917] Received RequestConsensusVote() RPC: tablet_id: "fc74b8ab22eb48798b08bf6312d0f43c" candidate_uuid: "8180f2a712124fb4af699abdf8ab00ff" candidate_term: 1 candidate_status { last_received { term: 0 index: 0 } } ignore_live_leader: false dest_uuid: "076270c1f1b94c8db69acf247babcd08" is_pre_election: true
I20260709 13:17:38.166428 15712 consensus_queue.cc:260] T 37b857e480264667bc3d17ae4509a74e P 8180f2a712124fb4af699abdf8ab00ff [NON_LEADER]: Queue going to NON_LEADER mode. State: All replicated index: 0, Majority replicated index: 0, Committed index: 0, Last appended: 0.0, Last appended by leader: 0, Current term: 0, Majority size: -1, State: 0, Mode: NON_LEADER, active raft config: opid_index: -1 OBSOLETE_local: false peers { permanent_uuid: "4be0f8f010df4b028417aac82d46e245" member_type: VOTER last_known_addr { host: "127.14.22.193" port: 40901 } } peers { permanent_uuid: "8180f2a712124fb4af699abdf8ab00ff" member_type: VOTER last_known_addr { host: "127.14.22.194" port: 33383 } } peers { permanent_uuid: "076270c1f1b94c8db69acf247babcd08" member_type: VOTER last_known_addr { host: "127.14.22.195" port: 35229 } }
I20260709 13:17:38.166666 15672 raft_consensus.cc:2468] T fc74b8ab22eb48798b08bf6312d0f43c P 076270c1f1b94c8db69acf247babcd08 [term 0 FOLLOWER]: Leader pre-election vote request: Granting yes vote for candidate 8180f2a712124fb4af699abdf8ab00ff in term 0.
I20260709 13:17:38.167026 15521 tablet_service.cc:1917] Received RequestConsensusVote() RPC: tablet_id: "fc74b8ab22eb48798b08bf6312d0f43c" candidate_uuid: "8180f2a712124fb4af699abdf8ab00ff" candidate_term: 1 candidate_status { last_received { term: 0 index: 0 } } ignore_live_leader: false dest_uuid: "4be0f8f010df4b028417aac82d46e245" is_pre_election: true
I20260709 13:17:38.168141 15824 raft_consensus.cc:493] T 4cff0683df1c497a974e90c4f7af1b7b P 4be0f8f010df4b028417aac82d46e245 [term 0 FOLLOWER]: Starting pre-election (no leader contacted us within the election timeout)
I20260709 13:17:38.168560 15712 ts_tablet_manager.cc:1434] T 37b857e480264667bc3d17ae4509a74e P 8180f2a712124fb4af699abdf8ab00ff: Time spent starting tablet: real 0.099s	user 0.006s	sys 0.009s
I20260709 13:17:38.168609 15824 raft_consensus.cc:515] T 4cff0683df1c497a974e90c4f7af1b7b P 4be0f8f010df4b028417aac82d46e245 [term 0 FOLLOWER]: Starting pre-election with config: opid_index: -1 OBSOLETE_local: false peers { permanent_uuid: "4be0f8f010df4b028417aac82d46e245" member_type: VOTER last_known_addr { host: "127.14.22.193" port: 40901 } } peers { permanent_uuid: "8180f2a712124fb4af699abdf8ab00ff" member_type: VOTER last_known_addr { host: "127.14.22.194" port: 33383 } } peers { permanent_uuid: "076270c1f1b94c8db69acf247babcd08" member_type: VOTER last_known_addr { host: "127.14.22.195" port: 35229 } }
I20260709 13:17:38.169596 15712 tablet_bootstrap.cc:492] T 1738683eb84b4417b433223832bac85e P 8180f2a712124fb4af699abdf8ab00ff: Bootstrap starting.
I20260709 13:17:38.166904 15714 tablet_bootstrap.cc:654] T 1738683eb84b4417b433223832bac85e P 4be0f8f010df4b028417aac82d46e245: Neither blocks nor log segments found. Creating new log.
I20260709 13:17:38.170719 15824 leader_election.cc:290] T 4cff0683df1c497a974e90c4f7af1b7b P 4be0f8f010df4b028417aac82d46e245 [CANDIDATE]: Term 1 pre-election: Requested pre-vote from peers 8180f2a712124fb4af699abdf8ab00ff (127.14.22.194:33383), 076270c1f1b94c8db69acf247babcd08 (127.14.22.195:35229)
I20260709 13:17:38.150837 15713 tablet_bootstrap.cc:492] T 6608ef4ba439452887f3e34cb7d923a5 P 076270c1f1b94c8db69acf247babcd08: Bootstrap starting.
I20260709 13:17:38.170765 15561 leader_election.cc:304] T fc74b8ab22eb48798b08bf6312d0f43c P 8180f2a712124fb4af699abdf8ab00ff [CANDIDATE]: Term 1 pre-election: Election decided. Result: candidate won. Election summary: received 2 responses out of 3 voters: 2 yes votes; 0 no votes. yes voters: 076270c1f1b94c8db69acf247babcd08, 8180f2a712124fb4af699abdf8ab00ff; no voters: 
I20260709 13:17:38.174381 15718 raft_consensus.cc:2804] T fc74b8ab22eb48798b08bf6312d0f43c P 8180f2a712124fb4af699abdf8ab00ff [term 0 FOLLOWER]: Leader pre-election won for term 1
I20260709 13:17:38.174698 15672 tablet_service.cc:1917] Received RequestConsensusVote() RPC: tablet_id: "4cff0683df1c497a974e90c4f7af1b7b" candidate_uuid: "4be0f8f010df4b028417aac82d46e245" candidate_term: 1 candidate_status { last_received { term: 0 index: 0 } } ignore_live_leader: false dest_uuid: "076270c1f1b94c8db69acf247babcd08" is_pre_election: true
I20260709 13:17:38.174811 15718 raft_consensus.cc:493] T fc74b8ab22eb48798b08bf6312d0f43c P 8180f2a712124fb4af699abdf8ab00ff [term 0 FOLLOWER]: Starting leader election (no leader contacted us within the election timeout)
I20260709 13:17:38.175418 15672 raft_consensus.cc:2468] T 4cff0683df1c497a974e90c4f7af1b7b P 076270c1f1b94c8db69acf247babcd08 [term 0 FOLLOWER]: Leader pre-election vote request: Granting yes vote for candidate 4be0f8f010df4b028417aac82d46e245 in term 0.
I20260709 13:17:38.175420 15718 raft_consensus.cc:3060] T fc74b8ab22eb48798b08bf6312d0f43c P 8180f2a712124fb4af699abdf8ab00ff [term 0 FOLLOWER]: Advancing to term 1
I20260709 13:17:38.176748 15486 leader_election.cc:304] T 4cff0683df1c497a974e90c4f7af1b7b P 4be0f8f010df4b028417aac82d46e245 [CANDIDATE]: Term 1 pre-election: Election decided. Result: candidate won. Election summary: received 2 responses out of 3 voters: 2 yes votes; 0 no votes. yes voters: 076270c1f1b94c8db69acf247babcd08, 4be0f8f010df4b028417aac82d46e245; no voters: 
I20260709 13:17:38.177671 15714 tablet_bootstrap.cc:492] T 1738683eb84b4417b433223832bac85e P 4be0f8f010df4b028417aac82d46e245: No bootstrap required, opened a new log
I20260709 13:17:38.178108 15714 ts_tablet_manager.cc:1403] T 1738683eb84b4417b433223832bac85e P 4be0f8f010df4b028417aac82d46e245: Time spent bootstrapping tablet: real 0.022s	user 0.011s	sys 0.000s
W20260709 13:17:38.178527 15489 leader_election.cc:343] T 6608ef4ba439452887f3e34cb7d923a5 P 4be0f8f010df4b028417aac82d46e245 [CANDIDATE]: Term 1 pre-election: Tablet error from VoteRequest() call to peer 8180f2a712124fb4af699abdf8ab00ff (127.14.22.194:33383): Illegal state: must be running to vote when last-logged opid is not known
I20260709 13:17:38.179011 15489 leader_election.cc:304] T 6608ef4ba439452887f3e34cb7d923a5 P 4be0f8f010df4b028417aac82d46e245 [CANDIDATE]: Term 1 pre-election: Election decided. Result: candidate lost. Election summary: received 3 responses out of 3 voters: 1 yes votes; 2 no votes. yes voters: 4be0f8f010df4b028417aac82d46e245; no voters: 076270c1f1b94c8db69acf247babcd08, 8180f2a712124fb4af699abdf8ab00ff
I20260709 13:17:38.179329 15824 raft_consensus.cc:2804] T 4cff0683df1c497a974e90c4f7af1b7b P 4be0f8f010df4b028417aac82d46e245 [term 0 FOLLOWER]: Leader pre-election won for term 1
I20260709 13:17:38.179872 15824 raft_consensus.cc:493] T 4cff0683df1c497a974e90c4f7af1b7b P 4be0f8f010df4b028417aac82d46e245 [term 0 FOLLOWER]: Starting leader election (no leader contacted us within the election timeout)
I20260709 13:17:38.180269 15824 raft_consensus.cc:3060] T 4cff0683df1c497a974e90c4f7af1b7b P 4be0f8f010df4b028417aac82d46e245 [term 0 FOLLOWER]: Advancing to term 1
I20260709 13:17:38.182509 15594 tablet_service.cc:1917] Received RequestConsensusVote() RPC: tablet_id: "4cff0683df1c497a974e90c4f7af1b7b" candidate_uuid: "4be0f8f010df4b028417aac82d46e245" candidate_term: 1 candidate_status { last_received { term: 0 index: 0 } } ignore_live_leader: false dest_uuid: "8180f2a712124fb4af699abdf8ab00ff" is_pre_election: true
I20260709 13:17:38.183362 15594 raft_consensus.cc:2468] T 4cff0683df1c497a974e90c4f7af1b7b P 8180f2a712124fb4af699abdf8ab00ff [term 0 FOLLOWER]: Leader pre-election vote request: Granting yes vote for candidate 4be0f8f010df4b028417aac82d46e245 in term 0.
W20260709 13:17:38.182644 15561 leader_election.cc:343] T fc74b8ab22eb48798b08bf6312d0f43c P 8180f2a712124fb4af699abdf8ab00ff [CANDIDATE]: Term 1 pre-election: Tablet error from VoteRequest() call to peer 4be0f8f010df4b028417aac82d46e245 (127.14.22.193:40901): Illegal state: must be running to vote when last-logged opid is not known
I20260709 13:17:38.180279 15713 tablet_bootstrap.cc:654] T 6608ef4ba439452887f3e34cb7d923a5 P 076270c1f1b94c8db69acf247babcd08: Neither blocks nor log segments found. Creating new log.
I20260709 13:17:38.189280 15823 raft_consensus.cc:2749] T 6608ef4ba439452887f3e34cb7d923a5 P 4be0f8f010df4b028417aac82d46e245 [term 0 FOLLOWER]: Leader pre-election lost for term 1. Reason: could not achieve majority
I20260709 13:17:38.192544 15718 raft_consensus.cc:515] T fc74b8ab22eb48798b08bf6312d0f43c P 8180f2a712124fb4af699abdf8ab00ff [term 1 FOLLOWER]: Starting leader election with config: opid_index: -1 OBSOLETE_local: false peers { permanent_uuid: "4be0f8f010df4b028417aac82d46e245" member_type: VOTER last_known_addr { host: "127.14.22.193" port: 40901 } } peers { permanent_uuid: "8180f2a712124fb4af699abdf8ab00ff" member_type: VOTER last_known_addr { host: "127.14.22.194" port: 33383 } } peers { permanent_uuid: "076270c1f1b94c8db69acf247babcd08" member_type: VOTER last_known_addr { host: "127.14.22.195" port: 35229 } }
I20260709 13:17:38.193076 15714 raft_consensus.cc:359] T 1738683eb84b4417b433223832bac85e P 4be0f8f010df4b028417aac82d46e245 [term 0 FOLLOWER]: Replica starting. Triggering 0 pending ops. Active config: opid_index: -1 OBSOLETE_local: false peers { permanent_uuid: "4be0f8f010df4b028417aac82d46e245" member_type: VOTER last_known_addr { host: "127.14.22.193" port: 40901 } } peers { permanent_uuid: "8180f2a712124fb4af699abdf8ab00ff" member_type: VOTER last_known_addr { host: "127.14.22.194" port: 33383 } } peers { permanent_uuid: "076270c1f1b94c8db69acf247babcd08" member_type: VOTER last_known_addr { host: "127.14.22.195" port: 35229 } }
I20260709 13:17:38.193781 15714 raft_consensus.cc:385] T 1738683eb84b4417b433223832bac85e P 4be0f8f010df4b028417aac82d46e245 [term 0 FOLLOWER]: Consensus starting up: Expiring failure detector timer to make a prompt election more likely
I20260709 13:17:38.194056 15714 raft_consensus.cc:740] T 1738683eb84b4417b433223832bac85e P 4be0f8f010df4b028417aac82d46e245 [term 0 FOLLOWER]: Becoming Follower/Learner. State: Replica: 4be0f8f010df4b028417aac82d46e245, State: Initialized, Role: FOLLOWER
I20260709 13:17:38.194581 15824 raft_consensus.cc:515] T 4cff0683df1c497a974e90c4f7af1b7b P 4be0f8f010df4b028417aac82d46e245 [term 1 FOLLOWER]: Starting leader election with config: opid_index: -1 OBSOLETE_local: false peers { permanent_uuid: "4be0f8f010df4b028417aac82d46e245" member_type: VOTER last_known_addr { host: "127.14.22.193" port: 40901 } } peers { permanent_uuid: "8180f2a712124fb4af699abdf8ab00ff" member_type: VOTER last_known_addr { host: "127.14.22.194" port: 33383 } } peers { permanent_uuid: "076270c1f1b94c8db69acf247babcd08" member_type: VOTER last_known_addr { host: "127.14.22.195" port: 35229 } }
I20260709 13:17:38.195317 15714 consensus_queue.cc:260] T 1738683eb84b4417b433223832bac85e P 4be0f8f010df4b028417aac82d46e245 [NON_LEADER]: Queue going to NON_LEADER mode. State: All replicated index: 0, Majority replicated index: 0, Committed index: 0, Last appended: 0.0, Last appended by leader: 0, Current term: 0, Majority size: -1, State: 0, Mode: NON_LEADER, active raft config: opid_index: -1 OBSOLETE_local: false peers { permanent_uuid: "4be0f8f010df4b028417aac82d46e245" member_type: VOTER last_known_addr { host: "127.14.22.193" port: 40901 } } peers { permanent_uuid: "8180f2a712124fb4af699abdf8ab00ff" member_type: VOTER last_known_addr { host: "127.14.22.194" port: 33383 } } peers { permanent_uuid: "076270c1f1b94c8db69acf247babcd08" member_type: VOTER last_known_addr { host: "127.14.22.195" port: 35229 } }
I20260709 13:17:38.195811 15521 tablet_service.cc:1917] Received RequestConsensusVote() RPC: tablet_id: "fc74b8ab22eb48798b08bf6312d0f43c" candidate_uuid: "8180f2a712124fb4af699abdf8ab00ff" candidate_term: 1 candidate_status { last_received { term: 0 index: 0 } } ignore_live_leader: false dest_uuid: "4be0f8f010df4b028417aac82d46e245"
I20260709 13:17:38.196687 15824 leader_election.cc:290] T 4cff0683df1c497a974e90c4f7af1b7b P 4be0f8f010df4b028417aac82d46e245 [CANDIDATE]: Term 1 election: Requested vote from peers 8180f2a712124fb4af699abdf8ab00ff (127.14.22.194:33383), 076270c1f1b94c8db69acf247babcd08 (127.14.22.195:35229)
I20260709 13:17:38.197757 15672 tablet_service.cc:1917] Received RequestConsensusVote() RPC: tablet_id: "4cff0683df1c497a974e90c4f7af1b7b" candidate_uuid: "4be0f8f010df4b028417aac82d46e245" candidate_term: 1 candidate_status { last_received { term: 0 index: 0 } } ignore_live_leader: false dest_uuid: "076270c1f1b94c8db69acf247babcd08"
I20260709 13:17:38.198444 15672 raft_consensus.cc:3060] T 4cff0683df1c497a974e90c4f7af1b7b P 076270c1f1b94c8db69acf247babcd08 [term 0 FOLLOWER]: Advancing to term 1
