I20260709 13:17:29.396492  7990 tablet_service.cc:1917] Received RequestConsensusVote() RPC: tablet_id: "c16c0a3b28bc4d938acecc183cebf75e" candidate_uuid: "7ac22309968244af815fb7563143f6fc" candidate_term: 2 candidate_status { last_received { term: 1 index: 1 } } ignore_live_leader: true dest_uuid: "2c5735117ac04444b2f7bcbeadfdcd85"
I20260709 13:17:29.396817  7915 leader_election.cc:290] T c16c0a3b28bc4d938acecc183cebf75e P 7ac22309968244af815fb7563143f6fc [CANDIDATE]: Term 2 election: Requested vote from peers 2c5735117ac04444b2f7bcbeadfdcd85 (127.7.28.130:43703), caea1e9d547a4f15a9dbbf4c03b7ef97 (127.7.28.131:38033)
I20260709 13:17:29.396366  7812 catalog_manager.cc:5697] T 5a0b278dc95f42f5845318d55123a330 P 7ac22309968244af815fb7563143f6fc reported cstate change: term changed from 2 to 3, leader changed from 2c5735117ac04444b2f7bcbeadfdcd85 (127.7.28.130) to 7ac22309968244af815fb7563143f6fc (127.7.28.129). New cstate: current_term: 3 leader_uuid: "7ac22309968244af815fb7563143f6fc" committed_config { opid_index: -1 OBSOLETE_local: false peers { permanent_uuid: "7ac22309968244af815fb7563143f6fc" member_type: VOTER last_known_addr { host: "127.7.28.129" port: 36243 } health_report { overall_health: HEALTHY } } peers { permanent_uuid: "2c5735117ac04444b2f7bcbeadfdcd85" member_type: VOTER last_known_addr { host: "127.7.28.130" port: 43703 } health_report { overall_health: UNKNOWN } } peers { permanent_uuid: "caea1e9d547a4f15a9dbbf4c03b7ef97" member_type: VOTER last_known_addr { host: "127.7.28.131" port: 38033 } health_report { overall_health: UNKNOWN } } }
I20260709 13:17:29.397110  7990 raft_consensus.cc:3055] T c16c0a3b28bc4d938acecc183cebf75e P 2c5735117ac04444b2f7bcbeadfdcd85 [term 1 LEADER]: Stepping down as leader of term 1
I20260709 13:17:29.397037  8065 tablet_service.cc:1917] Received RequestConsensusVote() RPC: tablet_id: "c16c0a3b28bc4d938acecc183cebf75e" candidate_uuid: "7ac22309968244af815fb7563143f6fc" candidate_term: 2 candidate_status { last_received { term: 1 index: 1 } } ignore_live_leader: true dest_uuid: "caea1e9d547a4f15a9dbbf4c03b7ef97"
I20260709 13:17:29.397610  7990 raft_consensus.cc:740] T c16c0a3b28bc4d938acecc183cebf75e P 2c5735117ac04444b2f7bcbeadfdcd85 [term 1 LEADER]: Becoming Follower/Learner. State: Replica: 2c5735117ac04444b2f7bcbeadfdcd85, State: Running, Role: LEADER
I20260709 13:17:29.397751  8065 raft_consensus.cc:3060] T c16c0a3b28bc4d938acecc183cebf75e P caea1e9d547a4f15a9dbbf4c03b7ef97 [term 1 FOLLOWER]: Advancing to term 2
I20260709 13:17:29.398487  7990 consensus_queue.cc:260] T c16c0a3b28bc4d938acecc183cebf75e P 2c5735117ac04444b2f7bcbeadfdcd85 [NON_LEADER]: Queue going to NON_LEADER mode. State: All replicated index: 0, Majority replicated index: 1, Committed index: 1, Last appended: 1.1, Last appended by leader: 1, Current term: 1, Majority size: -1, State: 0, Mode: NON_LEADER, active raft config: opid_index: -1 OBSOLETE_local: false peers { permanent_uuid: "7ac22309968244af815fb7563143f6fc" member_type: VOTER last_known_addr { host: "127.7.28.129" port: 36243 } } peers { permanent_uuid: "2c5735117ac04444b2f7bcbeadfdcd85" member_type: VOTER last_known_addr { host: "127.7.28.130" port: 43703 } } peers { permanent_uuid: "caea1e9d547a4f15a9dbbf4c03b7ef97" member_type: VOTER last_known_addr { host: "127.7.28.131" port: 38033 } }
I20260709 13:17:29.399798  7990 raft_consensus.cc:3060] T c16c0a3b28bc4d938acecc183cebf75e P 2c5735117ac04444b2f7bcbeadfdcd85 [term 1 FOLLOWER]: Advancing to term 2
I20260709 13:17:29.404393  8065 raft_consensus.cc:2468] T c16c0a3b28bc4d938acecc183cebf75e P caea1e9d547a4f15a9dbbf4c03b7ef97 [term 2 FOLLOWER]: Leader election vote request: Granting yes vote for candidate 7ac22309968244af815fb7563143f6fc in term 2.
I20260709 13:17:29.405745  7882 leader_election.cc:304] T c16c0a3b28bc4d938acecc183cebf75e P 7ac22309968244af815fb7563143f6fc [CANDIDATE]: Term 2 election: Election decided. Result: candidate won. Election summary: received 2 responses out of 3 voters: 2 yes votes; 0 no votes. yes voters: 7ac22309968244af815fb7563143f6fc, caea1e9d547a4f15a9dbbf4c03b7ef97; no voters: 
I20260709 13:17:29.406610  8202 raft_consensus.cc:2804] T c16c0a3b28bc4d938acecc183cebf75e P 7ac22309968244af815fb7563143f6fc [term 2 FOLLOWER]: Leader election won for term 2
I20260709 13:17:29.407027  7990 raft_consensus.cc:2468] T c16c0a3b28bc4d938acecc183cebf75e P 2c5735117ac04444b2f7bcbeadfdcd85 [term 2 FOLLOWER]: Leader election vote request: Granting yes vote for candidate 7ac22309968244af815fb7563143f6fc in term 2.
I20260709 13:17:29.407224  8202 raft_consensus.cc:697] T c16c0a3b28bc4d938acecc183cebf75e P 7ac22309968244af815fb7563143f6fc [term 2 LEADER]: Becoming Leader. State: Replica: 7ac22309968244af815fb7563143f6fc, State: Running, Role: LEADER
I20260709 13:17:29.408625  8202 consensus_queue.cc:237] T c16c0a3b28bc4d938acecc183cebf75e P 7ac22309968244af815fb7563143f6fc [LEADER]: Queue going to LEADER mode. State: All replicated index: 0, Majority replicated index: 1, Committed index: 1, Last appended: 1.1, Last appended by leader: 1, Current term: 2, Majority size: 2, State: 0, Mode: LEADER, active raft config: opid_index: -1 OBSOLETE_local: false peers { permanent_uuid: "7ac22309968244af815fb7563143f6fc" member_type: VOTER last_known_addr { host: "127.7.28.129" port: 36243 } } peers { permanent_uuid: "2c5735117ac04444b2f7bcbeadfdcd85" member_type: VOTER last_known_addr { host: "127.7.28.130" port: 43703 } } peers { permanent_uuid: "caea1e9d547a4f15a9dbbf4c03b7ef97" member_type: VOTER last_known_addr { host: "127.7.28.131" port: 38033 } }
I20260709 13:17:29.415757  7812 catalog_manager.cc:5697] T a0404bfb7db24458927f387f0aa3a911 P 7ac22309968244af815fb7563143f6fc reported cstate change: term changed from 3 to 4, leader changed from caea1e9d547a4f15a9dbbf4c03b7ef97 (127.7.28.131) to 7ac22309968244af815fb7563143f6fc (127.7.28.129). New cstate: current_term: 4 leader_uuid: "7ac22309968244af815fb7563143f6fc" committed_config { opid_index: -1 OBSOLETE_local: false peers { permanent_uuid: "caea1e9d547a4f15a9dbbf4c03b7ef97" member_type: VOTER last_known_addr { host: "127.7.28.131" port: 38033 } health_report { overall_health: UNKNOWN } } peers { permanent_uuid: "7ac22309968244af815fb7563143f6fc" member_type: VOTER last_known_addr { host: "127.7.28.129" port: 36243 } health_report { overall_health: HEALTHY } } peers { permanent_uuid: "2c5735117ac04444b2f7bcbeadfdcd85" member_type: VOTER last_known_addr { host: "127.7.28.130" port: 43703 } health_report { overall_health: UNKNOWN } } }
I20260709 13:17:29.416857  7812 catalog_manager.cc:5697] T c16c0a3b28bc4d938acecc183cebf75e P 7ac22309968244af815fb7563143f6fc reported cstate change: term changed from 1 to 2, leader changed from 2c5735117ac04444b2f7bcbeadfdcd85 (127.7.28.130) to 7ac22309968244af815fb7563143f6fc (127.7.28.129). New cstate: current_term: 2 leader_uuid: "7ac22309968244af815fb7563143f6fc" committed_config { opid_index: -1 OBSOLETE_local: false peers { permanent_uuid: "7ac22309968244af815fb7563143f6fc" member_type: VOTER last_known_addr { host: "127.7.28.129" port: 36243 } health_report { overall_health: HEALTHY } } peers { permanent_uuid: "2c5735117ac04444b2f7bcbeadfdcd85" member_type: VOTER last_known_addr { host: "127.7.28.130" port: 43703 } health_report { overall_health: UNKNOWN } } peers { permanent_uuid: "caea1e9d547a4f15a9dbbf4c03b7ef97" member_type: VOTER last_known_addr { host: "127.7.28.131" port: 38033 } health_report { overall_health: UNKNOWN } } }
I20260709 13:17:29.555823  8222 raft_consensus.cc:993] T 37f14ecdabbc4a5a8d672f1f0e63575a P 2c5735117ac04444b2f7bcbeadfdcd85: : Instructing follower 7ac22309968244af815fb7563143f6fc to start an election
I20260709 13:17:29.556304  8201 raft_consensus.cc:1081] T 37f14ecdabbc4a5a8d672f1f0e63575a P 2c5735117ac04444b2f7bcbeadfdcd85 [term 2 LEADER]: Signalling peer 7ac22309968244af815fb7563143f6fc to start an election
I20260709 13:17:29.557724  7915 tablet_service.cc:2044] Received Run Leader Election RPC: tablet_id: "37f14ecdabbc4a5a8d672f1f0e63575a"
dest_uuid: "7ac22309968244af815fb7563143f6fc"
 from {username='slave'} at 127.0.0.1:40064
I20260709 13:17:29.558104  7915 raft_consensus.cc:493] T 37f14ecdabbc4a5a8d672f1f0e63575a P 7ac22309968244af815fb7563143f6fc [term 2 FOLLOWER]: Starting forced leader election (received explicit request)
I20260709 13:17:29.558315  7915 raft_consensus.cc:3060] T 37f14ecdabbc4a5a8d672f1f0e63575a P 7ac22309968244af815fb7563143f6fc [term 2 FOLLOWER]: Advancing to term 3
I20260709 13:17:29.562191  7915 raft_consensus.cc:515] T 37f14ecdabbc4a5a8d672f1f0e63575a P 7ac22309968244af815fb7563143f6fc [term 3 FOLLOWER]: Starting forced leader election with config: opid_index: -1 OBSOLETE_local: false peers { permanent_uuid: "7ac22309968244af815fb7563143f6fc" member_type: VOTER last_known_addr { host: "127.7.28.129" port: 36243 } } peers { permanent_uuid: "2c5735117ac04444b2f7bcbeadfdcd85" member_type: VOTER last_known_addr { host: "127.7.28.130" port: 43703 } } peers { permanent_uuid: "caea1e9d547a4f15a9dbbf4c03b7ef97" member_type: VOTER last_known_addr { host: "127.7.28.131" port: 38033 } }
I20260709 13:17:29.563644  7915 leader_election.cc:290] T 37f14ecdabbc4a5a8d672f1f0e63575a P 7ac22309968244af815fb7563143f6fc [CANDIDATE]: Term 3 election: Requested vote from peers 2c5735117ac04444b2f7bcbeadfdcd85 (127.7.28.130:43703), caea1e9d547a4f15a9dbbf4c03b7ef97 (127.7.28.131:38033)
I20260709 13:17:29.564486  7990 tablet_service.cc:1917] Received RequestConsensusVote() RPC: tablet_id: "37f14ecdabbc4a5a8d672f1f0e63575a" candidate_uuid: "7ac22309968244af815fb7563143f6fc" candidate_term: 3 candidate_status { last_received { term: 2 index: 2 } } ignore_live_leader: true dest_uuid: "2c5735117ac04444b2f7bcbeadfdcd85"
I20260709 13:17:29.564733  8065 tablet_service.cc:1917] Received RequestConsensusVote() RPC: tablet_id: "37f14ecdabbc4a5a8d672f1f0e63575a" candidate_uuid: "7ac22309968244af815fb7563143f6fc" candidate_term: 3 candidate_status { last_received { term: 2 index: 2 } } ignore_live_leader: true dest_uuid: "caea1e9d547a4f15a9dbbf4c03b7ef97"
I20260709 13:17:29.565047  7990 raft_consensus.cc:3055] T 37f14ecdabbc4a5a8d672f1f0e63575a P 2c5735117ac04444b2f7bcbeadfdcd85 [term 2 LEADER]: Stepping down as leader of term 2
I20260709 13:17:29.565266  8065 raft_consensus.cc:3060] T 37f14ecdabbc4a5a8d672f1f0e63575a P caea1e9d547a4f15a9dbbf4c03b7ef97 [term 2 FOLLOWER]: Advancing to term 3
I20260709 13:17:29.565476  7990 raft_consensus.cc:740] T 37f14ecdabbc4a5a8d672f1f0e63575a P 2c5735117ac04444b2f7bcbeadfdcd85 [term 2 LEADER]: Becoming Follower/Learner. State: Replica: 2c5735117ac04444b2f7bcbeadfdcd85, State: Running, Role: LEADER
I20260709 13:17:29.566380  7990 consensus_queue.cc:260] T 37f14ecdabbc4a5a8d672f1f0e63575a P 2c5735117ac04444b2f7bcbeadfdcd85 [NON_LEADER]: Queue going to NON_LEADER mode. State: All replicated index: 0, Majority replicated index: 2, Committed index: 2, Last appended: 2.2, Last appended by leader: 2, Current term: 2, Majority size: -1, State: 0, Mode: NON_LEADER, active raft config: opid_index: -1 OBSOLETE_local: false peers { permanent_uuid: "7ac22309968244af815fb7563143f6fc" member_type: VOTER last_known_addr { host: "127.7.28.129" port: 36243 } } peers { permanent_uuid: "2c5735117ac04444b2f7bcbeadfdcd85" member_type: VOTER last_known_addr { host: "127.7.28.130" port: 43703 } } peers { permanent_uuid: "caea1e9d547a4f15a9dbbf4c03b7ef97" member_type: VOTER last_known_addr { host: "127.7.28.131" port: 38033 } }
I20260709 13:17:29.567559  7990 raft_consensus.cc:3060] T 37f14ecdabbc4a5a8d672f1f0e63575a P 2c5735117ac04444b2f7bcbeadfdcd85 [term 2 FOLLOWER]: Advancing to term 3
I20260709 13:17:29.570019  8065 raft_consensus.cc:2468] T 37f14ecdabbc4a5a8d672f1f0e63575a P caea1e9d547a4f15a9dbbf4c03b7ef97 [term 3 FOLLOWER]: Leader election vote request: Granting yes vote for candidate 7ac22309968244af815fb7563143f6fc in term 3.
I20260709 13:17:29.570884  7882 leader_election.cc:304] T 37f14ecdabbc4a5a8d672f1f0e63575a P 7ac22309968244af815fb7563143f6fc [CANDIDATE]: Term 3 election: Election decided. Result: candidate won. Election summary: received 2 responses out of 3 voters: 2 yes votes; 0 no votes. yes voters: 7ac22309968244af815fb7563143f6fc, caea1e9d547a4f15a9dbbf4c03b7ef97; no voters: 
I20260709 13:17:29.571543  8202 raft_consensus.cc:2804] T 37f14ecdabbc4a5a8d672f1f0e63575a P 7ac22309968244af815fb7563143f6fc [term 3 FOLLOWER]: Leader election won for term 3
I20260709 13:17:29.572072  8202 raft_consensus.cc:697] T 37f14ecdabbc4a5a8d672f1f0e63575a P 7ac22309968244af815fb7563143f6fc [term 3 LEADER]: Becoming Leader. State: Replica: 7ac22309968244af815fb7563143f6fc, State: Running, Role: LEADER
I20260709 13:17:29.572917  8202 consensus_queue.cc:237] T 37f14ecdabbc4a5a8d672f1f0e63575a P 7ac22309968244af815fb7563143f6fc [LEADER]: Queue going to LEADER mode. State: All replicated index: 0, Majority replicated index: 2, Committed index: 2, Last appended: 2.2, Last appended by leader: 2, Current term: 3, Majority size: 2, State: 0, Mode: LEADER, active raft config: opid_index: -1 OBSOLETE_local: false peers { permanent_uuid: "7ac22309968244af815fb7563143f6fc" member_type: VOTER last_known_addr { host: "127.7.28.129" port: 36243 } } peers { permanent_uuid: "2c5735117ac04444b2f7bcbeadfdcd85" member_type: VOTER last_known_addr { host: "127.7.28.130" port: 43703 } } peers { permanent_uuid: "caea1e9d547a4f15a9dbbf4c03b7ef97" member_type: VOTER last_known_addr { host: "127.7.28.131" port: 38033 } }
I20260709 13:17:29.573593  7990 raft_consensus.cc:2468] T 37f14ecdabbc4a5a8d672f1f0e63575a P 2c5735117ac04444b2f7bcbeadfdcd85 [term 3 FOLLOWER]: Leader election vote request: Granting yes vote for candidate 7ac22309968244af815fb7563143f6fc in term 3.
I20260709 13:17:29.579870  7812 catalog_manager.cc:5697] T 37f14ecdabbc4a5a8d672f1f0e63575a P 7ac22309968244af815fb7563143f6fc reported cstate change: term changed from 2 to 3, leader changed from 2c5735117ac04444b2f7bcbeadfdcd85 (127.7.28.130) to 7ac22309968244af815fb7563143f6fc (127.7.28.129). New cstate: current_term: 3 leader_uuid: "7ac22309968244af815fb7563143f6fc" committed_config { opid_index: -1 OBSOLETE_local: false peers { permanent_uuid: "7ac22309968244af815fb7563143f6fc" member_type: VOTER last_known_addr { host: "127.7.28.129" port: 36243 } health_report { overall_health: HEALTHY } } peers { permanent_uuid: "2c5735117ac04444b2f7bcbeadfdcd85" member_type: VOTER last_known_addr { host: "127.7.28.130" port: 43703 } health_report { overall_health: UNKNOWN } } peers { permanent_uuid: "caea1e9d547a4f15a9dbbf4c03b7ef97" member_type: VOTER last_known_addr { host: "127.7.28.131" port: 38033 } health_report { overall_health: UNKNOWN } } }
I20260709 13:17:29.657549  8132 raft_consensus.cc:993] T f7f83957fde44a05bd3f28a3b1afa312 P caea1e9d547a4f15a9dbbf4c03b7ef97: : Instructing follower 7ac22309968244af815fb7563143f6fc to start an election
I20260709 13:17:29.657964  8217 raft_consensus.cc:1081] T f7f83957fde44a05bd3f28a3b1afa312 P caea1e9d547a4f15a9dbbf4c03b7ef97 [term 3 LEADER]: Signalling peer 7ac22309968244af815fb7563143f6fc to start an election
I20260709 13:17:29.659497  7915 tablet_service.cc:2044] Received Run Leader Election RPC: tablet_id: "f7f83957fde44a05bd3f28a3b1afa312"
dest_uuid: "7ac22309968244af815fb7563143f6fc"
 from {username='slave'} at 127.0.0.1:40056
I20260709 13:17:29.659893  7915 raft_consensus.cc:493] T f7f83957fde44a05bd3f28a3b1afa312 P 7ac22309968244af815fb7563143f6fc [term 3 FOLLOWER]: Starting forced leader election (received explicit request)
I20260709 13:17:29.660120  7915 raft_consensus.cc:3060] T f7f83957fde44a05bd3f28a3b1afa312 P 7ac22309968244af815fb7563143f6fc [term 3 FOLLOWER]: Advancing to term 4
I20260709 13:17:29.664165  7915 raft_consensus.cc:515] T f7f83957fde44a05bd3f28a3b1afa312 P 7ac22309968244af815fb7563143f6fc [term 4 FOLLOWER]: Starting forced leader election with config: opid_index: -1 OBSOLETE_local: false peers { permanent_uuid: "7ac22309968244af815fb7563143f6fc" member_type: VOTER last_known_addr { host: "127.7.28.129" port: 36243 } } peers { permanent_uuid: "2c5735117ac04444b2f7bcbeadfdcd85" member_type: VOTER last_known_addr { host: "127.7.28.130" port: 43703 } } peers { permanent_uuid: "caea1e9d547a4f15a9dbbf4c03b7ef97" member_type: VOTER last_known_addr { host: "127.7.28.131" port: 38033 } }
I20260709 13:17:29.665547  7915 leader_election.cc:290] T f7f83957fde44a05bd3f28a3b1afa312 P 7ac22309968244af815fb7563143f6fc [CANDIDATE]: Term 4 election: Requested vote from peers 2c5735117ac04444b2f7bcbeadfdcd85 (127.7.28.130:43703), caea1e9d547a4f15a9dbbf4c03b7ef97 (127.7.28.131:38033)
I20260709 13:17:29.666260  7990 tablet_service.cc:1917] Received RequestConsensusVote() RPC: tablet_id: "f7f83957fde44a05bd3f28a3b1afa312" candidate_uuid: "7ac22309968244af815fb7563143f6fc" candidate_term: 4 candidate_status { last_received { term: 3 index: 3 } } ignore_live_leader: true dest_uuid: "2c5735117ac04444b2f7bcbeadfdcd85"
I20260709 13:17:29.666527  8065 tablet_service.cc:1917] Received RequestConsensusVote() RPC: tablet_id: "f7f83957fde44a05bd3f28a3b1afa312" candidate_uuid: "7ac22309968244af815fb7563143f6fc" candidate_term: 4 candidate_status { last_received { term: 3 index: 3 } } ignore_live_leader: true dest_uuid: "caea1e9d547a4f15a9dbbf4c03b7ef97"
I20260709 13:17:29.666822  7990 raft_consensus.cc:3060] T f7f83957fde44a05bd3f28a3b1afa312 P 2c5735117ac04444b2f7bcbeadfdcd85 [term 3 FOLLOWER]: Advancing to term 4
I20260709 13:17:29.666996  8065 raft_consensus.cc:3055] T f7f83957fde44a05bd3f28a3b1afa312 P caea1e9d547a4f15a9dbbf4c03b7ef97 [term 3 LEADER]: Stepping down as leader of term 3
I20260709 13:17:29.667310  8065 raft_consensus.cc:740] T f7f83957fde44a05bd3f28a3b1afa312 P caea1e9d547a4f15a9dbbf4c03b7ef97 [term 3 LEADER]: Becoming Follower/Learner. State: Replica: caea1e9d547a4f15a9dbbf4c03b7ef97, State: Running, Role: LEADER
I20260709 13:17:29.668040  8065 consensus_queue.cc:260] T f7f83957fde44a05bd3f28a3b1afa312 P caea1e9d547a4f15a9dbbf4c03b7ef97 [NON_LEADER]: Queue going to NON_LEADER mode. State: All replicated index: 0, Majority replicated index: 3, Committed index: 3, Last appended: 3.3, Last appended by leader: 3, Current term: 3, Majority size: -1, State: 0, Mode: NON_LEADER, active raft config: opid_index: -1 OBSOLETE_local: false peers { permanent_uuid: "7ac22309968244af815fb7563143f6fc" member_type: VOTER last_known_addr { host: "127.7.28.129" port: 36243 } } peers { permanent_uuid: "2c5735117ac04444b2f7bcbeadfdcd85" member_type: VOTER last_known_addr { host: "127.7.28.130" port: 43703 } } peers { permanent_uuid: "caea1e9d547a4f15a9dbbf4c03b7ef97" member_type: VOTER last_known_addr { host: "127.7.28.131" port: 38033 } }
I20260709 13:17:29.669106  8065 raft_consensus.cc:3060] T f7f83957fde44a05bd3f28a3b1afa312 P caea1e9d547a4f15a9dbbf4c03b7ef97 [term 3 FOLLOWER]: Advancing to term 4
I20260709 13:17:29.673262  7990 raft_consensus.cc:2468] T f7f83957fde44a05bd3f28a3b1afa312 P 2c5735117ac04444b2f7bcbeadfdcd85 [term 4 FOLLOWER]: Leader election vote request: Granting yes vote for candidate 7ac22309968244af815fb7563143f6fc in term 4.
I20260709 13:17:29.674412  7879 leader_election.cc:304] T f7f83957fde44a05bd3f28a3b1afa312 P 7ac22309968244af815fb7563143f6fc [CANDIDATE]: Term 4 election: Election decided. Result: candidate won. Election summary: received 2 responses out of 3 voters: 2 yes votes; 0 no votes. yes voters: 2c5735117ac04444b2f7bcbeadfdcd85, 7ac22309968244af815fb7563143f6fc; no voters: 
I20260709 13:17:29.674808  8065 raft_consensus.cc:2468] T f7f83957fde44a05bd3f28a3b1afa312 P caea1e9d547a4f15a9dbbf4c03b7ef97 [term 4 FOLLOWER]: Leader election vote request: Granting yes vote for candidate 7ac22309968244af815fb7563143f6fc in term 4.
I20260709 13:17:29.675071  8202 raft_consensus.cc:2804] T f7f83957fde44a05bd3f28a3b1afa312 P 7ac22309968244af815fb7563143f6fc [term 4 FOLLOWER]: Leader election won for term 4
I20260709 13:17:29.675591  8202 raft_consensus.cc:697] T f7f83957fde44a05bd3f28a3b1afa312 P 7ac22309968244af815fb7563143f6fc [term 4 LEADER]: Becoming Leader. State: Replica: 7ac22309968244af815fb7563143f6fc, State: Running, Role: LEADER
I20260709 13:17:29.676321  8202 consensus_queue.cc:237] T f7f83957fde44a05bd3f28a3b1afa312 P 7ac22309968244af815fb7563143f6fc [LEADER]: Queue going to LEADER mode. State: All replicated index: 0, Majority replicated index: 3, Committed index: 3, Last appended: 3.3, Last appended by leader: 3, Current term: 4, Majority size: 2, State: 0, Mode: LEADER, active raft config: opid_index: -1 OBSOLETE_local: false peers { permanent_uuid: "7ac22309968244af815fb7563143f6fc" member_type: VOTER last_known_addr { host: "127.7.28.129" port: 36243 } } peers { permanent_uuid: "2c5735117ac04444b2f7bcbeadfdcd85" member_type: VOTER last_known_addr { host: "127.7.28.130" port: 43703 } } peers { permanent_uuid: "caea1e9d547a4f15a9dbbf4c03b7ef97" member_type: VOTER last_known_addr { host: "127.7.28.131" port: 38033 } }
I20260709 13:17:29.681643  7812 catalog_manager.cc:5697] T f7f83957fde44a05bd3f28a3b1afa312 P 7ac22309968244af815fb7563143f6fc reported cstate change: term changed from 3 to 4, leader changed from caea1e9d547a4f15a9dbbf4c03b7ef97 (127.7.28.131) to 7ac22309968244af815fb7563143f6fc (127.7.28.129). New cstate: current_term: 4 leader_uuid: "7ac22309968244af815fb7563143f6fc" committed_config { opid_index: -1 OBSOLETE_local: false peers { permanent_uuid: "7ac22309968244af815fb7563143f6fc" member_type: VOTER last_known_addr { host: "127.7.28.129" port: 36243 } health_report { overall_health: HEALTHY } } peers { permanent_uuid: "2c5735117ac04444b2f7bcbeadfdcd85" member_type: VOTER last_known_addr { host: "127.7.28.130" port: 43703 } health_report { overall_health: UNKNOWN } } peers { permanent_uuid: "caea1e9d547a4f15a9dbbf4c03b7ef97" member_type: VOTER last_known_addr { host: "127.7.28.131" port: 38033 } health_report { overall_health: UNKNOWN } } }
I20260709 13:17:29.780754  7990 raft_consensus.cc:1275] T a0404bfb7db24458927f387f0aa3a911 P 2c5735117ac04444b2f7bcbeadfdcd85 [term 4 FOLLOWER]: Refusing update from remote peer 7ac22309968244af815fb7563143f6fc: Log matching property violated. Preceding OpId in replica: term: 3 index: 3. Preceding OpId from leader: term: 4 index: 4. (index mismatch)
I20260709 13:17:29.782132  8202 consensus_queue.cc:1048] T a0404bfb7db24458927f387f0aa3a911 P 7ac22309968244af815fb7563143f6fc [LEADER]: Connected to new peer: Peer: permanent_uuid: "2c5735117ac04444b2f7bcbeadfdcd85" member_type: VOTER last_known_addr { host: "127.7.28.130" port: 43703 }, Status: LMP_MISMATCH, Last received: 0.0, Next index: 4, Last known committed idx: 3, Time since last communication: 0.000s
I20260709 13:17:29.785863  8065 raft_consensus.cc:1275] T 5a0b278dc95f42f5845318d55123a330 P caea1e9d547a4f15a9dbbf4c03b7ef97 [term 3 FOLLOWER]: Refusing update from remote peer 7ac22309968244af815fb7563143f6fc: Log matching property violated. Preceding OpId in replica: term: 2 index: 2. Preceding OpId from leader: term: 3 index: 3. (index mismatch)
I20260709 13:17:29.787467  8224 consensus_queue.cc:1048] T 5a0b278dc95f42f5845318d55123a330 P 7ac22309968244af815fb7563143f6fc [LEADER]: Connected to new peer: Peer: permanent_uuid: "caea1e9d547a4f15a9dbbf4c03b7ef97" member_type: VOTER last_known_addr { host: "127.7.28.131" port: 38033 }, Status: LMP_MISMATCH, Last received: 0.0, Next index: 3, Last known committed idx: 2, Time since last communication: 0.000s
I20260709 13:17:29.804092  7990 raft_consensus.cc:1275] T 5a0b278dc95f42f5845318d55123a330 P 2c5735117ac04444b2f7bcbeadfdcd85 [term 3 FOLLOWER]: Refusing update from remote peer 7ac22309968244af815fb7563143f6fc: Log matching property violated. Preceding OpId in replica: term: 2 index: 2. Preceding OpId from leader: term: 3 index: 3. (index mismatch)
I20260709 13:17:29.805609  8202 consensus_queue.cc:1048] T 5a0b278dc95f42f5845318d55123a330 P 7ac22309968244af815fb7563143f6fc [LEADER]: Connected to new peer: Peer: permanent_uuid: "2c5735117ac04444b2f7bcbeadfdcd85" member_type: VOTER last_known_addr { host: "127.7.28.130" port: 43703 }, Status: LMP_MISMATCH, Last received: 0.0, Next index: 3, Last known committed idx: 2, Time since last communication: 0.000s
I20260709 13:17:29.805233  8065 raft_consensus.cc:1275] T a0404bfb7db24458927f387f0aa3a911 P caea1e9d547a4f15a9dbbf4c03b7ef97 [term 4 FOLLOWER]: Refusing update from remote peer 7ac22309968244af815fb7563143f6fc: Log matching property violated. Preceding OpId in replica: term: 3 index: 3. Preceding OpId from leader: term: 4 index: 4. (index mismatch)
I20260709 13:17:29.808036  8202 consensus_queue.cc:1048] T a0404bfb7db24458927f387f0aa3a911 P 7ac22309968244af815fb7563143f6fc [LEADER]: Connected to new peer: Peer: permanent_uuid: "caea1e9d547a4f15a9dbbf4c03b7ef97" member_type: VOTER last_known_addr { host: "127.7.28.131" port: 38033 }, Status: LMP_MISMATCH, Last received: 0.0, Next index: 4, Last known committed idx: 3, Time since last communication: 0.001s
I20260709 13:17:29.839466  8065 raft_consensus.cc:1275] T c16c0a3b28bc4d938acecc183cebf75e P caea1e9d547a4f15a9dbbf4c03b7ef97 [term 2 FOLLOWER]: Refusing update from remote peer 7ac22309968244af815fb7563143f6fc: Log matching property violated. Preceding OpId in replica: term: 1 index: 1. Preceding OpId from leader: term: 2 index: 2. (index mismatch)
I20260709 13:17:29.840991  8202 consensus_queue.cc:1048] T c16c0a3b28bc4d938acecc183cebf75e P 7ac22309968244af815fb7563143f6fc [LEADER]: Connected to new peer: Peer: permanent_uuid: "caea1e9d547a4f15a9dbbf4c03b7ef97" member_type: VOTER last_known_addr { host: "127.7.28.131" port: 38033 }, Status: LMP_MISMATCH, Last received: 0.0, Next index: 2, Last known committed idx: 1, Time since last communication: 0.000s
I20260709 13:17:29.851125  7990 raft_consensus.cc:1275] T c16c0a3b28bc4d938acecc183cebf75e P 2c5735117ac04444b2f7bcbeadfdcd85 [term 2 FOLLOWER]: Refusing update from remote peer 7ac22309968244af815fb7563143f6fc: Log matching property violated. Preceding OpId in replica: term: 1 index: 1. Preceding OpId from leader: term: 2 index: 2. (index mismatch)
I20260709 13:17:29.852739  8224 consensus_queue.cc:1048] T c16c0a3b28bc4d938acecc183cebf75e P 7ac22309968244af815fb7563143f6fc [LEADER]: Connected to new peer: Peer: permanent_uuid: "2c5735117ac04444b2f7bcbeadfdcd85" member_type: VOTER last_known_addr { host: "127.7.28.130" port: 43703 }, Status: LMP_MISMATCH, Last received: 0.0, Next index: 2, Last known committed idx: 1, Time since last communication: 0.000s
I20260709 13:17:29.984282  8063 raft_consensus.cc:1275] T 37f14ecdabbc4a5a8d672f1f0e63575a P caea1e9d547a4f15a9dbbf4c03b7ef97 [term 3 FOLLOWER]: Refusing update from remote peer 7ac22309968244af815fb7563143f6fc: Log matching property violated. Preceding OpId in replica: term: 2 index: 2. Preceding OpId from leader: term: 3 index: 3. (index mismatch)
I20260709 13:17:29.985536  8224 consensus_queue.cc:1048] T 37f14ecdabbc4a5a8d672f1f0e63575a P 7ac22309968244af815fb7563143f6fc [LEADER]: Connected to new peer: Peer: permanent_uuid: "caea1e9d547a4f15a9dbbf4c03b7ef97" member_type: VOTER last_known_addr { host: "127.7.28.131" port: 38033 }, Status: LMP_MISMATCH, Last received: 0.0, Next index: 3, Last known committed idx: 2, Time since last communication: 0.000s
I20260709 13:17:29.993852  7990 raft_consensus.cc:1275] T 37f14ecdabbc4a5a8d672f1f0e63575a P 2c5735117ac04444b2f7bcbeadfdcd85 [term 3 FOLLOWER]: Refusing update from remote peer 7ac22309968244af815fb7563143f6fc: Log matching property violated. Preceding OpId in replica: term: 2 index: 2. Preceding OpId from leader: term: 3 index: 3. (index mismatch)
I20260709 13:17:29.995319  8224 consensus_queue.cc:1048] T 37f14ecdabbc4a5a8d672f1f0e63575a P 7ac22309968244af815fb7563143f6fc [LEADER]: Connected to new peer: Peer: permanent_uuid: "2c5735117ac04444b2f7bcbeadfdcd85" member_type: VOTER last_known_addr { host: "127.7.28.130" port: 43703 }, Status: LMP_MISMATCH, Last received: 0.0, Next index: 3, Last known committed idx: 2, Time since last communication: 0.000s
I20260709 13:17:30.210897  7990 raft_consensus.cc:1275] T f7f83957fde44a05bd3f28a3b1afa312 P 2c5735117ac04444b2f7bcbeadfdcd85 [term 4 FOLLOWER]: Refusing update from remote peer 7ac22309968244af815fb7563143f6fc: Log matching property violated. Preceding OpId in replica: term: 3 index: 3. Preceding OpId from leader: term: 4 index: 4. (index mismatch)
I20260709 13:17:30.213795  8240 consensus_queue.cc:1048] T f7f83957fde44a05bd3f28a3b1afa312 P 7ac22309968244af815fb7563143f6fc [LEADER]: Connected to new peer: Peer: permanent_uuid: "2c5735117ac04444b2f7bcbeadfdcd85" member_type: VOTER last_known_addr { host: "127.7.28.130" port: 43703 }, Status: LMP_MISMATCH, Last received: 0.0, Next index: 4, Last known committed idx: 3, Time since last communication: 0.001s
I20260709 13:17:30.228561  8063 raft_consensus.cc:1275] T f7f83957fde44a05bd3f28a3b1afa312 P caea1e9d547a4f15a9dbbf4c03b7ef97 [term 4 FOLLOWER]: Refusing update from remote peer 7ac22309968244af815fb7563143f6fc: Log matching property violated. Preceding OpId in replica: term: 3 index: 3. Preceding OpId from leader: term: 4 index: 4. (index mismatch)
I20260709 13:17:30.230118  8223 consensus_queue.cc:1048] T f7f83957fde44a05bd3f28a3b1afa312 P 7ac22309968244af815fb7563143f6fc [LEADER]: Connected to new peer: Peer: permanent_uuid: "caea1e9d547a4f15a9dbbf4c03b7ef97" member_type: VOTER last_known_addr { host: "127.7.28.131" port: 38033 }, Status: LMP_MISMATCH, Last received: 0.0, Next index: 4, Last known committed idx: 3, Time since last communication: 0.000s
I20260709 13:17:32.244105  7282 auto_leader_rebalancer.cc:141] leader rebalance for table test-workload
I20260709 13:17:32.251770  7915 tablet_service.cc:2072] Received LeaderStepDown RPC: tablet_id: "70be159f9d2140ef9775672324fb2497"
dest_uuid: "7ac22309968244af815fb7563143f6fc"
mode: GRACEFUL
new_leader_uuid: "2c5735117ac04444b2f7bcbeadfdcd85"
 from {username='slave'} at 127.0.0.1:40094
I20260709 13:17:32.252529  7915 raft_consensus.cc:606] T 70be159f9d2140ef9775672324fb2497 P 7ac22309968244af815fb7563143f6fc [term 1 LEADER]: Received request to transfer leadership to TS 2c5735117ac04444b2f7bcbeadfdcd85
I20260709 13:17:32.254953  7915 tablet_service.cc:2072] Received LeaderStepDown RPC: tablet_id: "a0404bfb7db24458927f387f0aa3a911"
dest_uuid: "7ac22309968244af815fb7563143f6fc"
mode: GRACEFUL
new_leader_uuid: "2c5735117ac04444b2f7bcbeadfdcd85"
 from {username='slave'} at 127.0.0.1:40094
I20260709 13:17:32.255317  7915 raft_consensus.cc:606] T a0404bfb7db24458927f387f0aa3a911 P 7ac22309968244af815fb7563143f6fc [term 4 LEADER]: Received request to transfer leadership to TS 2c5735117ac04444b2f7bcbeadfdcd85
I20260709 13:17:32.257172  7915 tablet_service.cc:2072] Received LeaderStepDown RPC: tablet_id: "e61cab86aa7244aa9bedcf1bdf8e372f"
dest_uuid: "7ac22309968244af815fb7563143f6fc"
mode: GRACEFUL
new_leader_uuid: "caea1e9d547a4f15a9dbbf4c03b7ef97"
 from {username='slave'} at 127.0.0.1:40094
I20260709 13:17:32.257508  7915 raft_consensus.cc:606] T e61cab86aa7244aa9bedcf1bdf8e372f P 7ac22309968244af815fb7563143f6fc [term 2 LEADER]: Received request to transfer leadership to TS caea1e9d547a4f15a9dbbf4c03b7ef97
I20260709 13:17:32.259508  7915 tablet_service.cc:2072] Received LeaderStepDown RPC: tablet_id: "f7f83957fde44a05bd3f28a3b1afa312"
dest_uuid: "7ac22309968244af815fb7563143f6fc"
mode: GRACEFUL
new_leader_uuid: "caea1e9d547a4f15a9dbbf4c03b7ef97"
 from {username='slave'} at 127.0.0.1:40094
I20260709 13:17:32.259882  7915 raft_consensus.cc:606] T f7f83957fde44a05bd3f28a3b1afa312 P 7ac22309968244af815fb7563143f6fc [term 4 LEADER]: Received request to transfer leadership to TS caea1e9d547a4f15a9dbbf4c03b7ef97
I20260709 13:17:32.260665  7282 auto_leader_rebalancer.cc:452] table: test-workload, leader rebalance finish, leader transfer count: 4
I20260709 13:17:32.261093  7282 auto_leader_rebalancer.cc:527] All tables' leader rebalancing finished this round
I20260709 13:17:32.449369  8245 raft_consensus.cc:993] T e61cab86aa7244aa9bedcf1bdf8e372f P 7ac22309968244af815fb7563143f6fc: : Instructing follower caea1e9d547a4f15a9dbbf4c03b7ef97 to start an election
I20260709 13:17:32.449769  8240 raft_consensus.cc:1081] T e61cab86aa7244aa9bedcf1bdf8e372f P 7ac22309968244af815fb7563143f6fc [term 2 LEADER]: Signalling peer caea1e9d547a4f15a9dbbf4c03b7ef97 to start an election
I20260709 13:17:32.451139  8063 tablet_service.cc:2044] Received Run Leader Election RPC: tablet_id: "e61cab86aa7244aa9bedcf1bdf8e372f"
dest_uuid: "caea1e9d547a4f15a9dbbf4c03b7ef97"
 from {username='slave'} at 127.0.0.1:41410
I20260709 13:17:32.451663  8063 raft_consensus.cc:493] T e61cab86aa7244aa9bedcf1bdf8e372f P caea1e9d547a4f15a9dbbf4c03b7ef97 [term 2 FOLLOWER]: Starting forced leader election (received explicit request)
I20260709 13:17:32.451972  8063 raft_consensus.cc:3060] T e61cab86aa7244aa9bedcf1bdf8e372f P caea1e9d547a4f15a9dbbf4c03b7ef97 [term 2 FOLLOWER]: Advancing to term 3
I20260709 13:17:32.457991  8063 raft_consensus.cc:515] T e61cab86aa7244aa9bedcf1bdf8e372f P caea1e9d547a4f15a9dbbf4c03b7ef97 [term 3 FOLLOWER]: Starting forced leader election with config: opid_index: -1 OBSOLETE_local: false peers { permanent_uuid: "7ac22309968244af815fb7563143f6fc" member_type: VOTER last_known_addr { host: "127.7.28.129" port: 36243 } } peers { permanent_uuid: "2c5735117ac04444b2f7bcbeadfdcd85" member_type: VOTER last_known_addr { host: "127.7.28.130" port: 43703 } } peers { permanent_uuid: "caea1e9d547a4f15a9dbbf4c03b7ef97" member_type: VOTER last_known_addr { host: "127.7.28.131" port: 38033 } }
I20260709 13:17:32.459721  8063 leader_election.cc:290] T e61cab86aa7244aa9bedcf1bdf8e372f P caea1e9d547a4f15a9dbbf4c03b7ef97 [CANDIDATE]: Term 3 election: Requested vote from peers 7ac22309968244af815fb7563143f6fc (127.7.28.129:36243), 2c5735117ac04444b2f7bcbeadfdcd85 (127.7.28.130:43703)
I20260709 13:17:32.460613  7915 tablet_service.cc:1917] Received RequestConsensusVote() RPC: tablet_id: "e61cab86aa7244aa9bedcf1bdf8e372f" candidate_uuid: "caea1e9d547a4f15a9dbbf4c03b7ef97" candidate_term: 3 candidate_status { last_received { term: 2 index: 2 } } ignore_live_leader: true dest_uuid: "7ac22309968244af815fb7563143f6fc"
I20260709 13:17:32.460947  7991 tablet_service.cc:1917] Received RequestConsensusVote() RPC: tablet_id: "e61cab86aa7244aa9bedcf1bdf8e372f" candidate_uuid: "caea1e9d547a4f15a9dbbf4c03b7ef97" candidate_term: 3 candidate_status { last_received { term: 2 index: 2 } } ignore_live_leader: true dest_uuid: "2c5735117ac04444b2f7bcbeadfdcd85"
I20260709 13:17:32.461237  7915 raft_consensus.cc:3055] T e61cab86aa7244aa9bedcf1bdf8e372f P 7ac22309968244af815fb7563143f6fc [term 2 LEADER]: Stepping down as leader of term 2
I20260709 13:17:32.461429  7991 raft_consensus.cc:3060] T e61cab86aa7244aa9bedcf1bdf8e372f P 2c5735117ac04444b2f7bcbeadfdcd85 [term 2 FOLLOWER]: Advancing to term 3
I20260709 13:17:32.461549  7915 raft_consensus.cc:740] T e61cab86aa7244aa9bedcf1bdf8e372f P 7ac22309968244af815fb7563143f6fc [term 2 LEADER]: Becoming Follower/Learner. State: Replica: 7ac22309968244af815fb7563143f6fc, State: Running, Role: LEADER
I20260709 13:17:32.462306  7915 consensus_queue.cc:260] T e61cab86aa7244aa9bedcf1bdf8e372f P 7ac22309968244af815fb7563143f6fc [NON_LEADER]: Queue going to NON_LEADER mode. State: All replicated index: 0, Majority replicated index: 2, Committed index: 2, Last appended: 2.2, Last appended by leader: 2, Current term: 2, Majority size: -1, State: 0, Mode: NON_LEADER, active raft config: opid_index: -1 OBSOLETE_local: false peers { permanent_uuid: "7ac22309968244af815fb7563143f6fc" member_type: VOTER last_known_addr { host: "127.7.28.129" port: 36243 } } peers { permanent_uuid: "2c5735117ac04444b2f7bcbeadfdcd85" member_type: VOTER last_known_addr { host: "127.7.28.130" port: 43703 } } peers { permanent_uuid: "caea1e9d547a4f15a9dbbf4c03b7ef97" member_type: VOTER last_known_addr { host: "127.7.28.131" port: 38033 } }
I20260709 13:17:32.463181  7915 raft_consensus.cc:3060] T e61cab86aa7244aa9bedcf1bdf8e372f P 7ac22309968244af815fb7563143f6fc [term 2 FOLLOWER]: Advancing to term 3
I20260709 13:17:32.466180  7991 raft_consensus.cc:2468] T e61cab86aa7244aa9bedcf1bdf8e372f P 2c5735117ac04444b2f7bcbeadfdcd85 [term 3 FOLLOWER]: Leader election vote request: Granting yes vote for candidate caea1e9d547a4f15a9dbbf4c03b7ef97 in term 3.
I20260709 13:17:32.467370  8028 leader_election.cc:304] T e61cab86aa7244aa9bedcf1bdf8e372f P caea1e9d547a4f15a9dbbf4c03b7ef97 [CANDIDATE]: Term 3 election: Election decided. Result: candidate won. Election summary: received 2 responses out of 3 voters: 2 yes votes; 0 no votes. yes voters: 2c5735117ac04444b2f7bcbeadfdcd85, caea1e9d547a4f15a9dbbf4c03b7ef97; no voters: 
I20260709 13:17:32.467840  7915 raft_consensus.cc:2468] T e61cab86aa7244aa9bedcf1bdf8e372f P 7ac22309968244af815fb7563143f6fc [term 3 FOLLOWER]: Leader election vote request: Granting yes vote for candidate caea1e9d547a4f15a9dbbf4c03b7ef97 in term 3.
I20260709 13:17:32.468475  8217 raft_consensus.cc:2804] T e61cab86aa7244aa9bedcf1bdf8e372f P caea1e9d547a4f15a9dbbf4c03b7ef97 [term 3 FOLLOWER]: Leader election won for term 3
I20260709 13:17:32.469656  8217 raft_consensus.cc:697] T e61cab86aa7244aa9bedcf1bdf8e372f P caea1e9d547a4f15a9dbbf4c03b7ef97 [term 3 LEADER]: Becoming Leader. State: Replica: caea1e9d547a4f15a9dbbf4c03b7ef97, State: Running, Role: LEADER
I20260709 13:17:32.470477  8217 consensus_queue.cc:237] T e61cab86aa7244aa9bedcf1bdf8e372f P caea1e9d547a4f15a9dbbf4c03b7ef97 [LEADER]: Queue going to LEADER mode. State: All replicated index: 0, Majority replicated index: 2, Committed index: 2, Last appended: 2.2, Last appended by leader: 2, Current term: 3, Majority size: 2, State: 0, Mode: LEADER, active raft config: opid_index: -1 OBSOLETE_local: false peers { permanent_uuid: "7ac22309968244af815fb7563143f6fc" member_type: VOTER last_known_addr { host: "127.7.28.129" port: 36243 } } peers { permanent_uuid: "2c5735117ac04444b2f7bcbeadfdcd85" member_type: VOTER last_known_addr { host: "127.7.28.130" port: 43703 } } peers { permanent_uuid: "caea1e9d547a4f15a9dbbf4c03b7ef97" member_type: VOTER last_known_addr { host: "127.7.28.131" port: 38033 } }
I20260709 13:17:32.476500  7809 catalog_manager.cc:5697] T e61cab86aa7244aa9bedcf1bdf8e372f P caea1e9d547a4f15a9dbbf4c03b7ef97 reported cstate change: term changed from 2 to 3, leader changed from 7ac22309968244af815fb7563143f6fc (127.7.28.129) to caea1e9d547a4f15a9dbbf4c03b7ef97 (127.7.28.131). New cstate: current_term: 3 leader_uuid: "caea1e9d547a4f15a9dbbf4c03b7ef97" committed_config { opid_index: -1 OBSOLETE_local: false peers { permanent_uuid: "7ac22309968244af815fb7563143f6fc" member_type: VOTER last_known_addr { host: "127.7.28.129" port: 36243 } health_report { overall_health: UNKNOWN } } peers { permanent_uuid: "2c5735117ac04444b2f7bcbeadfdcd85" member_type: VOTER last_known_addr { host: "127.7.28.130" port: 43703 } health_report { overall_health: UNKNOWN } } peers { permanent_uuid: "caea1e9d547a4f15a9dbbf4c03b7ef97" member_type: VOTER last_known_addr { host: "127.7.28.131" port: 38033 } health_report { overall_health: HEALTHY } } }
I20260709 13:17:32.606438  8245 raft_consensus.cc:993] T f7f83957fde44a05bd3f28a3b1afa312 P 7ac22309968244af815fb7563143f6fc: : Instructing follower caea1e9d547a4f15a9dbbf4c03b7ef97 to start an election
I20260709 13:17:32.606891  8240 raft_consensus.cc:1081] T f7f83957fde44a05bd3f28a3b1afa312 P 7ac22309968244af815fb7563143f6fc [term 4 LEADER]: Signalling peer caea1e9d547a4f15a9dbbf4c03b7ef97 to start an election
I20260709 13:17:32.608458  8063 tablet_service.cc:2044] Received Run Leader Election RPC: tablet_id: "f7f83957fde44a05bd3f28a3b1afa312"
dest_uuid: "caea1e9d547a4f15a9dbbf4c03b7ef97"
 from {username='slave'} at 127.0.0.1:41410
I20260709 13:17:32.609052  8063 raft_consensus.cc:493] T f7f83957fde44a05bd3f28a3b1afa312 P caea1e9d547a4f15a9dbbf4c03b7ef97 [term 4 FOLLOWER]: Starting forced leader election (received explicit request)
I20260709 13:17:32.609433  8063 raft_consensus.cc:3060] T f7f83957fde44a05bd3f28a3b1afa312 P caea1e9d547a4f15a9dbbf4c03b7ef97 [term 4 FOLLOWER]: Advancing to term 5
I20260709 13:17:32.610045  8240 raft_consensus.cc:993] T 70be159f9d2140ef9775672324fb2497 P 7ac22309968244af815fb7563143f6fc: : Instructing follower 2c5735117ac04444b2f7bcbeadfdcd85 to start an election
I20260709 13:17:32.610456  8245 raft_consensus.cc:1081] T 70be159f9d2140ef9775672324fb2497 P 7ac22309968244af815fb7563143f6fc [term 1 LEADER]: Signalling peer 2c5735117ac04444b2f7bcbeadfdcd85 to start an election
I20260709 13:17:32.611830  7991 tablet_service.cc:2044] Received Run Leader Election RPC: tablet_id: "70be159f9d2140ef9775672324fb2497"
dest_uuid: "2c5735117ac04444b2f7bcbeadfdcd85"
 from {username='slave'} at 127.0.0.1:53650
I20260709 13:17:32.612309  7991 raft_consensus.cc:493] T 70be159f9d2140ef9775672324fb2497 P 2c5735117ac04444b2f7bcbeadfdcd85 [term 1 FOLLOWER]: Starting forced leader election (received explicit request)
I20260709 13:17:32.612632  7991 raft_consensus.cc:3060] T 70be159f9d2140ef9775672324fb2497 P 2c5735117ac04444b2f7bcbeadfdcd85 [term 1 FOLLOWER]: Advancing to term 2
I20260709 13:17:32.616345  8063 raft_consensus.cc:515] T f7f83957fde44a05bd3f28a3b1afa312 P caea1e9d547a4f15a9dbbf4c03b7ef97 [term 5 FOLLOWER]: Starting forced leader election with config: opid_index: -1 OBSOLETE_local: false peers { permanent_uuid: "7ac22309968244af815fb7563143f6fc" member_type: VOTER last_known_addr { host: "127.7.28.129" port: 36243 } } peers { permanent_uuid: "2c5735117ac04444b2f7bcbeadfdcd85" member_type: VOTER last_known_addr { host: "127.7.28.130" port: 43703 } } peers { permanent_uuid: "caea1e9d547a4f15a9dbbf4c03b7ef97" member_type: VOTER last_known_addr { host: "127.7.28.131" port: 38033 } }
I20260709 13:17:32.618225  8063 leader_election.cc:290] T f7f83957fde44a05bd3f28a3b1afa312 P caea1e9d547a4f15a9dbbf4c03b7ef97 [CANDIDATE]: Term 5 election: Requested vote from peers 7ac22309968244af815fb7563143f6fc (127.7.28.129:36243), 2c5735117ac04444b2f7bcbeadfdcd85 (127.7.28.130:43703)
I20260709 13:17:32.618837  7915 tablet_service.cc:1917] Received RequestConsensusVote() RPC: tablet_id: "f7f83957fde44a05bd3f28a3b1afa312" candidate_uuid: "caea1e9d547a4f15a9dbbf4c03b7ef97" candidate_term: 5 candidate_status { last_received { term: 4 index: 4 } } ignore_live_leader: true dest_uuid: "7ac22309968244af815fb7563143f6fc"
I20260709 13:17:32.618790  7991 raft_consensus.cc:515] T 70be159f9d2140ef9775672324fb2497 P 2c5735117ac04444b2f7bcbeadfdcd85 [term 2 FOLLOWER]: Starting forced leader election with config: opid_index: -1 OBSOLETE_local: false peers { permanent_uuid: "7ac22309968244af815fb7563143f6fc" member_type: VOTER last_known_addr { host: "127.7.28.129" port: 36243 } } peers { permanent_uuid: "2c5735117ac04444b2f7bcbeadfdcd85" member_type: VOTER last_known_addr { host: "127.7.28.130" port: 43703 } } peers { permanent_uuid: "caea1e9d547a4f15a9dbbf4c03b7ef97" member_type: VOTER last_known_addr { host: "127.7.28.131" port: 38033 } }
I20260709 13:17:32.619277  7990 tablet_service.cc:1917] Received RequestConsensusVote() RPC: tablet_id: "f7f83957fde44a05bd3f28a3b1afa312" candidate_uuid: "caea1e9d547a4f15a9dbbf4c03b7ef97" candidate_term: 5 candidate_status { last_received { term: 4 index: 4 } } ignore_live_leader: true dest_uuid: "2c5735117ac04444b2f7bcbeadfdcd85"
I20260709 13:17:32.619477  7915 raft_consensus.cc:3055] T f7f83957fde44a05bd3f28a3b1afa312 P 7ac22309968244af815fb7563143f6fc [term 4 LEADER]: Stepping down as leader of term 4
I20260709 13:17:32.619817  7990 raft_consensus.cc:3060] T f7f83957fde44a05bd3f28a3b1afa312 P 2c5735117ac04444b2f7bcbeadfdcd85 [term 4 FOLLOWER]: Advancing to term 5
I20260709 13:17:32.619768  7915 raft_consensus.cc:740] T f7f83957fde44a05bd3f28a3b1afa312 P 7ac22309968244af815fb7563143f6fc [term 4 LEADER]: Becoming Follower/Learner. State: Replica: 7ac22309968244af815fb7563143f6fc, State: Running, Role: LEADER
I20260709 13:17:32.620728  7991 leader_election.cc:290] T 70be159f9d2140ef9775672324fb2497 P 2c5735117ac04444b2f7bcbeadfdcd85 [CANDIDATE]: Term 2 election: Requested vote from peers 7ac22309968244af815fb7563143f6fc (127.7.28.129:36243), caea1e9d547a4f15a9dbbf4c03b7ef97 (127.7.28.131:38033)
I20260709 13:17:32.620744  7915 consensus_queue.cc:260] T f7f83957fde44a05bd3f28a3b1afa312 P 7ac22309968244af815fb7563143f6fc [NON_LEADER]: Queue going to NON_LEADER mode. State: All replicated index: 0, Majority replicated index: 4, Committed index: 4, Last appended: 4.4, Last appended by leader: 4, Current term: 4, Majority size: -1, State: 0, Mode: NON_LEADER, active raft config: opid_index: -1 OBSOLETE_local: false peers { permanent_uuid: "7ac22309968244af815fb7563143f6fc" member_type: VOTER last_known_addr { host: "127.7.28.129" port: 36243 } } peers { permanent_uuid: "2c5735117ac04444b2f7bcbeadfdcd85" member_type: VOTER last_known_addr { host: "127.7.28.130" port: 43703 } } peers { permanent_uuid: "caea1e9d547a4f15a9dbbf4c03b7ef97" member_type: VOTER last_known_addr { host: "127.7.28.131" port: 38033 } }
I20260709 13:17:32.621614  7913 tablet_service.cc:1917] Received RequestConsensusVote() RPC: tablet_id: "70be159f9d2140ef9775672324fb2497" candidate_uuid: "2c5735117ac04444b2f7bcbeadfdcd85" candidate_term: 2 candidate_status { last_received { term: 1 index: 1 } } ignore_live_leader: true dest_uuid: "7ac22309968244af815fb7563143f6fc"
I20260709 13:17:32.622143  7913 raft_consensus.cc:3055] T 70be159f9d2140ef9775672324fb2497 P 7ac22309968244af815fb7563143f6fc [term 1 LEADER]: Stepping down as leader of term 1
I20260709 13:17:32.622128  7915 raft_consensus.cc:3060] T f7f83957fde44a05bd3f28a3b1afa312 P 7ac22309968244af815fb7563143f6fc [term 4 FOLLOWER]: Advancing to term 5
I20260709 13:17:32.622524  7913 raft_consensus.cc:740] T 70be159f9d2140ef9775672324fb2497 P 7ac22309968244af815fb7563143f6fc [term 1 LEADER]: Becoming Follower/Learner. State: Replica: 7ac22309968244af815fb7563143f6fc, State: Running, Role: LEADER
I20260709 13:17:32.623178  7913 consensus_queue.cc:260] T 70be159f9d2140ef9775672324fb2497 P 7ac22309968244af815fb7563143f6fc [NON_LEADER]: Queue going to NON_LEADER mode. State: All replicated index: 0, Majority replicated index: 1, Committed index: 1, Last appended: 1.1, Last appended by leader: 1, Current term: 1, Majority size: -1, State: 0, Mode: NON_LEADER, active raft config: opid_index: -1 OBSOLETE_local: false peers { permanent_uuid: "7ac22309968244af815fb7563143f6fc" member_type: VOTER last_known_addr { host: "127.7.28.129" port: 36243 } } peers { permanent_uuid: "2c5735117ac04444b2f7bcbeadfdcd85" member_type: VOTER last_known_addr { host: "127.7.28.130" port: 43703 } } peers { permanent_uuid: "caea1e9d547a4f15a9dbbf4c03b7ef97" member_type: VOTER last_known_addr { host: "127.7.28.131" port: 38033 } }
I20260709 13:17:32.624033  7913 raft_consensus.cc:3060] T 70be159f9d2140ef9775672324fb2497 P 7ac22309968244af815fb7563143f6fc [term 1 FOLLOWER]: Advancing to term 2
I20260709 13:17:32.626339  7990 raft_consensus.cc:2468] T f7f83957fde44a05bd3f28a3b1afa312 P 2c5735117ac04444b2f7bcbeadfdcd85 [term 5 FOLLOWER]: Leader election vote request: Granting yes vote for candidate caea1e9d547a4f15a9dbbf4c03b7ef97 in term 5.
I20260709 13:17:32.627748  8028 leader_election.cc:304] T f7f83957fde44a05bd3f28a3b1afa312 P caea1e9d547a4f15a9dbbf4c03b7ef97 [CANDIDATE]: Term 5 election: Election decided. Result: candidate won. Election summary: received 2 responses out of 3 voters: 2 yes votes; 0 no votes. yes voters: 2c5735117ac04444b2f7bcbeadfdcd85, caea1e9d547a4f15a9dbbf4c03b7ef97; no voters: 
I20260709 13:17:32.627950  8063 tablet_service.cc:1917] Received RequestConsensusVote() RPC: tablet_id: "70be159f9d2140ef9775672324fb2497" candidate_uuid: "2c5735117ac04444b2f7bcbeadfdcd85" candidate_term: 2 candidate_status { last_received { term: 1 index: 1 } } ignore_live_leader: true dest_uuid: "caea1e9d547a4f15a9dbbf4c03b7ef97"
I20260709 13:17:32.628464  8063 raft_consensus.cc:3060] T 70be159f9d2140ef9775672324fb2497 P caea1e9d547a4f15a9dbbf4c03b7ef97 [term 1 FOLLOWER]: Advancing to term 2
I20260709 13:17:32.628508  8217 raft_consensus.cc:2804] T f7f83957fde44a05bd3f28a3b1afa312 P caea1e9d547a4f15a9dbbf4c03b7ef97 [term 5 FOLLOWER]: Leader election won for term 5
I20260709 13:17:32.629045  8217 raft_consensus.cc:697] T f7f83957fde44a05bd3f28a3b1afa312 P caea1e9d547a4f15a9dbbf4c03b7ef97 [term 5 LEADER]: Becoming Leader. State: Replica: caea1e9d547a4f15a9dbbf4c03b7ef97, State: Running, Role: LEADER
I20260709 13:17:32.629163  7913 raft_consensus.cc:2468] T 70be159f9d2140ef9775672324fb2497 P 7ac22309968244af815fb7563143f6fc [term 2 FOLLOWER]: Leader election vote request: Granting yes vote for candidate 2c5735117ac04444b2f7bcbeadfdcd85 in term 2.
I20260709 13:17:32.629566  7915 raft_consensus.cc:2468] T f7f83957fde44a05bd3f28a3b1afa312 P 7ac22309968244af815fb7563143f6fc [term 5 FOLLOWER]: Leader election vote request: Granting yes vote for candidate caea1e9d547a4f15a9dbbf4c03b7ef97 in term 5.
I20260709 13:17:32.629956  8217 consensus_queue.cc:237] T f7f83957fde44a05bd3f28a3b1afa312 P caea1e9d547a4f15a9dbbf4c03b7ef97 [LEADER]: Queue going to LEADER mode. State: All replicated index: 0, Majority replicated index: 4, Committed index: 4, Last appended: 4.4, Last appended by leader: 4, Current term: 5, Majority size: 2, State: 0, Mode: LEADER, active raft config: opid_index: -1 OBSOLETE_local: false peers { permanent_uuid: "7ac22309968244af815fb7563143f6fc" member_type: VOTER last_known_addr { host: "127.7.28.129" port: 36243 } } peers { permanent_uuid: "2c5735117ac04444b2f7bcbeadfdcd85" member_type: VOTER last_known_addr { host: "127.7.28.130" port: 43703 } } peers { permanent_uuid: "caea1e9d547a4f15a9dbbf4c03b7ef97" member_type: VOTER last_known_addr { host: "127.7.28.131" port: 38033 } }
