I20260709 13:17:35.318672  8391 tablet_service.cc:1511] Processing CreateTablet for tablet cce47492b77b4645a0603ba6db01be40 (DEFAULT_TABLE table=test-workload [id=fea1c7d0feef48e28ceabf30aee7f67e]), partition=RANGE (key) PARTITION 1383125026 <= VALUES < 1419523053
I20260709 13:17:35.323305  8463 tablet_service.cc:1511] Processing CreateTablet for tablet cce47492b77b4645a0603ba6db01be40 (DEFAULT_TABLE table=test-workload [id=fea1c7d0feef48e28ceabf30aee7f67e]), partition=RANGE (key) PARTITION 1383125026 <= VALUES < 1419523053
I20260709 13:17:35.323678  8462 tablet_service.cc:1511] Processing CreateTablet for tablet dfe32bde4e1f4dcc8a1a06bd40f49e1f (DEFAULT_TABLE table=test-workload [id=fea1c7d0feef48e28ceabf30aee7f67e]), partition=RANGE (key) PARTITION 1419523053 <= VALUES < 1455921080
I20260709 13:17:35.326731  8465 tablet_service.cc:1511] Processing CreateTablet for tablet b290c683db3b45e8b2b19a28af40dd85 (DEFAULT_TABLE table=test-workload [id=fea1c7d0feef48e28ceabf30aee7f67e]), partition=RANGE (key) PARTITION 1455921080 <= VALUES < 1492319107
I20260709 13:17:35.327733  8388 tablet_service.cc:1511] Processing CreateTablet for tablet 21299804c17541dd89a749fe363020fa (DEFAULT_TABLE table=test-workload [id=fea1c7d0feef48e28ceabf30aee7f67e]), partition=RANGE (key) PARTITION 1310328972 <= VALUES < 1346726999
I20260709 13:17:35.329743  8591 tablet_bootstrap.cc:654] T a1aebc9fbb93493d8d65116fab2fbd7c P cd133e91a7ec40bc9e3f7a15586e1259: Neither blocks nor log segments found. Creating new log.
I20260709 13:17:35.312155  8537 tablet_service.cc:1511] Processing CreateTablet for tablet dfe32bde4e1f4dcc8a1a06bd40f49e1f (DEFAULT_TABLE table=test-workload [id=fea1c7d0feef48e28ceabf30aee7f67e]), partition=RANGE (key) PARTITION 1419523053 <= VALUES < 1455921080
I20260709 13:17:35.331830  8465 data_dirs.cc:400] Could only allocate 1 dirs of requested 3 for tablet b290c683db3b45e8b2b19a28af40dd85. 1 dirs total, 0 dirs full, 0 dirs failed
I20260709 13:17:35.332672  8463 data_dirs.cc:400] Could only allocate 1 dirs of requested 3 for tablet cce47492b77b4645a0603ba6db01be40. 1 dirs total, 0 dirs full, 0 dirs failed
I20260709 13:17:35.333248  8462 data_dirs.cc:400] Could only allocate 1 dirs of requested 3 for tablet dfe32bde4e1f4dcc8a1a06bd40f49e1f. 1 dirs total, 0 dirs full, 0 dirs failed
I20260709 13:17:35.346521  8401 tablet_service.cc:1917] Received RequestConsensusVote() RPC: tablet_id: "c63f16a824d34bf0aa04559a8126566d" candidate_uuid: "cd133e91a7ec40bc9e3f7a15586e1259" candidate_term: 1 candidate_status { last_received { term: 0 index: 0 } } ignore_live_leader: false dest_uuid: "3622683a704a43fe9eab15326ba033e7" is_pre_election: true
I20260709 13:17:35.350211  8537 data_dirs.cc:400] Could only allocate 1 dirs of requested 3 for tablet dfe32bde4e1f4dcc8a1a06bd40f49e1f. 1 dirs total, 0 dirs full, 0 dirs failed
I20260709 13:17:35.349414  8391 data_dirs.cc:400] Could only allocate 1 dirs of requested 3 for tablet cce47492b77b4645a0603ba6db01be40. 1 dirs total, 0 dirs full, 0 dirs failed
I20260709 13:17:35.357667  8400 tablet_service.cc:1917] Received RequestConsensusVote() RPC: tablet_id: "f2024ed726dc430c910df5c46e3bdd2e" candidate_uuid: "cd133e91a7ec40bc9e3f7a15586e1259" candidate_term: 1 candidate_status { last_received { term: 0 index: 0 } } ignore_live_leader: false dest_uuid: "3622683a704a43fe9eab15326ba033e7" is_pre_election: true
I20260709 13:17:35.358121  8388 data_dirs.cc:400] Could only allocate 1 dirs of requested 3 for tablet 21299804c17541dd89a749fe363020fa. 1 dirs total, 0 dirs full, 0 dirs failed
I20260709 13:17:35.358398  8400 raft_consensus.cc:2468] T f2024ed726dc430c910df5c46e3bdd2e P 3622683a704a43fe9eab15326ba033e7 [term 0 FOLLOWER]: Leader pre-election vote request: Granting yes vote for candidate cd133e91a7ec40bc9e3f7a15586e1259 in term 0.
I20260709 13:17:35.359845  8516 leader_election.cc:304] T f2024ed726dc430c910df5c46e3bdd2e P cd133e91a7ec40bc9e3f7a15586e1259 [CANDIDATE]: Term 1 pre-election: Election decided. Result: candidate won. Election summary: received 3 responses out of 3 voters: 2 yes votes; 1 no votes. yes voters: 3622683a704a43fe9eab15326ba033e7, cd133e91a7ec40bc9e3f7a15586e1259; no voters: 82baee9a506f4d9ea186a0970d30d6dd
I20260709 13:17:35.362808  8600 raft_consensus.cc:2804] T f2024ed726dc430c910df5c46e3bdd2e P cd133e91a7ec40bc9e3f7a15586e1259 [term 0 FOLLOWER]: Leader pre-election won for term 1
W20260709 13:17:35.363011  8516 leader_election.cc:343] T c63f16a824d34bf0aa04559a8126566d P cd133e91a7ec40bc9e3f7a15586e1259 [CANDIDATE]: Term 1 pre-election: Tablet error from VoteRequest() call to peer 3622683a704a43fe9eab15326ba033e7 (127.7.28.129:46729): Illegal state: must be running to vote when last-logged opid is not known
I20260709 13:17:35.363173  8600 raft_consensus.cc:493] T f2024ed726dc430c910df5c46e3bdd2e P cd133e91a7ec40bc9e3f7a15586e1259 [term 0 FOLLOWER]: Starting leader election (no leader contacted us within the election timeout)
I20260709 13:17:35.363577  8600 raft_consensus.cc:3060] T f2024ed726dc430c910df5c46e3bdd2e P cd133e91a7ec40bc9e3f7a15586e1259 [term 0 FOLLOWER]: Advancing to term 1
I20260709 13:17:35.363278  8466 tablet_service.cc:1511] Processing CreateTablet for tablet ce188df4c2a24f16a81465d0eb48d5ac (DEFAULT_TABLE table=test-workload [id=fea1c7d0feef48e28ceabf30aee7f67e]), partition=RANGE (key) PARTITION 1492319107 <= VALUES < 1528717134
I20260709 13:17:35.363548  8516 leader_election.cc:304] T c63f16a824d34bf0aa04559a8126566d P cd133e91a7ec40bc9e3f7a15586e1259 [CANDIDATE]: Term 1 pre-election: Election decided. Result: candidate lost. Election summary: received 3 responses out of 3 voters: 1 yes votes; 2 no votes. yes voters: cd133e91a7ec40bc9e3f7a15586e1259; no voters: 3622683a704a43fe9eab15326ba033e7, 82baee9a506f4d9ea186a0970d30d6dd
I20260709 13:17:35.364655  8466 data_dirs.cc:400] Could only allocate 1 dirs of requested 3 for tablet ce188df4c2a24f16a81465d0eb48d5ac. 1 dirs total, 0 dirs full, 0 dirs failed
I20260709 13:17:35.364594  8459 tablet_service.cc:1511] Processing CreateTablet for tablet d30ab15e64b44c1db48c9e4299233a7a (DEFAULT_TABLE table=test-workload [id=fea1c7d0feef48e28ceabf30aee7f67e]), partition=RANGE (key) PARTITION 1528717134 <= VALUES < 1565115161
I20260709 13:17:35.365857  8459 data_dirs.cc:400] Could only allocate 1 dirs of requested 3 for tablet d30ab15e64b44c1db48c9e4299233a7a. 1 dirs total, 0 dirs full, 0 dirs failed
I20260709 13:17:35.366451  8383 tablet_service.cc:1511] Processing CreateTablet for tablet b290c683db3b45e8b2b19a28af40dd85 (DEFAULT_TABLE table=test-workload [id=fea1c7d0feef48e28ceabf30aee7f67e]), partition=RANGE (key) PARTITION 1455921080 <= VALUES < 1492319107
I20260709 13:17:35.379895  8593 tablet_bootstrap.cc:492] T 32234f9f888d425ea2c932339b3cd8cb P 3622683a704a43fe9eab15326ba033e7: No bootstrap required, opened a new log
I20260709 13:17:35.380452  8593 ts_tablet_manager.cc:1403] T 32234f9f888d425ea2c932339b3cd8cb P 3622683a704a43fe9eab15326ba033e7: Time spent bootstrapping tablet: real 0.365s	user 0.016s	sys 0.005s
I20260709 13:17:35.382730  8593 raft_consensus.cc:359] T 32234f9f888d425ea2c932339b3cd8cb P 3622683a704a43fe9eab15326ba033e7 [term 0 FOLLOWER]: Replica starting. Triggering 0 pending ops. Active config: opid_index: -1 OBSOLETE_local: false peers { permanent_uuid: "3622683a704a43fe9eab15326ba033e7" member_type: VOTER last_known_addr { host: "127.7.28.129" port: 46729 } } peers { permanent_uuid: "82baee9a506f4d9ea186a0970d30d6dd" member_type: VOTER last_known_addr { host: "127.7.28.130" port: 38795 } } peers { permanent_uuid: "cd133e91a7ec40bc9e3f7a15586e1259" member_type: VOTER last_known_addr { host: "127.7.28.131" port: 46871 } }
I20260709 13:17:35.383522  8593 raft_consensus.cc:385] T 32234f9f888d425ea2c932339b3cd8cb P 3622683a704a43fe9eab15326ba033e7 [term 0 FOLLOWER]: Consensus starting up: Expiring failure detector timer to make a prompt election more likely
I20260709 13:17:35.383814  8593 raft_consensus.cc:740] T 32234f9f888d425ea2c932339b3cd8cb P 3622683a704a43fe9eab15326ba033e7 [term 0 FOLLOWER]: Becoming Follower/Learner. State: Replica: 3622683a704a43fe9eab15326ba033e7, State: Initialized, Role: FOLLOWER
I20260709 13:17:35.384614  8593 consensus_queue.cc:260] T 32234f9f888d425ea2c932339b3cd8cb P 3622683a704a43fe9eab15326ba033e7 [NON_LEADER]: Queue going to NON_LEADER mode. State: All replicated index: 0, Majority replicated index: 0, Committed index: 0, Last appended: 0.0, Last appended by leader: 0, Current term: 0, Majority size: -1, State: 0, Mode: NON_LEADER, active raft config: opid_index: -1 OBSOLETE_local: false peers { permanent_uuid: "3622683a704a43fe9eab15326ba033e7" member_type: VOTER last_known_addr { host: "127.7.28.129" port: 46729 } } peers { permanent_uuid: "82baee9a506f4d9ea186a0970d30d6dd" member_type: VOTER last_known_addr { host: "127.7.28.130" port: 38795 } } peers { permanent_uuid: "cd133e91a7ec40bc9e3f7a15586e1259" member_type: VOTER last_known_addr { host: "127.7.28.131" port: 46871 } }
I20260709 13:17:35.387295  8593 ts_tablet_manager.cc:1434] T 32234f9f888d425ea2c932339b3cd8cb P 3622683a704a43fe9eab15326ba033e7: Time spent starting tablet: real 0.007s	user 0.001s	sys 0.004s
I20260709 13:17:35.389328  8600 raft_consensus.cc:515] T f2024ed726dc430c910df5c46e3bdd2e P cd133e91a7ec40bc9e3f7a15586e1259 [term 1 FOLLOWER]: Starting leader election with config: opid_index: -1 OBSOLETE_local: false peers { permanent_uuid: "3622683a704a43fe9eab15326ba033e7" member_type: VOTER last_known_addr { host: "127.7.28.129" port: 46729 } } peers { permanent_uuid: "82baee9a506f4d9ea186a0970d30d6dd" member_type: VOTER last_known_addr { host: "127.7.28.130" port: 38795 } } peers { permanent_uuid: "cd133e91a7ec40bc9e3f7a15586e1259" member_type: VOTER last_known_addr { host: "127.7.28.131" port: 46871 } }
I20260709 13:17:35.390901  8600 leader_election.cc:290] T f2024ed726dc430c910df5c46e3bdd2e P cd133e91a7ec40bc9e3f7a15586e1259 [CANDIDATE]: Term 1 election: Requested vote from peers 3622683a704a43fe9eab15326ba033e7 (127.7.28.129:46729), 82baee9a506f4d9ea186a0970d30d6dd (127.7.28.130:38795)
I20260709 13:17:35.392156  8475 tablet_service.cc:1917] Received RequestConsensusVote() RPC: tablet_id: "f2024ed726dc430c910df5c46e3bdd2e" candidate_uuid: "cd133e91a7ec40bc9e3f7a15586e1259" candidate_term: 1 candidate_status { last_received { term: 0 index: 0 } } ignore_live_leader: false dest_uuid: "82baee9a506f4d9ea186a0970d30d6dd"
W20260709 13:17:35.396780  8513 leader_election.cc:343] T f2024ed726dc430c910df5c46e3bdd2e P cd133e91a7ec40bc9e3f7a15586e1259 [CANDIDATE]: Term 1 election: Tablet error from VoteRequest() call to peer 82baee9a506f4d9ea186a0970d30d6dd (127.7.28.130:38795): Illegal state: must be running to vote when last-logged opid is not known
I20260709 13:17:35.402609  8590 tablet_bootstrap.cc:654] T c63f16a824d34bf0aa04559a8126566d P 82baee9a506f4d9ea186a0970d30d6dd: Neither blocks nor log segments found. Creating new log.
I20260709 13:17:35.407503  8387 tablet_service.cc:1511] Processing CreateTablet for tablet dfe32bde4e1f4dcc8a1a06bd40f49e1f (DEFAULT_TABLE table=test-workload [id=fea1c7d0feef48e28ceabf30aee7f67e]), partition=RANGE (key) PARTITION 1419523053 <= VALUES < 1455921080
I20260709 13:17:35.437095  8535 tablet_service.cc:1511] Processing CreateTablet for tablet ce188df4c2a24f16a81465d0eb48d5ac (DEFAULT_TABLE table=test-workload [id=fea1c7d0feef48e28ceabf30aee7f67e]), partition=RANGE (key) PARTITION 1492319107 <= VALUES < 1528717134
I20260709 13:17:35.440788  8534 tablet_service.cc:1511] Processing CreateTablet for tablet d30ab15e64b44c1db48c9e4299233a7a (DEFAULT_TABLE table=test-workload [id=fea1c7d0feef48e28ceabf30aee7f67e]), partition=RANGE (key) PARTITION 1528717134 <= VALUES < 1565115161
I20260709 13:17:35.442554  8534 data_dirs.cc:400] Could only allocate 1 dirs of requested 3 for tablet d30ab15e64b44c1db48c9e4299233a7a. 1 dirs total, 0 dirs full, 0 dirs failed
I20260709 13:17:35.447098  8475 tablet_service.cc:1917] Received RequestConsensusVote() RPC: tablet_id: "31528ffff20a421080b13cd83ab2bbcb" candidate_uuid: "3622683a704a43fe9eab15326ba033e7" candidate_term: 1 candidate_status { last_received { term: 0 index: 0 } } ignore_live_leader: false dest_uuid: "82baee9a506f4d9ea186a0970d30d6dd" is_pre_election: true
I20260709 13:17:35.448025  8475 raft_consensus.cc:2468] T 31528ffff20a421080b13cd83ab2bbcb P 82baee9a506f4d9ea186a0970d30d6dd [term 0 FOLLOWER]: Leader pre-election vote request: Granting yes vote for candidate 3622683a704a43fe9eab15326ba033e7 in term 0.
I20260709 13:17:35.448607  8550 tablet_service.cc:1917] Received RequestConsensusVote() RPC: tablet_id: "31528ffff20a421080b13cd83ab2bbcb" candidate_uuid: "3622683a704a43fe9eab15326ba033e7" candidate_term: 1 candidate_status { last_received { term: 0 index: 0 } } ignore_live_leader: false dest_uuid: "cd133e91a7ec40bc9e3f7a15586e1259" is_pre_election: true
I20260709 13:17:35.450290  8475 tablet_service.cc:1917] Received RequestConsensusVote() RPC: tablet_id: "f2024ed726dc430c910df5c46e3bdd2e" candidate_uuid: "3622683a704a43fe9eab15326ba033e7" candidate_term: 1 candidate_status { last_received { term: 0 index: 0 } } ignore_live_leader: false dest_uuid: "82baee9a506f4d9ea186a0970d30d6dd" is_pre_election: true
I20260709 13:17:35.450394  8549 tablet_service.cc:1917] Received RequestConsensusVote() RPC: tablet_id: "f2024ed726dc430c910df5c46e3bdd2e" candidate_uuid: "3622683a704a43fe9eab15326ba033e7" candidate_term: 1 candidate_status { last_received { term: 0 index: 0 } } ignore_live_leader: false dest_uuid: "cd133e91a7ec40bc9e3f7a15586e1259" is_pre_election: true
I20260709 13:17:35.451623  8549 raft_consensus.cc:2393] T f2024ed726dc430c910df5c46e3bdd2e P cd133e91a7ec40bc9e3f7a15586e1259 [term 1 FOLLOWER]: Leader pre-election vote request: Denying vote to candidate 3622683a704a43fe9eab15326ba033e7 in current term 1: Already voted for candidate cd133e91a7ec40bc9e3f7a15586e1259 in this term.
I20260709 13:17:35.452533  8364 leader_election.cc:304] T 31528ffff20a421080b13cd83ab2bbcb P 3622683a704a43fe9eab15326ba033e7 [CANDIDATE]: Term 1 pre-election: Election decided. Result: candidate won. Election summary: received 2 responses out of 3 voters: 2 yes votes; 0 no votes. yes voters: 3622683a704a43fe9eab15326ba033e7, 82baee9a506f4d9ea186a0970d30d6dd; no voters: 
I20260709 13:17:35.453603  8597 raft_consensus.cc:2804] T 31528ffff20a421080b13cd83ab2bbcb P 3622683a704a43fe9eab15326ba033e7 [term 0 FOLLOWER]: Leader pre-election won for term 1
W20260709 13:17:35.453788  8364 leader_election.cc:343] T f2024ed726dc430c910df5c46e3bdd2e P 3622683a704a43fe9eab15326ba033e7 [CANDIDATE]: Term 1 pre-election: Tablet error from VoteRequest() call to peer 82baee9a506f4d9ea186a0970d30d6dd (127.7.28.130:38795): Illegal state: must be running to vote when last-logged opid is not known
I20260709 13:17:35.453994  8597 raft_consensus.cc:493] T 31528ffff20a421080b13cd83ab2bbcb P 3622683a704a43fe9eab15326ba033e7 [term 0 FOLLOWER]: Starting leader election (no leader contacted us within the election timeout)
I20260709 13:17:35.454497  8597 raft_consensus.cc:3060] T 31528ffff20a421080b13cd83ab2bbcb P 3622683a704a43fe9eab15326ba033e7 [term 0 FOLLOWER]: Advancing to term 1
W20260709 13:17:35.454764  8364 leader_election.cc:343] T 31528ffff20a421080b13cd83ab2bbcb P 3622683a704a43fe9eab15326ba033e7 [CANDIDATE]: Term 1 pre-election: Tablet error from VoteRequest() call to peer cd133e91a7ec40bc9e3f7a15586e1259 (127.7.28.131:46871): Illegal state: must be running to vote when last-logged opid is not known
I20260709 13:17:35.391394  8600 raft_consensus.cc:2749] T c63f16a824d34bf0aa04559a8126566d P cd133e91a7ec40bc9e3f7a15586e1259 [term 0 FOLLOWER]: Leader pre-election lost for term 1. Reason: could not achieve majority
I20260709 13:17:35.460166  8593 tablet_bootstrap.cc:492] T 857b68b8ae1e4b5e8ee38f0fa4d5bc1a P 3622683a704a43fe9eab15326ba033e7: Bootstrap starting.
W20260709 13:17:35.467602  8516 outbound_call.cc:321] RPC callback for RPC call kudu.consensus.ConsensusService.RequestConsensusVote -> {remote=127.7.28.129:46729, user_credentials={real_user=slave}} blocked reactor thread for 104615us
I20260709 13:17:35.470319  8364 leader_election.cc:304] T f2024ed726dc430c910df5c46e3bdd2e P 3622683a704a43fe9eab15326ba033e7 [CANDIDATE]: Term 1 pre-election: Election decided. Result: candidate lost. Election summary: received 3 responses out of 3 voters: 1 yes votes; 2 no votes. yes voters: 3622683a704a43fe9eab15326ba033e7; no voters: 82baee9a506f4d9ea186a0970d30d6dd, cd133e91a7ec40bc9e3f7a15586e1259
I20260709 13:17:35.470158  8465 tablet_service.cc:1511] Processing CreateTablet for tablet 75315277ce5e40c78c0381833207f886 (DEFAULT_TABLE table=test-workload [id=fea1c7d0feef48e28ceabf30aee7f67e]), partition=RANGE (key) PARTITION 1565115161 <= VALUES < 1601513188
I20260709 13:17:35.471515  8465 data_dirs.cc:400] Could only allocate 1 dirs of requested 3 for tablet 75315277ce5e40c78c0381833207f886. 1 dirs total, 0 dirs full, 0 dirs failed
I20260709 13:17:35.474471  8593 tablet_bootstrap.cc:654] T 857b68b8ae1e4b5e8ee38f0fa4d5bc1a P 3622683a704a43fe9eab15326ba033e7: Neither blocks nor log segments found. Creating new log.
I20260709 13:17:35.476318  8387 data_dirs.cc:400] Could only allocate 1 dirs of requested 3 for tablet dfe32bde4e1f4dcc8a1a06bd40f49e1f. 1 dirs total, 0 dirs full, 0 dirs failed
I20260709 13:17:35.476846  8538 tablet_service.cc:1511] Processing CreateTablet for tablet 75315277ce5e40c78c0381833207f886 (DEFAULT_TABLE table=test-workload [id=fea1c7d0feef48e28ceabf30aee7f67e]), partition=RANGE (key) PARTITION 1565115161 <= VALUES < 1601513188
I20260709 13:17:35.477945  8535 data_dirs.cc:400] Could only allocate 1 dirs of requested 3 for tablet ce188df4c2a24f16a81465d0eb48d5ac. 1 dirs total, 0 dirs full, 0 dirs failed
I20260709 13:17:35.478936  8466 tablet_service.cc:1511] Processing CreateTablet for tablet 3299f0b19b7d4d1cb4a78fa68a017dab (DEFAULT_TABLE table=test-workload [id=fea1c7d0feef48e28ceabf30aee7f67e]), partition=RANGE (key) PARTITION 1601513188 <= VALUES < 1637911215
I20260709 13:17:35.479959  8383 data_dirs.cc:400] Could only allocate 1 dirs of requested 3 for tablet b290c683db3b45e8b2b19a28af40dd85. 1 dirs total, 0 dirs full, 0 dirs failed
I20260709 13:17:35.480180  8466 data_dirs.cc:400] Could only allocate 1 dirs of requested 3 for tablet 3299f0b19b7d4d1cb4a78fa68a017dab. 1 dirs total, 0 dirs full, 0 dirs failed
I20260709 13:17:35.481325  8538 data_dirs.cc:400] Could only allocate 1 dirs of requested 3 for tablet 75315277ce5e40c78c0381833207f886. 1 dirs total, 0 dirs full, 0 dirs failed
I20260709 13:17:35.484935  8401 tablet_service.cc:1917] Received RequestConsensusVote() RPC: tablet_id: "f2024ed726dc430c910df5c46e3bdd2e" candidate_uuid: "cd133e91a7ec40bc9e3f7a15586e1259" candidate_term: 1 candidate_status { last_received { term: 0 index: 0 } } ignore_live_leader: false dest_uuid: "3622683a704a43fe9eab15326ba033e7"
I20260709 13:17:35.485532  8401 raft_consensus.cc:3060] T f2024ed726dc430c910df5c46e3bdd2e P 3622683a704a43fe9eab15326ba033e7 [term 0 FOLLOWER]: Advancing to term 1
I20260709 13:17:35.490278  8597 raft_consensus.cc:515] T 31528ffff20a421080b13cd83ab2bbcb P 3622683a704a43fe9eab15326ba033e7 [term 1 FOLLOWER]: Starting leader election with config: opid_index: -1 OBSOLETE_local: false peers { permanent_uuid: "3622683a704a43fe9eab15326ba033e7" member_type: VOTER last_known_addr { host: "127.7.28.129" port: 46729 } } peers { permanent_uuid: "82baee9a506f4d9ea186a0970d30d6dd" member_type: VOTER last_known_addr { host: "127.7.28.130" port: 38795 } } peers { permanent_uuid: "cd133e91a7ec40bc9e3f7a15586e1259" member_type: VOTER last_known_addr { host: "127.7.28.131" port: 46871 } }
I20260709 13:17:35.492820  8384 tablet_service.cc:1511] Processing CreateTablet for tablet 75315277ce5e40c78c0381833207f886 (DEFAULT_TABLE table=test-workload [id=fea1c7d0feef48e28ceabf30aee7f67e]), partition=RANGE (key) PARTITION 1565115161 <= VALUES < 1601513188
I20260709 13:17:35.494032  8384 data_dirs.cc:400] Could only allocate 1 dirs of requested 3 for tablet 75315277ce5e40c78c0381833207f886. 1 dirs total, 0 dirs full, 0 dirs failed
I20260709 13:17:35.464730  8385 tablet_service.cc:1511] Processing CreateTablet for tablet d30ab15e64b44c1db48c9e4299233a7a (DEFAULT_TABLE table=test-workload [id=fea1c7d0feef48e28ceabf30aee7f67e]), partition=RANGE (key) PARTITION 1528717134 <= VALUES < 1565115161
I20260709 13:17:35.507656  8401 raft_consensus.cc:2468] T f2024ed726dc430c910df5c46e3bdd2e P 3622683a704a43fe9eab15326ba033e7 [term 1 FOLLOWER]: Leader election vote request: Granting yes vote for candidate cd133e91a7ec40bc9e3f7a15586e1259 in term 1.
I20260709 13:17:35.508895  8516 leader_election.cc:304] T f2024ed726dc430c910df5c46e3bdd2e P cd133e91a7ec40bc9e3f7a15586e1259 [CANDIDATE]: Term 1 election: Election decided. Result: candidate won. Election summary: received 3 responses out of 3 voters: 2 yes votes; 1 no votes. yes voters: 3622683a704a43fe9eab15326ba033e7, cd133e91a7ec40bc9e3f7a15586e1259; no voters: 82baee9a506f4d9ea186a0970d30d6dd
I20260709 13:17:35.509306  8532 tablet_service.cc:1511] Processing CreateTablet for tablet 3299f0b19b7d4d1cb4a78fa68a017dab (DEFAULT_TABLE table=test-workload [id=fea1c7d0feef48e28ceabf30aee7f67e]), partition=RANGE (key) PARTITION 1601513188 <= VALUES < 1637911215
I20260709 13:17:35.501873  8391 tablet_service.cc:1511] Processing CreateTablet for tablet 3299f0b19b7d4d1cb4a78fa68a017dab (DEFAULT_TABLE table=test-workload [id=fea1c7d0feef48e28ceabf30aee7f67e]), partition=RANGE (key) PARTITION 1601513188 <= VALUES < 1637911215
I20260709 13:17:35.500088  8386 tablet_service.cc:1511] Processing CreateTablet for tablet ce188df4c2a24f16a81465d0eb48d5ac (DEFAULT_TABLE table=test-workload [id=fea1c7d0feef48e28ceabf30aee7f67e]), partition=RANGE (key) PARTITION 1492319107 <= VALUES < 1528717134
I20260709 13:17:35.513018  8532 data_dirs.cc:400] Could only allocate 1 dirs of requested 3 for tablet 3299f0b19b7d4d1cb4a78fa68a017dab. 1 dirs total, 0 dirs full, 0 dirs failed
I20260709 13:17:35.504271  8597 leader_election.cc:290] T 31528ffff20a421080b13cd83ab2bbcb P 3622683a704a43fe9eab15326ba033e7 [CANDIDATE]: Term 1 election: Requested vote from peers 82baee9a506f4d9ea186a0970d30d6dd (127.7.28.130:38795), cd133e91a7ec40bc9e3f7a15586e1259 (127.7.28.131:46871)
I20260709 13:17:35.528091  8597 raft_consensus.cc:2749] T f2024ed726dc430c910df5c46e3bdd2e P 3622683a704a43fe9eab15326ba033e7 [term 1 FOLLOWER]: Leader pre-election lost for term 1. Reason: could not achieve majority
I20260709 13:17:35.531157  8591 tablet_bootstrap.cc:492] T a1aebc9fbb93493d8d65116fab2fbd7c P cd133e91a7ec40bc9e3f7a15586e1259: No bootstrap required, opened a new log
I20260709 13:17:35.513057  8389 tablet_service.cc:1511] Processing CreateTablet for tablet 088717408ada4b719bb3c7a9d123601b (DEFAULT_TABLE table=test-workload [id=fea1c7d0feef48e28ceabf30aee7f67e]), partition=RANGE (key) PARTITION 1637911215 <= VALUES < 1674309242
I20260709 13:17:35.510694  8614 raft_consensus.cc:2804] T f2024ed726dc430c910df5c46e3bdd2e P cd133e91a7ec40bc9e3f7a15586e1259 [term 1 FOLLOWER]: Leader election won for term 1
I20260709 13:17:35.501432  8385 data_dirs.cc:400] Could only allocate 1 dirs of requested 3 for tablet d30ab15e64b44c1db48c9e4299233a7a. 1 dirs total, 0 dirs full, 0 dirs failed
I20260709 13:17:35.539014  8614 raft_consensus.cc:697] T f2024ed726dc430c910df5c46e3bdd2e P cd133e91a7ec40bc9e3f7a15586e1259 [term 1 LEADER]: Becoming Leader. State: Replica: cd133e91a7ec40bc9e3f7a15586e1259, State: Running, Role: LEADER
I20260709 13:17:35.541528  8591 ts_tablet_manager.cc:1403] T a1aebc9fbb93493d8d65116fab2fbd7c P cd133e91a7ec40bc9e3f7a15586e1259: Time spent bootstrapping tablet: real 0.232s	user 0.025s	sys 0.040s
I20260709 13:17:35.548409  8590 tablet_bootstrap.cc:492] T c63f16a824d34bf0aa04559a8126566d P 82baee9a506f4d9ea186a0970d30d6dd: No bootstrap required, opened a new log
I20260709 13:17:35.548902  8590 ts_tablet_manager.cc:1403] T c63f16a824d34bf0aa04559a8126566d P 82baee9a506f4d9ea186a0970d30d6dd: Time spent bootstrapping tablet: real 0.244s	user 0.005s	sys 0.008s
I20260709 13:17:35.549291  8464 tablet_service.cc:1511] Processing CreateTablet for tablet 6c7a3980f7a547cdb9c059f2bd959f65 (DEFAULT_TABLE table=test-workload [id=fea1c7d0feef48e28ceabf30aee7f67e]), partition=RANGE (key) PARTITION 1674309242 <= VALUES < 1710707269
I20260709 13:17:35.550529  8464 data_dirs.cc:400] Could only allocate 1 dirs of requested 3 for tablet 6c7a3980f7a547cdb9c059f2bd959f65. 1 dirs total, 0 dirs full, 0 dirs failed
I20260709 13:17:35.552807  8465 tablet_service.cc:1511] Processing CreateTablet for tablet c1596d8dd8d44c07b5a49c7472744ed7 (DEFAULT_TABLE table=test-workload [id=fea1c7d0feef48e28ceabf30aee7f67e]), partition=RANGE (key) PARTITION 1710707269 <= VALUES < 1747105296
I20260709 13:17:35.553110  8538 tablet_service.cc:1511] Processing CreateTablet for tablet 088717408ada4b719bb3c7a9d123601b (DEFAULT_TABLE table=test-workload [id=fea1c7d0feef48e28ceabf30aee7f67e]), partition=RANGE (key) PARTITION 1637911215 <= VALUES < 1674309242
I20260709 13:17:35.553380  8388 tablet_service.cc:1511] Processing CreateTablet for tablet c1596d8dd8d44c07b5a49c7472744ed7 (DEFAULT_TABLE table=test-workload [id=fea1c7d0feef48e28ceabf30aee7f67e]), partition=RANGE (key) PARTITION 1710707269 <= VALUES < 1747105296
I20260709 13:17:35.554023  8465 data_dirs.cc:400] Could only allocate 1 dirs of requested 3 for tablet c1596d8dd8d44c07b5a49c7472744ed7. 1 dirs total, 0 dirs full, 0 dirs failed
I20260709 13:17:35.554272  8538 data_dirs.cc:400] Could only allocate 1 dirs of requested 3 for tablet 088717408ada4b719bb3c7a9d123601b. 1 dirs total, 0 dirs full, 0 dirs failed
I20260709 13:17:35.555647  8539 tablet_service.cc:1511] Processing CreateTablet for tablet 6c7a3980f7a547cdb9c059f2bd959f65 (DEFAULT_TABLE table=test-workload [id=fea1c7d0feef48e28ceabf30aee7f67e]), partition=RANGE (key) PARTITION 1674309242 <= VALUES < 1710707269
I20260709 13:17:35.556910  8539 data_dirs.cc:400] Could only allocate 1 dirs of requested 3 for tablet 6c7a3980f7a547cdb9c059f2bd959f65. 1 dirs total, 0 dirs full, 0 dirs failed
I20260709 13:17:35.539891  8614 consensus_queue.cc:237] T f2024ed726dc430c910df5c46e3bdd2e P cd133e91a7ec40bc9e3f7a15586e1259 [LEADER]: Queue going to LEADER mode. State: All replicated index: 0, Majority replicated index: 0, Committed index: 0, Last appended: 0.0, Last appended by leader: 0, Current term: 1, Majority size: 2, State: 0, Mode: LEADER, active raft config: opid_index: -1 OBSOLETE_local: false peers { permanent_uuid: "3622683a704a43fe9eab15326ba033e7" member_type: VOTER last_known_addr { host: "127.7.28.129" port: 46729 } } peers { permanent_uuid: "82baee9a506f4d9ea186a0970d30d6dd" member_type: VOTER last_known_addr { host: "127.7.28.130" port: 38795 } } peers { permanent_uuid: "cd133e91a7ec40bc9e3f7a15586e1259" member_type: VOTER last_known_addr { host: "127.7.28.131" port: 46871 } }
I20260709 13:17:35.561973  8462 tablet_service.cc:1511] Processing CreateTablet for tablet 088717408ada4b719bb3c7a9d123601b (DEFAULT_TABLE table=test-workload [id=fea1c7d0feef48e28ceabf30aee7f67e]), partition=RANGE (key) PARTITION 1637911215 <= VALUES < 1674309242
I20260709 13:17:35.563185  8462 data_dirs.cc:400] Could only allocate 1 dirs of requested 3 for tablet 088717408ada4b719bb3c7a9d123601b. 1 dirs total, 0 dirs full, 0 dirs failed
I20260709 13:17:35.558753  8391 data_dirs.cc:400] Could only allocate 1 dirs of requested 3 for tablet 3299f0b19b7d4d1cb4a78fa68a017dab. 1 dirs total, 0 dirs full, 0 dirs failed
I20260709 13:17:35.565791  8388 data_dirs.cc:400] Could only allocate 1 dirs of requested 3 for tablet c1596d8dd8d44c07b5a49c7472744ed7. 1 dirs total, 0 dirs full, 0 dirs failed
I20260709 13:17:35.567699  8386 data_dirs.cc:400] Could only allocate 1 dirs of requested 3 for tablet ce188df4c2a24f16a81465d0eb48d5ac. 1 dirs total, 0 dirs full, 0 dirs failed
I20260709 13:17:35.570413  8389 data_dirs.cc:400] Could only allocate 1 dirs of requested 3 for tablet 088717408ada4b719bb3c7a9d123601b. 1 dirs total, 0 dirs full, 0 dirs failed
I20260709 13:17:35.571671  8531 tablet_service.cc:1511] Processing CreateTablet for tablet c1596d8dd8d44c07b5a49c7472744ed7 (DEFAULT_TABLE table=test-workload [id=fea1c7d0feef48e28ceabf30aee7f67e]), partition=RANGE (key) PARTITION 1710707269 <= VALUES < 1747105296
I20260709 13:17:35.571856  8590 raft_consensus.cc:359] T c63f16a824d34bf0aa04559a8126566d P 82baee9a506f4d9ea186a0970d30d6dd [term 0 FOLLOWER]: Replica starting. Triggering 0 pending ops. Active config: opid_index: -1 OBSOLETE_local: false peers { permanent_uuid: "3622683a704a43fe9eab15326ba033e7" member_type: VOTER last_known_addr { host: "127.7.28.129" port: 46729 } } peers { permanent_uuid: "82baee9a506f4d9ea186a0970d30d6dd" member_type: VOTER last_known_addr { host: "127.7.28.130" port: 38795 } } peers { permanent_uuid: "cd133e91a7ec40bc9e3f7a15586e1259" member_type: VOTER last_known_addr { host: "127.7.28.131" port: 46871 } }
I20260709 13:17:35.572625  8590 raft_consensus.cc:385] T c63f16a824d34bf0aa04559a8126566d P 82baee9a506f4d9ea186a0970d30d6dd [term 0 FOLLOWER]: Consensus starting up: Expiring failure detector timer to make a prompt election more likely
I20260709 13:17:35.572911  8531 data_dirs.cc:400] Could only allocate 1 dirs of requested 3 for tablet c1596d8dd8d44c07b5a49c7472744ed7. 1 dirs total, 0 dirs full, 0 dirs failed
I20260709 13:17:35.572932  8590 raft_consensus.cc:740] T c63f16a824d34bf0aa04559a8126566d P 82baee9a506f4d9ea186a0970d30d6dd [term 0 FOLLOWER]: Becoming Follower/Learner. State: Replica: 82baee9a506f4d9ea186a0970d30d6dd, State: Initialized, Role: FOLLOWER
I20260709 13:17:35.576548  8591 raft_consensus.cc:359] T a1aebc9fbb93493d8d65116fab2fbd7c P cd133e91a7ec40bc9e3f7a15586e1259 [term 0 FOLLOWER]: Replica starting. Triggering 0 pending ops. Active config: opid_index: -1 OBSOLETE_local: false peers { permanent_uuid: "3622683a704a43fe9eab15326ba033e7" member_type: VOTER last_known_addr { host: "127.7.28.129" port: 46729 } } peers { permanent_uuid: "82baee9a506f4d9ea186a0970d30d6dd" member_type: VOTER last_known_addr { host: "127.7.28.130" port: 38795 } } peers { permanent_uuid: "cd133e91a7ec40bc9e3f7a15586e1259" member_type: VOTER last_known_addr { host: "127.7.28.131" port: 46871 } }
I20260709 13:17:35.577430  8591 raft_consensus.cc:385] T a1aebc9fbb93493d8d65116fab2fbd7c P cd133e91a7ec40bc9e3f7a15586e1259 [term 0 FOLLOWER]: Consensus starting up: Expiring failure detector timer to make a prompt election more likely
I20260709 13:17:35.577802  8593 tablet_bootstrap.cc:492] T 857b68b8ae1e4b5e8ee38f0fa4d5bc1a P 3622683a704a43fe9eab15326ba033e7: No bootstrap required, opened a new log
I20260709 13:17:35.577771  8591 raft_consensus.cc:740] T a1aebc9fbb93493d8d65116fab2fbd7c P cd133e91a7ec40bc9e3f7a15586e1259 [term 0 FOLLOWER]: Becoming Follower/Learner. State: Replica: cd133e91a7ec40bc9e3f7a15586e1259, State: Initialized, Role: FOLLOWER
I20260709 13:17:35.578529  8593 ts_tablet_manager.cc:1403] T 857b68b8ae1e4b5e8ee38f0fa4d5bc1a P 3622683a704a43fe9eab15326ba033e7: Time spent bootstrapping tablet: real 0.119s	user 0.008s	sys 0.007s
I20260709 13:17:35.582727  8387 tablet_service.cc:1511] Processing CreateTablet for tablet 6c7a3980f7a547cdb9c059f2bd959f65 (DEFAULT_TABLE table=test-workload [id=fea1c7d0feef48e28ceabf30aee7f67e]), partition=RANGE (key) PARTITION 1674309242 <= VALUES < 1710707269
I20260709 13:17:35.584427  8387 data_dirs.cc:400] Could only allocate 1 dirs of requested 3 for tablet 6c7a3980f7a547cdb9c059f2bd959f65. 1 dirs total, 0 dirs full, 0 dirs failed
I20260709 13:17:35.584928  8590 consensus_queue.cc:260] T c63f16a824d34bf0aa04559a8126566d P 82baee9a506f4d9ea186a0970d30d6dd [NON_LEADER]: Queue going to NON_LEADER mode. State: All replicated index: 0, Majority replicated index: 0, Committed index: 0, Last appended: 0.0, Last appended by leader: 0, Current term: 0, Majority size: -1, State: 0, Mode: NON_LEADER, active raft config: opid_index: -1 OBSOLETE_local: false peers { permanent_uuid: "3622683a704a43fe9eab15326ba033e7" member_type: VOTER last_known_addr { host: "127.7.28.129" port: 46729 } } peers { permanent_uuid: "82baee9a506f4d9ea186a0970d30d6dd" member_type: VOTER last_known_addr { host: "127.7.28.130" port: 38795 } } peers { permanent_uuid: "cd133e91a7ec40bc9e3f7a15586e1259" member_type: VOTER last_known_addr { host: "127.7.28.131" port: 46871 } }
I20260709 13:17:35.589577  8593 raft_consensus.cc:359] T 857b68b8ae1e4b5e8ee38f0fa4d5bc1a P 3622683a704a43fe9eab15326ba033e7 [term 0 FOLLOWER]: Replica starting. Triggering 0 pending ops. Active config: opid_index: -1 OBSOLETE_local: false peers { permanent_uuid: "3622683a704a43fe9eab15326ba033e7" member_type: VOTER last_known_addr { host: "127.7.28.129" port: 46729 } } peers { permanent_uuid: "82baee9a506f4d9ea186a0970d30d6dd" member_type: VOTER last_known_addr { host: "127.7.28.130" port: 38795 } } peers { permanent_uuid: "cd133e91a7ec40bc9e3f7a15586e1259" member_type: VOTER last_known_addr { host: "127.7.28.131" port: 46871 } }
I20260709 13:17:35.590832  8591 consensus_queue.cc:260] T a1aebc9fbb93493d8d65116fab2fbd7c P cd133e91a7ec40bc9e3f7a15586e1259 [NON_LEADER]: Queue going to NON_LEADER mode. State: All replicated index: 0, Majority replicated index: 0, Committed index: 0, Last appended: 0.0, Last appended by leader: 0, Current term: 0, Majority size: -1, State: 0, Mode: NON_LEADER, active raft config: opid_index: -1 OBSOLETE_local: false peers { permanent_uuid: "3622683a704a43fe9eab15326ba033e7" member_type: VOTER last_known_addr { host: "127.7.28.129" port: 46729 } } peers { permanent_uuid: "82baee9a506f4d9ea186a0970d30d6dd" member_type: VOTER last_known_addr { host: "127.7.28.130" port: 38795 } } peers { permanent_uuid: "cd133e91a7ec40bc9e3f7a15586e1259" member_type: VOTER last_known_addr { host: "127.7.28.131" port: 46871 } }
W20260709 13:17:35.587757  8364 outbound_call.cc:321] RPC callback for RPC call kudu.consensus.ConsensusService.RequestConsensusVote -> {remote=127.7.28.131:46871, user_credentials={real_user=slave}} blocked reactor thread for 99290.7us
I20260709 13:17:35.600279  8593 raft_consensus.cc:385] T 857b68b8ae1e4b5e8ee38f0fa4d5bc1a P 3622683a704a43fe9eab15326ba033e7 [term 0 FOLLOWER]: Consensus starting up: Expiring failure detector timer to make a prompt election more likely
I20260709 13:17:35.601905  8593 raft_consensus.cc:740] T 857b68b8ae1e4b5e8ee38f0fa4d5bc1a P 3622683a704a43fe9eab15326ba033e7 [term 0 FOLLOWER]: Becoming Follower/Learner. State: Replica: 3622683a704a43fe9eab15326ba033e7, State: Initialized, Role: FOLLOWER
I20260709 13:17:35.602984  8590 ts_tablet_manager.cc:1434] T c63f16a824d34bf0aa04559a8126566d P 82baee9a506f4d9ea186a0970d30d6dd: Time spent starting tablet: real 0.054s	user 0.005s	sys 0.005s
I20260709 13:17:35.602623  8593 consensus_queue.cc:260] T 857b68b8ae1e4b5e8ee38f0fa4d5bc1a P 3622683a704a43fe9eab15326ba033e7 [NON_LEADER]: Queue going to NON_LEADER mode. State: All replicated index: 0, Majority replicated index: 0, Committed index: 0, Last appended: 0.0, Last appended by leader: 0, Current term: 0, Majority size: -1, State: 0, Mode: NON_LEADER, active raft config: opid_index: -1 OBSOLETE_local: false peers { permanent_uuid: "3622683a704a43fe9eab15326ba033e7" member_type: VOTER last_known_addr { host: "127.7.28.129" port: 46729 } } peers { permanent_uuid: "82baee9a506f4d9ea186a0970d30d6dd" member_type: VOTER last_known_addr { host: "127.7.28.130" port: 38795 } } peers { permanent_uuid: "cd133e91a7ec40bc9e3f7a15586e1259" member_type: VOTER last_known_addr { host: "127.7.28.131" port: 46871 } }
I20260709 13:17:35.605417  8593 ts_tablet_manager.cc:1434] T 857b68b8ae1e4b5e8ee38f0fa4d5bc1a P 3622683a704a43fe9eab15326ba033e7: Time spent starting tablet: real 0.027s	user 0.009s	sys 0.000s
I20260709 13:17:35.606345  8593 tablet_bootstrap.cc:492] T bb929478bca64219b9456651bfe0dc24 P 3622683a704a43fe9eab15326ba033e7: Bootstrap starting.
I20260709 13:17:35.612299  8590 tablet_bootstrap.cc:492] T bb929478bca64219b9456651bfe0dc24 P 82baee9a506f4d9ea186a0970d30d6dd: Bootstrap starting.
I20260709 13:17:35.614248  8390 tablet_service.cc:1511] Processing CreateTablet for tablet d41e183712c24008b70432351f5c6711 (DEFAULT_TABLE table=test-workload [id=fea1c7d0feef48e28ceabf30aee7f67e]), partition=RANGE (key) PARTITION 1747105296 <= VALUES < 1783503323
I20260709 13:17:35.615569  8390 data_dirs.cc:400] Could only allocate 1 dirs of requested 3 for tablet d41e183712c24008b70432351f5c6711. 1 dirs total, 0 dirs full, 0 dirs failed
I20260709 13:17:35.616649  8591 ts_tablet_manager.cc:1434] T a1aebc9fbb93493d8d65116fab2fbd7c P cd133e91a7ec40bc9e3f7a15586e1259: Time spent starting tablet: real 0.058s	user 0.006s	sys 0.000s
I20260709 13:17:35.617683  8591 tablet_bootstrap.cc:492] T 857b68b8ae1e4b5e8ee38f0fa4d5bc1a P cd133e91a7ec40bc9e3f7a15586e1259: Bootstrap starting.
I20260709 13:17:35.622830  8600 raft_consensus.cc:493] T bb929478bca64219b9456651bfe0dc24 P cd133e91a7ec40bc9e3f7a15586e1259 [term 0 FOLLOWER]: Starting pre-election (no leader contacted us within the election timeout)
I20260709 13:17:35.622282  8298 catalog_manager.cc:5697] T f2024ed726dc430c910df5c46e3bdd2e P cd133e91a7ec40bc9e3f7a15586e1259 reported cstate change: term changed from 0 to 1, leader changed from <none> to cd133e91a7ec40bc9e3f7a15586e1259 (127.7.28.131). New cstate: current_term: 1 leader_uuid: "cd133e91a7ec40bc9e3f7a15586e1259" committed_config { opid_index: -1 OBSOLETE_local: false peers { permanent_uuid: "3622683a704a43fe9eab15326ba033e7" member_type: VOTER last_known_addr { host: "127.7.28.129" port: 46729 } health_report { overall_health: UNKNOWN } } peers { permanent_uuid: "82baee9a506f4d9ea186a0970d30d6dd" member_type: VOTER last_known_addr { host: "127.7.28.130" port: 38795 } health_report { overall_health: UNKNOWN } } peers { permanent_uuid: "cd133e91a7ec40bc9e3f7a15586e1259" member_type: VOTER last_known_addr { host: "127.7.28.131" port: 46871 } health_report { overall_health: HEALTHY } } }
I20260709 13:17:35.623993  8600 raft_consensus.cc:515] T bb929478bca64219b9456651bfe0dc24 P cd133e91a7ec40bc9e3f7a15586e1259 [term 0 FOLLOWER]: Starting pre-election with config: opid_index: -1 OBSOLETE_local: false peers { permanent_uuid: "3622683a704a43fe9eab15326ba033e7" member_type: VOTER last_known_addr { host: "127.7.28.129" port: 46729 } } peers { permanent_uuid: "82baee9a506f4d9ea186a0970d30d6dd" member_type: VOTER last_known_addr { host: "127.7.28.130" port: 38795 } } peers { permanent_uuid: "cd133e91a7ec40bc9e3f7a15586e1259" member_type: VOTER last_known_addr { host: "127.7.28.131" port: 46871 } }
I20260709 13:17:35.626017  8600 leader_election.cc:290] T bb929478bca64219b9456651bfe0dc24 P cd133e91a7ec40bc9e3f7a15586e1259 [CANDIDATE]: Term 1 pre-election: Requested pre-vote from peers 3622683a704a43fe9eab15326ba033e7 (127.7.28.129:46729), 82baee9a506f4d9ea186a0970d30d6dd (127.7.28.130:38795)
I20260709 13:17:35.626716  8401 tablet_service.cc:1917] Received RequestConsensusVote() RPC: tablet_id: "bb929478bca64219b9456651bfe0dc24" candidate_uuid: "cd133e91a7ec40bc9e3f7a15586e1259" candidate_term: 1 candidate_status { last_received { term: 0 index: 0 } } ignore_live_leader: false dest_uuid: "3622683a704a43fe9eab15326ba033e7" is_pre_election: true
I20260709 13:17:35.627578  8475 tablet_service.cc:1917] Received RequestConsensusVote() RPC: tablet_id: "bb929478bca64219b9456651bfe0dc24" candidate_uuid: "cd133e91a7ec40bc9e3f7a15586e1259" candidate_term: 1 candidate_status { last_received { term: 0 index: 0 } } ignore_live_leader: false dest_uuid: "82baee9a506f4d9ea186a0970d30d6dd" is_pre_election: true
W20260709 13:17:35.629171  8516 leader_election.cc:343] T bb929478bca64219b9456651bfe0dc24 P cd133e91a7ec40bc9e3f7a15586e1259 [CANDIDATE]: Term 1 pre-election: Tablet error from VoteRequest() call to peer 3622683a704a43fe9eab15326ba033e7 (127.7.28.129:46729): Illegal state: must be running to vote when last-logged opid is not known
I20260709 13:17:35.629285  8617 raft_consensus.cc:493] T 32234f9f888d425ea2c932339b3cd8cb P 3622683a704a43fe9eab15326ba033e7 [term 0 FOLLOWER]: Starting pre-election (no leader contacted us within the election timeout)
I20260709 13:17:35.629779  8617 raft_consensus.cc:515] T 32234f9f888d425ea2c932339b3cd8cb P 3622683a704a43fe9eab15326ba033e7 [term 0 FOLLOWER]: Starting pre-election with config: opid_index: -1 OBSOLETE_local: false peers { permanent_uuid: "3622683a704a43fe9eab15326ba033e7" member_type: VOTER last_known_addr { host: "127.7.28.129" port: 46729 } } peers { permanent_uuid: "82baee9a506f4d9ea186a0970d30d6dd" member_type: VOTER last_known_addr { host: "127.7.28.130" port: 38795 } } peers { permanent_uuid: "cd133e91a7ec40bc9e3f7a15586e1259" member_type: VOTER last_known_addr { host: "127.7.28.131" port: 46871 } }
I20260709 13:17:35.631707  8617 leader_election.cc:290] T 32234f9f888d425ea2c932339b3cd8cb P 3622683a704a43fe9eab15326ba033e7 [CANDIDATE]: Term 1 pre-election: Requested pre-vote from peers 82baee9a506f4d9ea186a0970d30d6dd (127.7.28.130:38795), cd133e91a7ec40bc9e3f7a15586e1259 (127.7.28.131:46871)
W20260709 13:17:35.632355  8513 leader_election.cc:343] T bb929478bca64219b9456651bfe0dc24 P cd133e91a7ec40bc9e3f7a15586e1259 [CANDIDATE]: Term 1 pre-election: Tablet error from VoteRequest() call to peer 82baee9a506f4d9ea186a0970d30d6dd (127.7.28.130:38795): Illegal state: must be running to vote when last-logged opid is not known
I20260709 13:17:35.632771  8513 leader_election.cc:304] T bb929478bca64219b9456651bfe0dc24 P cd133e91a7ec40bc9e3f7a15586e1259 [CANDIDATE]: Term 1 pre-election: Election decided. Result: candidate lost. Election summary: received 3 responses out of 3 voters: 1 yes votes; 2 no votes. yes voters: cd133e91a7ec40bc9e3f7a15586e1259; no voters: 3622683a704a43fe9eab15326ba033e7, 82baee9a506f4d9ea186a0970d30d6dd
I20260709 13:17:35.633800  8600 raft_consensus.cc:2749] T bb929478bca64219b9456651bfe0dc24 P cd133e91a7ec40bc9e3f7a15586e1259 [term 0 FOLLOWER]: Leader pre-election lost for term 1. Reason: could not achieve majority
I20260709 13:17:35.640341  8475 tablet_service.cc:1917] Received RequestConsensusVote() RPC: tablet_id: "31528ffff20a421080b13cd83ab2bbcb" candidate_uuid: "3622683a704a43fe9eab15326ba033e7" candidate_term: 1 candidate_status { last_received { term: 0 index: 0 } } ignore_live_leader: false dest_uuid: "82baee9a506f4d9ea186a0970d30d6dd"
I20260709 13:17:35.640776  8549 tablet_service.cc:1917] Received RequestConsensusVote() RPC: tablet_id: "31528ffff20a421080b13cd83ab2bbcb" candidate_uuid: "3622683a704a43fe9eab15326ba033e7" candidate_term: 1 candidate_status { last_received { term: 0 index: 0 } } ignore_live_leader: false dest_uuid: "cd133e91a7ec40bc9e3f7a15586e1259"
I20260709 13:17:35.640939  8475 raft_consensus.cc:3060] T 31528ffff20a421080b13cd83ab2bbcb P 82baee9a506f4d9ea186a0970d30d6dd [term 0 FOLLOWER]: Advancing to term 1
I20260709 13:17:35.642270  8476 tablet_service.cc:1917] Received RequestConsensusVote() RPC: tablet_id: "32234f9f888d425ea2c932339b3cd8cb" candidate_uuid: "3622683a704a43fe9eab15326ba033e7" candidate_term: 1 candidate_status { last_received { term: 0 index: 0 } } ignore_live_leader: false dest_uuid: "82baee9a506f4d9ea186a0970d30d6dd" is_pre_election: true
I20260709 13:17:35.642875  8476 raft_consensus.cc:2468] T 32234f9f888d425ea2c932339b3cd8cb P 82baee9a506f4d9ea186a0970d30d6dd [term 0 FOLLOWER]: Leader pre-election vote request: Granting yes vote for candidate 3622683a704a43fe9eab15326ba033e7 in term 0.
I20260709 13:17:35.643456  8595 raft_consensus.cc:493] T c63f16a824d34bf0aa04559a8126566d P 82baee9a506f4d9ea186a0970d30d6dd [term 0 FOLLOWER]: Starting pre-election (no leader contacted us within the election timeout)
I20260709 13:17:35.643901  8595 raft_consensus.cc:515] T c63f16a824d34bf0aa04559a8126566d P 82baee9a506f4d9ea186a0970d30d6dd [term 0 FOLLOWER]: Starting pre-election with config: opid_index: -1 OBSOLETE_local: false peers { permanent_uuid: "3622683a704a43fe9eab15326ba033e7" member_type: VOTER last_known_addr { host: "127.7.28.129" port: 46729 } } peers { permanent_uuid: "82baee9a506f4d9ea186a0970d30d6dd" member_type: VOTER last_known_addr { host: "127.7.28.130" port: 38795 } } peers { permanent_uuid: "cd133e91a7ec40bc9e3f7a15586e1259" member_type: VOTER last_known_addr { host: "127.7.28.131" port: 46871 } }
I20260709 13:17:35.645962  8595 leader_election.cc:290] T c63f16a824d34bf0aa04559a8126566d P 82baee9a506f4d9ea186a0970d30d6dd [CANDIDATE]: Term 1 pre-election: Requested pre-vote from peers 3622683a704a43fe9eab15326ba033e7 (127.7.28.129:46729), cd133e91a7ec40bc9e3f7a15586e1259 (127.7.28.131:46871)
I20260709 13:17:35.646705  8549 tablet_service.cc:1917] Received RequestConsensusVote() RPC: tablet_id: "32234f9f888d425ea2c932339b3cd8cb" candidate_uuid: "3622683a704a43fe9eab15326ba033e7" candidate_term: 1 candidate_status { last_received { term: 0 index: 0 } } ignore_live_leader: false dest_uuid: "cd133e91a7ec40bc9e3f7a15586e1259" is_pre_election: true
I20260709 13:17:35.647668  8475 raft_consensus.cc:2468] T 31528ffff20a421080b13cd83ab2bbcb P 82baee9a506f4d9ea186a0970d30d6dd [term 1 FOLLOWER]: Leader election vote request: Granting yes vote for candidate 3622683a704a43fe9eab15326ba033e7 in term 1.
I20260709 13:17:35.648192  8401 tablet_service.cc:1917] Received RequestConsensusVote() RPC: tablet_id: "c63f16a824d34bf0aa04559a8126566d" candidate_uuid: "82baee9a506f4d9ea186a0970d30d6dd" candidate_term: 1 candidate_status { last_received { term: 0 index: 0 } } ignore_live_leader: false dest_uuid: "3622683a704a43fe9eab15326ba033e7" is_pre_election: true
W20260709 13:17:35.649559  8442 leader_election.cc:343] T c63f16a824d34bf0aa04559a8126566d P 82baee9a506f4d9ea186a0970d30d6dd [CANDIDATE]: Term 1 pre-election: Tablet error from VoteRequest() call to peer 3622683a704a43fe9eab15326ba033e7 (127.7.28.129:46729): Illegal state: must be running to vote when last-logged opid is not known
I20260709 13:17:35.650079  8550 tablet_service.cc:1917] Received RequestConsensusVote() RPC: tablet_id: "c63f16a824d34bf0aa04559a8126566d" candidate_uuid: "82baee9a506f4d9ea186a0970d30d6dd" candidate_term: 1 candidate_status { last_received { term: 0 index: 0 } } ignore_live_leader: false dest_uuid: "cd133e91a7ec40bc9e3f7a15586e1259" is_pre_election: true
I20260709 13:17:35.650650  8590 tablet_bootstrap.cc:654] T bb929478bca64219b9456651bfe0dc24 P 82baee9a506f4d9ea186a0970d30d6dd: Neither blocks nor log segments found. Creating new log.
I20260709 13:17:35.650708  8550 raft_consensus.cc:2468] T c63f16a824d34bf0aa04559a8126566d P cd133e91a7ec40bc9e3f7a15586e1259 [term 0 FOLLOWER]: Leader pre-election vote request: Granting yes vote for candidate 82baee9a506f4d9ea186a0970d30d6dd in term 0.
I20260709 13:17:35.652136  8439 leader_election.cc:304] T c63f16a824d34bf0aa04559a8126566d P 82baee9a506f4d9ea186a0970d30d6dd [CANDIDATE]: Term 1 pre-election: Election decided. Result: candidate won. Election summary: received 3 responses out of 3 voters: 2 yes votes; 1 no votes. yes voters: 82baee9a506f4d9ea186a0970d30d6dd, cd133e91a7ec40bc9e3f7a15586e1259; no voters: 3622683a704a43fe9eab15326ba033e7
I20260709 13:17:35.653245  8595 raft_consensus.cc:2804] T c63f16a824d34bf0aa04559a8126566d P 82baee9a506f4d9ea186a0970d30d6dd [term 0 FOLLOWER]: Leader pre-election won for term 1
I20260709 13:17:35.653645  8595 raft_consensus.cc:493] T c63f16a824d34bf0aa04559a8126566d P 82baee9a506f4d9ea186a0970d30d6dd [term 0 FOLLOWER]: Starting leader election (no leader contacted us within the election timeout)
I20260709 13:17:35.654001  8595 raft_consensus.cc:3060] T c63f16a824d34bf0aa04559a8126566d P 82baee9a506f4d9ea186a0970d30d6dd [term 0 FOLLOWER]: Advancing to term 1
W20260709 13:17:35.670396  8364 leader_election.cc:343] T 31528ffff20a421080b13cd83ab2bbcb P 3622683a704a43fe9eab15326ba033e7 [CANDIDATE]: Term 1 election: Tablet error from VoteRequest() call to peer cd133e91a7ec40bc9e3f7a15586e1259 (127.7.28.131:46871): Illegal state: must be running to vote when last-logged opid is not known
W20260709 13:17:35.671195  8364 leader_election.cc:343] T 32234f9f888d425ea2c932339b3cd8cb P 3622683a704a43fe9eab15326ba033e7 [CANDIDATE]: Term 1 pre-election: Tablet error from VoteRequest() call to peer cd133e91a7ec40bc9e3f7a15586e1259 (127.7.28.131:46871): Illegal state: must be running to vote when last-logged opid is not known
I20260709 13:17:35.672029  8364 leader_election.cc:304] T 32234f9f888d425ea2c932339b3cd8cb P 3622683a704a43fe9eab15326ba033e7 [CANDIDATE]: Term 1 pre-election: Election decided. Result: candidate won. Election summary: received 3 responses out of 3 voters: 2 yes votes; 1 no votes. yes voters: 3622683a704a43fe9eab15326ba033e7, 82baee9a506f4d9ea186a0970d30d6dd; no voters: cd133e91a7ec40bc9e3f7a15586e1259
I20260709 13:17:35.672833  8390 tablet_service.cc:1511] Processing CreateTablet for tablet 7f479a87d145491baafa162ada087ec5 (DEFAULT_TABLE table=test-workload [id=fea1c7d0feef48e28ceabf30aee7f67e]), partition=RANGE (key) PARTITION 1783503323 <= VALUES < 1819901350
I20260709 13:17:35.673954  8591 tablet_bootstrap.cc:654] T 857b68b8ae1e4b5e8ee38f0fa4d5bc1a P cd133e91a7ec40bc9e3f7a15586e1259: Neither blocks nor log segments found. Creating new log.
I20260709 13:17:35.674680  8617 raft_consensus.cc:2804] T 32234f9f888d425ea2c932339b3cd8cb P 3622683a704a43fe9eab15326ba033e7 [term 0 FOLLOWER]: Leader pre-election won for term 1
I20260709 13:17:35.675060  8617 raft_consensus.cc:493] T 32234f9f888d425ea2c932339b3cd8cb P 3622683a704a43fe9eab15326ba033e7 [term 0 FOLLOWER]: Starting leader election (no leader contacted us within the election timeout)
I20260709 13:17:35.675477  8617 raft_consensus.cc:3060] T 32234f9f888d425ea2c932339b3cd8cb P 3622683a704a43fe9eab15326ba033e7 [term 0 FOLLOWER]: Advancing to term 1
